--
-- Host: db    Database: magento
-- ------------------------------------------------------


--
-- Table structure for table `admin_adobe_ims_webapi`
--

CREATE TABLE `admin_adobe_ims_webapi` (
  `id` int(10) unsigned NOT NULL AUTO_INCREMENT COMMENT 'Entity ID',
  `admin_user_id` int(10) unsigned NOT NULL DEFAULT 0 COMMENT 'Admin User Id',
  `access_token_hash` varchar(255) DEFAULT NULL COMMENT 'Access Token Hash',
  `access_token` text DEFAULT NULL COMMENT 'Access Token',
  `created_at` timestamp NOT NULL DEFAULT current_timestamp() COMMENT 'Created At',
  `updated_at` timestamp NOT NULL DEFAULT current_timestamp() ON UPDATE current_timestamp() COMMENT 'Updated At',
  `last_check_time` timestamp NOT NULL DEFAULT '0000-00-00 00:00:00' COMMENT 'Last check time',
  `access_token_expires_at` timestamp NOT NULL DEFAULT '0000-00-00 00:00:00' COMMENT 'Access Token Expires At',
  PRIMARY KEY (`id`),
  UNIQUE KEY `ADMIN_ADOBE_IMS_WEBAPI_ACCESS_TOKEN_HASH` (`access_token_hash`),
  KEY `ADMIN_ADOBE_IMS_WEBAPI_ADMIN_USER_ID` (`admin_user_id`),
  CONSTRAINT `ADMIN_ADOBE_IMS_WEBAPI_ADMIN_USER_ID_ADMIN_USER_USER_ID` FOREIGN KEY (`admin_user_id`) REFERENCES `admin_user` (`user_id`) ON DELETE CASCADE
) ENGINE=InnoDB DEFAULT CHARSET=utf8mb3 COLLATE=utf8mb3_general_ci COMMENT='Admin Adobe IMS Webapi';

--
-- Dumping data for table `admin_adobe_ims_webapi`
--


--
-- Table structure for table `admin_analytics_usage_version_log`
--

CREATE TABLE `admin_analytics_usage_version_log` (
  `id` int(10) unsigned NOT NULL AUTO_INCREMENT COMMENT 'Log ID',
  `last_viewed_in_version` varchar(50) NOT NULL COMMENT 'Viewer last viewed on product version',
  PRIMARY KEY (`id`),
  UNIQUE KEY `ADMIN_ANALYTICS_USAGE_VERSION_LOG_LAST_VIEWED_IN_VERSION` (`last_viewed_in_version`)
) ENGINE=InnoDB AUTO_INCREMENT=2 DEFAULT CHARSET=utf8mb3 COLLATE=utf8mb3_general_ci COMMENT='Admin Notification Viewer Log Table';

--
-- Dumping data for table `admin_analytics_usage_version_log`
--

INSERT INTO `admin_analytics_usage_version_log` (`id`, `last_viewed_in_version`) VALUES (1,'2.4.7-p3');

--
-- Table structure for table `admin_passwords`
--

CREATE TABLE `admin_passwords` (
  `password_id` int(10) unsigned NOT NULL AUTO_INCREMENT COMMENT 'Password ID',
  `user_id` int(10) unsigned NOT NULL DEFAULT 0 COMMENT 'User ID',
  `password_hash` varchar(255) DEFAULT NULL COMMENT 'Password Hash',
  `expires` int(10) unsigned NOT NULL DEFAULT 0 COMMENT 'Deprecated',
  `last_updated` int(10) unsigned NOT NULL DEFAULT 0 COMMENT 'Last Updated',
  PRIMARY KEY (`password_id`),
  KEY `ADMIN_PASSWORDS_USER_ID` (`user_id`),
  CONSTRAINT `ADMIN_PASSWORDS_USER_ID_ADMIN_USER_USER_ID` FOREIGN KEY (`user_id`) REFERENCES `admin_user` (`user_id`) ON DELETE CASCADE
) ENGINE=InnoDB AUTO_INCREMENT=2 DEFAULT CHARSET=utf8mb3 COLLATE=utf8mb3_general_ci COMMENT='Admin Passwords';

--
-- Dumping data for table `admin_passwords`
--

INSERT INTO `admin_passwords` (`password_id`, `user_id`, `password_hash`, `expires`, `last_updated`) VALUES (1,1,'7698bf5a3b763027efdd59f43cf6813e37047056e5da8b86d1db453adeb45916:5HlcXgfVsqgbCzNOjQ4T1quYefcPSgoB:3_32_2_67108864',0,1734765192);

--
-- Table structure for table `admin_system_messages`
--

CREATE TABLE `admin_system_messages` (
  `identity` varchar(100) NOT NULL COMMENT 'Message ID',
  `severity` smallint(5) unsigned NOT NULL DEFAULT 0 COMMENT 'Problem type',
  `created_at` timestamp NOT NULL DEFAULT current_timestamp() COMMENT 'Create date',
  PRIMARY KEY (`identity`)
) ENGINE=InnoDB DEFAULT CHARSET=utf8mb3 COLLATE=utf8mb3_general_ci COMMENT='Admin System Messages';

--
-- Dumping data for table `admin_system_messages`
--

INSERT INTO `admin_system_messages` (`identity`, `severity`, `created_at`) VALUES ('6574525426784678a4023b3d1743a4de',1,'2024-12-22 15:36:51');
INSERT INTO `admin_system_messages` (`identity`, `severity`, `created_at`) VALUES ('da332d712f3215b9b94bfa268c398323',2,'2024-12-22 14:12:20');

--
-- Table structure for table `admin_user`
--

CREATE TABLE `admin_user` (
  `user_id` int(10) unsigned NOT NULL AUTO_INCREMENT COMMENT 'User ID',
  `firstname` varchar(32) DEFAULT NULL COMMENT 'User First Name',
  `lastname` varchar(32) DEFAULT NULL COMMENT 'User Last Name',
  `email` varchar(128) DEFAULT NULL COMMENT 'User Email',
  `username` varchar(40) DEFAULT NULL COMMENT 'User Login',
  `password` varchar(255) NOT NULL COMMENT 'User Password',
  `created` timestamp NOT NULL DEFAULT current_timestamp() COMMENT 'User Created Time',
  `modified` timestamp NOT NULL DEFAULT current_timestamp() ON UPDATE current_timestamp() COMMENT 'User Modified Time',
  `logdate` timestamp NULL DEFAULT NULL COMMENT 'User Last Login Time',
  `lognum` smallint(5) unsigned NOT NULL DEFAULT 0 COMMENT 'User Login Number',
  `reload_acl_flag` smallint(6) NOT NULL DEFAULT 0 COMMENT 'Reload ACL',
  `is_active` smallint(6) NOT NULL DEFAULT 1 COMMENT 'User Is Active',
  `extra` text DEFAULT NULL COMMENT 'User Extra Data',
  `rp_token` text DEFAULT NULL COMMENT 'Reset Password Link Token',
  `rp_token_created_at` timestamp NULL DEFAULT NULL COMMENT 'Reset Password Link Token Creation Date',
  `interface_locale` varchar(16) NOT NULL DEFAULT 'en_US' COMMENT 'Backend interface locale',
  `failures_num` smallint(6) DEFAULT 0 COMMENT 'Failure Number',
  `first_failure` timestamp NULL DEFAULT NULL COMMENT 'First Failure',
  `lock_expires` timestamp NULL DEFAULT NULL COMMENT 'Expiration Lock Dates',
  PRIMARY KEY (`user_id`),
  UNIQUE KEY `ADMIN_USER_USERNAME` (`username`)
) ENGINE=InnoDB AUTO_INCREMENT=2 DEFAULT CHARSET=utf8mb3 COLLATE=utf8mb3_general_ci COMMENT='Admin User Table';

--
-- Dumping data for table `admin_user`
--

INSERT INTO `admin_user` (`user_id`, `firstname`, `lastname`, `email`, `username`, `password`, `created`, `modified`, `logdate`, `lognum`, `reload_acl_flag`, `is_active`, `extra`, `rp_token`, `rp_token_created_at`, `interface_locale`, `failures_num`, `first_failure`, `lock_expires`) VALUES (1,'john','smith','john.smith@gmail.com','john.smith','7698bf5a3b763027efdd59f43cf6813e37047056e5da8b86d1db453adeb45916:5HlcXgfVsqgbCzNOjQ4T1quYefcPSgoB:3_32_2_67108864','2024-12-21 07:13:12','2024-12-22 15:36:13','2024-12-22 15:34:39',20,0,1,'{\"configState\":{\"currency_options\":\"1\",\"currency_fixerio\":\"0\",\"currency_fixerio_apilayer\":\"0\",\"currency_currencyconverterapi\":\"0\",\"currency_import\":\"0\",\"payment_us_vnpay\":\"1\",\"payment_us_account\":\"1\",\"payment_us_recommended_solutions\":\"1\",\"payment_us_other_paypal_payment_solutions\":\"0\",\"payment_us_paypal_group_all_in_one\":\"1\",\"payment_us_paypal_payment_gateways\":\"1\",\"payment_us_other_payment_methods\":\"1\",\"payment_us_free\":\"0\",\"payment_us_checkmo\":\"0\",\"payment_us_banktransfer\":\"0\",\"payment_us_cashondelivery\":\"0\",\"payment_us_purchaseorder\":\"0\",\"general_country\":\"1\",\"web_default\":\"0\",\"web_default_layouts\":\"1\",\"web_cookie\":\"1\",\"web_session\":\"0\",\"web_url\":\"0\",\"web_seo\":\"0\",\"web_unsecure\":\"0\",\"web_secure\":\"0\",\"web_browser_capabilities\":\"0\",\"system_upload_configuration\":\"0\",\"system_media_gallery\":\"0\",\"system_media_gallery_renditions\":\"0\",\"system_adobe_stock_integration\":\"0\",\"system_media_storage_configuration\":\"1\",\"system_cron\":\"1\",\"main_section_weather_module\":\"1\",\"payment_us_momo\":\"1\"}}',NULL,NULL,'en_US',0,NULL,NULL);

--
-- Table structure for table `admin_user_expiration`
--

CREATE TABLE `admin_user_expiration` (
  `user_id` int(10) unsigned NOT NULL COMMENT 'User ID',
  `expires_at` datetime NOT NULL DEFAULT '0000-00-00 00:00:00' COMMENT 'User Expiration Date',
  PRIMARY KEY (`user_id`),
  CONSTRAINT `ADMIN_USER_EXPIRATION_USER_ID_ADMIN_USER_USER_ID` FOREIGN KEY (`user_id`) REFERENCES `admin_user` (`user_id`) ON DELETE CASCADE
) ENGINE=InnoDB DEFAULT CHARSET=utf8mb3 COLLATE=utf8mb3_general_ci COMMENT='Admin User expiration dates table';

--
-- Dumping data for table `admin_user_expiration`
--


--
-- Table structure for table `admin_user_session`
--

CREATE TABLE `admin_user_session` (
  `id` int(10) unsigned NOT NULL AUTO_INCREMENT COMMENT 'Entity ID',
  `session_id` varchar(1) DEFAULT NULL COMMENT 'Deprecated: Session ID value no longer used',
  `user_id` int(10) unsigned DEFAULT NULL COMMENT 'Admin User ID',
  `status` smallint(5) unsigned NOT NULL DEFAULT 1 COMMENT 'Current Session status',
  `created_at` timestamp NOT NULL DEFAULT current_timestamp() COMMENT 'Created Time',
  `updated_at` timestamp NOT NULL DEFAULT current_timestamp() ON UPDATE current_timestamp() COMMENT 'Update Time',
  `ip` varchar(15) NOT NULL COMMENT 'Remote user IP',
  PRIMARY KEY (`id`),
  KEY `ADMIN_USER_SESSION_SESSION_ID` (`session_id`),
  KEY `ADMIN_USER_SESSION_USER_ID` (`user_id`),
  CONSTRAINT `ADMIN_USER_SESSION_USER_ID_ADMIN_USER_USER_ID` FOREIGN KEY (`user_id`) REFERENCES `admin_user` (`user_id`) ON DELETE CASCADE
) ENGINE=InnoDB AUTO_INCREMENT=22 DEFAULT CHARSET=utf8mb3 COLLATE=utf8mb3_general_ci COMMENT='Admin User sessions table';

--
-- Dumping data for table `admin_user_session`
--

INSERT INTO `admin_user_session` (`id`, `session_id`, `user_id`, `status`, `created_at`, `updated_at`, `ip`) VALUES (1,NULL,1,2,'2024-12-21 07:36:25','2024-12-21 07:52:54','42.114.34.162');
INSERT INTO `admin_user_session` (`id`, `session_id`, `user_id`, `status`, `created_at`, `updated_at`, `ip`) VALUES (2,NULL,1,1,'2024-12-21 07:52:54','2024-12-21 08:00:15','116.96.44.115');
INSERT INTO `admin_user_session` (`id`, `session_id`, `user_id`, `status`, `created_at`, `updated_at`, `ip`) VALUES (3,NULL,1,1,'2024-12-21 08:48:55','2024-12-21 08:53:52','42.114.34.162');
INSERT INTO `admin_user_session` (`id`, `session_id`, `user_id`, `status`, `created_at`, `updated_at`, `ip`) VALUES (4,NULL,1,1,'2024-12-21 09:20:35','2024-12-21 09:21:04','42.114.34.162');
INSERT INTO `admin_user_session` (`id`, `session_id`, `user_id`, `status`, `created_at`, `updated_at`, `ip`) VALUES (5,NULL,1,1,'2024-12-21 09:42:17','2024-12-21 09:51:45','42.114.34.162');
INSERT INTO `admin_user_session` (`id`, `session_id`, `user_id`, `status`, `created_at`, `updated_at`, `ip`) VALUES (6,NULL,1,1,'2024-12-21 12:47:43','2024-12-21 12:51:24','42.114.34.162');
INSERT INTO `admin_user_session` (`id`, `session_id`, `user_id`, `status`, `created_at`, `updated_at`, `ip`) VALUES (7,NULL,1,1,'2024-12-21 21:36:20','2024-12-21 21:50:40','116.96.44.115');
INSERT INTO `admin_user_session` (`id`, `session_id`, `user_id`, `status`, `created_at`, `updated_at`, `ip`) VALUES (8,NULL,1,2,'2024-12-22 02:39:42','2024-12-22 02:51:54','1.54.212.161');
INSERT INTO `admin_user_session` (`id`, `session_id`, `user_id`, `status`, `created_at`, `updated_at`, `ip`) VALUES (9,NULL,1,2,'2024-12-22 02:51:54','2024-12-22 03:24:27','1.54.212.161');
INSERT INTO `admin_user_session` (`id`, `session_id`, `user_id`, `status`, `created_at`, `updated_at`, `ip`) VALUES (10,NULL,1,2,'2024-12-22 03:24:27','2024-12-22 03:30:24','42.114.34.162');
INSERT INTO `admin_user_session` (`id`, `session_id`, `user_id`, `status`, `created_at`, `updated_at`, `ip`) VALUES (11,NULL,1,2,'2024-12-22 03:30:24','2024-12-22 03:38:13','1.54.212.161');
INSERT INTO `admin_user_session` (`id`, `session_id`, `user_id`, `status`, `created_at`, `updated_at`, `ip`) VALUES (12,NULL,1,2,'2024-12-22 03:38:13','2024-12-22 04:02:25','42.114.34.162');
INSERT INTO `admin_user_session` (`id`, `session_id`, `user_id`, `status`, `created_at`, `updated_at`, `ip`) VALUES (13,NULL,1,1,'2024-12-22 04:02:25','2024-12-22 05:33:18','1.54.212.161');
INSERT INTO `admin_user_session` (`id`, `session_id`, `user_id`, `status`, `created_at`, `updated_at`, `ip`) VALUES (14,NULL,1,1,'2024-12-22 05:54:00','2024-12-22 06:06:52','1.54.212.161');
INSERT INTO `admin_user_session` (`id`, `session_id`, `user_id`, `status`, `created_at`, `updated_at`, `ip`) VALUES (15,NULL,1,1,'2024-12-22 06:31:57','2024-12-22 08:38:46','1.54.212.161');
INSERT INTO `admin_user_session` (`id`, `session_id`, `user_id`, `status`, `created_at`, `updated_at`, `ip`) VALUES (16,NULL,1,1,'2024-12-22 09:45:38','2024-12-22 09:46:06','42.114.34.162');
INSERT INTO `admin_user_session` (`id`, `session_id`, `user_id`, `status`, `created_at`, `updated_at`, `ip`) VALUES (17,NULL,1,1,'2024-12-22 10:58:18','2024-12-22 11:48:37','1.54.212.161');
INSERT INTO `admin_user_session` (`id`, `session_id`, `user_id`, `status`, `created_at`, `updated_at`, `ip`) VALUES (18,NULL,1,3,'2024-12-22 13:04:09','2024-12-22 13:04:09','1.54.212.161');
INSERT INTO `admin_user_session` (`id`, `session_id`, `user_id`, `status`, `created_at`, `updated_at`, `ip`) VALUES (19,NULL,1,1,'2024-12-22 13:04:11','2024-12-22 14:18:57','1.54.212.161');
INSERT INTO `admin_user_session` (`id`, `session_id`, `user_id`, `status`, `created_at`, `updated_at`, `ip`) VALUES (20,NULL,1,1,'2024-12-22 14:52:02','2024-12-22 14:52:02','1.54.212.161');
INSERT INTO `admin_user_session` (`id`, `session_id`, `user_id`, `status`, `created_at`, `updated_at`, `ip`) VALUES (21,NULL,1,1,'2024-12-22 15:34:39','2024-12-22 15:36:49','42.114.34.162');

--
-- Table structure for table `adminnotification_inbox`
--

CREATE TABLE `adminnotification_inbox` (
  `notification_id` int(10) unsigned NOT NULL AUTO_INCREMENT COMMENT 'Notification ID',
  `severity` smallint(5) unsigned NOT NULL DEFAULT 0 COMMENT 'Problem type',
  `date_added` timestamp NOT NULL DEFAULT current_timestamp() COMMENT 'Create date',
  `title` varchar(255) NOT NULL COMMENT 'Title',
  `description` text DEFAULT NULL COMMENT 'Description',
  `url` varchar(255) DEFAULT NULL COMMENT 'Url',
  `is_read` smallint(5) unsigned NOT NULL DEFAULT 0 COMMENT 'Flag if notification read',
  `is_remove` smallint(5) unsigned NOT NULL DEFAULT 0 COMMENT 'Flag if notification might be removed',
  PRIMARY KEY (`notification_id`),
  KEY `ADMINNOTIFICATION_INBOX_SEVERITY` (`severity`),
  KEY `ADMINNOTIFICATION_INBOX_IS_READ` (`is_read`),
  KEY `ADMINNOTIFICATION_INBOX_IS_REMOVE` (`is_remove`)
) ENGINE=InnoDB AUTO_INCREMENT=2 DEFAULT CHARSET=utf8mb3 COLLATE=utf8mb3_general_ci COMMENT='Adminnotification Inbox';

--
-- Dumping data for table `adminnotification_inbox`
--

INSERT INTO `adminnotification_inbox` (`notification_id`, `severity`, `date_added`, `title`, `description`, `url`, `is_read`, `is_remove`) VALUES (1,4,'2024-12-21 07:13:11','Disable Notice','To improve performance, collecting statistics for the Magento Report module is disabled by default. \nYou can enable it in System Config.','',0,0);

--
-- Table structure for table `adobe_stock_asset`
--

CREATE TABLE `adobe_stock_asset` (
  `id` int(10) unsigned NOT NULL AUTO_INCREMENT COMMENT 'Entity ID',
  `media_gallery_id` int(10) unsigned DEFAULT NULL COMMENT 'Media gallery ID',
  `category_id` int(10) unsigned DEFAULT NULL COMMENT 'Category ID',
  `creator_id` int(10) unsigned DEFAULT NULL COMMENT 'Creator ID',
  `is_licensed` int(10) unsigned NOT NULL DEFAULT 0 COMMENT 'Is Licensed',
  `creation_date` varchar(255) DEFAULT NULL COMMENT 'Creation Date',
  PRIMARY KEY (`id`),
  KEY `ADOBE_STOCK_ASSET_MEDIA_GALLERY_ID_MEDIA_GALLERY_ASSET_ID` (`media_gallery_id`),
  KEY `ADOBE_STOCK_ASSET_ID` (`id`),
  KEY `ADOBE_STOCK_ASSET_CATEGORY_ID` (`category_id`),
  KEY `ADOBE_STOCK_ASSET_CREATOR_ID` (`creator_id`),
  CONSTRAINT `ADOBE_STOCK_ASSET_CATEGORY_ID_ADOBE_STOCK_CATEGORY_ID` FOREIGN KEY (`category_id`) REFERENCES `adobe_stock_category` (`id`) ON DELETE SET NULL,
  CONSTRAINT `ADOBE_STOCK_ASSET_CREATOR_ID_ADOBE_STOCK_CREATOR_ID` FOREIGN KEY (`creator_id`) REFERENCES `adobe_stock_creator` (`id`) ON DELETE SET NULL,
  CONSTRAINT `ADOBE_STOCK_ASSET_MEDIA_GALLERY_ID_MEDIA_GALLERY_ASSET_ID` FOREIGN KEY (`media_gallery_id`) REFERENCES `media_gallery_asset` (`id`) ON DELETE CASCADE
) ENGINE=InnoDB DEFAULT CHARSET=utf8mb3 COLLATE=utf8mb3_general_ci COMMENT='Adobe Stock Asset';

--
-- Dumping data for table `adobe_stock_asset`
--


--
-- Table structure for table `adobe_stock_category`
--

CREATE TABLE `adobe_stock_category` (
  `id` int(10) unsigned NOT NULL AUTO_INCREMENT COMMENT 'Entity ID',
  `name` varchar(255) DEFAULT NULL COMMENT 'Name',
  PRIMARY KEY (`id`),
  KEY `ADOBE_STOCK_CATEGORY_ID` (`id`)
) ENGINE=InnoDB DEFAULT CHARSET=utf8mb3 COLLATE=utf8mb3_general_ci COMMENT='Adobe Stock Category';

--
-- Dumping data for table `adobe_stock_category`
--


--
-- Table structure for table `adobe_stock_creator`
--

CREATE TABLE `adobe_stock_creator` (
  `id` int(10) unsigned NOT NULL AUTO_INCREMENT COMMENT 'ID',
  `name` varchar(255) DEFAULT NULL COMMENT 'Asset creator''s name',
  PRIMARY KEY (`id`),
  KEY `ADOBE_STOCK_CREATOR_ID` (`id`)
) ENGINE=InnoDB DEFAULT CHARSET=utf8mb3 COLLATE=utf8mb3_general_ci COMMENT='Adobe Stock Creator';

--
-- Dumping data for table `adobe_stock_creator`
--


--
-- Table structure for table `adobe_user_profile`
--

CREATE TABLE `adobe_user_profile` (
  `id` int(10) unsigned NOT NULL AUTO_INCREMENT COMMENT 'Entity ID',
  `admin_user_id` int(10) unsigned NOT NULL DEFAULT 0 COMMENT 'Admin User Id',
  `name` varchar(255) NOT NULL COMMENT 'Display Name',
  `email` varchar(255) NOT NULL COMMENT 'user profile email',
  `image` varchar(255) NOT NULL COMMENT 'user profile avatar',
  `account_type` varchar(255) DEFAULT NULL COMMENT 'Account Type',
  `access_token` text DEFAULT NULL COMMENT 'Access Token',
  `refresh_token` text DEFAULT NULL COMMENT 'Refresh Token',
  `created_at` timestamp NOT NULL DEFAULT current_timestamp() COMMENT 'Created At',
  `updated_at` timestamp NOT NULL DEFAULT current_timestamp() ON UPDATE current_timestamp() COMMENT 'Updated At',
  `access_token_expires_at` timestamp NOT NULL DEFAULT '0000-00-00 00:00:00' COMMENT 'Access Token Expires At',
  PRIMARY KEY (`id`),
  KEY `ADOBE_USER_PROFILE_ADMIN_USER_ID` (`admin_user_id`),
  CONSTRAINT `ADOBE_USER_PROFILE_ADMIN_USER_ID_ADMIN_USER_USER_ID` FOREIGN KEY (`admin_user_id`) REFERENCES `admin_user` (`user_id`) ON DELETE CASCADE
) ENGINE=InnoDB DEFAULT CHARSET=utf8mb3 COLLATE=utf8mb3_general_ci COMMENT='Adobe IMS User Profile';

--
-- Dumping data for table `adobe_user_profile`
--


--
-- Table structure for table `authorization_role`
--

CREATE TABLE `authorization_role` (
  `role_id` int(10) unsigned NOT NULL AUTO_INCREMENT COMMENT 'Role ID',
  `parent_id` int(10) unsigned NOT NULL DEFAULT 0 COMMENT 'Parent Role ID',
  `tree_level` smallint(5) unsigned NOT NULL DEFAULT 0 COMMENT 'Role Tree Level',
  `sort_order` smallint(5) unsigned NOT NULL DEFAULT 0 COMMENT 'Role Sort Order',
  `role_type` varchar(1) NOT NULL DEFAULT '0' COMMENT 'Role Type',
  `user_id` int(10) unsigned NOT NULL DEFAULT 0 COMMENT 'User ID',
  `user_type` varchar(16) DEFAULT NULL COMMENT 'User Type',
  `role_name` varchar(50) DEFAULT NULL COMMENT 'Role Name',
  PRIMARY KEY (`role_id`),
  KEY `AUTHORIZATION_ROLE_PARENT_ID_SORT_ORDER` (`parent_id`,`sort_order`),
  KEY `AUTHORIZATION_ROLE_TREE_LEVEL` (`tree_level`)
) ENGINE=InnoDB AUTO_INCREMENT=4 DEFAULT CHARSET=utf8mb3 COLLATE=utf8mb3_general_ci COMMENT='Admin Role Table';

--
-- Dumping data for table `authorization_role`
--

INSERT INTO `authorization_role` (`role_id`, `parent_id`, `tree_level`, `sort_order`, `role_type`, `user_id`, `user_type`, `role_name`) VALUES (1,0,1,1,'G',0,'2','Administrators');
INSERT INTO `authorization_role` (`role_id`, `parent_id`, `tree_level`, `sort_order`, `role_type`, `user_id`, `user_type`, `role_name`) VALUES (2,1,2,0,'U',1,'2','john.smith');
INSERT INTO `authorization_role` (`role_id`, `parent_id`, `tree_level`, `sort_order`, `role_type`, `user_id`, `user_type`, `role_name`) VALUES (3,0,1,0,'U',1,'1','11');

--
-- Table structure for table `authorization_rule`
--

CREATE TABLE `authorization_rule` (
  `rule_id` int(10) unsigned NOT NULL AUTO_INCREMENT COMMENT 'Rule ID',
  `role_id` int(10) unsigned NOT NULL DEFAULT 0 COMMENT 'Role ID',
  `resource_id` varchar(255) DEFAULT NULL COMMENT 'Resource ID',
  `privileges` varchar(20) DEFAULT NULL COMMENT 'Privileges',
  `permission` varchar(10) DEFAULT NULL COMMENT 'Permission',
  PRIMARY KEY (`rule_id`),
  KEY `AUTHORIZATION_RULE_RESOURCE_ID_ROLE_ID` (`resource_id`,`role_id`),
  KEY `AUTHORIZATION_RULE_ROLE_ID_RESOURCE_ID` (`role_id`,`resource_id`),
  CONSTRAINT `AUTHORIZATION_RULE_ROLE_ID_AUTHORIZATION_ROLE_ROLE_ID` FOREIGN KEY (`role_id`) REFERENCES `authorization_role` (`role_id`) ON DELETE CASCADE
) ENGINE=InnoDB AUTO_INCREMENT=1899 DEFAULT CHARSET=utf8mb3 COLLATE=utf8mb3_general_ci COMMENT='Admin Rule Table';

--
-- Dumping data for table `authorization_rule`
--

INSERT INTO `authorization_rule` (`rule_id`, `role_id`, `resource_id`, `privileges`, `permission`) VALUES (1,1,'Magento_Backend::all',NULL,'allow');
INSERT INTO `authorization_rule` (`rule_id`, `role_id`, `resource_id`, `privileges`, `permission`) VALUES (1628,3,'Magento_Backend::all',NULL,'deny');
INSERT INTO `authorization_rule` (`rule_id`, `role_id`, `resource_id`, `privileges`, `permission`) VALUES (1629,3,'Magento_Backend::admin',NULL,'allow');
INSERT INTO `authorization_rule` (`rule_id`, `role_id`, `resource_id`, `privileges`, `permission`) VALUES (1630,3,'Magento_Backend::dashboard',NULL,'deny');
INSERT INTO `authorization_rule` (`rule_id`, `role_id`, `resource_id`, `privileges`, `permission`) VALUES (1631,3,'Magento_Analytics::analytics',NULL,'allow');
INSERT INTO `authorization_rule` (`rule_id`, `role_id`, `resource_id`, `privileges`, `permission`) VALUES (1632,3,'Magento_Analytics::analytics_api',NULL,'allow');
INSERT INTO `authorization_rule` (`rule_id`, `role_id`, `resource_id`, `privileges`, `permission`) VALUES (1633,3,'Magento_Sales::sales',NULL,'deny');
INSERT INTO `authorization_rule` (`rule_id`, `role_id`, `resource_id`, `privileges`, `permission`) VALUES (1634,3,'Magento_Sales::sales_operation',NULL,'deny');
INSERT INTO `authorization_rule` (`rule_id`, `role_id`, `resource_id`, `privileges`, `permission`) VALUES (1635,3,'Magento_Sales::sales_order',NULL,'deny');
INSERT INTO `authorization_rule` (`rule_id`, `role_id`, `resource_id`, `privileges`, `permission`) VALUES (1636,3,'Magento_Sales::actions',NULL,'deny');
INSERT INTO `authorization_rule` (`rule_id`, `role_id`, `resource_id`, `privileges`, `permission`) VALUES (1637,3,'Magento_Sales::create',NULL,'deny');
INSERT INTO `authorization_rule` (`rule_id`, `role_id`, `resource_id`, `privileges`, `permission`) VALUES (1638,3,'Magento_PaymentServicesPaypal::ordercreate',NULL,'deny');
INSERT INTO `authorization_rule` (`rule_id`, `role_id`, `resource_id`, `privileges`, `permission`) VALUES (1639,3,'Magento_Sales::actions_view',NULL,'deny');
INSERT INTO `authorization_rule` (`rule_id`, `role_id`, `resource_id`, `privileges`, `permission`) VALUES (1640,3,'Magento_Sales::email',NULL,'deny');
INSERT INTO `authorization_rule` (`rule_id`, `role_id`, `resource_id`, `privileges`, `permission`) VALUES (1641,3,'Magento_Sales::reorder',NULL,'deny');
INSERT INTO `authorization_rule` (`rule_id`, `role_id`, `resource_id`, `privileges`, `permission`) VALUES (1642,3,'Magento_Sales::actions_edit',NULL,'deny');
INSERT INTO `authorization_rule` (`rule_id`, `role_id`, `resource_id`, `privileges`, `permission`) VALUES (1643,3,'Magento_Sales::cancel',NULL,'deny');
INSERT INTO `authorization_rule` (`rule_id`, `role_id`, `resource_id`, `privileges`, `permission`) VALUES (1644,3,'Magento_Sales::review_payment',NULL,'deny');
INSERT INTO `authorization_rule` (`rule_id`, `role_id`, `resource_id`, `privileges`, `permission`) VALUES (1645,3,'Magento_Sales::capture',NULL,'deny');
INSERT INTO `authorization_rule` (`rule_id`, `role_id`, `resource_id`, `privileges`, `permission`) VALUES (1646,3,'Magento_Sales::invoice',NULL,'deny');
INSERT INTO `authorization_rule` (`rule_id`, `role_id`, `resource_id`, `privileges`, `permission`) VALUES (1647,3,'Magento_Sales::creditmemo',NULL,'deny');
INSERT INTO `authorization_rule` (`rule_id`, `role_id`, `resource_id`, `privileges`, `permission`) VALUES (1648,3,'Magento_Sales::hold',NULL,'deny');
INSERT INTO `authorization_rule` (`rule_id`, `role_id`, `resource_id`, `privileges`, `permission`) VALUES (1649,3,'Magento_Sales::unhold',NULL,'deny');
INSERT INTO `authorization_rule` (`rule_id`, `role_id`, `resource_id`, `privileges`, `permission`) VALUES (1650,3,'Magento_Sales::ship',NULL,'deny');
INSERT INTO `authorization_rule` (`rule_id`, `role_id`, `resource_id`, `privileges`, `permission`) VALUES (1651,3,'Magento_Sales::comment',NULL,'deny');
INSERT INTO `authorization_rule` (`rule_id`, `role_id`, `resource_id`, `privileges`, `permission`) VALUES (1652,3,'Magento_Sales::emails',NULL,'deny');
INSERT INTO `authorization_rule` (`rule_id`, `role_id`, `resource_id`, `privileges`, `permission`) VALUES (1653,3,'Magento_Paypal::authorization',NULL,'deny');
INSERT INTO `authorization_rule` (`rule_id`, `role_id`, `resource_id`, `privileges`, `permission`) VALUES (1654,3,'Magento_PaymentServicesDashboard::paymentservices',NULL,'deny');
INSERT INTO `authorization_rule` (`rule_id`, `role_id`, `resource_id`, `privileges`, `permission`) VALUES (1655,3,'Magento_PaymentServicesDashboard::paymentservicesdashboard',NULL,'deny');
INSERT INTO `authorization_rule` (`rule_id`, `role_id`, `resource_id`, `privileges`, `permission`) VALUES (1656,3,'Magento_ServiceProxy::services',NULL,'deny');
INSERT INTO `authorization_rule` (`rule_id`, `role_id`, `resource_id`, `privileges`, `permission`) VALUES (1657,3,'Magento_Sales::sales_invoice',NULL,'deny');
INSERT INTO `authorization_rule` (`rule_id`, `role_id`, `resource_id`, `privileges`, `permission`) VALUES (1658,3,'Magento_Sales::shipment',NULL,'deny');
INSERT INTO `authorization_rule` (`rule_id`, `role_id`, `resource_id`, `privileges`, `permission`) VALUES (1659,3,'Magento_Sales::sales_creditmemo',NULL,'deny');
INSERT INTO `authorization_rule` (`rule_id`, `role_id`, `resource_id`, `privileges`, `permission`) VALUES (1660,3,'Magento_Paypal::billing_agreement',NULL,'deny');
INSERT INTO `authorization_rule` (`rule_id`, `role_id`, `resource_id`, `privileges`, `permission`) VALUES (1661,3,'Magento_Paypal::billing_agreement_actions',NULL,'deny');
INSERT INTO `authorization_rule` (`rule_id`, `role_id`, `resource_id`, `privileges`, `permission`) VALUES (1662,3,'Magento_Paypal::billing_agreement_actions_view',NULL,'deny');
INSERT INTO `authorization_rule` (`rule_id`, `role_id`, `resource_id`, `privileges`, `permission`) VALUES (1663,3,'Magento_Paypal::actions_manage',NULL,'deny');
INSERT INTO `authorization_rule` (`rule_id`, `role_id`, `resource_id`, `privileges`, `permission`) VALUES (1664,3,'Magento_Paypal::use',NULL,'deny');
INSERT INTO `authorization_rule` (`rule_id`, `role_id`, `resource_id`, `privileges`, `permission`) VALUES (1665,3,'Magento_Sales::transactions',NULL,'deny');
INSERT INTO `authorization_rule` (`rule_id`, `role_id`, `resource_id`, `privileges`, `permission`) VALUES (1666,3,'Magento_Sales::transactions_fetch',NULL,'deny');
INSERT INTO `authorization_rule` (`rule_id`, `role_id`, `resource_id`, `privileges`, `permission`) VALUES (1667,3,'Magento_Catalog::catalog',NULL,'deny');
INSERT INTO `authorization_rule` (`rule_id`, `role_id`, `resource_id`, `privileges`, `permission`) VALUES (1668,3,'Magento_Catalog::catalog_inventory',NULL,'deny');
INSERT INTO `authorization_rule` (`rule_id`, `role_id`, `resource_id`, `privileges`, `permission`) VALUES (1669,3,'Magento_Catalog::products',NULL,'deny');
INSERT INTO `authorization_rule` (`rule_id`, `role_id`, `resource_id`, `privileges`, `permission`) VALUES (1670,3,'Magento_Catalog::update_attributes',NULL,'deny');
INSERT INTO `authorization_rule` (`rule_id`, `role_id`, `resource_id`, `privileges`, `permission`) VALUES (1671,3,'Magento_Catalog::edit_product_design',NULL,'deny');
INSERT INTO `authorization_rule` (`rule_id`, `role_id`, `resource_id`, `privileges`, `permission`) VALUES (1672,3,'Magento_Catalog::categories',NULL,'deny');
INSERT INTO `authorization_rule` (`rule_id`, `role_id`, `resource_id`, `privileges`, `permission`) VALUES (1673,3,'Magento_Catalog::edit_category_design',NULL,'deny');
INSERT INTO `authorization_rule` (`rule_id`, `role_id`, `resource_id`, `privileges`, `permission`) VALUES (1674,3,'Magento_Customer::customer',NULL,'deny');
INSERT INTO `authorization_rule` (`rule_id`, `role_id`, `resource_id`, `privileges`, `permission`) VALUES (1675,3,'Magento_Customer::manage',NULL,'deny');
INSERT INTO `authorization_rule` (`rule_id`, `role_id`, `resource_id`, `privileges`, `permission`) VALUES (1676,3,'Magento_Customer::actions',NULL,'deny');
INSERT INTO `authorization_rule` (`rule_id`, `role_id`, `resource_id`, `privileges`, `permission`) VALUES (1677,3,'Magento_Customer::delete',NULL,'deny');
INSERT INTO `authorization_rule` (`rule_id`, `role_id`, `resource_id`, `privileges`, `permission`) VALUES (1678,3,'Magento_Customer::reset_password',NULL,'deny');
INSERT INTO `authorization_rule` (`rule_id`, `role_id`, `resource_id`, `privileges`, `permission`) VALUES (1679,3,'Magento_Customer::invalidate_tokens',NULL,'deny');
INSERT INTO `authorization_rule` (`rule_id`, `role_id`, `resource_id`, `privileges`, `permission`) VALUES (1680,3,'Magento_LoginAsCustomer::allow_shopping_assistance',NULL,'deny');
INSERT INTO `authorization_rule` (`rule_id`, `role_id`, `resource_id`, `privileges`, `permission`) VALUES (1681,3,'Magento_Customer::online',NULL,'deny');
INSERT INTO `authorization_rule` (`rule_id`, `role_id`, `resource_id`, `privileges`, `permission`) VALUES (1682,3,'Magento_Customer::group',NULL,'deny');
INSERT INTO `authorization_rule` (`rule_id`, `role_id`, `resource_id`, `privileges`, `permission`) VALUES (1683,3,'Magento_LoginAsCustomer::login',NULL,'deny');
INSERT INTO `authorization_rule` (`rule_id`, `role_id`, `resource_id`, `privileges`, `permission`) VALUES (1684,3,'Magento_LoginAsCustomerLog::login_log',NULL,'deny');
INSERT INTO `authorization_rule` (`rule_id`, `role_id`, `resource_id`, `privileges`, `permission`) VALUES (1685,3,'Magento_Cart::cart',NULL,'deny');
INSERT INTO `authorization_rule` (`rule_id`, `role_id`, `resource_id`, `privileges`, `permission`) VALUES (1686,3,'Magento_Cart::manage',NULL,'deny');
INSERT INTO `authorization_rule` (`rule_id`, `role_id`, `resource_id`, `privileges`, `permission`) VALUES (1687,3,'Magento_Backend::myaccount',NULL,'deny');
INSERT INTO `authorization_rule` (`rule_id`, `role_id`, `resource_id`, `privileges`, `permission`) VALUES (1688,3,'Magento_Backend::marketing',NULL,'deny');
INSERT INTO `authorization_rule` (`rule_id`, `role_id`, `resource_id`, `privileges`, `permission`) VALUES (1689,3,'Magento_CatalogRule::promo',NULL,'deny');
INSERT INTO `authorization_rule` (`rule_id`, `role_id`, `resource_id`, `privileges`, `permission`) VALUES (1690,3,'Magento_CatalogRule::promo_catalog',NULL,'deny');
INSERT INTO `authorization_rule` (`rule_id`, `role_id`, `resource_id`, `privileges`, `permission`) VALUES (1691,3,'Magento_SalesRule::quote',NULL,'deny');
INSERT INTO `authorization_rule` (`rule_id`, `role_id`, `resource_id`, `privileges`, `permission`) VALUES (1692,3,'Magento_Backend::marketing_communications',NULL,'deny');
INSERT INTO `authorization_rule` (`rule_id`, `role_id`, `resource_id`, `privileges`, `permission`) VALUES (1693,3,'Magento_Email::template',NULL,'deny');
INSERT INTO `authorization_rule` (`rule_id`, `role_id`, `resource_id`, `privileges`, `permission`) VALUES (1694,3,'Magento_Newsletter::template',NULL,'deny');
INSERT INTO `authorization_rule` (`rule_id`, `role_id`, `resource_id`, `privileges`, `permission`) VALUES (1695,3,'Magento_Newsletter::queue',NULL,'deny');
INSERT INTO `authorization_rule` (`rule_id`, `role_id`, `resource_id`, `privileges`, `permission`) VALUES (1696,3,'Magento_Newsletter::subscriber',NULL,'deny');
INSERT INTO `authorization_rule` (`rule_id`, `role_id`, `resource_id`, `privileges`, `permission`) VALUES (1697,3,'Magento_Backend::marketing_seo',NULL,'deny');
INSERT INTO `authorization_rule` (`rule_id`, `role_id`, `resource_id`, `privileges`, `permission`) VALUES (1698,3,'Magento_Search::search',NULL,'deny');
INSERT INTO `authorization_rule` (`rule_id`, `role_id`, `resource_id`, `privileges`, `permission`) VALUES (1699,3,'Magento_Search::synonyms',NULL,'deny');
INSERT INTO `authorization_rule` (`rule_id`, `role_id`, `resource_id`, `privileges`, `permission`) VALUES (1700,3,'Magento_UrlRewrite::urlrewrite',NULL,'deny');
INSERT INTO `authorization_rule` (`rule_id`, `role_id`, `resource_id`, `privileges`, `permission`) VALUES (1701,3,'Magento_Sitemap::sitemap',NULL,'deny');
INSERT INTO `authorization_rule` (`rule_id`, `role_id`, `resource_id`, `privileges`, `permission`) VALUES (1702,3,'Magento_Backend::marketing_user_content',NULL,'deny');
INSERT INTO `authorization_rule` (`rule_id`, `role_id`, `resource_id`, `privileges`, `permission`) VALUES (1703,3,'Magento_Review::reviews_all',NULL,'deny');
INSERT INTO `authorization_rule` (`rule_id`, `role_id`, `resource_id`, `privileges`, `permission`) VALUES (1704,3,'Magento_Review::pending',NULL,'deny');
INSERT INTO `authorization_rule` (`rule_id`, `role_id`, `resource_id`, `privileges`, `permission`) VALUES (1705,3,'Magento_Backend::content',NULL,'deny');
INSERT INTO `authorization_rule` (`rule_id`, `role_id`, `resource_id`, `privileges`, `permission`) VALUES (1706,3,'Magento_Backend::content_elements',NULL,'deny');
INSERT INTO `authorization_rule` (`rule_id`, `role_id`, `resource_id`, `privileges`, `permission`) VALUES (1707,3,'Magento_Cms::page',NULL,'deny');
INSERT INTO `authorization_rule` (`rule_id`, `role_id`, `resource_id`, `privileges`, `permission`) VALUES (1708,3,'Magento_Cms::save',NULL,'deny');
INSERT INTO `authorization_rule` (`rule_id`, `role_id`, `resource_id`, `privileges`, `permission`) VALUES (1709,3,'Magento_Cms::save_design',NULL,'deny');
INSERT INTO `authorization_rule` (`rule_id`, `role_id`, `resource_id`, `privileges`, `permission`) VALUES (1710,3,'Magento_Cms::page_delete',NULL,'deny');
INSERT INTO `authorization_rule` (`rule_id`, `role_id`, `resource_id`, `privileges`, `permission`) VALUES (1711,3,'Magento_Cms::block',NULL,'deny');
INSERT INTO `authorization_rule` (`rule_id`, `role_id`, `resource_id`, `privileges`, `permission`) VALUES (1712,3,'Magento_Widget::widget_instance',NULL,'deny');
INSERT INTO `authorization_rule` (`rule_id`, `role_id`, `resource_id`, `privileges`, `permission`) VALUES (1713,3,'Magento_Cms::media_gallery',NULL,'deny');
INSERT INTO `authorization_rule` (`rule_id`, `role_id`, `resource_id`, `privileges`, `permission`) VALUES (1714,3,'Magento_MediaGalleryUiApi::insert_assets',NULL,'deny');
INSERT INTO `authorization_rule` (`rule_id`, `role_id`, `resource_id`, `privileges`, `permission`) VALUES (1715,3,'Magento_MediaGalleryUiApi::upload_assets',NULL,'deny');
INSERT INTO `authorization_rule` (`rule_id`, `role_id`, `resource_id`, `privileges`, `permission`) VALUES (1716,3,'Magento_MediaGalleryUiApi::edit_assets',NULL,'deny');
INSERT INTO `authorization_rule` (`rule_id`, `role_id`, `resource_id`, `privileges`, `permission`) VALUES (1717,3,'Magento_AdobeStockImageAdminUi::media_gallery',NULL,'deny');
INSERT INTO `authorization_rule` (`rule_id`, `role_id`, `resource_id`, `privileges`, `permission`) VALUES (1718,3,'Magento_AdobeStockImageAdminUi::save_preview_images',NULL,'deny');
INSERT INTO `authorization_rule` (`rule_id`, `role_id`, `resource_id`, `privileges`, `permission`) VALUES (1719,3,'Magento_AdobeStockImageAdminUi::license_images',NULL,'deny');
INSERT INTO `authorization_rule` (`rule_id`, `role_id`, `resource_id`, `privileges`, `permission`) VALUES (1720,3,'Magento_MediaGalleryUiApi::delete_assets',NULL,'deny');
INSERT INTO `authorization_rule` (`rule_id`, `role_id`, `resource_id`, `privileges`, `permission`) VALUES (1721,3,'Magento_MediaGalleryUiApi::create_folder',NULL,'deny');
INSERT INTO `authorization_rule` (`rule_id`, `role_id`, `resource_id`, `privileges`, `permission`) VALUES (1722,3,'Magento_MediaGalleryUiApi::delete_folder',NULL,'deny');
INSERT INTO `authorization_rule` (`rule_id`, `role_id`, `resource_id`, `privileges`, `permission`) VALUES (1723,3,'Magento_PageBuilder::templates',NULL,'deny');
INSERT INTO `authorization_rule` (`rule_id`, `role_id`, `resource_id`, `privileges`, `permission`) VALUES (1724,3,'Magento_PageBuilder::template_save',NULL,'deny');
INSERT INTO `authorization_rule` (`rule_id`, `role_id`, `resource_id`, `privileges`, `permission`) VALUES (1725,3,'Magento_PageBuilder::template_apply',NULL,'deny');
INSERT INTO `authorization_rule` (`rule_id`, `role_id`, `resource_id`, `privileges`, `permission`) VALUES (1726,3,'Magento_PageBuilder::template_delete',NULL,'deny');
INSERT INTO `authorization_rule` (`rule_id`, `role_id`, `resource_id`, `privileges`, `permission`) VALUES (1727,3,'Magento_Backend::design',NULL,'deny');
INSERT INTO `authorization_rule` (`rule_id`, `role_id`, `resource_id`, `privileges`, `permission`) VALUES (1728,3,'Magento_Theme::theme',NULL,'deny');
INSERT INTO `authorization_rule` (`rule_id`, `role_id`, `resource_id`, `privileges`, `permission`) VALUES (1729,3,'Magento_Backend::schedule',NULL,'deny');
INSERT INTO `authorization_rule` (`rule_id`, `role_id`, `resource_id`, `privileges`, `permission`) VALUES (1730,3,'Magento_Backend::content_translation',NULL,'deny');
INSERT INTO `authorization_rule` (`rule_id`, `role_id`, `resource_id`, `privileges`, `permission`) VALUES (1731,3,'Magento_Reports::report',NULL,'deny');
INSERT INTO `authorization_rule` (`rule_id`, `role_id`, `resource_id`, `privileges`, `permission`) VALUES (1732,3,'Magento_Reports::report_marketing',NULL,'deny');
INSERT INTO `authorization_rule` (`rule_id`, `role_id`, `resource_id`, `privileges`, `permission`) VALUES (1733,3,'Magento_Reports::shopcart',NULL,'deny');
INSERT INTO `authorization_rule` (`rule_id`, `role_id`, `resource_id`, `privileges`, `permission`) VALUES (1734,3,'Magento_Reports::product',NULL,'deny');
INSERT INTO `authorization_rule` (`rule_id`, `role_id`, `resource_id`, `privileges`, `permission`) VALUES (1735,3,'Magento_Reports::abandoned',NULL,'deny');
INSERT INTO `authorization_rule` (`rule_id`, `role_id`, `resource_id`, `privileges`, `permission`) VALUES (1736,3,'Magento_Reports::report_search',NULL,'deny');
INSERT INTO `authorization_rule` (`rule_id`, `role_id`, `resource_id`, `privileges`, `permission`) VALUES (1737,3,'Magento_Newsletter::problem',NULL,'deny');
INSERT INTO `authorization_rule` (`rule_id`, `role_id`, `resource_id`, `privileges`, `permission`) VALUES (1738,3,'Magento_Reports::review',NULL,'deny');
INSERT INTO `authorization_rule` (`rule_id`, `role_id`, `resource_id`, `privileges`, `permission`) VALUES (1739,3,'Magento_Reports::review_customer',NULL,'deny');
INSERT INTO `authorization_rule` (`rule_id`, `role_id`, `resource_id`, `privileges`, `permission`) VALUES (1740,3,'Magento_Reports::review_product',NULL,'deny');
INSERT INTO `authorization_rule` (`rule_id`, `role_id`, `resource_id`, `privileges`, `permission`) VALUES (1741,3,'Magento_Reports::salesroot',NULL,'deny');
INSERT INTO `authorization_rule` (`rule_id`, `role_id`, `resource_id`, `privileges`, `permission`) VALUES (1742,3,'Magento_Reports::salesroot_sales',NULL,'deny');
INSERT INTO `authorization_rule` (`rule_id`, `role_id`, `resource_id`, `privileges`, `permission`) VALUES (1743,3,'Magento_Reports::tax',NULL,'deny');
INSERT INTO `authorization_rule` (`rule_id`, `role_id`, `resource_id`, `privileges`, `permission`) VALUES (1744,3,'Magento_Reports::invoiced',NULL,'deny');
INSERT INTO `authorization_rule` (`rule_id`, `role_id`, `resource_id`, `privileges`, `permission`) VALUES (1745,3,'Magento_Reports::shipping',NULL,'deny');
INSERT INTO `authorization_rule` (`rule_id`, `role_id`, `resource_id`, `privileges`, `permission`) VALUES (1746,3,'Magento_Reports::refunded',NULL,'deny');
INSERT INTO `authorization_rule` (`rule_id`, `role_id`, `resource_id`, `privileges`, `permission`) VALUES (1747,3,'Magento_Reports::coupons',NULL,'deny');
INSERT INTO `authorization_rule` (`rule_id`, `role_id`, `resource_id`, `privileges`, `permission`) VALUES (1748,3,'Magento_Paypal::paypal_settlement_reports',NULL,'deny');
INSERT INTO `authorization_rule` (`rule_id`, `role_id`, `resource_id`, `privileges`, `permission`) VALUES (1749,3,'Magento_Paypal::paypal_settlement_reports_view',NULL,'deny');
INSERT INTO `authorization_rule` (`rule_id`, `role_id`, `resource_id`, `privileges`, `permission`) VALUES (1750,3,'Magento_Paypal::fetch',NULL,'deny');
INSERT INTO `authorization_rule` (`rule_id`, `role_id`, `resource_id`, `privileges`, `permission`) VALUES (1751,3,'PayPal_Braintree::settlement_report',NULL,'deny');
INSERT INTO `authorization_rule` (`rule_id`, `role_id`, `resource_id`, `privileges`, `permission`) VALUES (1752,3,'Magento_Reports::customers',NULL,'deny');
INSERT INTO `authorization_rule` (`rule_id`, `role_id`, `resource_id`, `privileges`, `permission`) VALUES (1753,3,'Magento_Reports::totals',NULL,'deny');
INSERT INTO `authorization_rule` (`rule_id`, `role_id`, `resource_id`, `privileges`, `permission`) VALUES (1754,3,'Magento_Reports::customers_orders',NULL,'deny');
INSERT INTO `authorization_rule` (`rule_id`, `role_id`, `resource_id`, `privileges`, `permission`) VALUES (1755,3,'Magento_Reports::accounts',NULL,'deny');
INSERT INTO `authorization_rule` (`rule_id`, `role_id`, `resource_id`, `privileges`, `permission`) VALUES (1756,3,'Magento_Reports::report_products',NULL,'deny');
INSERT INTO `authorization_rule` (`rule_id`, `role_id`, `resource_id`, `privileges`, `permission`) VALUES (1757,3,'Magento_Reports::viewed',NULL,'deny');
INSERT INTO `authorization_rule` (`rule_id`, `role_id`, `resource_id`, `privileges`, `permission`) VALUES (1758,3,'Magento_Reports::bestsellers',NULL,'deny');
INSERT INTO `authorization_rule` (`rule_id`, `role_id`, `resource_id`, `privileges`, `permission`) VALUES (1759,3,'Magento_Reports::lowstock',NULL,'deny');
INSERT INTO `authorization_rule` (`rule_id`, `role_id`, `resource_id`, `privileges`, `permission`) VALUES (1760,3,'Magento_Reports::sold',NULL,'deny');
INSERT INTO `authorization_rule` (`rule_id`, `role_id`, `resource_id`, `privileges`, `permission`) VALUES (1761,3,'Magento_Reports::downloads',NULL,'deny');
INSERT INTO `authorization_rule` (`rule_id`, `role_id`, `resource_id`, `privileges`, `permission`) VALUES (1762,3,'Magento_Reports::statistics',NULL,'deny');
INSERT INTO `authorization_rule` (`rule_id`, `role_id`, `resource_id`, `privileges`, `permission`) VALUES (1763,3,'Magento_Reports::statistics_refresh',NULL,'deny');
INSERT INTO `authorization_rule` (`rule_id`, `role_id`, `resource_id`, `privileges`, `permission`) VALUES (1764,3,'Magento_Analytics::business_intelligence',NULL,'deny');
INSERT INTO `authorization_rule` (`rule_id`, `role_id`, `resource_id`, `privileges`, `permission`) VALUES (1765,3,'Magento_Analytics::advanced_reporting',NULL,'deny');
INSERT INTO `authorization_rule` (`rule_id`, `role_id`, `resource_id`, `privileges`, `permission`) VALUES (1766,3,'Magento_Analytics::bi_essentials',NULL,'deny');
INSERT INTO `authorization_rule` (`rule_id`, `role_id`, `resource_id`, `privileges`, `permission`) VALUES (1767,3,'Magento_Backend::stores',NULL,'deny');
INSERT INTO `authorization_rule` (`rule_id`, `role_id`, `resource_id`, `privileges`, `permission`) VALUES (1768,3,'Magento_Backend::stores_settings',NULL,'deny');
INSERT INTO `authorization_rule` (`rule_id`, `role_id`, `resource_id`, `privileges`, `permission`) VALUES (1769,3,'Magento_Backend::store',NULL,'deny');
INSERT INTO `authorization_rule` (`rule_id`, `role_id`, `resource_id`, `privileges`, `permission`) VALUES (1770,3,'Magento_Config::config',NULL,'deny');
INSERT INTO `authorization_rule` (`rule_id`, `role_id`, `resource_id`, `privileges`, `permission`) VALUES (1771,3,'Magento_Cms::config_cms',NULL,'deny');
INSERT INTO `authorization_rule` (`rule_id`, `role_id`, `resource_id`, `privileges`, `permission`) VALUES (1772,3,'Magento_Catalog::config_catalog',NULL,'deny');
INSERT INTO `authorization_rule` (`rule_id`, `role_id`, `resource_id`, `privileges`, `permission`) VALUES (1773,3,'Magento_CatalogInventory::cataloginventory',NULL,'deny');
INSERT INTO `authorization_rule` (`rule_id`, `role_id`, `resource_id`, `privileges`, `permission`) VALUES (1774,3,'Magento_Payment::payment',NULL,'deny');
INSERT INTO `authorization_rule` (`rule_id`, `role_id`, `resource_id`, `privileges`, `permission`) VALUES (1775,3,'Magento_Payment::payment_services',NULL,'deny');
INSERT INTO `authorization_rule` (`rule_id`, `role_id`, `resource_id`, `privileges`, `permission`) VALUES (1776,3,'Magento_Downloadable::downloadable',NULL,'deny');
INSERT INTO `authorization_rule` (`rule_id`, `role_id`, `resource_id`, `privileges`, `permission`) VALUES (1777,3,'Magento_Contact::contact',NULL,'deny');
INSERT INTO `authorization_rule` (`rule_id`, `role_id`, `resource_id`, `privileges`, `permission`) VALUES (1778,3,'Magento_Newsletter::newsletter',NULL,'deny');
INSERT INTO `authorization_rule` (`rule_id`, `role_id`, `resource_id`, `privileges`, `permission`) VALUES (1779,3,'Magento_GoogleAnalytics::google',NULL,'deny');
INSERT INTO `authorization_rule` (`rule_id`, `role_id`, `resource_id`, `privileges`, `permission`) VALUES (1780,3,'Magento_LoginAsCustomer::config_section',NULL,'deny');
INSERT INTO `authorization_rule` (`rule_id`, `role_id`, `resource_id`, `privileges`, `permission`) VALUES (1781,3,'Magento_Shipping::carriers',NULL,'deny');
INSERT INTO `authorization_rule` (`rule_id`, `role_id`, `resource_id`, `privileges`, `permission`) VALUES (1782,3,'Magento_InventoryInStorePickupApi::inStorePickup',NULL,'deny');
INSERT INTO `authorization_rule` (`rule_id`, `role_id`, `resource_id`, `privileges`, `permission`) VALUES (1783,3,'Magento_InventoryInStorePickupApi::notify_orders_are_ready_for_pickup',NULL,'deny');
INSERT INTO `authorization_rule` (`rule_id`, `role_id`, `resource_id`, `privileges`, `permission`) VALUES (1784,3,'Magento_Shipping::config_shipping',NULL,'deny');
INSERT INTO `authorization_rule` (`rule_id`, `role_id`, `resource_id`, `privileges`, `permission`) VALUES (1785,3,'Magento_Multishipping::config_multishipping',NULL,'deny');
INSERT INTO `authorization_rule` (`rule_id`, `role_id`, `resource_id`, `privileges`, `permission`) VALUES (1786,3,'Magento_ReCaptchaUi::config',NULL,'deny');
INSERT INTO `authorization_rule` (`rule_id`, `role_id`, `resource_id`, `privileges`, `permission`) VALUES (1787,3,'Magento_Securitytxt::config',NULL,'deny');
INSERT INTO `authorization_rule` (`rule_id`, `role_id`, `resource_id`, `privileges`, `permission`) VALUES (1788,3,'Magento_Config::config_general',NULL,'deny');
INSERT INTO `authorization_rule` (`rule_id`, `role_id`, `resource_id`, `privileges`, `permission`) VALUES (1789,3,'Magento_Integration::config_oauth',NULL,'deny');
INSERT INTO `authorization_rule` (`rule_id`, `role_id`, `resource_id`, `privileges`, `permission`) VALUES (1790,3,'Magento_Webapi::config_webapi',NULL,'deny');
INSERT INTO `authorization_rule` (`rule_id`, `role_id`, `resource_id`, `privileges`, `permission`) VALUES (1791,3,'Magento_Config::web',NULL,'deny');
INSERT INTO `authorization_rule` (`rule_id`, `role_id`, `resource_id`, `privileges`, `permission`) VALUES (1792,3,'Magento_Config::config_design',NULL,'deny');
INSERT INTO `authorization_rule` (`rule_id`, `role_id`, `resource_id`, `privileges`, `permission`) VALUES (1793,3,'Magento_Customer::config_customer',NULL,'deny');
INSERT INTO `authorization_rule` (`rule_id`, `role_id`, `resource_id`, `privileges`, `permission`) VALUES (1794,3,'Magento_Paypal::paypal',NULL,'deny');
INSERT INTO `authorization_rule` (`rule_id`, `role_id`, `resource_id`, `privileges`, `permission`) VALUES (1795,3,'Magento_Tax::config_tax',NULL,'deny');
INSERT INTO `authorization_rule` (`rule_id`, `role_id`, `resource_id`, `privileges`, `permission`) VALUES (1796,3,'Magento_Checkout::checkout',NULL,'deny');
INSERT INTO `authorization_rule` (`rule_id`, `role_id`, `resource_id`, `privileges`, `permission`) VALUES (1797,3,'Magento_Sales::config_sales',NULL,'deny');
INSERT INTO `authorization_rule` (`rule_id`, `role_id`, `resource_id`, `privileges`, `permission`) VALUES (1798,3,'Magento_Persistent::persistent',NULL,'deny');
INSERT INTO `authorization_rule` (`rule_id`, `role_id`, `resource_id`, `privileges`, `permission`) VALUES (1799,3,'Magento_Sales::sales_email',NULL,'deny');
INSERT INTO `authorization_rule` (`rule_id`, `role_id`, `resource_id`, `privileges`, `permission`) VALUES (1800,3,'Magento_Sales::sales_pdf',NULL,'deny');
INSERT INTO `authorization_rule` (`rule_id`, `role_id`, `resource_id`, `privileges`, `permission`) VALUES (1801,3,'Magento_Reports::reports',NULL,'deny');
INSERT INTO `authorization_rule` (`rule_id`, `role_id`, `resource_id`, `privileges`, `permission`) VALUES (1802,3,'Magento_Sitemap::config_sitemap',NULL,'deny');
INSERT INTO `authorization_rule` (`rule_id`, `role_id`, `resource_id`, `privileges`, `permission`) VALUES (1803,3,'Magento_Config::config_system',NULL,'deny');
INSERT INTO `authorization_rule` (`rule_id`, `role_id`, `resource_id`, `privileges`, `permission`) VALUES (1804,3,'Magento_Wishlist::config_wishlist',NULL,'deny');
INSERT INTO `authorization_rule` (`rule_id`, `role_id`, `resource_id`, `privileges`, `permission`) VALUES (1805,3,'Magento_SalesRule::config_promo',NULL,'deny');
INSERT INTO `authorization_rule` (`rule_id`, `role_id`, `resource_id`, `privileges`, `permission`) VALUES (1806,3,'Magento_Config::config_admin',NULL,'deny');
INSERT INTO `authorization_rule` (`rule_id`, `role_id`, `resource_id`, `privileges`, `permission`) VALUES (1807,3,'Magento_Config::trans_email',NULL,'deny');
INSERT INTO `authorization_rule` (`rule_id`, `role_id`, `resource_id`, `privileges`, `permission`) VALUES (1808,3,'Magento_Config::dev',NULL,'deny');
INSERT INTO `authorization_rule` (`rule_id`, `role_id`, `resource_id`, `privileges`, `permission`) VALUES (1809,3,'Magento_Config::currency',NULL,'deny');
INSERT INTO `authorization_rule` (`rule_id`, `role_id`, `resource_id`, `privileges`, `permission`) VALUES (1810,3,'Magento_Rss::rss',NULL,'deny');
INSERT INTO `authorization_rule` (`rule_id`, `role_id`, `resource_id`, `privileges`, `permission`) VALUES (1811,3,'Magento_Config::sendfriend',NULL,'deny');
INSERT INTO `authorization_rule` (`rule_id`, `role_id`, `resource_id`, `privileges`, `permission`) VALUES (1812,3,'Magento_Csp::config',NULL,'deny');
INSERT INTO `authorization_rule` (`rule_id`, `role_id`, `resource_id`, `privileges`, `permission`) VALUES (1813,3,'Magento_Analytics::analytics_settings',NULL,'deny');
INSERT INTO `authorization_rule` (`rule_id`, `role_id`, `resource_id`, `privileges`, `permission`) VALUES (1814,3,'Magento_NewRelicReporting::config_newrelicreporting',NULL,'deny');
INSERT INTO `authorization_rule` (`rule_id`, `role_id`, `resource_id`, `privileges`, `permission`) VALUES (1815,3,'Magento_CheckoutAgreements::checkoutagreement',NULL,'deny');
INSERT INTO `authorization_rule` (`rule_id`, `role_id`, `resource_id`, `privileges`, `permission`) VALUES (1816,3,'Magento_Sales::order_statuses',NULL,'deny');
INSERT INTO `authorization_rule` (`rule_id`, `role_id`, `resource_id`, `privileges`, `permission`) VALUES (1817,3,'Magento_InventoryApi::inventory',NULL,'deny');
INSERT INTO `authorization_rule` (`rule_id`, `role_id`, `resource_id`, `privileges`, `permission`) VALUES (1818,3,'Magento_InventoryApi::source',NULL,'deny');
INSERT INTO `authorization_rule` (`rule_id`, `role_id`, `resource_id`, `privileges`, `permission`) VALUES (1819,3,'Magento_InventoryApi::source_edit',NULL,'deny');
INSERT INTO `authorization_rule` (`rule_id`, `role_id`, `resource_id`, `privileges`, `permission`) VALUES (1820,3,'Magento_InventoryApi::ship_source_selection',NULL,'deny');
INSERT INTO `authorization_rule` (`rule_id`, `role_id`, `resource_id`, `privileges`, `permission`) VALUES (1821,3,'Magento_InventorySourceSelectionApi::source_selection_algorithm',NULL,'deny');
INSERT INTO `authorization_rule` (`rule_id`, `role_id`, `resource_id`, `privileges`, `permission`) VALUES (1822,3,'Magento_InventorySourceSelectionApi::source_selection_algorithm_post',NULL,'deny');
INSERT INTO `authorization_rule` (`rule_id`, `role_id`, `resource_id`, `privileges`, `permission`) VALUES (1823,3,'Magento_InventoryApi::stock',NULL,'deny');
INSERT INTO `authorization_rule` (`rule_id`, `role_id`, `resource_id`, `privileges`, `permission`) VALUES (1824,3,'Magento_InventoryApi::stock_edit',NULL,'deny');
INSERT INTO `authorization_rule` (`rule_id`, `role_id`, `resource_id`, `privileges`, `permission`) VALUES (1825,3,'Magento_InventoryApi::stock_delete',NULL,'deny');
INSERT INTO `authorization_rule` (`rule_id`, `role_id`, `resource_id`, `privileges`, `permission`) VALUES (1826,3,'Magento_InventoryLowQuantityNotificationApi::low_quantity_notification',NULL,'deny');
INSERT INTO `authorization_rule` (`rule_id`, `role_id`, `resource_id`, `privileges`, `permission`) VALUES (1827,3,'Magento_InventoryLowQuantityNotificationApi::stock_create_low_quantity_notification',NULL,'deny');
INSERT INTO `authorization_rule` (`rule_id`, `role_id`, `resource_id`, `privileges`, `permission`) VALUES (1828,3,'Magento_InventoryLowQuantityNotificationApi::stock_delete_low_quantity_notification',NULL,'deny');
INSERT INTO `authorization_rule` (`rule_id`, `role_id`, `resource_id`, `privileges`, `permission`) VALUES (1829,3,'Magento_InventoryApi::stock_source_link',NULL,'deny');
INSERT INTO `authorization_rule` (`rule_id`, `role_id`, `resource_id`, `privileges`, `permission`) VALUES (1830,3,'Magento_InventoryApi::stock_source_item_assign',NULL,'deny');
INSERT INTO `authorization_rule` (`rule_id`, `role_id`, `resource_id`, `privileges`, `permission`) VALUES (1831,3,'Magento_InventorySalesApi::stock',NULL,'deny');
INSERT INTO `authorization_rule` (`rule_id`, `role_id`, `resource_id`, `privileges`, `permission`) VALUES (1832,3,'Magento_Tax::manage_tax',NULL,'deny');
INSERT INTO `authorization_rule` (`rule_id`, `role_id`, `resource_id`, `privileges`, `permission`) VALUES (1833,3,'Magento_CurrencySymbol::system_currency',NULL,'deny');
INSERT INTO `authorization_rule` (`rule_id`, `role_id`, `resource_id`, `privileges`, `permission`) VALUES (1834,3,'Magento_CurrencySymbol::currency_rates',NULL,'deny');
INSERT INTO `authorization_rule` (`rule_id`, `role_id`, `resource_id`, `privileges`, `permission`) VALUES (1835,3,'Magento_CurrencySymbol::symbols',NULL,'deny');
INSERT INTO `authorization_rule` (`rule_id`, `role_id`, `resource_id`, `privileges`, `permission`) VALUES (1836,3,'Magento_Backend::stores_attributes',NULL,'deny');
INSERT INTO `authorization_rule` (`rule_id`, `role_id`, `resource_id`, `privileges`, `permission`) VALUES (1837,3,'Magento_Catalog::attributes_attributes',NULL,'deny');
INSERT INTO `authorization_rule` (`rule_id`, `role_id`, `resource_id`, `privileges`, `permission`) VALUES (1838,3,'Magento_Catalog::sets',NULL,'deny');
INSERT INTO `authorization_rule` (`rule_id`, `role_id`, `resource_id`, `privileges`, `permission`) VALUES (1839,3,'Magento_Review::ratings',NULL,'deny');
INSERT INTO `authorization_rule` (`rule_id`, `role_id`, `resource_id`, `privileges`, `permission`) VALUES (1840,3,'Magento_Swatches::iframe',NULL,'deny');
INSERT INTO `authorization_rule` (`rule_id`, `role_id`, `resource_id`, `privileges`, `permission`) VALUES (1841,3,'Magento_Backend::stores_other_settings',NULL,'deny');
INSERT INTO `authorization_rule` (`rule_id`, `role_id`, `resource_id`, `privileges`, `permission`) VALUES (1842,3,'Magento_Backend::system',NULL,'deny');
INSERT INTO `authorization_rule` (`rule_id`, `role_id`, `resource_id`, `privileges`, `permission`) VALUES (1843,3,'Magento_AdobeIms::adobe_ims',NULL,'deny');
INSERT INTO `authorization_rule` (`rule_id`, `role_id`, `resource_id`, `privileges`, `permission`) VALUES (1844,3,'Magento_AdobeIms::actions',NULL,'deny');
INSERT INTO `authorization_rule` (`rule_id`, `role_id`, `resource_id`, `privileges`, `permission`) VALUES (1845,3,'Magento_AdobeIms::login',NULL,'deny');
INSERT INTO `authorization_rule` (`rule_id`, `role_id`, `resource_id`, `privileges`, `permission`) VALUES (1846,3,'Magento_AdobeIms::logout',NULL,'deny');
INSERT INTO `authorization_rule` (`rule_id`, `role_id`, `resource_id`, `privileges`, `permission`) VALUES (1847,3,'Magento_AdobeStockAsset::adobe_stock_asset',NULL,'deny');
INSERT INTO `authorization_rule` (`rule_id`, `role_id`, `resource_id`, `privileges`, `permission`) VALUES (1848,3,'Magento_AdobeStockAsset::actions',NULL,'deny');
INSERT INTO `authorization_rule` (`rule_id`, `role_id`, `resource_id`, `privileges`, `permission`) VALUES (1849,3,'Magento_AdobeStockAsset::actions_delete',NULL,'deny');
INSERT INTO `authorization_rule` (`rule_id`, `role_id`, `resource_id`, `privileges`, `permission`) VALUES (1850,3,'Magento_AdobeStockAsset::actions_save',NULL,'deny');
INSERT INTO `authorization_rule` (`rule_id`, `role_id`, `resource_id`, `privileges`, `permission`) VALUES (1851,3,'Magento_AdobeStockAsset::actions_view',NULL,'deny');
INSERT INTO `authorization_rule` (`rule_id`, `role_id`, `resource_id`, `privileges`, `permission`) VALUES (1852,3,'Magento_AdobeStockAsset::actions_get',NULL,'deny');
INSERT INTO `authorization_rule` (`rule_id`, `role_id`, `resource_id`, `privileges`, `permission`) VALUES (1853,3,'Magento_Backend::convert',NULL,'deny');
INSERT INTO `authorization_rule` (`rule_id`, `role_id`, `resource_id`, `privileges`, `permission`) VALUES (1854,3,'Magento_ImportExport::import',NULL,'deny');
INSERT INTO `authorization_rule` (`rule_id`, `role_id`, `resource_id`, `privileges`, `permission`) VALUES (1855,3,'Magento_ImportExport::export',NULL,'deny');
INSERT INTO `authorization_rule` (`rule_id`, `role_id`, `resource_id`, `privileges`, `permission`) VALUES (1856,3,'Magento_TaxImportExport::import_export',NULL,'deny');
INSERT INTO `authorization_rule` (`rule_id`, `role_id`, `resource_id`, `privileges`, `permission`) VALUES (1857,3,'Magento_ImportExport::history',NULL,'deny');
INSERT INTO `authorization_rule` (`rule_id`, `role_id`, `resource_id`, `privileges`, `permission`) VALUES (1858,3,'Magento_Backend::extensions',NULL,'deny');
INSERT INTO `authorization_rule` (`rule_id`, `role_id`, `resource_id`, `privileges`, `permission`) VALUES (1859,3,'Magento_Backend::local',NULL,'deny');
INSERT INTO `authorization_rule` (`rule_id`, `role_id`, `resource_id`, `privileges`, `permission`) VALUES (1860,3,'Magento_Backend::custom',NULL,'deny');
INSERT INTO `authorization_rule` (`rule_id`, `role_id`, `resource_id`, `privileges`, `permission`) VALUES (1861,3,'Magento_GraphQlServer::admin_graphql',NULL,'deny');
INSERT INTO `authorization_rule` (`rule_id`, `role_id`, `resource_id`, `privileges`, `permission`) VALUES (1862,3,'Magento_Integration::extensions',NULL,'deny');
INSERT INTO `authorization_rule` (`rule_id`, `role_id`, `resource_id`, `privileges`, `permission`) VALUES (1863,3,'Magento_Integration::integrations',NULL,'deny');
INSERT INTO `authorization_rule` (`rule_id`, `role_id`, `resource_id`, `privileges`, `permission`) VALUES (1864,3,'Magento_Backend::tools',NULL,'deny');
INSERT INTO `authorization_rule` (`rule_id`, `role_id`, `resource_id`, `privileges`, `permission`) VALUES (1865,3,'Magento_Backend::cache',NULL,'deny');
INSERT INTO `authorization_rule` (`rule_id`, `role_id`, `resource_id`, `privileges`, `permission`) VALUES (1866,3,'Magento_Backend::main_actions',NULL,'deny');
INSERT INTO `authorization_rule` (`rule_id`, `role_id`, `resource_id`, `privileges`, `permission`) VALUES (1867,3,'Magento_Backend::flush_cache_storage',NULL,'deny');
INSERT INTO `authorization_rule` (`rule_id`, `role_id`, `resource_id`, `privileges`, `permission`) VALUES (1868,3,'Magento_Backend::flush_magento_cache',NULL,'deny');
INSERT INTO `authorization_rule` (`rule_id`, `role_id`, `resource_id`, `privileges`, `permission`) VALUES (1869,3,'Magento_Backend::mass_actions',NULL,'deny');
INSERT INTO `authorization_rule` (`rule_id`, `role_id`, `resource_id`, `privileges`, `permission`) VALUES (1870,3,'Magento_Backend::toggling_cache_type',NULL,'deny');
INSERT INTO `authorization_rule` (`rule_id`, `role_id`, `resource_id`, `privileges`, `permission`) VALUES (1871,3,'Magento_Backend::refresh_cache_type',NULL,'deny');
INSERT INTO `authorization_rule` (`rule_id`, `role_id`, `resource_id`, `privileges`, `permission`) VALUES (1872,3,'Magento_Backend::additional_cache_management',NULL,'deny');
INSERT INTO `authorization_rule` (`rule_id`, `role_id`, `resource_id`, `privileges`, `permission`) VALUES (1873,3,'Magento_Backend::flush_catalog_images',NULL,'deny');
INSERT INTO `authorization_rule` (`rule_id`, `role_id`, `resource_id`, `privileges`, `permission`) VALUES (1874,3,'Magento_Backend::flush_js_css',NULL,'deny');
INSERT INTO `authorization_rule` (`rule_id`, `role_id`, `resource_id`, `privileges`, `permission`) VALUES (1875,3,'Magento_Backend::flush_static_files',NULL,'deny');
INSERT INTO `authorization_rule` (`rule_id`, `role_id`, `resource_id`, `privileges`, `permission`) VALUES (1876,3,'Magento_Backup::backup',NULL,'deny');
INSERT INTO `authorization_rule` (`rule_id`, `role_id`, `resource_id`, `privileges`, `permission`) VALUES (1877,3,'Magento_Backup::rollback',NULL,'deny');
INSERT INTO `authorization_rule` (`rule_id`, `role_id`, `resource_id`, `privileges`, `permission`) VALUES (1878,3,'Magento_Indexer::index',NULL,'deny');
INSERT INTO `authorization_rule` (`rule_id`, `role_id`, `resource_id`, `privileges`, `permission`) VALUES (1879,3,'Magento_Indexer::changeMode',NULL,'deny');
INSERT INTO `authorization_rule` (`rule_id`, `role_id`, `resource_id`, `privileges`, `permission`) VALUES (1880,3,'Magento_Indexer::invalidate',NULL,'deny');
INSERT INTO `authorization_rule` (`rule_id`, `role_id`, `resource_id`, `privileges`, `permission`) VALUES (1881,3,'Magento_User::acl',NULL,'deny');
INSERT INTO `authorization_rule` (`rule_id`, `role_id`, `resource_id`, `privileges`, `permission`) VALUES (1882,3,'Magento_User::acl_users',NULL,'deny');
INSERT INTO `authorization_rule` (`rule_id`, `role_id`, `resource_id`, `privileges`, `permission`) VALUES (1883,3,'Magento_User::locks',NULL,'deny');
INSERT INTO `authorization_rule` (`rule_id`, `role_id`, `resource_id`, `privileges`, `permission`) VALUES (1884,3,'Magento_User::acl_roles',NULL,'deny');
INSERT INTO `authorization_rule` (`rule_id`, `role_id`, `resource_id`, `privileges`, `permission`) VALUES (1885,3,'Magento_Logging::magento_logging',NULL,'deny');
INSERT INTO `authorization_rule` (`rule_id`, `role_id`, `resource_id`, `privileges`, `permission`) VALUES (1886,3,'Magento_Logging::magento_logging_events',NULL,'deny');
INSERT INTO `authorization_rule` (`rule_id`, `role_id`, `resource_id`, `privileges`, `permission`) VALUES (1887,3,'Magento_Logging::system_magento_logging_bulk_operations',NULL,'deny');
INSERT INTO `authorization_rule` (`rule_id`, `role_id`, `resource_id`, `privileges`, `permission`) VALUES (1888,3,'Magento_Backend::system_other_settings',NULL,'deny');
INSERT INTO `authorization_rule` (`rule_id`, `role_id`, `resource_id`, `privileges`, `permission`) VALUES (1889,3,'Magento_AdminNotification::adminnotification',NULL,'deny');
INSERT INTO `authorization_rule` (`rule_id`, `role_id`, `resource_id`, `privileges`, `permission`) VALUES (1890,3,'Magento_AdminNotification::show_toolbar',NULL,'deny');
INSERT INTO `authorization_rule` (`rule_id`, `role_id`, `resource_id`, `privileges`, `permission`) VALUES (1891,3,'Magento_AdminNotification::show_list',NULL,'deny');
INSERT INTO `authorization_rule` (`rule_id`, `role_id`, `resource_id`, `privileges`, `permission`) VALUES (1892,3,'Magento_AdminNotification::mark_as_read',NULL,'deny');
INSERT INTO `authorization_rule` (`rule_id`, `role_id`, `resource_id`, `privileges`, `permission`) VALUES (1893,3,'Magento_AdminNotification::adminnotification_remove',NULL,'deny');
INSERT INTO `authorization_rule` (`rule_id`, `role_id`, `resource_id`, `privileges`, `permission`) VALUES (1894,3,'Magento_Variable::variable',NULL,'deny');
INSERT INTO `authorization_rule` (`rule_id`, `role_id`, `resource_id`, `privileges`, `permission`) VALUES (1895,3,'Magento_EncryptionKey::crypt_key',NULL,'deny');
INSERT INTO `authorization_rule` (`rule_id`, `role_id`, `resource_id`, `privileges`, `permission`) VALUES (1896,3,'Magento_ServicesId::services',NULL,'deny');
INSERT INTO `authorization_rule` (`rule_id`, `role_id`, `resource_id`, `privileges`, `permission`) VALUES (1897,3,'Magento_ServicesId::configuration',NULL,'deny');
INSERT INTO `authorization_rule` (`rule_id`, `role_id`, `resource_id`, `privileges`, `permission`) VALUES (1898,3,'Magento_Backend::global_search',NULL,'deny');

--
-- Table structure for table `braintree_credit_prices`
--

CREATE TABLE `braintree_credit_prices` (
  `id` int(10) unsigned NOT NULL AUTO_INCREMENT COMMENT 'Row ID',
  `product_id` int(10) unsigned NOT NULL COMMENT 'Product Id',
  `term` int(11) NOT NULL COMMENT 'Credit Term',
  `monthly_payment` decimal(12,2) NOT NULL COMMENT 'Monthly Payment',
  `instalment_rate` decimal(12,2) NOT NULL COMMENT 'Instalment Rate',
  `cost_of_purchase` decimal(12,2) NOT NULL COMMENT 'Cost of purchase',
  `total_inc_interest` decimal(12,2) NOT NULL COMMENT 'Total Inc Interest',
  PRIMARY KEY (`id`),
  UNIQUE KEY `BRAINTREE_CREDIT_PRICES_PRODUCT_ID_TERM` (`product_id`,`term`),
  KEY `BRAINTREE_CREDIT_PRICES_PRODUCT_ID` (`product_id`)
) ENGINE=InnoDB DEFAULT CHARSET=utf8mb3 COLLATE=utf8mb3_general_ci COMMENT='Braintree credit rates';

--
-- Dumping data for table `braintree_credit_prices`
--


--
-- Table structure for table `braintree_transaction_details`
--

CREATE TABLE `braintree_transaction_details` (
  `entity_id` int(10) unsigned NOT NULL AUTO_INCREMENT COMMENT 'Entity ID',
  `order_id` int(10) unsigned NOT NULL COMMENT 'Order Id',
  `transaction_source` varchar(12) DEFAULT NULL COMMENT 'Transaction Source',
  PRIMARY KEY (`entity_id`),
  KEY `BRAINTREE_TRANSACTION_DETAILS_ORDER_ID` (`order_id`),
  CONSTRAINT `BRAINTREE_TRANSACTION_DETAILS_ORDER_ID_SALES_ORDER_ENTITY_ID` FOREIGN KEY (`order_id`) REFERENCES `sales_order` (`entity_id`) ON DELETE CASCADE
) ENGINE=InnoDB DEFAULT CHARSET=utf8mb3 COLLATE=utf8mb3_general_ci COMMENT='Braintree transaction details table';

--
-- Dumping data for table `braintree_transaction_details`
--


--
-- Table structure for table `cache`
--

CREATE TABLE `cache` (
  `id` varchar(200) NOT NULL COMMENT 'Cache Id',
  `data` mediumblob DEFAULT NULL COMMENT 'Cache Data',
  `create_time` int(11) DEFAULT NULL COMMENT 'Cache Creation Time',
  `update_time` int(11) DEFAULT NULL COMMENT 'Time of Cache Updating',
  `expire_time` int(11) DEFAULT NULL COMMENT 'Cache Expiration Time',
  PRIMARY KEY (`id`),
  KEY `CACHE_EXPIRE_TIME` (`expire_time`)
) ENGINE=InnoDB DEFAULT CHARSET=utf8mb3 COLLATE=utf8mb3_general_ci COMMENT='Caches';

--
-- Dumping data for table `cache`
--


--
-- Table structure for table `cache_tag`
--

CREATE TABLE `cache_tag` (
  `tag` varchar(100) NOT NULL COMMENT 'Tag',
  `cache_id` varchar(200) NOT NULL COMMENT 'Cache Id',
  PRIMARY KEY (`tag`,`cache_id`),
  KEY `CACHE_TAG_CACHE_ID` (`cache_id`)
) ENGINE=InnoDB DEFAULT CHARSET=utf8mb3 COLLATE=utf8mb3_general_ci COMMENT='Tag Caches';

--
-- Dumping data for table `cache_tag`
--


--
-- Table structure for table `captcha_log`
--

CREATE TABLE `captcha_log` (
  `type` varchar(32) NOT NULL COMMENT 'Type',
  `value` varchar(255) NOT NULL COMMENT 'Value',
  `count` int(10) unsigned NOT NULL DEFAULT 0 COMMENT 'Count',
  `updated_at` timestamp NULL DEFAULT NULL COMMENT 'Update Time',
  PRIMARY KEY (`type`,`value`)
) ENGINE=InnoDB DEFAULT CHARSET=utf8mb3 COLLATE=utf8mb3_general_ci COMMENT='Count Login Attempts';

--
-- Dumping data for table `captcha_log`
--


--
-- Table structure for table `catalog_category_entity`
--

CREATE TABLE `catalog_category_entity` (
  `entity_id` int(10) unsigned NOT NULL AUTO_INCREMENT COMMENT 'Entity ID',
  `attribute_set_id` smallint(5) unsigned NOT NULL DEFAULT 0 COMMENT 'Attribute Set ID',
  `parent_id` int(10) unsigned NOT NULL DEFAULT 0 COMMENT 'Parent Category ID',
  `created_at` timestamp NOT NULL DEFAULT current_timestamp() COMMENT 'Creation Time',
  `updated_at` timestamp NOT NULL DEFAULT current_timestamp() ON UPDATE current_timestamp() COMMENT 'Update Time',
  `path` varchar(255) NOT NULL COMMENT 'Tree Path',
  `position` int(11) NOT NULL COMMENT 'Position',
  `level` int(11) NOT NULL DEFAULT 0 COMMENT 'Tree Level',
  `children_count` int(11) NOT NULL COMMENT 'Child Count',
  PRIMARY KEY (`entity_id`),
  KEY `CATALOG_CATEGORY_ENTITY_LEVEL` (`level`),
  KEY `CATALOG_CATEGORY_ENTITY_PATH` (`path`)
) ENGINE=InnoDB AUTO_INCREMENT=49 DEFAULT CHARSET=utf8mb3 COLLATE=utf8mb3_general_ci COMMENT='Catalog Category Table';

--
-- Dumping data for table `catalog_category_entity`
--

INSERT INTO `catalog_category_entity` (`entity_id`, `attribute_set_id`, `parent_id`, `created_at`, `updated_at`, `path`, `position`, `level`, `children_count`) VALUES (1,3,0,'2024-12-21 07:13:10','2024-12-22 14:19:09','1',0,0,11);
INSERT INTO `catalog_category_entity` (`entity_id`, `attribute_set_id`, `parent_id`, `created_at`, `updated_at`, `path`, `position`, `level`, `children_count`) VALUES (2,3,1,'2024-12-21 07:13:10','2024-12-22 14:19:14','1/2',1,1,10);
INSERT INTO `catalog_category_entity` (`entity_id`, `attribute_set_id`, `parent_id`, `created_at`, `updated_at`, `path`, `position`, `level`, `children_count`) VALUES (4,3,2,'2024-12-21 07:32:59','2024-12-22 11:07:47','1/2/4',4,2,0);
INSERT INTO `catalog_category_entity` (`entity_id`, `attribute_set_id`, `parent_id`, `created_at`, `updated_at`, `path`, `position`, `level`, `children_count`) VALUES (5,3,2,'2024-12-21 07:32:59','2024-12-22 11:08:24','1/2/5',2,2,0);
INSERT INTO `catalog_category_entity` (`entity_id`, `attribute_set_id`, `parent_id`, `created_at`, `updated_at`, `path`, `position`, `level`, `children_count`) VALUES (6,3,2,'2024-12-21 07:32:59','2024-12-22 14:07:10','1/2/6',16,2,1);
INSERT INTO `catalog_category_entity` (`entity_id`, `attribute_set_id`, `parent_id`, `created_at`, `updated_at`, `path`, `position`, `level`, `children_count`) VALUES (41,3,2,'2024-12-22 02:54:34','2024-12-22 11:07:47','1/2/41',9,2,0);
INSERT INTO `catalog_category_entity` (`entity_id`, `attribute_set_id`, `parent_id`, `created_at`, `updated_at`, `path`, `position`, `level`, `children_count`) VALUES (42,3,2,'2024-12-22 05:30:24','2024-12-22 11:07:47','1/2/42',10,2,0);
INSERT INTO `catalog_category_entity` (`entity_id`, `attribute_set_id`, `parent_id`, `created_at`, `updated_at`, `path`, `position`, `level`, `children_count`) VALUES (43,3,2,'2024-12-22 06:47:01','2024-12-22 11:07:55','1/2/43',11,2,2);
INSERT INTO `catalog_category_entity` (`entity_id`, `attribute_set_id`, `parent_id`, `created_at`, `updated_at`, `path`, `position`, `level`, `children_count`) VALUES (44,3,2,'2024-12-22 07:26:35','2024-12-22 11:07:47','1/2/44',12,2,0);
INSERT INTO `catalog_category_entity` (`entity_id`, `attribute_set_id`, `parent_id`, `created_at`, `updated_at`, `path`, `position`, `level`, `children_count`) VALUES (45,3,2,'2024-12-22 07:55:04','2024-12-22 14:07:10','1/2/45',13,2,0);
INSERT INTO `catalog_category_entity` (`entity_id`, `attribute_set_id`, `parent_id`, `created_at`, `updated_at`, `path`, `position`, `level`, `children_count`) VALUES (47,3,2,'2024-12-22 11:23:11','2024-12-22 14:07:10','1/2/47',15,2,-2);
INSERT INTO `catalog_category_entity` (`entity_id`, `attribute_set_id`, `parent_id`, `created_at`, `updated_at`, `path`, `position`, `level`, `children_count`) VALUES (48,3,2,'2024-12-22 11:24:59','2024-12-22 14:07:10','1/2/48',14,2,0);
DELIMITER ;;
/*!50003 CREATE*/ /*!50017 DEFINER=CURRENT_USER*/ /*!50003 TRIGGER trg_catalog_category_entity_after_insert AFTER INSERT ON catalog_category_entity FOR EACH ROW
BEGIN
INSERT IGNORE INTO `catalog_category_product_cl` (`entity_id`) VALUES (NEW.`entity_id`);
END */;;
DELIMITER ;
DELIMITER ;;
/*!50003 CREATE*/ /*!50017 DEFINER=CURRENT_USER*/ /*!50003 TRIGGER trg_catalog_category_entity_after_update AFTER UPDATE ON catalog_category_entity FOR EACH ROW
BEGIN
IF (NOT(NEW.`entity_id` <=> OLD.`entity_id`) OR NOT(NEW.`attribute_set_id` <=> OLD.`attribute_set_id`) OR NOT(NEW.`parent_id` <=> OLD.`parent_id`) OR NOT(NEW.`created_at` <=> OLD.`created_at`) OR NOT(NEW.`path` <=> OLD.`path`) OR NOT(NEW.`position` <=> OLD.`position`) OR NOT(NEW.`level` <=> OLD.`level`) OR NOT(NEW.`children_count` <=> OLD.`children_count`)) THEN INSERT IGNORE INTO `catalog_category_product_cl` (`entity_id`) VALUES (NEW.`entity_id`); END IF;
END */;;
DELIMITER ;
DELIMITER ;;
/*!50003 CREATE*/ /*!50017 DEFINER=CURRENT_USER*/ /*!50003 TRIGGER trg_catalog_category_entity_after_delete AFTER DELETE ON catalog_category_entity FOR EACH ROW
BEGIN
INSERT IGNORE INTO `catalog_category_product_cl` (`entity_id`) VALUES (OLD.`entity_id`);
END */;;
DELIMITER ;

--
-- Table structure for table `catalog_category_entity_datetime`
--

CREATE TABLE `catalog_category_entity_datetime` (
  `value_id` int(11) NOT NULL AUTO_INCREMENT COMMENT 'Value ID',
  `attribute_id` smallint(5) unsigned NOT NULL DEFAULT 0 COMMENT 'Attribute ID',
  `store_id` smallint(5) unsigned NOT NULL DEFAULT 0 COMMENT 'Store ID',
  `entity_id` int(10) unsigned NOT NULL DEFAULT 0 COMMENT 'Entity ID',
  `value` datetime DEFAULT NULL COMMENT 'Value',
  PRIMARY KEY (`value_id`),
  UNIQUE KEY `CATALOG_CATEGORY_ENTITY_DATETIME_ENTITY_ID_ATTRIBUTE_ID_STORE_ID` (`entity_id`,`attribute_id`,`store_id`),
  KEY `CATALOG_CATEGORY_ENTITY_DATETIME_ENTITY_ID` (`entity_id`),
  KEY `CATALOG_CATEGORY_ENTITY_DATETIME_ATTRIBUTE_ID` (`attribute_id`),
  KEY `CATALOG_CATEGORY_ENTITY_DATETIME_STORE_ID` (`store_id`),
  CONSTRAINT `CATALOG_CATEGORY_ENTITY_DATETIME_STORE_ID_STORE_STORE_ID` FOREIGN KEY (`store_id`) REFERENCES `store` (`store_id`) ON DELETE CASCADE,
  CONSTRAINT `CAT_CTGR_ENTT_DTIME_ATTR_ID_EAV_ATTR_ATTR_ID` FOREIGN KEY (`attribute_id`) REFERENCES `eav_attribute` (`attribute_id`) ON DELETE CASCADE,
  CONSTRAINT `CAT_CTGR_ENTT_DTIME_ENTT_ID_CAT_CTGR_ENTT_ENTT_ID` FOREIGN KEY (`entity_id`) REFERENCES `catalog_category_entity` (`entity_id`) ON DELETE CASCADE
) ENGINE=InnoDB AUTO_INCREMENT=25 DEFAULT CHARSET=utf8mb3 COLLATE=utf8mb3_general_ci COMMENT='Catalog Category Datetime Attribute Backend Table';

--
-- Dumping data for table `catalog_category_entity_datetime`
--

INSERT INTO `catalog_category_entity_datetime` (`value_id`, `attribute_id`, `store_id`, `entity_id`, `value`) VALUES (1,61,0,41,NULL);
INSERT INTO `catalog_category_entity_datetime` (`value_id`, `attribute_id`, `store_id`, `entity_id`, `value`) VALUES (2,62,0,41,NULL);
INSERT INTO `catalog_category_entity_datetime` (`value_id`, `attribute_id`, `store_id`, `entity_id`, `value`) VALUES (3,61,0,2,NULL);
INSERT INTO `catalog_category_entity_datetime` (`value_id`, `attribute_id`, `store_id`, `entity_id`, `value`) VALUES (4,62,0,2,NULL);
INSERT INTO `catalog_category_entity_datetime` (`value_id`, `attribute_id`, `store_id`, `entity_id`, `value`) VALUES (15,61,0,6,NULL);
INSERT INTO `catalog_category_entity_datetime` (`value_id`, `attribute_id`, `store_id`, `entity_id`, `value`) VALUES (16,62,0,6,NULL);
INSERT INTO `catalog_category_entity_datetime` (`value_id`, `attribute_id`, `store_id`, `entity_id`, `value`) VALUES (17,61,0,43,NULL);
INSERT INTO `catalog_category_entity_datetime` (`value_id`, `attribute_id`, `store_id`, `entity_id`, `value`) VALUES (18,62,0,43,NULL);
INSERT INTO `catalog_category_entity_datetime` (`value_id`, `attribute_id`, `store_id`, `entity_id`, `value`) VALUES (19,61,0,5,NULL);
INSERT INTO `catalog_category_entity_datetime` (`value_id`, `attribute_id`, `store_id`, `entity_id`, `value`) VALUES (20,62,0,5,NULL);
INSERT INTO `catalog_category_entity_datetime` (`value_id`, `attribute_id`, `store_id`, `entity_id`, `value`) VALUES (21,61,0,47,NULL);
INSERT INTO `catalog_category_entity_datetime` (`value_id`, `attribute_id`, `store_id`, `entity_id`, `value`) VALUES (22,62,0,47,NULL);
INSERT INTO `catalog_category_entity_datetime` (`value_id`, `attribute_id`, `store_id`, `entity_id`, `value`) VALUES (23,61,0,48,NULL);
INSERT INTO `catalog_category_entity_datetime` (`value_id`, `attribute_id`, `store_id`, `entity_id`, `value`) VALUES (24,62,0,48,NULL);

--
-- Table structure for table `catalog_category_entity_decimal`
--

CREATE TABLE `catalog_category_entity_decimal` (
  `value_id` int(11) NOT NULL AUTO_INCREMENT COMMENT 'Value ID',
  `attribute_id` smallint(5) unsigned NOT NULL DEFAULT 0 COMMENT 'Attribute ID',
  `store_id` smallint(5) unsigned NOT NULL DEFAULT 0 COMMENT 'Store ID',
  `entity_id` int(10) unsigned NOT NULL DEFAULT 0 COMMENT 'Entity ID',
  `value` decimal(20,6) DEFAULT NULL COMMENT 'Value',
  PRIMARY KEY (`value_id`),
  UNIQUE KEY `CATALOG_CATEGORY_ENTITY_DECIMAL_ENTITY_ID_ATTRIBUTE_ID_STORE_ID` (`entity_id`,`attribute_id`,`store_id`),
  KEY `CATALOG_CATEGORY_ENTITY_DECIMAL_ENTITY_ID` (`entity_id`),
  KEY `CATALOG_CATEGORY_ENTITY_DECIMAL_ATTRIBUTE_ID` (`attribute_id`),
  KEY `CATALOG_CATEGORY_ENTITY_DECIMAL_STORE_ID` (`store_id`),
  CONSTRAINT `CATALOG_CATEGORY_ENTITY_DECIMAL_STORE_ID_STORE_STORE_ID` FOREIGN KEY (`store_id`) REFERENCES `store` (`store_id`) ON DELETE CASCADE,
  CONSTRAINT `CAT_CTGR_ENTT_DEC_ATTR_ID_EAV_ATTR_ATTR_ID` FOREIGN KEY (`attribute_id`) REFERENCES `eav_attribute` (`attribute_id`) ON DELETE CASCADE,
  CONSTRAINT `CAT_CTGR_ENTT_DEC_ENTT_ID_CAT_CTGR_ENTT_ENTT_ID` FOREIGN KEY (`entity_id`) REFERENCES `catalog_category_entity` (`entity_id`) ON DELETE CASCADE
) ENGINE=InnoDB DEFAULT CHARSET=utf8mb3 COLLATE=utf8mb3_general_ci COMMENT='Catalog Category Decimal Attribute Backend Table';

--
-- Dumping data for table `catalog_category_entity_decimal`
--


--
-- Table structure for table `catalog_category_entity_int`
--

CREATE TABLE `catalog_category_entity_int` (
  `value_id` int(11) NOT NULL AUTO_INCREMENT COMMENT 'Value ID',
  `attribute_id` smallint(5) unsigned NOT NULL DEFAULT 0 COMMENT 'Attribute ID',
  `store_id` smallint(5) unsigned NOT NULL DEFAULT 0 COMMENT 'Store ID',
  `entity_id` int(10) unsigned NOT NULL DEFAULT 0 COMMENT 'Entity ID',
  `value` int(11) DEFAULT NULL COMMENT 'Value',
  PRIMARY KEY (`value_id`),
  UNIQUE KEY `CATALOG_CATEGORY_ENTITY_INT_ENTITY_ID_ATTRIBUTE_ID_STORE_ID` (`entity_id`,`attribute_id`,`store_id`),
  KEY `CATALOG_CATEGORY_ENTITY_INT_ENTITY_ID` (`entity_id`),
  KEY `CATALOG_CATEGORY_ENTITY_INT_ATTRIBUTE_ID` (`attribute_id`),
  KEY `CATALOG_CATEGORY_ENTITY_INT_STORE_ID` (`store_id`),
  CONSTRAINT `CATALOG_CATEGORY_ENTITY_INT_STORE_ID_STORE_STORE_ID` FOREIGN KEY (`store_id`) REFERENCES `store` (`store_id`) ON DELETE CASCADE,
  CONSTRAINT `CAT_CTGR_ENTT_INT_ATTR_ID_EAV_ATTR_ATTR_ID` FOREIGN KEY (`attribute_id`) REFERENCES `eav_attribute` (`attribute_id`) ON DELETE CASCADE,
  CONSTRAINT `CAT_CTGR_ENTT_INT_ENTT_ID_CAT_CTGR_ENTT_ENTT_ID` FOREIGN KEY (`entity_id`) REFERENCES `catalog_category_entity` (`entity_id`) ON DELETE CASCADE
) ENGINE=InnoDB AUTO_INCREMENT=187 DEFAULT CHARSET=utf8mb3 COLLATE=utf8mb3_general_ci COMMENT='Catalog Category Integer Attribute Backend Table';

--
-- Dumping data for table `catalog_category_entity_int`
--

INSERT INTO `catalog_category_entity_int` (`value_id`, `attribute_id`, `store_id`, `entity_id`, `value`) VALUES (1,69,0,1,1);
INSERT INTO `catalog_category_entity_int` (`value_id`, `attribute_id`, `store_id`, `entity_id`, `value`) VALUES (2,46,0,2,1);
INSERT INTO `catalog_category_entity_int` (`value_id`, `attribute_id`, `store_id`, `entity_id`, `value`) VALUES (3,69,0,2,1);
INSERT INTO `catalog_category_entity_int` (`value_id`, `attribute_id`, `store_id`, `entity_id`, `value`) VALUES (7,46,0,4,1);
INSERT INTO `catalog_category_entity_int` (`value_id`, `attribute_id`, `store_id`, `entity_id`, `value`) VALUES (8,54,0,4,1);
INSERT INTO `catalog_category_entity_int` (`value_id`, `attribute_id`, `store_id`, `entity_id`, `value`) VALUES (9,69,0,4,1);
INSERT INTO `catalog_category_entity_int` (`value_id`, `attribute_id`, `store_id`, `entity_id`, `value`) VALUES (10,46,0,5,1);
INSERT INTO `catalog_category_entity_int` (`value_id`, `attribute_id`, `store_id`, `entity_id`, `value`) VALUES (11,54,0,5,1);
INSERT INTO `catalog_category_entity_int` (`value_id`, `attribute_id`, `store_id`, `entity_id`, `value`) VALUES (12,69,0,5,1);
INSERT INTO `catalog_category_entity_int` (`value_id`, `attribute_id`, `store_id`, `entity_id`, `value`) VALUES (13,46,0,6,1);
INSERT INTO `catalog_category_entity_int` (`value_id`, `attribute_id`, `store_id`, `entity_id`, `value`) VALUES (14,54,0,6,1);
INSERT INTO `catalog_category_entity_int` (`value_id`, `attribute_id`, `store_id`, `entity_id`, `value`) VALUES (15,69,0,6,1);
INSERT INTO `catalog_category_entity_int` (`value_id`, `attribute_id`, `store_id`, `entity_id`, `value`) VALUES (118,46,0,41,1);
INSERT INTO `catalog_category_entity_int` (`value_id`, `attribute_id`, `store_id`, `entity_id`, `value`) VALUES (119,54,0,41,1);
INSERT INTO `catalog_category_entity_int` (`value_id`, `attribute_id`, `store_id`, `entity_id`, `value`) VALUES (120,69,0,41,1);
INSERT INTO `catalog_category_entity_int` (`value_id`, `attribute_id`, `store_id`, `entity_id`, `value`) VALUES (121,70,0,41,0);
INSERT INTO `catalog_category_entity_int` (`value_id`, `attribute_id`, `store_id`, `entity_id`, `value`) VALUES (122,71,0,41,0);
INSERT INTO `catalog_category_entity_int` (`value_id`, `attribute_id`, `store_id`, `entity_id`, `value`) VALUES (123,53,0,41,NULL);
INSERT INTO `catalog_category_entity_int` (`value_id`, `attribute_id`, `store_id`, `entity_id`, `value`) VALUES (124,46,0,42,1);
INSERT INTO `catalog_category_entity_int` (`value_id`, `attribute_id`, `store_id`, `entity_id`, `value`) VALUES (125,54,0,42,1);
INSERT INTO `catalog_category_entity_int` (`value_id`, `attribute_id`, `store_id`, `entity_id`, `value`) VALUES (126,69,0,42,1);
INSERT INTO `catalog_category_entity_int` (`value_id`, `attribute_id`, `store_id`, `entity_id`, `value`) VALUES (127,70,0,42,0);
INSERT INTO `catalog_category_entity_int` (`value_id`, `attribute_id`, `store_id`, `entity_id`, `value`) VALUES (128,71,0,42,0);
INSERT INTO `catalog_category_entity_int` (`value_id`, `attribute_id`, `store_id`, `entity_id`, `value`) VALUES (129,46,0,43,1);
INSERT INTO `catalog_category_entity_int` (`value_id`, `attribute_id`, `store_id`, `entity_id`, `value`) VALUES (130,54,0,43,1);
INSERT INTO `catalog_category_entity_int` (`value_id`, `attribute_id`, `store_id`, `entity_id`, `value`) VALUES (131,69,0,43,1);
INSERT INTO `catalog_category_entity_int` (`value_id`, `attribute_id`, `store_id`, `entity_id`, `value`) VALUES (132,70,0,43,0);
INSERT INTO `catalog_category_entity_int` (`value_id`, `attribute_id`, `store_id`, `entity_id`, `value`) VALUES (133,71,0,43,0);
INSERT INTO `catalog_category_entity_int` (`value_id`, `attribute_id`, `store_id`, `entity_id`, `value`) VALUES (134,53,0,2,NULL);
INSERT INTO `catalog_category_entity_int` (`value_id`, `attribute_id`, `store_id`, `entity_id`, `value`) VALUES (135,54,0,2,1);
INSERT INTO `catalog_category_entity_int` (`value_id`, `attribute_id`, `store_id`, `entity_id`, `value`) VALUES (136,70,0,2,0);
INSERT INTO `catalog_category_entity_int` (`value_id`, `attribute_id`, `store_id`, `entity_id`, `value`) VALUES (137,71,0,2,0);
INSERT INTO `catalog_category_entity_int` (`value_id`, `attribute_id`, `store_id`, `entity_id`, `value`) VALUES (138,46,0,44,1);
INSERT INTO `catalog_category_entity_int` (`value_id`, `attribute_id`, `store_id`, `entity_id`, `value`) VALUES (139,54,0,44,1);
INSERT INTO `catalog_category_entity_int` (`value_id`, `attribute_id`, `store_id`, `entity_id`, `value`) VALUES (140,69,0,44,1);
INSERT INTO `catalog_category_entity_int` (`value_id`, `attribute_id`, `store_id`, `entity_id`, `value`) VALUES (141,70,0,44,0);
INSERT INTO `catalog_category_entity_int` (`value_id`, `attribute_id`, `store_id`, `entity_id`, `value`) VALUES (142,71,0,44,0);
INSERT INTO `catalog_category_entity_int` (`value_id`, `attribute_id`, `store_id`, `entity_id`, `value`) VALUES (143,46,0,45,1);
INSERT INTO `catalog_category_entity_int` (`value_id`, `attribute_id`, `store_id`, `entity_id`, `value`) VALUES (144,54,0,45,1);
INSERT INTO `catalog_category_entity_int` (`value_id`, `attribute_id`, `store_id`, `entity_id`, `value`) VALUES (145,69,0,45,1);
INSERT INTO `catalog_category_entity_int` (`value_id`, `attribute_id`, `store_id`, `entity_id`, `value`) VALUES (146,70,0,45,0);
INSERT INTO `catalog_category_entity_int` (`value_id`, `attribute_id`, `store_id`, `entity_id`, `value`) VALUES (147,71,0,45,0);
INSERT INTO `catalog_category_entity_int` (`value_id`, `attribute_id`, `store_id`, `entity_id`, `value`) VALUES (163,53,0,6,NULL);
INSERT INTO `catalog_category_entity_int` (`value_id`, `attribute_id`, `store_id`, `entity_id`, `value`) VALUES (164,70,0,6,0);
INSERT INTO `catalog_category_entity_int` (`value_id`, `attribute_id`, `store_id`, `entity_id`, `value`) VALUES (165,71,0,6,0);
INSERT INTO `catalog_category_entity_int` (`value_id`, `attribute_id`, `store_id`, `entity_id`, `value`) VALUES (166,53,0,43,NULL);
INSERT INTO `catalog_category_entity_int` (`value_id`, `attribute_id`, `store_id`, `entity_id`, `value`) VALUES (167,53,0,5,NULL);
INSERT INTO `catalog_category_entity_int` (`value_id`, `attribute_id`, `store_id`, `entity_id`, `value`) VALUES (168,70,0,5,0);
INSERT INTO `catalog_category_entity_int` (`value_id`, `attribute_id`, `store_id`, `entity_id`, `value`) VALUES (169,71,0,5,0);
INSERT INTO `catalog_category_entity_int` (`value_id`, `attribute_id`, `store_id`, `entity_id`, `value`) VALUES (175,46,0,47,1);
INSERT INTO `catalog_category_entity_int` (`value_id`, `attribute_id`, `store_id`, `entity_id`, `value`) VALUES (176,54,0,47,1);
INSERT INTO `catalog_category_entity_int` (`value_id`, `attribute_id`, `store_id`, `entity_id`, `value`) VALUES (177,69,0,47,1);
INSERT INTO `catalog_category_entity_int` (`value_id`, `attribute_id`, `store_id`, `entity_id`, `value`) VALUES (178,70,0,47,0);
INSERT INTO `catalog_category_entity_int` (`value_id`, `attribute_id`, `store_id`, `entity_id`, `value`) VALUES (179,71,0,47,0);
INSERT INTO `catalog_category_entity_int` (`value_id`, `attribute_id`, `store_id`, `entity_id`, `value`) VALUES (180,53,0,47,NULL);
INSERT INTO `catalog_category_entity_int` (`value_id`, `attribute_id`, `store_id`, `entity_id`, `value`) VALUES (181,46,0,48,1);
INSERT INTO `catalog_category_entity_int` (`value_id`, `attribute_id`, `store_id`, `entity_id`, `value`) VALUES (182,54,0,48,1);
INSERT INTO `catalog_category_entity_int` (`value_id`, `attribute_id`, `store_id`, `entity_id`, `value`) VALUES (183,69,0,48,1);
INSERT INTO `catalog_category_entity_int` (`value_id`, `attribute_id`, `store_id`, `entity_id`, `value`) VALUES (184,70,0,48,0);
INSERT INTO `catalog_category_entity_int` (`value_id`, `attribute_id`, `store_id`, `entity_id`, `value`) VALUES (185,71,0,48,0);
INSERT INTO `catalog_category_entity_int` (`value_id`, `attribute_id`, `store_id`, `entity_id`, `value`) VALUES (186,53,0,48,NULL);
DELIMITER ;;
/*!50003 CREATE*/ /*!50017 DEFINER=CURRENT_USER*/ /*!50003 TRIGGER trg_catalog_category_entity_int_after_insert AFTER INSERT ON catalog_category_entity_int FOR EACH ROW
BEGIN
INSERT IGNORE INTO `catalog_category_product_cl` (`entity_id`) VALUES (NEW.`entity_id`);
END */;;
DELIMITER ;
DELIMITER ;;
/*!50003 CREATE*/ /*!50017 DEFINER=CURRENT_USER*/ /*!50003 TRIGGER trg_catalog_category_entity_int_after_update AFTER UPDATE ON catalog_category_entity_int FOR EACH ROW
BEGIN
IF (NOT(NEW.`value_id` <=> OLD.`value_id`) OR NOT(NEW.`attribute_id` <=> OLD.`attribute_id`) OR NOT(NEW.`store_id` <=> OLD.`store_id`) OR NOT(NEW.`entity_id` <=> OLD.`entity_id`) OR NOT(NEW.`value` <=> OLD.`value`)) THEN INSERT IGNORE INTO `catalog_category_product_cl` (`entity_id`) VALUES (NEW.`entity_id`); END IF;
END */;;
DELIMITER ;
DELIMITER ;;
/*!50003 CREATE*/ /*!50017 DEFINER=CURRENT_USER*/ /*!50003 TRIGGER trg_catalog_category_entity_int_after_delete AFTER DELETE ON catalog_category_entity_int FOR EACH ROW
BEGIN
INSERT IGNORE INTO `catalog_category_product_cl` (`entity_id`) VALUES (OLD.`entity_id`);
END */;;
DELIMITER ;

--
-- Table structure for table `catalog_category_entity_text`
--

CREATE TABLE `catalog_category_entity_text` (
  `value_id` int(11) NOT NULL AUTO_INCREMENT COMMENT 'Value ID',
  `attribute_id` smallint(5) unsigned NOT NULL DEFAULT 0 COMMENT 'Attribute ID',
  `store_id` smallint(5) unsigned NOT NULL DEFAULT 0 COMMENT 'Store ID',
  `entity_id` int(10) unsigned NOT NULL DEFAULT 0 COMMENT 'Entity ID',
  `value` mediumtext DEFAULT NULL COMMENT 'Value',
  PRIMARY KEY (`value_id`),
  UNIQUE KEY `CATALOG_CATEGORY_ENTITY_TEXT_ENTITY_ID_ATTRIBUTE_ID_STORE_ID` (`entity_id`,`attribute_id`,`store_id`),
  KEY `CATALOG_CATEGORY_ENTITY_TEXT_ENTITY_ID` (`entity_id`),
  KEY `CATALOG_CATEGORY_ENTITY_TEXT_ATTRIBUTE_ID` (`attribute_id`),
  KEY `CATALOG_CATEGORY_ENTITY_TEXT_STORE_ID` (`store_id`),
  CONSTRAINT `CATALOG_CATEGORY_ENTITY_TEXT_STORE_ID_STORE_STORE_ID` FOREIGN KEY (`store_id`) REFERENCES `store` (`store_id`) ON DELETE CASCADE,
  CONSTRAINT `CAT_CTGR_ENTT_TEXT_ATTR_ID_EAV_ATTR_ATTR_ID` FOREIGN KEY (`attribute_id`) REFERENCES `eav_attribute` (`attribute_id`) ON DELETE CASCADE,
  CONSTRAINT `CAT_CTGR_ENTT_TEXT_ENTT_ID_CAT_CTGR_ENTT_ENTT_ID` FOREIGN KEY (`entity_id`) REFERENCES `catalog_category_entity` (`entity_id`) ON DELETE CASCADE
) ENGINE=InnoDB AUTO_INCREMENT=37 DEFAULT CHARSET=utf8mb3 COLLATE=utf8mb3_general_ci COMMENT='Catalog Category Text Attribute Backend Table';

--
-- Dumping data for table `catalog_category_entity_text`
--

INSERT INTO `catalog_category_entity_text` (`value_id`, `attribute_id`, `store_id`, `entity_id`, `value`) VALUES (1,50,0,41,'shoes');
INSERT INTO `catalog_category_entity_text` (`value_id`, `attribute_id`, `store_id`, `entity_id`, `value`) VALUES (2,51,0,41,'shoes');
INSERT INTO `catalog_category_entity_text` (`value_id`, `attribute_id`, `store_id`, `entity_id`, `value`) VALUES (3,47,0,41,NULL);
INSERT INTO `catalog_category_entity_text` (`value_id`, `attribute_id`, `store_id`, `entity_id`, `value`) VALUES (4,47,0,2,NULL);
INSERT INTO `catalog_category_entity_text` (`value_id`, `attribute_id`, `store_id`, `entity_id`, `value`) VALUES (5,50,0,2,NULL);
INSERT INTO `catalog_category_entity_text` (`value_id`, `attribute_id`, `store_id`, `entity_id`, `value`) VALUES (6,51,0,2,NULL);
INSERT INTO `catalog_category_entity_text` (`value_id`, `attribute_id`, `store_id`, `entity_id`, `value`) VALUES (22,47,0,6,NULL);
INSERT INTO `catalog_category_entity_text` (`value_id`, `attribute_id`, `store_id`, `entity_id`, `value`) VALUES (23,50,0,6,NULL);
INSERT INTO `catalog_category_entity_text` (`value_id`, `attribute_id`, `store_id`, `entity_id`, `value`) VALUES (24,51,0,6,NULL);
INSERT INTO `catalog_category_entity_text` (`value_id`, `attribute_id`, `store_id`, `entity_id`, `value`) VALUES (25,47,0,43,NULL);
INSERT INTO `catalog_category_entity_text` (`value_id`, `attribute_id`, `store_id`, `entity_id`, `value`) VALUES (26,50,0,43,NULL);
INSERT INTO `catalog_category_entity_text` (`value_id`, `attribute_id`, `store_id`, `entity_id`, `value`) VALUES (27,51,0,43,NULL);
INSERT INTO `catalog_category_entity_text` (`value_id`, `attribute_id`, `store_id`, `entity_id`, `value`) VALUES (28,47,0,5,NULL);
INSERT INTO `catalog_category_entity_text` (`value_id`, `attribute_id`, `store_id`, `entity_id`, `value`) VALUES (29,50,0,5,NULL);
INSERT INTO `catalog_category_entity_text` (`value_id`, `attribute_id`, `store_id`, `entity_id`, `value`) VALUES (30,51,0,5,NULL);
INSERT INTO `catalog_category_entity_text` (`value_id`, `attribute_id`, `store_id`, `entity_id`, `value`) VALUES (31,47,0,47,NULL);
INSERT INTO `catalog_category_entity_text` (`value_id`, `attribute_id`, `store_id`, `entity_id`, `value`) VALUES (32,50,0,47,NULL);
INSERT INTO `catalog_category_entity_text` (`value_id`, `attribute_id`, `store_id`, `entity_id`, `value`) VALUES (33,51,0,47,NULL);
INSERT INTO `catalog_category_entity_text` (`value_id`, `attribute_id`, `store_id`, `entity_id`, `value`) VALUES (34,47,0,48,NULL);
INSERT INTO `catalog_category_entity_text` (`value_id`, `attribute_id`, `store_id`, `entity_id`, `value`) VALUES (35,50,0,48,NULL);
INSERT INTO `catalog_category_entity_text` (`value_id`, `attribute_id`, `store_id`, `entity_id`, `value`) VALUES (36,51,0,48,NULL);

--
-- Table structure for table `catalog_category_entity_varchar`
--

CREATE TABLE `catalog_category_entity_varchar` (
  `value_id` int(11) NOT NULL AUTO_INCREMENT COMMENT 'Value ID',
  `attribute_id` smallint(5) unsigned NOT NULL DEFAULT 0 COMMENT 'Attribute ID',
  `store_id` smallint(5) unsigned NOT NULL DEFAULT 0 COMMENT 'Store ID',
  `entity_id` int(10) unsigned NOT NULL DEFAULT 0 COMMENT 'Entity ID',
  `value` varchar(255) DEFAULT NULL COMMENT 'Value',
  PRIMARY KEY (`value_id`),
  UNIQUE KEY `CATALOG_CATEGORY_ENTITY_VARCHAR_ENTITY_ID_ATTRIBUTE_ID_STORE_ID` (`entity_id`,`attribute_id`,`store_id`),
  KEY `CATALOG_CATEGORY_ENTITY_VARCHAR_ENTITY_ID` (`entity_id`),
  KEY `CATALOG_CATEGORY_ENTITY_VARCHAR_ATTRIBUTE_ID` (`attribute_id`),
  KEY `CATALOG_CATEGORY_ENTITY_VARCHAR_STORE_ID` (`store_id`),
  CONSTRAINT `CATALOG_CATEGORY_ENTITY_VARCHAR_STORE_ID_STORE_STORE_ID` FOREIGN KEY (`store_id`) REFERENCES `store` (`store_id`) ON DELETE CASCADE,
  CONSTRAINT `CAT_CTGR_ENTT_VCHR_ATTR_ID_EAV_ATTR_ATTR_ID` FOREIGN KEY (`attribute_id`) REFERENCES `eav_attribute` (`attribute_id`) ON DELETE CASCADE,
  CONSTRAINT `CAT_CTGR_ENTT_VCHR_ENTT_ID_CAT_CTGR_ENTT_ENTT_ID` FOREIGN KEY (`entity_id`) REFERENCES `catalog_category_entity` (`entity_id`) ON DELETE CASCADE
) ENGINE=InnoDB AUTO_INCREMENT=272 DEFAULT CHARSET=utf8mb3 COLLATE=utf8mb3_general_ci COMMENT='Catalog Category Varchar Attribute Backend Table';

--
-- Dumping data for table `catalog_category_entity_varchar`
--

INSERT INTO `catalog_category_entity_varchar` (`value_id`, `attribute_id`, `store_id`, `entity_id`, `value`) VALUES (1,45,0,1,'Root Catalog');
INSERT INTO `catalog_category_entity_varchar` (`value_id`, `attribute_id`, `store_id`, `entity_id`, `value`) VALUES (2,45,0,2,'Default');
INSERT INTO `catalog_category_entity_varchar` (`value_id`, `attribute_id`, `store_id`, `entity_id`, `value`) VALUES (3,52,0,2,'PRODUCTS');
INSERT INTO `catalog_category_entity_varchar` (`value_id`, `attribute_id`, `store_id`, `entity_id`, `value`) VALUES (8,45,0,4,'Bags');
INSERT INTO `catalog_category_entity_varchar` (`value_id`, `attribute_id`, `store_id`, `entity_id`, `value`) VALUES (9,119,0,4,'bags');
INSERT INTO `catalog_category_entity_varchar` (`value_id`, `attribute_id`, `store_id`, `entity_id`, `value`) VALUES (10,120,0,4,'bags');
INSERT INTO `catalog_category_entity_varchar` (`value_id`, `attribute_id`, `store_id`, `entity_id`, `value`) VALUES (11,45,0,5,'Fitness Equipment');
INSERT INTO `catalog_category_entity_varchar` (`value_id`, `attribute_id`, `store_id`, `entity_id`, `value`) VALUES (12,119,0,5,'fitness-equipment');
INSERT INTO `catalog_category_entity_varchar` (`value_id`, `attribute_id`, `store_id`, `entity_id`, `value`) VALUES (13,120,0,5,'fitness-equipment');
INSERT INTO `catalog_category_entity_varchar` (`value_id`, `attribute_id`, `store_id`, `entity_id`, `value`) VALUES (14,45,0,6,'Watches');
INSERT INTO `catalog_category_entity_varchar` (`value_id`, `attribute_id`, `store_id`, `entity_id`, `value`) VALUES (15,119,0,6,'watches');
INSERT INTO `catalog_category_entity_varchar` (`value_id`, `attribute_id`, `store_id`, `entity_id`, `value`) VALUES (16,120,0,6,'watches');
INSERT INTO `catalog_category_entity_varchar` (`value_id`, `attribute_id`, `store_id`, `entity_id`, `value`) VALUES (130,45,0,41,'Shoes');
INSERT INTO `catalog_category_entity_varchar` (`value_id`, `attribute_id`, `store_id`, `entity_id`, `value`) VALUES (131,49,0,41,'shoes');
INSERT INTO `catalog_category_entity_varchar` (`value_id`, `attribute_id`, `store_id`, `entity_id`, `value`) VALUES (132,52,0,41,'PRODUCTS_AND_PAGE');
INSERT INTO `catalog_category_entity_varchar` (`value_id`, `attribute_id`, `store_id`, `entity_id`, `value`) VALUES (133,63,0,41,NULL);
INSERT INTO `catalog_category_entity_varchar` (`value_id`, `attribute_id`, `store_id`, `entity_id`, `value`) VALUES (134,119,0,41,'shoes');
INSERT INTO `catalog_category_entity_varchar` (`value_id`, `attribute_id`, `store_id`, `entity_id`, `value`) VALUES (135,120,0,41,'shoes');
INSERT INTO `catalog_category_entity_varchar` (`value_id`, `attribute_id`, `store_id`, `entity_id`, `value`) VALUES (137,48,0,41,NULL);
INSERT INTO `catalog_category_entity_varchar` (`value_id`, `attribute_id`, `store_id`, `entity_id`, `value`) VALUES (138,60,0,41,NULL);
INSERT INTO `catalog_category_entity_varchar` (`value_id`, `attribute_id`, `store_id`, `entity_id`, `value`) VALUES (141,45,0,42,'Hoodies');
INSERT INTO `catalog_category_entity_varchar` (`value_id`, `attribute_id`, `store_id`, `entity_id`, `value`) VALUES (142,52,0,42,'PRODUCTS');
INSERT INTO `catalog_category_entity_varchar` (`value_id`, `attribute_id`, `store_id`, `entity_id`, `value`) VALUES (143,63,0,42,'category-full-width');
INSERT INTO `catalog_category_entity_varchar` (`value_id`, `attribute_id`, `store_id`, `entity_id`, `value`) VALUES (144,119,0,42,'hoodies');
INSERT INTO `catalog_category_entity_varchar` (`value_id`, `attribute_id`, `store_id`, `entity_id`, `value`) VALUES (145,120,0,42,'hoodies');
INSERT INTO `catalog_category_entity_varchar` (`value_id`, `attribute_id`, `store_id`, `entity_id`, `value`) VALUES (146,45,0,43,'Trousers');
INSERT INTO `catalog_category_entity_varchar` (`value_id`, `attribute_id`, `store_id`, `entity_id`, `value`) VALUES (147,52,0,43,'PRODUCTS');
INSERT INTO `catalog_category_entity_varchar` (`value_id`, `attribute_id`, `store_id`, `entity_id`, `value`) VALUES (148,63,0,43,'category-full-width');
INSERT INTO `catalog_category_entity_varchar` (`value_id`, `attribute_id`, `store_id`, `entity_id`, `value`) VALUES (149,119,0,43,'trousers');
INSERT INTO `catalog_category_entity_varchar` (`value_id`, `attribute_id`, `store_id`, `entity_id`, `value`) VALUES (150,120,0,43,'trousers');
INSERT INTO `catalog_category_entity_varchar` (`value_id`, `attribute_id`, `store_id`, `entity_id`, `value`) VALUES (151,48,0,2,NULL);
INSERT INTO `catalog_category_entity_varchar` (`value_id`, `attribute_id`, `store_id`, `entity_id`, `value`) VALUES (152,49,0,2,NULL);
INSERT INTO `catalog_category_entity_varchar` (`value_id`, `attribute_id`, `store_id`, `entity_id`, `value`) VALUES (153,60,0,2,NULL);
INSERT INTO `catalog_category_entity_varchar` (`value_id`, `attribute_id`, `store_id`, `entity_id`, `value`) VALUES (154,63,0,2,NULL);
INSERT INTO `catalog_category_entity_varchar` (`value_id`, `attribute_id`, `store_id`, `entity_id`, `value`) VALUES (155,119,0,2,'jackets');
INSERT INTO `catalog_category_entity_varchar` (`value_id`, `attribute_id`, `store_id`, `entity_id`, `value`) VALUES (156,120,0,2,NULL);
INSERT INTO `catalog_category_entity_varchar` (`value_id`, `attribute_id`, `store_id`, `entity_id`, `value`) VALUES (157,45,0,44,'Jackets');
INSERT INTO `catalog_category_entity_varchar` (`value_id`, `attribute_id`, `store_id`, `entity_id`, `value`) VALUES (158,52,0,44,'PRODUCTS');
INSERT INTO `catalog_category_entity_varchar` (`value_id`, `attribute_id`, `store_id`, `entity_id`, `value`) VALUES (159,63,0,44,'category-full-width');
INSERT INTO `catalog_category_entity_varchar` (`value_id`, `attribute_id`, `store_id`, `entity_id`, `value`) VALUES (160,119,0,44,'jackets');
INSERT INTO `catalog_category_entity_varchar` (`value_id`, `attribute_id`, `store_id`, `entity_id`, `value`) VALUES (161,120,0,44,'jackets');
INSERT INTO `catalog_category_entity_varchar` (`value_id`, `attribute_id`, `store_id`, `entity_id`, `value`) VALUES (162,45,0,45,'Socks');
INSERT INTO `catalog_category_entity_varchar` (`value_id`, `attribute_id`, `store_id`, `entity_id`, `value`) VALUES (163,52,0,45,'PRODUCTS');
INSERT INTO `catalog_category_entity_varchar` (`value_id`, `attribute_id`, `store_id`, `entity_id`, `value`) VALUES (164,63,0,45,'category-full-width');
INSERT INTO `catalog_category_entity_varchar` (`value_id`, `attribute_id`, `store_id`, `entity_id`, `value`) VALUES (165,119,0,45,'socks');
INSERT INTO `catalog_category_entity_varchar` (`value_id`, `attribute_id`, `store_id`, `entity_id`, `value`) VALUES (166,120,0,45,'socks');
INSERT INTO `catalog_category_entity_varchar` (`value_id`, `attribute_id`, `store_id`, `entity_id`, `value`) VALUES (210,48,0,6,NULL);
INSERT INTO `catalog_category_entity_varchar` (`value_id`, `attribute_id`, `store_id`, `entity_id`, `value`) VALUES (211,49,0,6,NULL);
INSERT INTO `catalog_category_entity_varchar` (`value_id`, `attribute_id`, `store_id`, `entity_id`, `value`) VALUES (212,52,0,6,'PRODUCTS');
INSERT INTO `catalog_category_entity_varchar` (`value_id`, `attribute_id`, `store_id`, `entity_id`, `value`) VALUES (213,60,0,6,NULL);
INSERT INTO `catalog_category_entity_varchar` (`value_id`, `attribute_id`, `store_id`, `entity_id`, `value`) VALUES (214,63,0,6,NULL);
INSERT INTO `catalog_category_entity_varchar` (`value_id`, `attribute_id`, `store_id`, `entity_id`, `value`) VALUES (220,48,0,43,NULL);
INSERT INTO `catalog_category_entity_varchar` (`value_id`, `attribute_id`, `store_id`, `entity_id`, `value`) VALUES (221,49,0,43,NULL);
INSERT INTO `catalog_category_entity_varchar` (`value_id`, `attribute_id`, `store_id`, `entity_id`, `value`) VALUES (222,60,0,43,NULL);
INSERT INTO `catalog_category_entity_varchar` (`value_id`, `attribute_id`, `store_id`, `entity_id`, `value`) VALUES (224,48,0,5,NULL);
INSERT INTO `catalog_category_entity_varchar` (`value_id`, `attribute_id`, `store_id`, `entity_id`, `value`) VALUES (225,49,0,5,NULL);
INSERT INTO `catalog_category_entity_varchar` (`value_id`, `attribute_id`, `store_id`, `entity_id`, `value`) VALUES (226,52,0,5,'PRODUCTS');
INSERT INTO `catalog_category_entity_varchar` (`value_id`, `attribute_id`, `store_id`, `entity_id`, `value`) VALUES (227,60,0,5,NULL);
INSERT INTO `catalog_category_entity_varchar` (`value_id`, `attribute_id`, `store_id`, `entity_id`, `value`) VALUES (228,63,0,5,NULL);
INSERT INTO `catalog_category_entity_varchar` (`value_id`, `attribute_id`, `store_id`, `entity_id`, `value`) VALUES (234,45,0,47,'Beanies');
INSERT INTO `catalog_category_entity_varchar` (`value_id`, `attribute_id`, `store_id`, `entity_id`, `value`) VALUES (235,52,0,47,'PRODUCTS');
INSERT INTO `catalog_category_entity_varchar` (`value_id`, `attribute_id`, `store_id`, `entity_id`, `value`) VALUES (236,63,0,47,'category-full-width');
INSERT INTO `catalog_category_entity_varchar` (`value_id`, `attribute_id`, `store_id`, `entity_id`, `value`) VALUES (237,119,0,47,'beanies');
INSERT INTO `catalog_category_entity_varchar` (`value_id`, `attribute_id`, `store_id`, `entity_id`, `value`) VALUES (238,120,0,47,'beanies');
INSERT INTO `catalog_category_entity_varchar` (`value_id`, `attribute_id`, `store_id`, `entity_id`, `value`) VALUES (242,48,0,47,NULL);
INSERT INTO `catalog_category_entity_varchar` (`value_id`, `attribute_id`, `store_id`, `entity_id`, `value`) VALUES (243,49,0,47,NULL);
INSERT INTO `catalog_category_entity_varchar` (`value_id`, `attribute_id`, `store_id`, `entity_id`, `value`) VALUES (244,60,0,47,NULL);
INSERT INTO `catalog_category_entity_varchar` (`value_id`, `attribute_id`, `store_id`, `entity_id`, `value`) VALUES (257,45,0,48,'Cardigans');
INSERT INTO `catalog_category_entity_varchar` (`value_id`, `attribute_id`, `store_id`, `entity_id`, `value`) VALUES (258,52,0,48,'PRODUCTS');
INSERT INTO `catalog_category_entity_varchar` (`value_id`, `attribute_id`, `store_id`, `entity_id`, `value`) VALUES (259,63,0,48,'category-full-width');
INSERT INTO `catalog_category_entity_varchar` (`value_id`, `attribute_id`, `store_id`, `entity_id`, `value`) VALUES (260,119,0,48,'sweaters');
INSERT INTO `catalog_category_entity_varchar` (`value_id`, `attribute_id`, `store_id`, `entity_id`, `value`) VALUES (261,120,0,48,'sweaters');
INSERT INTO `catalog_category_entity_varchar` (`value_id`, `attribute_id`, `store_id`, `entity_id`, `value`) VALUES (267,48,0,48,NULL);
INSERT INTO `catalog_category_entity_varchar` (`value_id`, `attribute_id`, `store_id`, `entity_id`, `value`) VALUES (268,49,0,48,NULL);
INSERT INTO `catalog_category_entity_varchar` (`value_id`, `attribute_id`, `store_id`, `entity_id`, `value`) VALUES (269,60,0,48,NULL);

--
-- Table structure for table `catalog_category_product`
--

CREATE TABLE `catalog_category_product` (
  `entity_id` int(11) NOT NULL AUTO_INCREMENT COMMENT 'Entity ID',
  `category_id` int(10) unsigned NOT NULL DEFAULT 0 COMMENT 'Category ID',
  `product_id` int(10) unsigned NOT NULL DEFAULT 0 COMMENT 'Product ID',
  `position` int(11) NOT NULL DEFAULT 0 COMMENT 'Position',
  PRIMARY KEY (`entity_id`,`category_id`,`product_id`),
  UNIQUE KEY `CATALOG_CATEGORY_PRODUCT_CATEGORY_ID_PRODUCT_ID` (`category_id`,`product_id`),
  KEY `CATALOG_CATEGORY_PRODUCT_PRODUCT_ID` (`product_id`),
  CONSTRAINT `CAT_CTGR_PRD_CTGR_ID_CAT_CTGR_ENTT_ENTT_ID` FOREIGN KEY (`category_id`) REFERENCES `catalog_category_entity` (`entity_id`) ON DELETE CASCADE,
  CONSTRAINT `CAT_CTGR_PRD_PRD_ID_CAT_PRD_ENTT_ENTT_ID` FOREIGN KEY (`product_id`) REFERENCES `catalog_product_entity` (`entity_id`) ON DELETE CASCADE
) ENGINE=InnoDB AUTO_INCREMENT=5519 DEFAULT CHARSET=utf8mb3 COLLATE=utf8mb3_general_ci COMMENT='Catalog Product To Category Linkage Table';

--
-- Dumping data for table `catalog_category_product`
--

INSERT INTO `catalog_category_product` (`entity_id`, `category_id`, `product_id`, `position`) VALUES (2,4,1,0);
INSERT INTO `catalog_category_product` (`entity_id`, `category_id`, `product_id`, `position`) VALUES (5,4,2,0);
INSERT INTO `catalog_category_product` (`entity_id`, `category_id`, `product_id`, `position`) VALUES (7,4,3,0);
INSERT INTO `catalog_category_product` (`entity_id`, `category_id`, `product_id`, `position`) VALUES (10,4,4,0);
INSERT INTO `catalog_category_product` (`entity_id`, `category_id`, `product_id`, `position`) VALUES (14,4,5,0);
INSERT INTO `catalog_category_product` (`entity_id`, `category_id`, `product_id`, `position`) VALUES (17,4,6,0);
INSERT INTO `catalog_category_product` (`entity_id`, `category_id`, `product_id`, `position`) VALUES (19,4,7,0);
INSERT INTO `catalog_category_product` (`entity_id`, `category_id`, `product_id`, `position`) VALUES (21,4,8,0);
INSERT INTO `catalog_category_product` (`entity_id`, `category_id`, `product_id`, `position`) VALUES (23,4,9,0);
INSERT INTO `catalog_category_product` (`entity_id`, `category_id`, `product_id`, `position`) VALUES (26,4,10,0);
INSERT INTO `catalog_category_product` (`entity_id`, `category_id`, `product_id`, `position`) VALUES (29,4,11,0);
INSERT INTO `catalog_category_product` (`entity_id`, `category_id`, `product_id`, `position`) VALUES (31,4,12,0);
INSERT INTO `catalog_category_product` (`entity_id`, `category_id`, `product_id`, `position`) VALUES (34,4,13,0);
INSERT INTO `catalog_category_product` (`entity_id`, `category_id`, `product_id`, `position`) VALUES (38,4,14,0);
INSERT INTO `catalog_category_product` (`entity_id`, `category_id`, `product_id`, `position`) VALUES (40,5,15,0);
INSERT INTO `catalog_category_product` (`entity_id`, `category_id`, `product_id`, `position`) VALUES (43,5,16,0);
INSERT INTO `catalog_category_product` (`entity_id`, `category_id`, `product_id`, `position`) VALUES (45,5,17,0);
INSERT INTO `catalog_category_product` (`entity_id`, `category_id`, `product_id`, `position`) VALUES (47,5,18,0);
INSERT INTO `catalog_category_product` (`entity_id`, `category_id`, `product_id`, `position`) VALUES (50,5,19,0);
INSERT INTO `catalog_category_product` (`entity_id`, `category_id`, `product_id`, `position`) VALUES (53,5,20,0);
INSERT INTO `catalog_category_product` (`entity_id`, `category_id`, `product_id`, `position`) VALUES (55,5,21,0);
INSERT INTO `catalog_category_product` (`entity_id`, `category_id`, `product_id`, `position`) VALUES (57,5,22,0);
INSERT INTO `catalog_category_product` (`entity_id`, `category_id`, `product_id`, `position`) VALUES (59,5,23,0);
INSERT INTO `catalog_category_product` (`entity_id`, `category_id`, `product_id`, `position`) VALUES (61,5,24,0);
INSERT INTO `catalog_category_product` (`entity_id`, `category_id`, `product_id`, `position`) VALUES (63,5,25,0);
INSERT INTO `catalog_category_product` (`entity_id`, `category_id`, `product_id`, `position`) VALUES (65,5,26,0);
INSERT INTO `catalog_category_product` (`entity_id`, `category_id`, `product_id`, `position`) VALUES (67,5,27,0);
INSERT INTO `catalog_category_product` (`entity_id`, `category_id`, `product_id`, `position`) VALUES (69,5,28,0);
INSERT INTO `catalog_category_product` (`entity_id`, `category_id`, `product_id`, `position`) VALUES (71,5,29,0);
INSERT INTO `catalog_category_product` (`entity_id`, `category_id`, `product_id`, `position`) VALUES (73,5,30,0);
INSERT INTO `catalog_category_product` (`entity_id`, `category_id`, `product_id`, `position`) VALUES (75,5,31,0);
INSERT INTO `catalog_category_product` (`entity_id`, `category_id`, `product_id`, `position`) VALUES (77,5,32,0);
INSERT INTO `catalog_category_product` (`entity_id`, `category_id`, `product_id`, `position`) VALUES (79,5,33,0);
INSERT INTO `catalog_category_product` (`entity_id`, `category_id`, `product_id`, `position`) VALUES (81,5,34,0);
INSERT INTO `catalog_category_product` (`entity_id`, `category_id`, `product_id`, `position`) VALUES (83,5,35,0);
INSERT INTO `catalog_category_product` (`entity_id`, `category_id`, `product_id`, `position`) VALUES (85,6,36,0);
INSERT INTO `catalog_category_product` (`entity_id`, `category_id`, `product_id`, `position`) VALUES (87,6,37,0);
INSERT INTO `catalog_category_product` (`entity_id`, `category_id`, `product_id`, `position`) VALUES (90,6,38,0);
INSERT INTO `catalog_category_product` (`entity_id`, `category_id`, `product_id`, `position`) VALUES (94,6,39,0);
INSERT INTO `catalog_category_product` (`entity_id`, `category_id`, `product_id`, `position`) VALUES (98,6,40,0);
INSERT INTO `catalog_category_product` (`entity_id`, `category_id`, `product_id`, `position`) VALUES (101,6,41,0);
INSERT INTO `catalog_category_product` (`entity_id`, `category_id`, `product_id`, `position`) VALUES (103,6,42,0);
INSERT INTO `catalog_category_product` (`entity_id`, `category_id`, `product_id`, `position`) VALUES (105,6,43,0);
INSERT INTO `catalog_category_product` (`entity_id`, `category_id`, `product_id`, `position`) VALUES (108,6,44,0);
INSERT INTO `catalog_category_product` (`entity_id`, `category_id`, `product_id`, `position`) VALUES (111,5,45,0);
INSERT INTO `catalog_category_product` (`entity_id`, `category_id`, `product_id`, `position`) VALUES (113,5,46,0);
INSERT INTO `catalog_category_product` (`entity_id`, `category_id`, `product_id`, `position`) VALUES (116,2,47,-1);
INSERT INTO `catalog_category_product` (`entity_id`, `category_id`, `product_id`, `position`) VALUES (119,2,48,-2);
INSERT INTO `catalog_category_product` (`entity_id`, `category_id`, `product_id`, `position`) VALUES (122,2,49,-3);
INSERT INTO `catalog_category_product` (`entity_id`, `category_id`, `product_id`, `position`) VALUES (125,2,50,-4);
INSERT INTO `catalog_category_product` (`entity_id`, `category_id`, `product_id`, `position`) VALUES (128,2,51,-5);
INSERT INTO `catalog_category_product` (`entity_id`, `category_id`, `product_id`, `position`) VALUES (131,2,52,-6);
INSERT INTO `catalog_category_product` (`entity_id`, `category_id`, `product_id`, `position`) VALUES (134,2,53,-7);
INSERT INTO `catalog_category_product` (`entity_id`, `category_id`, `product_id`, `position`) VALUES (137,2,54,-8);
INSERT INTO `catalog_category_product` (`entity_id`, `category_id`, `product_id`, `position`) VALUES (140,2,55,-9);
INSERT INTO `catalog_category_product` (`entity_id`, `category_id`, `product_id`, `position`) VALUES (143,2,56,-10);
INSERT INTO `catalog_category_product` (`entity_id`, `category_id`, `product_id`, `position`) VALUES (146,2,57,-11);
INSERT INTO `catalog_category_product` (`entity_id`, `category_id`, `product_id`, `position`) VALUES (149,2,58,-12);
INSERT INTO `catalog_category_product` (`entity_id`, `category_id`, `product_id`, `position`) VALUES (152,2,59,-13);
INSERT INTO `catalog_category_product` (`entity_id`, `category_id`, `product_id`, `position`) VALUES (155,2,60,-14);
INSERT INTO `catalog_category_product` (`entity_id`, `category_id`, `product_id`, `position`) VALUES (158,2,61,-15);
INSERT INTO `catalog_category_product` (`entity_id`, `category_id`, `product_id`, `position`) VALUES (161,2,62,-16);
INSERT INTO `catalog_category_product` (`entity_id`, `category_id`, `product_id`, `position`) VALUES (180,2,79,-17);
INSERT INTO `catalog_category_product` (`entity_id`, `category_id`, `product_id`, `position`) VALUES (183,2,80,-18);
INSERT INTO `catalog_category_product` (`entity_id`, `category_id`, `product_id`, `position`) VALUES (186,2,81,-19);
INSERT INTO `catalog_category_product` (`entity_id`, `category_id`, `product_id`, `position`) VALUES (189,2,82,-20);
INSERT INTO `catalog_category_product` (`entity_id`, `category_id`, `product_id`, `position`) VALUES (192,2,83,-21);
INSERT INTO `catalog_category_product` (`entity_id`, `category_id`, `product_id`, `position`) VALUES (195,2,84,-22);
INSERT INTO `catalog_category_product` (`entity_id`, `category_id`, `product_id`, `position`) VALUES (198,2,85,-23);
INSERT INTO `catalog_category_product` (`entity_id`, `category_id`, `product_id`, `position`) VALUES (201,2,86,-24);
INSERT INTO `catalog_category_product` (`entity_id`, `category_id`, `product_id`, `position`) VALUES (204,2,87,-25);
INSERT INTO `catalog_category_product` (`entity_id`, `category_id`, `product_id`, `position`) VALUES (207,2,88,-26);
INSERT INTO `catalog_category_product` (`entity_id`, `category_id`, `product_id`, `position`) VALUES (210,2,89,-27);
INSERT INTO `catalog_category_product` (`entity_id`, `category_id`, `product_id`, `position`) VALUES (213,2,90,-28);
INSERT INTO `catalog_category_product` (`entity_id`, `category_id`, `product_id`, `position`) VALUES (216,2,91,-29);
INSERT INTO `catalog_category_product` (`entity_id`, `category_id`, `product_id`, `position`) VALUES (219,2,92,-30);
INSERT INTO `catalog_category_product` (`entity_id`, `category_id`, `product_id`, `position`) VALUES (222,2,93,-31);
INSERT INTO `catalog_category_product` (`entity_id`, `category_id`, `product_id`, `position`) VALUES (225,2,94,-32);
INSERT INTO `catalog_category_product` (`entity_id`, `category_id`, `product_id`, `position`) VALUES (228,2,95,-33);
INSERT INTO `catalog_category_product` (`entity_id`, `category_id`, `product_id`, `position`) VALUES (231,2,96,-34);
INSERT INTO `catalog_category_product` (`entity_id`, `category_id`, `product_id`, `position`) VALUES (234,2,97,-35);
INSERT INTO `catalog_category_product` (`entity_id`, `category_id`, `product_id`, `position`) VALUES (237,2,98,-36);
INSERT INTO `catalog_category_product` (`entity_id`, `category_id`, `product_id`, `position`) VALUES (240,2,99,-37);
INSERT INTO `catalog_category_product` (`entity_id`, `category_id`, `product_id`, `position`) VALUES (243,2,100,-38);
INSERT INTO `catalog_category_product` (`entity_id`, `category_id`, `product_id`, `position`) VALUES (246,2,101,-39);
INSERT INTO `catalog_category_product` (`entity_id`, `category_id`, `product_id`, `position`) VALUES (249,2,102,-40);
INSERT INTO `catalog_category_product` (`entity_id`, `category_id`, `product_id`, `position`) VALUES (252,2,103,-41);
INSERT INTO `catalog_category_product` (`entity_id`, `category_id`, `product_id`, `position`) VALUES (255,2,104,-42);
INSERT INTO `catalog_category_product` (`entity_id`, `category_id`, `product_id`, `position`) VALUES (258,2,105,-43);
INSERT INTO `catalog_category_product` (`entity_id`, `category_id`, `product_id`, `position`) VALUES (261,2,106,-44);
INSERT INTO `catalog_category_product` (`entity_id`, `category_id`, `product_id`, `position`) VALUES (264,2,107,-45);
INSERT INTO `catalog_category_product` (`entity_id`, `category_id`, `product_id`, `position`) VALUES (267,2,108,-46);
INSERT INTO `catalog_category_product` (`entity_id`, `category_id`, `product_id`, `position`) VALUES (270,2,109,-47);
INSERT INTO `catalog_category_product` (`entity_id`, `category_id`, `product_id`, `position`) VALUES (273,2,110,-48);
INSERT INTO `catalog_category_product` (`entity_id`, `category_id`, `product_id`, `position`) VALUES (452,2,287,-49);
INSERT INTO `catalog_category_product` (`entity_id`, `category_id`, `product_id`, `position`) VALUES (455,2,288,-50);
INSERT INTO `catalog_category_product` (`entity_id`, `category_id`, `product_id`, `position`) VALUES (458,2,289,-51);
INSERT INTO `catalog_category_product` (`entity_id`, `category_id`, `product_id`, `position`) VALUES (461,2,290,-52);
INSERT INTO `catalog_category_product` (`entity_id`, `category_id`, `product_id`, `position`) VALUES (464,2,291,-53);
INSERT INTO `catalog_category_product` (`entity_id`, `category_id`, `product_id`, `position`) VALUES (467,2,292,-54);
INSERT INTO `catalog_category_product` (`entity_id`, `category_id`, `product_id`, `position`) VALUES (470,2,293,-55);
INSERT INTO `catalog_category_product` (`entity_id`, `category_id`, `product_id`, `position`) VALUES (473,2,294,-56);
INSERT INTO `catalog_category_product` (`entity_id`, `category_id`, `product_id`, `position`) VALUES (476,2,295,-57);
INSERT INTO `catalog_category_product` (`entity_id`, `category_id`, `product_id`, `position`) VALUES (479,2,296,-58);
INSERT INTO `catalog_category_product` (`entity_id`, `category_id`, `product_id`, `position`) VALUES (482,2,297,-59);
INSERT INTO `catalog_category_product` (`entity_id`, `category_id`, `product_id`, `position`) VALUES (485,2,298,-60);
INSERT INTO `catalog_category_product` (`entity_id`, `category_id`, `product_id`, `position`) VALUES (488,2,299,-61);
INSERT INTO `catalog_category_product` (`entity_id`, `category_id`, `product_id`, `position`) VALUES (491,2,300,-62);
INSERT INTO `catalog_category_product` (`entity_id`, `category_id`, `product_id`, `position`) VALUES (494,2,301,-63);
INSERT INTO `catalog_category_product` (`entity_id`, `category_id`, `product_id`, `position`) VALUES (497,2,302,-64);
INSERT INTO `catalog_category_product` (`entity_id`, `category_id`, `product_id`, `position`) VALUES (580,2,383,-65);
INSERT INTO `catalog_category_product` (`entity_id`, `category_id`, `product_id`, `position`) VALUES (583,2,384,-66);
INSERT INTO `catalog_category_product` (`entity_id`, `category_id`, `product_id`, `position`) VALUES (586,2,385,-67);
INSERT INTO `catalog_category_product` (`entity_id`, `category_id`, `product_id`, `position`) VALUES (589,2,386,-68);
INSERT INTO `catalog_category_product` (`entity_id`, `category_id`, `product_id`, `position`) VALUES (592,2,387,-69);
INSERT INTO `catalog_category_product` (`entity_id`, `category_id`, `product_id`, `position`) VALUES (595,2,388,-70);
INSERT INTO `catalog_category_product` (`entity_id`, `category_id`, `product_id`, `position`) VALUES (598,2,389,-71);
INSERT INTO `catalog_category_product` (`entity_id`, `category_id`, `product_id`, `position`) VALUES (601,2,390,-72);
INSERT INTO `catalog_category_product` (`entity_id`, `category_id`, `product_id`, `position`) VALUES (604,2,391,-73);
INSERT INTO `catalog_category_product` (`entity_id`, `category_id`, `product_id`, `position`) VALUES (607,2,392,-74);
INSERT INTO `catalog_category_product` (`entity_id`, `category_id`, `product_id`, `position`) VALUES (610,2,393,-75);
INSERT INTO `catalog_category_product` (`entity_id`, `category_id`, `product_id`, `position`) VALUES (613,2,394,-76);
INSERT INTO `catalog_category_product` (`entity_id`, `category_id`, `product_id`, `position`) VALUES (616,2,395,-77);
INSERT INTO `catalog_category_product` (`entity_id`, `category_id`, `product_id`, `position`) VALUES (619,2,396,-78);
INSERT INTO `catalog_category_product` (`entity_id`, `category_id`, `product_id`, `position`) VALUES (622,2,397,-79);
INSERT INTO `catalog_category_product` (`entity_id`, `category_id`, `product_id`, `position`) VALUES (625,2,398,-80);
INSERT INTO `catalog_category_product` (`entity_id`, `category_id`, `product_id`, `position`) VALUES (676,2,447,-81);
INSERT INTO `catalog_category_product` (`entity_id`, `category_id`, `product_id`, `position`) VALUES (679,2,448,-82);
INSERT INTO `catalog_category_product` (`entity_id`, `category_id`, `product_id`, `position`) VALUES (682,2,449,-83);
INSERT INTO `catalog_category_product` (`entity_id`, `category_id`, `product_id`, `position`) VALUES (685,2,450,-84);
INSERT INTO `catalog_category_product` (`entity_id`, `category_id`, `product_id`, `position`) VALUES (688,2,451,-85);
INSERT INTO `catalog_category_product` (`entity_id`, `category_id`, `product_id`, `position`) VALUES (691,2,452,-86);
INSERT INTO `catalog_category_product` (`entity_id`, `category_id`, `product_id`, `position`) VALUES (694,2,453,-87);
INSERT INTO `catalog_category_product` (`entity_id`, `category_id`, `product_id`, `position`) VALUES (697,2,454,-88);
INSERT INTO `catalog_category_product` (`entity_id`, `category_id`, `product_id`, `position`) VALUES (700,2,455,-89);
INSERT INTO `catalog_category_product` (`entity_id`, `category_id`, `product_id`, `position`) VALUES (703,2,456,-90);
INSERT INTO `catalog_category_product` (`entity_id`, `category_id`, `product_id`, `position`) VALUES (706,2,457,-91);
INSERT INTO `catalog_category_product` (`entity_id`, `category_id`, `product_id`, `position`) VALUES (709,2,458,-92);
INSERT INTO `catalog_category_product` (`entity_id`, `category_id`, `product_id`, `position`) VALUES (712,2,459,-93);
INSERT INTO `catalog_category_product` (`entity_id`, `category_id`, `product_id`, `position`) VALUES (715,2,460,-94);
INSERT INTO `catalog_category_product` (`entity_id`, `category_id`, `product_id`, `position`) VALUES (718,2,461,-95);
INSERT INTO `catalog_category_product` (`entity_id`, `category_id`, `product_id`, `position`) VALUES (721,2,462,-96);
INSERT INTO `catalog_category_product` (`entity_id`, `category_id`, `product_id`, `position`) VALUES (950,2,689,-97);
INSERT INTO `catalog_category_product` (`entity_id`, `category_id`, `product_id`, `position`) VALUES (953,2,690,-98);
INSERT INTO `catalog_category_product` (`entity_id`, `category_id`, `product_id`, `position`) VALUES (956,2,691,-99);
INSERT INTO `catalog_category_product` (`entity_id`, `category_id`, `product_id`, `position`) VALUES (959,2,692,-100);
INSERT INTO `catalog_category_product` (`entity_id`, `category_id`, `product_id`, `position`) VALUES (962,2,693,-101);
INSERT INTO `catalog_category_product` (`entity_id`, `category_id`, `product_id`, `position`) VALUES (965,2,694,-102);
INSERT INTO `catalog_category_product` (`entity_id`, `category_id`, `product_id`, `position`) VALUES (986,2,713,-103);
INSERT INTO `catalog_category_product` (`entity_id`, `category_id`, `product_id`, `position`) VALUES (989,2,714,-104);
INSERT INTO `catalog_category_product` (`entity_id`, `category_id`, `product_id`, `position`) VALUES (992,2,715,-105);
INSERT INTO `catalog_category_product` (`entity_id`, `category_id`, `product_id`, `position`) VALUES (995,2,716,-106);
INSERT INTO `catalog_category_product` (`entity_id`, `category_id`, `product_id`, `position`) VALUES (998,2,717,-107);
INSERT INTO `catalog_category_product` (`entity_id`, `category_id`, `product_id`, `position`) VALUES (1001,2,718,-108);
INSERT INTO `catalog_category_product` (`entity_id`, `category_id`, `product_id`, `position`) VALUES (1010,2,725,-109);
INSERT INTO `catalog_category_product` (`entity_id`, `category_id`, `product_id`, `position`) VALUES (1013,2,726,-110);
INSERT INTO `catalog_category_product` (`entity_id`, `category_id`, `product_id`, `position`) VALUES (1016,2,727,-111);
INSERT INTO `catalog_category_product` (`entity_id`, `category_id`, `product_id`, `position`) VALUES (1019,2,728,-112);
INSERT INTO `catalog_category_product` (`entity_id`, `category_id`, `product_id`, `position`) VALUES (1022,2,729,-113);
INSERT INTO `catalog_category_product` (`entity_id`, `category_id`, `product_id`, `position`) VALUES (1025,2,730,-114);
INSERT INTO `catalog_category_product` (`entity_id`, `category_id`, `product_id`, `position`) VALUES (1028,2,731,-115);
INSERT INTO `catalog_category_product` (`entity_id`, `category_id`, `product_id`, `position`) VALUES (1031,2,732,-116);
INSERT INTO `catalog_category_product` (`entity_id`, `category_id`, `product_id`, `position`) VALUES (1034,2,733,-117);
INSERT INTO `catalog_category_product` (`entity_id`, `category_id`, `product_id`, `position`) VALUES (1037,2,734,-118);
INSERT INTO `catalog_category_product` (`entity_id`, `category_id`, `product_id`, `position`) VALUES (1040,2,735,-119);
INSERT INTO `catalog_category_product` (`entity_id`, `category_id`, `product_id`, `position`) VALUES (1043,2,736,-120);
INSERT INTO `catalog_category_product` (`entity_id`, `category_id`, `product_id`, `position`) VALUES (1046,2,737,-121);
INSERT INTO `catalog_category_product` (`entity_id`, `category_id`, `product_id`, `position`) VALUES (1050,2,738,-122);
INSERT INTO `catalog_category_product` (`entity_id`, `category_id`, `product_id`, `position`) VALUES (1054,2,739,-123);
INSERT INTO `catalog_category_product` (`entity_id`, `category_id`, `product_id`, `position`) VALUES (1058,2,740,-124);
INSERT INTO `catalog_category_product` (`entity_id`, `category_id`, `product_id`, `position`) VALUES (1062,2,741,-125);
INSERT INTO `catalog_category_product` (`entity_id`, `category_id`, `product_id`, `position`) VALUES (1066,2,742,-126);
INSERT INTO `catalog_category_product` (`entity_id`, `category_id`, `product_id`, `position`) VALUES (1070,2,743,-127);
INSERT INTO `catalog_category_product` (`entity_id`, `category_id`, `product_id`, `position`) VALUES (1074,2,744,-128);
INSERT INTO `catalog_category_product` (`entity_id`, `category_id`, `product_id`, `position`) VALUES (1078,2,745,-129);
INSERT INTO `catalog_category_product` (`entity_id`, `category_id`, `product_id`, `position`) VALUES (1082,2,746,-130);
INSERT INTO `catalog_category_product` (`entity_id`, `category_id`, `product_id`, `position`) VALUES (1086,2,747,-131);
INSERT INTO `catalog_category_product` (`entity_id`, `category_id`, `product_id`, `position`) VALUES (1090,2,748,-132);
INSERT INTO `catalog_category_product` (`entity_id`, `category_id`, `product_id`, `position`) VALUES (1094,2,749,-133);
INSERT INTO `catalog_category_product` (`entity_id`, `category_id`, `product_id`, `position`) VALUES (1098,2,750,-134);
INSERT INTO `catalog_category_product` (`entity_id`, `category_id`, `product_id`, `position`) VALUES (1102,2,751,-135);
INSERT INTO `catalog_category_product` (`entity_id`, `category_id`, `product_id`, `position`) VALUES (1106,2,752,-136);
INSERT INTO `catalog_category_product` (`entity_id`, `category_id`, `product_id`, `position`) VALUES (1110,2,753,-137);
INSERT INTO `catalog_category_product` (`entity_id`, `category_id`, `product_id`, `position`) VALUES (1114,2,754,-138);
INSERT INTO `catalog_category_product` (`entity_id`, `category_id`, `product_id`, `position`) VALUES (1118,2,755,-139);
INSERT INTO `catalog_category_product` (`entity_id`, `category_id`, `product_id`, `position`) VALUES (1122,2,756,-140);
INSERT INTO `catalog_category_product` (`entity_id`, `category_id`, `product_id`, `position`) VALUES (1126,2,757,-141);
INSERT INTO `catalog_category_product` (`entity_id`, `category_id`, `product_id`, `position`) VALUES (1130,2,758,-142);
INSERT INTO `catalog_category_product` (`entity_id`, `category_id`, `product_id`, `position`) VALUES (1134,2,759,-143);
INSERT INTO `catalog_category_product` (`entity_id`, `category_id`, `product_id`, `position`) VALUES (1138,2,760,-144);
INSERT INTO `catalog_category_product` (`entity_id`, `category_id`, `product_id`, `position`) VALUES (1142,2,761,-145);
INSERT INTO `catalog_category_product` (`entity_id`, `category_id`, `product_id`, `position`) VALUES (1146,2,762,-146);
INSERT INTO `catalog_category_product` (`entity_id`, `category_id`, `product_id`, `position`) VALUES (1150,2,763,-147);
INSERT INTO `catalog_category_product` (`entity_id`, `category_id`, `product_id`, `position`) VALUES (1153,2,764,-148);
INSERT INTO `catalog_category_product` (`entity_id`, `category_id`, `product_id`, `position`) VALUES (1156,2,765,-149);
INSERT INTO `catalog_category_product` (`entity_id`, `category_id`, `product_id`, `position`) VALUES (1159,2,766,-150);
INSERT INTO `catalog_category_product` (`entity_id`, `category_id`, `product_id`, `position`) VALUES (1162,2,767,-151);
INSERT INTO `catalog_category_product` (`entity_id`, `category_id`, `product_id`, `position`) VALUES (1165,2,768,-152);
INSERT INTO `catalog_category_product` (`entity_id`, `category_id`, `product_id`, `position`) VALUES (1168,2,769,-153);
INSERT INTO `catalog_category_product` (`entity_id`, `category_id`, `product_id`, `position`) VALUES (1171,2,770,-154);
INSERT INTO `catalog_category_product` (`entity_id`, `category_id`, `product_id`, `position`) VALUES (1174,2,771,-155);
INSERT INTO `catalog_category_product` (`entity_id`, `category_id`, `product_id`, `position`) VALUES (1177,2,772,-156);
INSERT INTO `catalog_category_product` (`entity_id`, `category_id`, `product_id`, `position`) VALUES (1180,2,773,-157);
INSERT INTO `catalog_category_product` (`entity_id`, `category_id`, `product_id`, `position`) VALUES (1183,2,774,-158);
INSERT INTO `catalog_category_product` (`entity_id`, `category_id`, `product_id`, `position`) VALUES (1186,2,775,-159);
INSERT INTO `catalog_category_product` (`entity_id`, `category_id`, `product_id`, `position`) VALUES (1189,2,776,-160);
INSERT INTO `catalog_category_product` (`entity_id`, `category_id`, `product_id`, `position`) VALUES (1193,2,777,-161);
INSERT INTO `catalog_category_product` (`entity_id`, `category_id`, `product_id`, `position`) VALUES (1197,2,778,-162);
INSERT INTO `catalog_category_product` (`entity_id`, `category_id`, `product_id`, `position`) VALUES (1201,2,779,-163);
INSERT INTO `catalog_category_product` (`entity_id`, `category_id`, `product_id`, `position`) VALUES (1205,2,780,-164);
INSERT INTO `catalog_category_product` (`entity_id`, `category_id`, `product_id`, `position`) VALUES (1209,2,781,-165);
INSERT INTO `catalog_category_product` (`entity_id`, `category_id`, `product_id`, `position`) VALUES (1213,2,782,-166);
INSERT INTO `catalog_category_product` (`entity_id`, `category_id`, `product_id`, `position`) VALUES (1217,2,783,-167);
INSERT INTO `catalog_category_product` (`entity_id`, `category_id`, `product_id`, `position`) VALUES (1221,2,784,-168);
INSERT INTO `catalog_category_product` (`entity_id`, `category_id`, `product_id`, `position`) VALUES (1225,2,785,-169);
INSERT INTO `catalog_category_product` (`entity_id`, `category_id`, `product_id`, `position`) VALUES (1229,2,786,-170);
INSERT INTO `catalog_category_product` (`entity_id`, `category_id`, `product_id`, `position`) VALUES (1233,2,787,-171);
INSERT INTO `catalog_category_product` (`entity_id`, `category_id`, `product_id`, `position`) VALUES (1237,2,788,-172);
INSERT INTO `catalog_category_product` (`entity_id`, `category_id`, `product_id`, `position`) VALUES (1241,2,789,-173);
INSERT INTO `catalog_category_product` (`entity_id`, `category_id`, `product_id`, `position`) VALUES (1245,2,790,-174);
INSERT INTO `catalog_category_product` (`entity_id`, `category_id`, `product_id`, `position`) VALUES (1249,2,791,-175);
INSERT INTO `catalog_category_product` (`entity_id`, `category_id`, `product_id`, `position`) VALUES (1253,2,792,-176);
INSERT INTO `catalog_category_product` (`entity_id`, `category_id`, `product_id`, `position`) VALUES (1257,2,793,-177);
INSERT INTO `catalog_category_product` (`entity_id`, `category_id`, `product_id`, `position`) VALUES (1261,2,794,-178);
INSERT INTO `catalog_category_product` (`entity_id`, `category_id`, `product_id`, `position`) VALUES (1265,2,795,-179);
INSERT INTO `catalog_category_product` (`entity_id`, `category_id`, `product_id`, `position`) VALUES (1269,2,796,-180);
INSERT INTO `catalog_category_product` (`entity_id`, `category_id`, `product_id`, `position`) VALUES (1273,2,797,-181);
INSERT INTO `catalog_category_product` (`entity_id`, `category_id`, `product_id`, `position`) VALUES (1277,2,798,-182);
INSERT INTO `catalog_category_product` (`entity_id`, `category_id`, `product_id`, `position`) VALUES (1281,2,799,-183);
INSERT INTO `catalog_category_product` (`entity_id`, `category_id`, `product_id`, `position`) VALUES (1285,2,800,-184);
INSERT INTO `catalog_category_product` (`entity_id`, `category_id`, `product_id`, `position`) VALUES (1289,2,801,-185);
INSERT INTO `catalog_category_product` (`entity_id`, `category_id`, `product_id`, `position`) VALUES (1293,2,802,-186);
INSERT INTO `catalog_category_product` (`entity_id`, `category_id`, `product_id`, `position`) VALUES (1297,2,803,-187);
INSERT INTO `catalog_category_product` (`entity_id`, `category_id`, `product_id`, `position`) VALUES (1301,2,804,-188);
INSERT INTO `catalog_category_product` (`entity_id`, `category_id`, `product_id`, `position`) VALUES (1305,2,805,-189);
INSERT INTO `catalog_category_product` (`entity_id`, `category_id`, `product_id`, `position`) VALUES (1309,2,806,-190);
INSERT INTO `catalog_category_product` (`entity_id`, `category_id`, `product_id`, `position`) VALUES (1313,2,807,-191);
INSERT INTO `catalog_category_product` (`entity_id`, `category_id`, `product_id`, `position`) VALUES (1317,2,808,-192);
INSERT INTO `catalog_category_product` (`entity_id`, `category_id`, `product_id`, `position`) VALUES (1321,2,809,-193);
INSERT INTO `catalog_category_product` (`entity_id`, `category_id`, `product_id`, `position`) VALUES (1325,2,810,-194);
INSERT INTO `catalog_category_product` (`entity_id`, `category_id`, `product_id`, `position`) VALUES (1329,2,811,-195);
INSERT INTO `catalog_category_product` (`entity_id`, `category_id`, `product_id`, `position`) VALUES (1333,2,812,-196);
INSERT INTO `catalog_category_product` (`entity_id`, `category_id`, `product_id`, `position`) VALUES (1337,2,813,-197);
INSERT INTO `catalog_category_product` (`entity_id`, `category_id`, `product_id`, `position`) VALUES (1341,2,814,-198);
INSERT INTO `catalog_category_product` (`entity_id`, `category_id`, `product_id`, `position`) VALUES (1345,2,815,-199);
INSERT INTO `catalog_category_product` (`entity_id`, `category_id`, `product_id`, `position`) VALUES (1349,2,816,-200);
INSERT INTO `catalog_category_product` (`entity_id`, `category_id`, `product_id`, `position`) VALUES (1353,2,817,-201);
INSERT INTO `catalog_category_product` (`entity_id`, `category_id`, `product_id`, `position`) VALUES (1357,2,818,-202);
INSERT INTO `catalog_category_product` (`entity_id`, `category_id`, `product_id`, `position`) VALUES (1361,2,819,-203);
INSERT INTO `catalog_category_product` (`entity_id`, `category_id`, `product_id`, `position`) VALUES (1365,2,820,-204);
INSERT INTO `catalog_category_product` (`entity_id`, `category_id`, `product_id`, `position`) VALUES (1369,2,821,-205);
INSERT INTO `catalog_category_product` (`entity_id`, `category_id`, `product_id`, `position`) VALUES (1373,2,822,-206);
INSERT INTO `catalog_category_product` (`entity_id`, `category_id`, `product_id`, `position`) VALUES (1377,2,823,-207);
INSERT INTO `catalog_category_product` (`entity_id`, `category_id`, `product_id`, `position`) VALUES (1381,2,824,-208);
INSERT INTO `catalog_category_product` (`entity_id`, `category_id`, `product_id`, `position`) VALUES (1385,2,825,-209);
INSERT INTO `catalog_category_product` (`entity_id`, `category_id`, `product_id`, `position`) VALUES (1389,2,826,-210);
INSERT INTO `catalog_category_product` (`entity_id`, `category_id`, `product_id`, `position`) VALUES (1393,2,827,-211);
INSERT INTO `catalog_category_product` (`entity_id`, `category_id`, `product_id`, `position`) VALUES (1397,2,828,-212);
INSERT INTO `catalog_category_product` (`entity_id`, `category_id`, `product_id`, `position`) VALUES (1402,2,829,-213);
INSERT INTO `catalog_category_product` (`entity_id`, `category_id`, `product_id`, `position`) VALUES (1407,2,830,-214);
INSERT INTO `catalog_category_product` (`entity_id`, `category_id`, `product_id`, `position`) VALUES (1412,2,831,-215);
INSERT INTO `catalog_category_product` (`entity_id`, `category_id`, `product_id`, `position`) VALUES (1417,2,832,-216);
INSERT INTO `catalog_category_product` (`entity_id`, `category_id`, `product_id`, `position`) VALUES (1422,2,833,-217);
INSERT INTO `catalog_category_product` (`entity_id`, `category_id`, `product_id`, `position`) VALUES (1427,2,834,-218);
INSERT INTO `catalog_category_product` (`entity_id`, `category_id`, `product_id`, `position`) VALUES (1432,2,835,-219);
INSERT INTO `catalog_category_product` (`entity_id`, `category_id`, `product_id`, `position`) VALUES (1437,2,836,-220);
INSERT INTO `catalog_category_product` (`entity_id`, `category_id`, `product_id`, `position`) VALUES (1442,2,837,-221);
INSERT INTO `catalog_category_product` (`entity_id`, `category_id`, `product_id`, `position`) VALUES (1447,2,838,-222);
INSERT INTO `catalog_category_product` (`entity_id`, `category_id`, `product_id`, `position`) VALUES (1452,2,839,-223);
INSERT INTO `catalog_category_product` (`entity_id`, `category_id`, `product_id`, `position`) VALUES (1457,2,840,-224);
INSERT INTO `catalog_category_product` (`entity_id`, `category_id`, `product_id`, `position`) VALUES (1462,2,841,-225);
INSERT INTO `catalog_category_product` (`entity_id`, `category_id`, `product_id`, `position`) VALUES (1466,2,842,-226);
INSERT INTO `catalog_category_product` (`entity_id`, `category_id`, `product_id`, `position`) VALUES (1470,2,843,-227);
INSERT INTO `catalog_category_product` (`entity_id`, `category_id`, `product_id`, `position`) VALUES (1474,2,844,-228);
INSERT INTO `catalog_category_product` (`entity_id`, `category_id`, `product_id`, `position`) VALUES (1478,2,845,-229);
INSERT INTO `catalog_category_product` (`entity_id`, `category_id`, `product_id`, `position`) VALUES (1482,2,846,-230);
INSERT INTO `catalog_category_product` (`entity_id`, `category_id`, `product_id`, `position`) VALUES (1486,2,847,-231);
INSERT INTO `catalog_category_product` (`entity_id`, `category_id`, `product_id`, `position`) VALUES (1490,2,848,-232);
INSERT INTO `catalog_category_product` (`entity_id`, `category_id`, `product_id`, `position`) VALUES (1494,2,849,-233);
INSERT INTO `catalog_category_product` (`entity_id`, `category_id`, `product_id`, `position`) VALUES (1498,2,850,-234);
INSERT INTO `catalog_category_product` (`entity_id`, `category_id`, `product_id`, `position`) VALUES (1502,2,851,-235);
INSERT INTO `catalog_category_product` (`entity_id`, `category_id`, `product_id`, `position`) VALUES (1506,2,852,-236);
INSERT INTO `catalog_category_product` (`entity_id`, `category_id`, `product_id`, `position`) VALUES (1510,2,853,-237);
INSERT INTO `catalog_category_product` (`entity_id`, `category_id`, `product_id`, `position`) VALUES (1514,2,854,-238);
INSERT INTO `catalog_category_product` (`entity_id`, `category_id`, `product_id`, `position`) VALUES (1518,2,855,-239);
INSERT INTO `catalog_category_product` (`entity_id`, `category_id`, `product_id`, `position`) VALUES (1522,2,856,-240);
INSERT INTO `catalog_category_product` (`entity_id`, `category_id`, `product_id`, `position`) VALUES (1526,2,857,-241);
INSERT INTO `catalog_category_product` (`entity_id`, `category_id`, `product_id`, `position`) VALUES (1530,2,858,-242);
INSERT INTO `catalog_category_product` (`entity_id`, `category_id`, `product_id`, `position`) VALUES (1534,2,859,-243);
INSERT INTO `catalog_category_product` (`entity_id`, `category_id`, `product_id`, `position`) VALUES (1538,2,860,-244);
INSERT INTO `catalog_category_product` (`entity_id`, `category_id`, `product_id`, `position`) VALUES (1542,2,861,-245);
INSERT INTO `catalog_category_product` (`entity_id`, `category_id`, `product_id`, `position`) VALUES (1546,2,862,-246);
INSERT INTO `catalog_category_product` (`entity_id`, `category_id`, `product_id`, `position`) VALUES (1550,2,863,-247);
INSERT INTO `catalog_category_product` (`entity_id`, `category_id`, `product_id`, `position`) VALUES (1554,2,864,-248);
INSERT INTO `catalog_category_product` (`entity_id`, `category_id`, `product_id`, `position`) VALUES (1558,2,865,-249);
INSERT INTO `catalog_category_product` (`entity_id`, `category_id`, `product_id`, `position`) VALUES (1562,2,866,-250);
INSERT INTO `catalog_category_product` (`entity_id`, `category_id`, `product_id`, `position`) VALUES (1566,2,867,-251);
INSERT INTO `catalog_category_product` (`entity_id`, `category_id`, `product_id`, `position`) VALUES (1569,2,868,-252);
INSERT INTO `catalog_category_product` (`entity_id`, `category_id`, `product_id`, `position`) VALUES (1572,2,869,-253);
INSERT INTO `catalog_category_product` (`entity_id`, `category_id`, `product_id`, `position`) VALUES (1575,2,870,-254);
INSERT INTO `catalog_category_product` (`entity_id`, `category_id`, `product_id`, `position`) VALUES (1578,2,871,-255);
INSERT INTO `catalog_category_product` (`entity_id`, `category_id`, `product_id`, `position`) VALUES (1581,2,872,-256);
INSERT INTO `catalog_category_product` (`entity_id`, `category_id`, `product_id`, `position`) VALUES (1584,2,873,-257);
INSERT INTO `catalog_category_product` (`entity_id`, `category_id`, `product_id`, `position`) VALUES (1587,2,874,-258);
INSERT INTO `catalog_category_product` (`entity_id`, `category_id`, `product_id`, `position`) VALUES (1590,2,875,-259);
INSERT INTO `catalog_category_product` (`entity_id`, `category_id`, `product_id`, `position`) VALUES (1593,2,876,-260);
INSERT INTO `catalog_category_product` (`entity_id`, `category_id`, `product_id`, `position`) VALUES (1596,2,877,-261);
INSERT INTO `catalog_category_product` (`entity_id`, `category_id`, `product_id`, `position`) VALUES (1599,2,878,-262);
INSERT INTO `catalog_category_product` (`entity_id`, `category_id`, `product_id`, `position`) VALUES (1602,2,879,-263);
INSERT INTO `catalog_category_product` (`entity_id`, `category_id`, `product_id`, `position`) VALUES (1605,2,880,-264);
INSERT INTO `catalog_category_product` (`entity_id`, `category_id`, `product_id`, `position`) VALUES (1608,2,881,-265);
INSERT INTO `catalog_category_product` (`entity_id`, `category_id`, `product_id`, `position`) VALUES (1611,2,882,-266);
INSERT INTO `catalog_category_product` (`entity_id`, `category_id`, `product_id`, `position`) VALUES (1614,2,883,-267);
INSERT INTO `catalog_category_product` (`entity_id`, `category_id`, `product_id`, `position`) VALUES (1617,2,884,-268);
INSERT INTO `catalog_category_product` (`entity_id`, `category_id`, `product_id`, `position`) VALUES (1620,2,885,-269);
INSERT INTO `catalog_category_product` (`entity_id`, `category_id`, `product_id`, `position`) VALUES (1623,2,886,-270);
INSERT INTO `catalog_category_product` (`entity_id`, `category_id`, `product_id`, `position`) VALUES (1626,2,887,-271);
INSERT INTO `catalog_category_product` (`entity_id`, `category_id`, `product_id`, `position`) VALUES (1629,2,888,-272);
INSERT INTO `catalog_category_product` (`entity_id`, `category_id`, `product_id`, `position`) VALUES (1632,2,889,-273);
INSERT INTO `catalog_category_product` (`entity_id`, `category_id`, `product_id`, `position`) VALUES (1635,2,890,-274);
INSERT INTO `catalog_category_product` (`entity_id`, `category_id`, `product_id`, `position`) VALUES (1638,2,891,-275);
INSERT INTO `catalog_category_product` (`entity_id`, `category_id`, `product_id`, `position`) VALUES (1641,2,892,-276);
INSERT INTO `catalog_category_product` (`entity_id`, `category_id`, `product_id`, `position`) VALUES (1644,2,893,-277);
INSERT INTO `catalog_category_product` (`entity_id`, `category_id`, `product_id`, `position`) VALUES (1652,2,899,-278);
INSERT INTO `catalog_category_product` (`entity_id`, `category_id`, `product_id`, `position`) VALUES (1655,2,900,-279);
INSERT INTO `catalog_category_product` (`entity_id`, `category_id`, `product_id`, `position`) VALUES (1658,2,901,-280);
INSERT INTO `catalog_category_product` (`entity_id`, `category_id`, `product_id`, `position`) VALUES (1661,2,902,-281);
INSERT INTO `catalog_category_product` (`entity_id`, `category_id`, `product_id`, `position`) VALUES (1664,2,903,-282);
INSERT INTO `catalog_category_product` (`entity_id`, `category_id`, `product_id`, `position`) VALUES (1667,2,904,-283);
INSERT INTO `catalog_category_product` (`entity_id`, `category_id`, `product_id`, `position`) VALUES (1670,2,905,-284);
INSERT INTO `catalog_category_product` (`entity_id`, `category_id`, `product_id`, `position`) VALUES (1673,2,906,-285);
INSERT INTO `catalog_category_product` (`entity_id`, `category_id`, `product_id`, `position`) VALUES (1676,2,907,-286);
INSERT INTO `catalog_category_product` (`entity_id`, `category_id`, `product_id`, `position`) VALUES (1679,2,908,-287);
INSERT INTO `catalog_category_product` (`entity_id`, `category_id`, `product_id`, `position`) VALUES (1682,2,909,-288);
INSERT INTO `catalog_category_product` (`entity_id`, `category_id`, `product_id`, `position`) VALUES (1685,2,910,-289);
INSERT INTO `catalog_category_product` (`entity_id`, `category_id`, `product_id`, `position`) VALUES (1688,2,911,-290);
INSERT INTO `catalog_category_product` (`entity_id`, `category_id`, `product_id`, `position`) VALUES (1704,2,925,-291);
INSERT INTO `catalog_category_product` (`entity_id`, `category_id`, `product_id`, `position`) VALUES (1707,2,926,-292);
INSERT INTO `catalog_category_product` (`entity_id`, `category_id`, `product_id`, `position`) VALUES (1710,2,927,-293);
INSERT INTO `catalog_category_product` (`entity_id`, `category_id`, `product_id`, `position`) VALUES (1713,2,928,-294);
INSERT INTO `catalog_category_product` (`entity_id`, `category_id`, `product_id`, `position`) VALUES (1716,2,929,-295);
INSERT INTO `catalog_category_product` (`entity_id`, `category_id`, `product_id`, `position`) VALUES (1719,2,930,-296);
INSERT INTO `catalog_category_product` (`entity_id`, `category_id`, `product_id`, `position`) VALUES (1722,2,931,-297);
INSERT INTO `catalog_category_product` (`entity_id`, `category_id`, `product_id`, `position`) VALUES (1725,2,932,-298);
INSERT INTO `catalog_category_product` (`entity_id`, `category_id`, `product_id`, `position`) VALUES (1728,2,933,-299);
INSERT INTO `catalog_category_product` (`entity_id`, `category_id`, `product_id`, `position`) VALUES (1731,2,934,-300);
INSERT INTO `catalog_category_product` (`entity_id`, `category_id`, `product_id`, `position`) VALUES (1734,2,935,-301);
INSERT INTO `catalog_category_product` (`entity_id`, `category_id`, `product_id`, `position`) VALUES (1737,2,936,-302);
INSERT INTO `catalog_category_product` (`entity_id`, `category_id`, `product_id`, `position`) VALUES (1740,2,937,-303);
INSERT INTO `catalog_category_product` (`entity_id`, `category_id`, `product_id`, `position`) VALUES (1743,2,938,-304);
INSERT INTO `catalog_category_product` (`entity_id`, `category_id`, `product_id`, `position`) VALUES (1746,2,939,-305);
INSERT INTO `catalog_category_product` (`entity_id`, `category_id`, `product_id`, `position`) VALUES (1749,2,940,-306);
INSERT INTO `catalog_category_product` (`entity_id`, `category_id`, `product_id`, `position`) VALUES (1752,2,941,-307);
INSERT INTO `catalog_category_product` (`entity_id`, `category_id`, `product_id`, `position`) VALUES (1755,2,942,-308);
INSERT INTO `catalog_category_product` (`entity_id`, `category_id`, `product_id`, `position`) VALUES (1758,2,943,-309);
INSERT INTO `catalog_category_product` (`entity_id`, `category_id`, `product_id`, `position`) VALUES (1761,2,944,-310);
INSERT INTO `catalog_category_product` (`entity_id`, `category_id`, `product_id`, `position`) VALUES (1764,2,945,-311);
INSERT INTO `catalog_category_product` (`entity_id`, `category_id`, `product_id`, `position`) VALUES (1767,2,946,-312);
INSERT INTO `catalog_category_product` (`entity_id`, `category_id`, `product_id`, `position`) VALUES (1770,2,947,-313);
INSERT INTO `catalog_category_product` (`entity_id`, `category_id`, `product_id`, `position`) VALUES (1773,2,948,-314);
INSERT INTO `catalog_category_product` (`entity_id`, `category_id`, `product_id`, `position`) VALUES (1776,2,949,-315);
INSERT INTO `catalog_category_product` (`entity_id`, `category_id`, `product_id`, `position`) VALUES (1779,2,950,-316);
INSERT INTO `catalog_category_product` (`entity_id`, `category_id`, `product_id`, `position`) VALUES (1783,2,951,-317);
INSERT INTO `catalog_category_product` (`entity_id`, `category_id`, `product_id`, `position`) VALUES (1787,2,952,-318);
INSERT INTO `catalog_category_product` (`entity_id`, `category_id`, `product_id`, `position`) VALUES (1791,2,953,-319);
INSERT INTO `catalog_category_product` (`entity_id`, `category_id`, `product_id`, `position`) VALUES (1795,2,954,-320);
INSERT INTO `catalog_category_product` (`entity_id`, `category_id`, `product_id`, `position`) VALUES (1799,2,955,-321);
INSERT INTO `catalog_category_product` (`entity_id`, `category_id`, `product_id`, `position`) VALUES (1803,2,956,-322);
INSERT INTO `catalog_category_product` (`entity_id`, `category_id`, `product_id`, `position`) VALUES (1807,2,957,-323);
INSERT INTO `catalog_category_product` (`entity_id`, `category_id`, `product_id`, `position`) VALUES (1811,2,958,-324);
INSERT INTO `catalog_category_product` (`entity_id`, `category_id`, `product_id`, `position`) VALUES (1815,2,959,-325);
INSERT INTO `catalog_category_product` (`entity_id`, `category_id`, `product_id`, `position`) VALUES (1819,2,960,-326);
INSERT INTO `catalog_category_product` (`entity_id`, `category_id`, `product_id`, `position`) VALUES (1823,2,961,-327);
INSERT INTO `catalog_category_product` (`entity_id`, `category_id`, `product_id`, `position`) VALUES (1827,2,962,-328);
INSERT INTO `catalog_category_product` (`entity_id`, `category_id`, `product_id`, `position`) VALUES (1831,2,963,-329);
INSERT INTO `catalog_category_product` (`entity_id`, `category_id`, `product_id`, `position`) VALUES (1834,2,964,-330);
INSERT INTO `catalog_category_product` (`entity_id`, `category_id`, `product_id`, `position`) VALUES (1837,2,965,-331);
INSERT INTO `catalog_category_product` (`entity_id`, `category_id`, `product_id`, `position`) VALUES (1840,2,966,-332);
INSERT INTO `catalog_category_product` (`entity_id`, `category_id`, `product_id`, `position`) VALUES (1843,2,967,-333);
INSERT INTO `catalog_category_product` (`entity_id`, `category_id`, `product_id`, `position`) VALUES (1846,2,968,-334);
INSERT INTO `catalog_category_product` (`entity_id`, `category_id`, `product_id`, `position`) VALUES (1849,2,969,-335);
INSERT INTO `catalog_category_product` (`entity_id`, `category_id`, `product_id`, `position`) VALUES (1852,2,970,-336);
INSERT INTO `catalog_category_product` (`entity_id`, `category_id`, `product_id`, `position`) VALUES (1855,2,971,-337);
INSERT INTO `catalog_category_product` (`entity_id`, `category_id`, `product_id`, `position`) VALUES (1858,2,972,-338);
INSERT INTO `catalog_category_product` (`entity_id`, `category_id`, `product_id`, `position`) VALUES (1861,2,973,-339);
INSERT INTO `catalog_category_product` (`entity_id`, `category_id`, `product_id`, `position`) VALUES (1864,2,974,-340);
INSERT INTO `catalog_category_product` (`entity_id`, `category_id`, `product_id`, `position`) VALUES (1867,2,975,-341);
INSERT INTO `catalog_category_product` (`entity_id`, `category_id`, `product_id`, `position`) VALUES (1870,2,976,-342);
INSERT INTO `catalog_category_product` (`entity_id`, `category_id`, `product_id`, `position`) VALUES (1873,2,977,-343);
INSERT INTO `catalog_category_product` (`entity_id`, `category_id`, `product_id`, `position`) VALUES (1876,2,978,-344);
INSERT INTO `catalog_category_product` (`entity_id`, `category_id`, `product_id`, `position`) VALUES (1879,2,979,-345);
INSERT INTO `catalog_category_product` (`entity_id`, `category_id`, `product_id`, `position`) VALUES (1882,2,980,-346);
INSERT INTO `catalog_category_product` (`entity_id`, `category_id`, `product_id`, `position`) VALUES (1885,2,981,-347);
INSERT INTO `catalog_category_product` (`entity_id`, `category_id`, `product_id`, `position`) VALUES (1888,2,982,-348);
INSERT INTO `catalog_category_product` (`entity_id`, `category_id`, `product_id`, `position`) VALUES (1891,2,983,-349);
INSERT INTO `catalog_category_product` (`entity_id`, `category_id`, `product_id`, `position`) VALUES (1894,2,984,-350);
INSERT INTO `catalog_category_product` (`entity_id`, `category_id`, `product_id`, `position`) VALUES (1897,2,985,-351);
INSERT INTO `catalog_category_product` (`entity_id`, `category_id`, `product_id`, `position`) VALUES (1900,2,986,-352);
INSERT INTO `catalog_category_product` (`entity_id`, `category_id`, `product_id`, `position`) VALUES (1903,2,987,-353);
INSERT INTO `catalog_category_product` (`entity_id`, `category_id`, `product_id`, `position`) VALUES (1906,2,988,-354);
INSERT INTO `catalog_category_product` (`entity_id`, `category_id`, `product_id`, `position`) VALUES (1909,2,989,-355);
INSERT INTO `catalog_category_product` (`entity_id`, `category_id`, `product_id`, `position`) VALUES (1912,2,990,-356);
INSERT INTO `catalog_category_product` (`entity_id`, `category_id`, `product_id`, `position`) VALUES (1915,2,991,-357);
INSERT INTO `catalog_category_product` (`entity_id`, `category_id`, `product_id`, `position`) VALUES (1918,2,992,-358);
INSERT INTO `catalog_category_product` (`entity_id`, `category_id`, `product_id`, `position`) VALUES (1921,2,993,-359);
INSERT INTO `catalog_category_product` (`entity_id`, `category_id`, `product_id`, `position`) VALUES (1924,2,994,-360);
INSERT INTO `catalog_category_product` (`entity_id`, `category_id`, `product_id`, `position`) VALUES (1927,2,995,-361);
INSERT INTO `catalog_category_product` (`entity_id`, `category_id`, `product_id`, `position`) VALUES (1930,2,996,-362);
INSERT INTO `catalog_category_product` (`entity_id`, `category_id`, `product_id`, `position`) VALUES (1933,2,997,-363);
INSERT INTO `catalog_category_product` (`entity_id`, `category_id`, `product_id`, `position`) VALUES (1936,2,998,-364);
INSERT INTO `catalog_category_product` (`entity_id`, `category_id`, `product_id`, `position`) VALUES (1939,2,999,-365);
INSERT INTO `catalog_category_product` (`entity_id`, `category_id`, `product_id`, `position`) VALUES (1942,2,1000,-366);
INSERT INTO `catalog_category_product` (`entity_id`, `category_id`, `product_id`, `position`) VALUES (1945,2,1001,-367);
INSERT INTO `catalog_category_product` (`entity_id`, `category_id`, `product_id`, `position`) VALUES (1948,2,1002,-368);
INSERT INTO `catalog_category_product` (`entity_id`, `category_id`, `product_id`, `position`) VALUES (1964,2,1016,-369);
INSERT INTO `catalog_category_product` (`entity_id`, `category_id`, `product_id`, `position`) VALUES (1967,2,1017,-370);
INSERT INTO `catalog_category_product` (`entity_id`, `category_id`, `product_id`, `position`) VALUES (1970,2,1018,-371);
INSERT INTO `catalog_category_product` (`entity_id`, `category_id`, `product_id`, `position`) VALUES (1973,2,1019,-372);
INSERT INTO `catalog_category_product` (`entity_id`, `category_id`, `product_id`, `position`) VALUES (1976,2,1020,-373);
INSERT INTO `catalog_category_product` (`entity_id`, `category_id`, `product_id`, `position`) VALUES (1979,2,1021,-374);
INSERT INTO `catalog_category_product` (`entity_id`, `category_id`, `product_id`, `position`) VALUES (1982,2,1022,-375);
INSERT INTO `catalog_category_product` (`entity_id`, `category_id`, `product_id`, `position`) VALUES (1985,2,1023,-376);
INSERT INTO `catalog_category_product` (`entity_id`, `category_id`, `product_id`, `position`) VALUES (1988,2,1024,-377);
INSERT INTO `catalog_category_product` (`entity_id`, `category_id`, `product_id`, `position`) VALUES (1991,2,1025,-378);
INSERT INTO `catalog_category_product` (`entity_id`, `category_id`, `product_id`, `position`) VALUES (1994,2,1026,-379);
INSERT INTO `catalog_category_product` (`entity_id`, `category_id`, `product_id`, `position`) VALUES (1997,2,1027,-380);
INSERT INTO `catalog_category_product` (`entity_id`, `category_id`, `product_id`, `position`) VALUES (2000,2,1028,-381);
INSERT INTO `catalog_category_product` (`entity_id`, `category_id`, `product_id`, `position`) VALUES (2004,2,1029,-382);
INSERT INTO `catalog_category_product` (`entity_id`, `category_id`, `product_id`, `position`) VALUES (2008,2,1030,-383);
INSERT INTO `catalog_category_product` (`entity_id`, `category_id`, `product_id`, `position`) VALUES (2012,2,1031,-384);
INSERT INTO `catalog_category_product` (`entity_id`, `category_id`, `product_id`, `position`) VALUES (2016,2,1032,-385);
INSERT INTO `catalog_category_product` (`entity_id`, `category_id`, `product_id`, `position`) VALUES (2020,2,1033,-386);
INSERT INTO `catalog_category_product` (`entity_id`, `category_id`, `product_id`, `position`) VALUES (2024,2,1034,-387);
INSERT INTO `catalog_category_product` (`entity_id`, `category_id`, `product_id`, `position`) VALUES (2028,2,1035,-388);
INSERT INTO `catalog_category_product` (`entity_id`, `category_id`, `product_id`, `position`) VALUES (2032,2,1036,-389);
INSERT INTO `catalog_category_product` (`entity_id`, `category_id`, `product_id`, `position`) VALUES (2036,2,1037,-390);
INSERT INTO `catalog_category_product` (`entity_id`, `category_id`, `product_id`, `position`) VALUES (2040,2,1038,-391);
INSERT INTO `catalog_category_product` (`entity_id`, `category_id`, `product_id`, `position`) VALUES (2044,2,1039,-392);
INSERT INTO `catalog_category_product` (`entity_id`, `category_id`, `product_id`, `position`) VALUES (2048,2,1040,-393);
INSERT INTO `catalog_category_product` (`entity_id`, `category_id`, `product_id`, `position`) VALUES (2052,2,1041,-394);
INSERT INTO `catalog_category_product` (`entity_id`, `category_id`, `product_id`, `position`) VALUES (2056,2,1042,-395);
INSERT INTO `catalog_category_product` (`entity_id`, `category_id`, `product_id`, `position`) VALUES (2060,2,1043,-396);
INSERT INTO `catalog_category_product` (`entity_id`, `category_id`, `product_id`, `position`) VALUES (2064,2,1044,-397);
INSERT INTO `catalog_category_product` (`entity_id`, `category_id`, `product_id`, `position`) VALUES (2067,2,1045,-398);
INSERT INTO `catalog_category_product` (`entity_id`, `category_id`, `product_id`, `position`) VALUES (2070,2,1046,-399);
INSERT INTO `catalog_category_product` (`entity_id`, `category_id`, `product_id`, `position`) VALUES (2073,2,1047,-400);
INSERT INTO `catalog_category_product` (`entity_id`, `category_id`, `product_id`, `position`) VALUES (2076,2,1048,-401);
INSERT INTO `catalog_category_product` (`entity_id`, `category_id`, `product_id`, `position`) VALUES (2079,2,1049,-402);
INSERT INTO `catalog_category_product` (`entity_id`, `category_id`, `product_id`, `position`) VALUES (2082,2,1050,-403);
INSERT INTO `catalog_category_product` (`entity_id`, `category_id`, `product_id`, `position`) VALUES (2085,2,1051,-404);
INSERT INTO `catalog_category_product` (`entity_id`, `category_id`, `product_id`, `position`) VALUES (2088,2,1052,-405);
INSERT INTO `catalog_category_product` (`entity_id`, `category_id`, `product_id`, `position`) VALUES (2091,2,1053,-406);
INSERT INTO `catalog_category_product` (`entity_id`, `category_id`, `product_id`, `position`) VALUES (2094,2,1054,-407);
INSERT INTO `catalog_category_product` (`entity_id`, `category_id`, `product_id`, `position`) VALUES (2097,2,1055,-408);
INSERT INTO `catalog_category_product` (`entity_id`, `category_id`, `product_id`, `position`) VALUES (2100,2,1056,-409);
INSERT INTO `catalog_category_product` (`entity_id`, `category_id`, `product_id`, `position`) VALUES (2103,2,1057,-410);
INSERT INTO `catalog_category_product` (`entity_id`, `category_id`, `product_id`, `position`) VALUES (2106,2,1058,-411);
INSERT INTO `catalog_category_product` (`entity_id`, `category_id`, `product_id`, `position`) VALUES (2109,2,1059,-412);
INSERT INTO `catalog_category_product` (`entity_id`, `category_id`, `product_id`, `position`) VALUES (2112,2,1060,-413);
INSERT INTO `catalog_category_product` (`entity_id`, `category_id`, `product_id`, `position`) VALUES (2170,2,1115,-414);
INSERT INTO `catalog_category_product` (`entity_id`, `category_id`, `product_id`, `position`) VALUES (2174,2,1116,-415);
INSERT INTO `catalog_category_product` (`entity_id`, `category_id`, `product_id`, `position`) VALUES (2178,2,1117,-416);
INSERT INTO `catalog_category_product` (`entity_id`, `category_id`, `product_id`, `position`) VALUES (2182,2,1118,-417);
INSERT INTO `catalog_category_product` (`entity_id`, `category_id`, `product_id`, `position`) VALUES (2186,2,1119,-418);
INSERT INTO `catalog_category_product` (`entity_id`, `category_id`, `product_id`, `position`) VALUES (2190,2,1120,-419);
INSERT INTO `catalog_category_product` (`entity_id`, `category_id`, `product_id`, `position`) VALUES (2194,2,1121,-420);
INSERT INTO `catalog_category_product` (`entity_id`, `category_id`, `product_id`, `position`) VALUES (2198,2,1122,-421);
INSERT INTO `catalog_category_product` (`entity_id`, `category_id`, `product_id`, `position`) VALUES (2202,2,1123,-422);
INSERT INTO `catalog_category_product` (`entity_id`, `category_id`, `product_id`, `position`) VALUES (2206,2,1124,-423);
INSERT INTO `catalog_category_product` (`entity_id`, `category_id`, `product_id`, `position`) VALUES (2210,2,1125,-424);
INSERT INTO `catalog_category_product` (`entity_id`, `category_id`, `product_id`, `position`) VALUES (2214,2,1126,-425);
INSERT INTO `catalog_category_product` (`entity_id`, `category_id`, `product_id`, `position`) VALUES (2218,2,1127,-426);
INSERT INTO `catalog_category_product` (`entity_id`, `category_id`, `product_id`, `position`) VALUES (2222,2,1128,-427);
INSERT INTO `catalog_category_product` (`entity_id`, `category_id`, `product_id`, `position`) VALUES (2226,2,1129,-428);
INSERT INTO `catalog_category_product` (`entity_id`, `category_id`, `product_id`, `position`) VALUES (2230,2,1130,-429);
INSERT INTO `catalog_category_product` (`entity_id`, `category_id`, `product_id`, `position`) VALUES (2234,2,1131,-430);
INSERT INTO `catalog_category_product` (`entity_id`, `category_id`, `product_id`, `position`) VALUES (2238,2,1132,-431);
INSERT INTO `catalog_category_product` (`entity_id`, `category_id`, `product_id`, `position`) VALUES (2242,2,1133,-432);
INSERT INTO `catalog_category_product` (`entity_id`, `category_id`, `product_id`, `position`) VALUES (2246,2,1134,-433);
INSERT INTO `catalog_category_product` (`entity_id`, `category_id`, `product_id`, `position`) VALUES (2250,2,1135,-434);
INSERT INTO `catalog_category_product` (`entity_id`, `category_id`, `product_id`, `position`) VALUES (2254,2,1136,-435);
INSERT INTO `catalog_category_product` (`entity_id`, `category_id`, `product_id`, `position`) VALUES (2258,2,1137,-436);
INSERT INTO `catalog_category_product` (`entity_id`, `category_id`, `product_id`, `position`) VALUES (2262,2,1138,-437);
INSERT INTO `catalog_category_product` (`entity_id`, `category_id`, `product_id`, `position`) VALUES (2266,2,1139,-438);
INSERT INTO `catalog_category_product` (`entity_id`, `category_id`, `product_id`, `position`) VALUES (2270,2,1140,-439);
INSERT INTO `catalog_category_product` (`entity_id`, `category_id`, `product_id`, `position`) VALUES (2274,2,1141,-440);
INSERT INTO `catalog_category_product` (`entity_id`, `category_id`, `product_id`, `position`) VALUES (2278,2,1142,-441);
INSERT INTO `catalog_category_product` (`entity_id`, `category_id`, `product_id`, `position`) VALUES (2282,2,1143,-442);
INSERT INTO `catalog_category_product` (`entity_id`, `category_id`, `product_id`, `position`) VALUES (2286,2,1144,-443);
INSERT INTO `catalog_category_product` (`entity_id`, `category_id`, `product_id`, `position`) VALUES (2290,2,1145,-444);
INSERT INTO `catalog_category_product` (`entity_id`, `category_id`, `product_id`, `position`) VALUES (2294,2,1146,-445);
INSERT INTO `catalog_category_product` (`entity_id`, `category_id`, `product_id`, `position`) VALUES (2297,2,1147,-446);
INSERT INTO `catalog_category_product` (`entity_id`, `category_id`, `product_id`, `position`) VALUES (2300,2,1148,-447);
INSERT INTO `catalog_category_product` (`entity_id`, `category_id`, `product_id`, `position`) VALUES (2303,2,1149,-448);
INSERT INTO `catalog_category_product` (`entity_id`, `category_id`, `product_id`, `position`) VALUES (2306,2,1150,-449);
INSERT INTO `catalog_category_product` (`entity_id`, `category_id`, `product_id`, `position`) VALUES (2309,2,1151,-450);
INSERT INTO `catalog_category_product` (`entity_id`, `category_id`, `product_id`, `position`) VALUES (2312,2,1152,-451);
INSERT INTO `catalog_category_product` (`entity_id`, `category_id`, `product_id`, `position`) VALUES (2315,2,1153,-452);
INSERT INTO `catalog_category_product` (`entity_id`, `category_id`, `product_id`, `position`) VALUES (2318,2,1154,-453);
INSERT INTO `catalog_category_product` (`entity_id`, `category_id`, `product_id`, `position`) VALUES (2321,2,1155,-454);
INSERT INTO `catalog_category_product` (`entity_id`, `category_id`, `product_id`, `position`) VALUES (2324,2,1156,-455);
INSERT INTO `catalog_category_product` (`entity_id`, `category_id`, `product_id`, `position`) VALUES (2327,2,1157,-456);
INSERT INTO `catalog_category_product` (`entity_id`, `category_id`, `product_id`, `position`) VALUES (2330,2,1158,-457);
INSERT INTO `catalog_category_product` (`entity_id`, `category_id`, `product_id`, `position`) VALUES (2333,2,1159,-458);
INSERT INTO `catalog_category_product` (`entity_id`, `category_id`, `product_id`, `position`) VALUES (2336,2,1160,-459);
INSERT INTO `catalog_category_product` (`entity_id`, `category_id`, `product_id`, `position`) VALUES (2339,2,1161,-460);
INSERT INTO `catalog_category_product` (`entity_id`, `category_id`, `product_id`, `position`) VALUES (2342,2,1162,-461);
INSERT INTO `catalog_category_product` (`entity_id`, `category_id`, `product_id`, `position`) VALUES (2345,2,1163,-462);
INSERT INTO `catalog_category_product` (`entity_id`, `category_id`, `product_id`, `position`) VALUES (2348,2,1164,-463);
INSERT INTO `catalog_category_product` (`entity_id`, `category_id`, `product_id`, `position`) VALUES (2351,2,1165,-464);
INSERT INTO `catalog_category_product` (`entity_id`, `category_id`, `product_id`, `position`) VALUES (2354,2,1166,-465);
INSERT INTO `catalog_category_product` (`entity_id`, `category_id`, `product_id`, `position`) VALUES (2357,2,1167,-466);
INSERT INTO `catalog_category_product` (`entity_id`, `category_id`, `product_id`, `position`) VALUES (2360,2,1168,-467);
INSERT INTO `catalog_category_product` (`entity_id`, `category_id`, `product_id`, `position`) VALUES (2363,2,1169,-468);
INSERT INTO `catalog_category_product` (`entity_id`, `category_id`, `product_id`, `position`) VALUES (2366,2,1170,-469);
INSERT INTO `catalog_category_product` (`entity_id`, `category_id`, `product_id`, `position`) VALUES (2369,2,1171,-470);
INSERT INTO `catalog_category_product` (`entity_id`, `category_id`, `product_id`, `position`) VALUES (2372,2,1172,-471);
INSERT INTO `catalog_category_product` (`entity_id`, `category_id`, `product_id`, `position`) VALUES (2375,2,1173,-472);
INSERT INTO `catalog_category_product` (`entity_id`, `category_id`, `product_id`, `position`) VALUES (2378,2,1174,-473);
INSERT INTO `catalog_category_product` (`entity_id`, `category_id`, `product_id`, `position`) VALUES (2381,2,1175,-474);
INSERT INTO `catalog_category_product` (`entity_id`, `category_id`, `product_id`, `position`) VALUES (2384,2,1176,-475);
INSERT INTO `catalog_category_product` (`entity_id`, `category_id`, `product_id`, `position`) VALUES (2387,2,1177,-476);
INSERT INTO `catalog_category_product` (`entity_id`, `category_id`, `product_id`, `position`) VALUES (2390,2,1178,-477);
INSERT INTO `catalog_category_product` (`entity_id`, `category_id`, `product_id`, `position`) VALUES (2393,2,1179,-478);
INSERT INTO `catalog_category_product` (`entity_id`, `category_id`, `product_id`, `position`) VALUES (2396,2,1180,-479);
INSERT INTO `catalog_category_product` (`entity_id`, `category_id`, `product_id`, `position`) VALUES (2399,2,1181,-480);
INSERT INTO `catalog_category_product` (`entity_id`, `category_id`, `product_id`, `position`) VALUES (2402,2,1182,-481);
INSERT INTO `catalog_category_product` (`entity_id`, `category_id`, `product_id`, `position`) VALUES (2405,2,1183,-482);
INSERT INTO `catalog_category_product` (`entity_id`, `category_id`, `product_id`, `position`) VALUES (2408,2,1184,-483);
INSERT INTO `catalog_category_product` (`entity_id`, `category_id`, `product_id`, `position`) VALUES (2411,2,1185,-484);
INSERT INTO `catalog_category_product` (`entity_id`, `category_id`, `product_id`, `position`) VALUES (2414,2,1186,-485);
INSERT INTO `catalog_category_product` (`entity_id`, `category_id`, `product_id`, `position`) VALUES (2417,2,1187,-486);
INSERT INTO `catalog_category_product` (`entity_id`, `category_id`, `product_id`, `position`) VALUES (2420,2,1188,-487);
INSERT INTO `catalog_category_product` (`entity_id`, `category_id`, `product_id`, `position`) VALUES (2423,2,1189,-488);
INSERT INTO `catalog_category_product` (`entity_id`, `category_id`, `product_id`, `position`) VALUES (2426,2,1190,-489);
INSERT INTO `catalog_category_product` (`entity_id`, `category_id`, `product_id`, `position`) VALUES (2429,2,1191,-490);
INSERT INTO `catalog_category_product` (`entity_id`, `category_id`, `product_id`, `position`) VALUES (2432,2,1192,-491);
INSERT INTO `catalog_category_product` (`entity_id`, `category_id`, `product_id`, `position`) VALUES (2435,2,1193,-492);
INSERT INTO `catalog_category_product` (`entity_id`, `category_id`, `product_id`, `position`) VALUES (2438,2,1194,-493);
INSERT INTO `catalog_category_product` (`entity_id`, `category_id`, `product_id`, `position`) VALUES (2441,2,1195,-494);
INSERT INTO `catalog_category_product` (`entity_id`, `category_id`, `product_id`, `position`) VALUES (2444,2,1196,-495);
INSERT INTO `catalog_category_product` (`entity_id`, `category_id`, `product_id`, `position`) VALUES (2447,2,1197,-496);
INSERT INTO `catalog_category_product` (`entity_id`, `category_id`, `product_id`, `position`) VALUES (2450,2,1198,-497);
INSERT INTO `catalog_category_product` (`entity_id`, `category_id`, `product_id`, `position`) VALUES (2453,2,1199,-498);
INSERT INTO `catalog_category_product` (`entity_id`, `category_id`, `product_id`, `position`) VALUES (2456,2,1200,-499);
INSERT INTO `catalog_category_product` (`entity_id`, `category_id`, `product_id`, `position`) VALUES (2459,2,1201,-500);
INSERT INTO `catalog_category_product` (`entity_id`, `category_id`, `product_id`, `position`) VALUES (2462,2,1202,-501);
INSERT INTO `catalog_category_product` (`entity_id`, `category_id`, `product_id`, `position`) VALUES (2465,2,1203,-502);
INSERT INTO `catalog_category_product` (`entity_id`, `category_id`, `product_id`, `position`) VALUES (2468,2,1204,-503);
INSERT INTO `catalog_category_product` (`entity_id`, `category_id`, `product_id`, `position`) VALUES (2471,2,1205,-504);
INSERT INTO `catalog_category_product` (`entity_id`, `category_id`, `product_id`, `position`) VALUES (2474,2,1206,-505);
INSERT INTO `catalog_category_product` (`entity_id`, `category_id`, `product_id`, `position`) VALUES (2477,2,1207,-506);
INSERT INTO `catalog_category_product` (`entity_id`, `category_id`, `product_id`, `position`) VALUES (2480,2,1208,-507);
INSERT INTO `catalog_category_product` (`entity_id`, `category_id`, `product_id`, `position`) VALUES (2483,2,1209,-508);
INSERT INTO `catalog_category_product` (`entity_id`, `category_id`, `product_id`, `position`) VALUES (2486,2,1210,-509);
INSERT INTO `catalog_category_product` (`entity_id`, `category_id`, `product_id`, `position`) VALUES (2490,2,1211,-510);
INSERT INTO `catalog_category_product` (`entity_id`, `category_id`, `product_id`, `position`) VALUES (2494,2,1212,-511);
INSERT INTO `catalog_category_product` (`entity_id`, `category_id`, `product_id`, `position`) VALUES (2498,2,1213,-512);
INSERT INTO `catalog_category_product` (`entity_id`, `category_id`, `product_id`, `position`) VALUES (2502,2,1214,-513);
INSERT INTO `catalog_category_product` (`entity_id`, `category_id`, `product_id`, `position`) VALUES (2506,2,1215,-514);
INSERT INTO `catalog_category_product` (`entity_id`, `category_id`, `product_id`, `position`) VALUES (2510,2,1216,-515);
INSERT INTO `catalog_category_product` (`entity_id`, `category_id`, `product_id`, `position`) VALUES (2514,2,1217,-516);
INSERT INTO `catalog_category_product` (`entity_id`, `category_id`, `product_id`, `position`) VALUES (2518,2,1218,-517);
INSERT INTO `catalog_category_product` (`entity_id`, `category_id`, `product_id`, `position`) VALUES (2522,2,1219,-518);
INSERT INTO `catalog_category_product` (`entity_id`, `category_id`, `product_id`, `position`) VALUES (2526,2,1220,-519);
INSERT INTO `catalog_category_product` (`entity_id`, `category_id`, `product_id`, `position`) VALUES (2529,2,1221,-520);
INSERT INTO `catalog_category_product` (`entity_id`, `category_id`, `product_id`, `position`) VALUES (2532,2,1222,-521);
INSERT INTO `catalog_category_product` (`entity_id`, `category_id`, `product_id`, `position`) VALUES (2535,2,1223,-522);
INSERT INTO `catalog_category_product` (`entity_id`, `category_id`, `product_id`, `position`) VALUES (2538,2,1224,-523);
INSERT INTO `catalog_category_product` (`entity_id`, `category_id`, `product_id`, `position`) VALUES (2541,2,1225,-524);
INSERT INTO `catalog_category_product` (`entity_id`, `category_id`, `product_id`, `position`) VALUES (2544,2,1226,-525);
INSERT INTO `catalog_category_product` (`entity_id`, `category_id`, `product_id`, `position`) VALUES (2547,2,1227,-526);
INSERT INTO `catalog_category_product` (`entity_id`, `category_id`, `product_id`, `position`) VALUES (2550,2,1228,-527);
INSERT INTO `catalog_category_product` (`entity_id`, `category_id`, `product_id`, `position`) VALUES (2553,2,1229,-528);
INSERT INTO `catalog_category_product` (`entity_id`, `category_id`, `product_id`, `position`) VALUES (2556,2,1230,-529);
INSERT INTO `catalog_category_product` (`entity_id`, `category_id`, `product_id`, `position`) VALUES (2559,2,1231,-530);
INSERT INTO `catalog_category_product` (`entity_id`, `category_id`, `product_id`, `position`) VALUES (2562,2,1232,-531);
INSERT INTO `catalog_category_product` (`entity_id`, `category_id`, `product_id`, `position`) VALUES (2565,2,1233,-532);
INSERT INTO `catalog_category_product` (`entity_id`, `category_id`, `product_id`, `position`) VALUES (2568,2,1234,-533);
INSERT INTO `catalog_category_product` (`entity_id`, `category_id`, `product_id`, `position`) VALUES (2571,2,1235,-534);
INSERT INTO `catalog_category_product` (`entity_id`, `category_id`, `product_id`, `position`) VALUES (2574,2,1236,-535);
INSERT INTO `catalog_category_product` (`entity_id`, `category_id`, `product_id`, `position`) VALUES (2594,2,1253,-536);
INSERT INTO `catalog_category_product` (`entity_id`, `category_id`, `product_id`, `position`) VALUES (2598,2,1254,-537);
INSERT INTO `catalog_category_product` (`entity_id`, `category_id`, `product_id`, `position`) VALUES (2602,2,1255,-538);
INSERT INTO `catalog_category_product` (`entity_id`, `category_id`, `product_id`, `position`) VALUES (2606,2,1256,-539);
INSERT INTO `catalog_category_product` (`entity_id`, `category_id`, `product_id`, `position`) VALUES (2610,2,1257,-540);
INSERT INTO `catalog_category_product` (`entity_id`, `category_id`, `product_id`, `position`) VALUES (2614,2,1258,-541);
INSERT INTO `catalog_category_product` (`entity_id`, `category_id`, `product_id`, `position`) VALUES (2618,2,1259,-542);
INSERT INTO `catalog_category_product` (`entity_id`, `category_id`, `product_id`, `position`) VALUES (2622,2,1260,-543);
INSERT INTO `catalog_category_product` (`entity_id`, `category_id`, `product_id`, `position`) VALUES (2626,2,1261,-544);
INSERT INTO `catalog_category_product` (`entity_id`, `category_id`, `product_id`, `position`) VALUES (2630,2,1262,-545);
INSERT INTO `catalog_category_product` (`entity_id`, `category_id`, `product_id`, `position`) VALUES (2634,2,1263,-546);
INSERT INTO `catalog_category_product` (`entity_id`, `category_id`, `product_id`, `position`) VALUES (2638,2,1264,-547);
INSERT INTO `catalog_category_product` (`entity_id`, `category_id`, `product_id`, `position`) VALUES (2642,2,1265,-548);
INSERT INTO `catalog_category_product` (`entity_id`, `category_id`, `product_id`, `position`) VALUES (2646,2,1266,-549);
INSERT INTO `catalog_category_product` (`entity_id`, `category_id`, `product_id`, `position`) VALUES (2650,2,1267,-550);
INSERT INTO `catalog_category_product` (`entity_id`, `category_id`, `product_id`, `position`) VALUES (2654,2,1268,-551);
INSERT INTO `catalog_category_product` (`entity_id`, `category_id`, `product_id`, `position`) VALUES (2690,2,1301,-552);
INSERT INTO `catalog_category_product` (`entity_id`, `category_id`, `product_id`, `position`) VALUES (2694,2,1302,-553);
INSERT INTO `catalog_category_product` (`entity_id`, `category_id`, `product_id`, `position`) VALUES (2698,2,1303,-554);
INSERT INTO `catalog_category_product` (`entity_id`, `category_id`, `product_id`, `position`) VALUES (2702,2,1304,-555);
INSERT INTO `catalog_category_product` (`entity_id`, `category_id`, `product_id`, `position`) VALUES (2706,2,1305,-556);
INSERT INTO `catalog_category_product` (`entity_id`, `category_id`, `product_id`, `position`) VALUES (2710,2,1306,-557);
INSERT INTO `catalog_category_product` (`entity_id`, `category_id`, `product_id`, `position`) VALUES (2714,2,1307,-558);
INSERT INTO `catalog_category_product` (`entity_id`, `category_id`, `product_id`, `position`) VALUES (2718,2,1308,-559);
INSERT INTO `catalog_category_product` (`entity_id`, `category_id`, `product_id`, `position`) VALUES (2722,2,1309,-560);
INSERT INTO `catalog_category_product` (`entity_id`, `category_id`, `product_id`, `position`) VALUES (2726,2,1310,-561);
INSERT INTO `catalog_category_product` (`entity_id`, `category_id`, `product_id`, `position`) VALUES (2730,2,1311,-562);
INSERT INTO `catalog_category_product` (`entity_id`, `category_id`, `product_id`, `position`) VALUES (2734,2,1312,-563);
INSERT INTO `catalog_category_product` (`entity_id`, `category_id`, `product_id`, `position`) VALUES (2738,2,1313,-564);
INSERT INTO `catalog_category_product` (`entity_id`, `category_id`, `product_id`, `position`) VALUES (2742,2,1314,-565);
INSERT INTO `catalog_category_product` (`entity_id`, `category_id`, `product_id`, `position`) VALUES (2746,2,1315,-566);
INSERT INTO `catalog_category_product` (`entity_id`, `category_id`, `product_id`, `position`) VALUES (2750,2,1316,-567);
INSERT INTO `catalog_category_product` (`entity_id`, `category_id`, `product_id`, `position`) VALUES (2753,2,1317,-568);
INSERT INTO `catalog_category_product` (`entity_id`, `category_id`, `product_id`, `position`) VALUES (2756,2,1318,-569);
INSERT INTO `catalog_category_product` (`entity_id`, `category_id`, `product_id`, `position`) VALUES (2759,2,1319,-570);
INSERT INTO `catalog_category_product` (`entity_id`, `category_id`, `product_id`, `position`) VALUES (2762,2,1320,-571);
INSERT INTO `catalog_category_product` (`entity_id`, `category_id`, `product_id`, `position`) VALUES (2765,2,1321,-572);
INSERT INTO `catalog_category_product` (`entity_id`, `category_id`, `product_id`, `position`) VALUES (2768,2,1322,-573);
INSERT INTO `catalog_category_product` (`entity_id`, `category_id`, `product_id`, `position`) VALUES (2771,2,1323,-574);
INSERT INTO `catalog_category_product` (`entity_id`, `category_id`, `product_id`, `position`) VALUES (2774,2,1324,-575);
INSERT INTO `catalog_category_product` (`entity_id`, `category_id`, `product_id`, `position`) VALUES (2777,2,1325,-576);
INSERT INTO `catalog_category_product` (`entity_id`, `category_id`, `product_id`, `position`) VALUES (2780,2,1326,-577);
INSERT INTO `catalog_category_product` (`entity_id`, `category_id`, `product_id`, `position`) VALUES (2783,2,1327,-578);
INSERT INTO `catalog_category_product` (`entity_id`, `category_id`, `product_id`, `position`) VALUES (2786,2,1328,-579);
INSERT INTO `catalog_category_product` (`entity_id`, `category_id`, `product_id`, `position`) VALUES (2789,2,1329,-580);
INSERT INTO `catalog_category_product` (`entity_id`, `category_id`, `product_id`, `position`) VALUES (2792,2,1330,-581);
INSERT INTO `catalog_category_product` (`entity_id`, `category_id`, `product_id`, `position`) VALUES (2795,2,1331,-582);
INSERT INTO `catalog_category_product` (`entity_id`, `category_id`, `product_id`, `position`) VALUES (2798,2,1332,-583);
INSERT INTO `catalog_category_product` (`entity_id`, `category_id`, `product_id`, `position`) VALUES (2802,2,1333,-584);
INSERT INTO `catalog_category_product` (`entity_id`, `category_id`, `product_id`, `position`) VALUES (2806,2,1334,-585);
INSERT INTO `catalog_category_product` (`entity_id`, `category_id`, `product_id`, `position`) VALUES (2810,2,1335,-586);
INSERT INTO `catalog_category_product` (`entity_id`, `category_id`, `product_id`, `position`) VALUES (2814,2,1336,-587);
INSERT INTO `catalog_category_product` (`entity_id`, `category_id`, `product_id`, `position`) VALUES (2818,2,1337,-588);
INSERT INTO `catalog_category_product` (`entity_id`, `category_id`, `product_id`, `position`) VALUES (2822,2,1338,-589);
INSERT INTO `catalog_category_product` (`entity_id`, `category_id`, `product_id`, `position`) VALUES (2826,2,1339,-590);
INSERT INTO `catalog_category_product` (`entity_id`, `category_id`, `product_id`, `position`) VALUES (2830,2,1340,-591);
INSERT INTO `catalog_category_product` (`entity_id`, `category_id`, `product_id`, `position`) VALUES (2834,2,1341,-592);
INSERT INTO `catalog_category_product` (`entity_id`, `category_id`, `product_id`, `position`) VALUES (2838,2,1342,-593);
INSERT INTO `catalog_category_product` (`entity_id`, `category_id`, `product_id`, `position`) VALUES (2842,2,1343,-594);
INSERT INTO `catalog_category_product` (`entity_id`, `category_id`, `product_id`, `position`) VALUES (2846,2,1344,-595);
INSERT INTO `catalog_category_product` (`entity_id`, `category_id`, `product_id`, `position`) VALUES (2850,2,1345,-596);
INSERT INTO `catalog_category_product` (`entity_id`, `category_id`, `product_id`, `position`) VALUES (2854,2,1346,-597);
INSERT INTO `catalog_category_product` (`entity_id`, `category_id`, `product_id`, `position`) VALUES (2858,2,1347,-598);
INSERT INTO `catalog_category_product` (`entity_id`, `category_id`, `product_id`, `position`) VALUES (2862,2,1348,-599);
INSERT INTO `catalog_category_product` (`entity_id`, `category_id`, `product_id`, `position`) VALUES (2865,2,1349,-600);
INSERT INTO `catalog_category_product` (`entity_id`, `category_id`, `product_id`, `position`) VALUES (2868,2,1350,-601);
INSERT INTO `catalog_category_product` (`entity_id`, `category_id`, `product_id`, `position`) VALUES (2871,2,1351,-602);
INSERT INTO `catalog_category_product` (`entity_id`, `category_id`, `product_id`, `position`) VALUES (2874,2,1352,-603);
INSERT INTO `catalog_category_product` (`entity_id`, `category_id`, `product_id`, `position`) VALUES (2877,2,1353,-604);
INSERT INTO `catalog_category_product` (`entity_id`, `category_id`, `product_id`, `position`) VALUES (2880,2,1354,-605);
INSERT INTO `catalog_category_product` (`entity_id`, `category_id`, `product_id`, `position`) VALUES (2883,2,1355,-606);
INSERT INTO `catalog_category_product` (`entity_id`, `category_id`, `product_id`, `position`) VALUES (2886,2,1356,-607);
INSERT INTO `catalog_category_product` (`entity_id`, `category_id`, `product_id`, `position`) VALUES (2889,2,1357,-608);
INSERT INTO `catalog_category_product` (`entity_id`, `category_id`, `product_id`, `position`) VALUES (2892,2,1358,-609);
INSERT INTO `catalog_category_product` (`entity_id`, `category_id`, `product_id`, `position`) VALUES (2895,2,1359,-610);
INSERT INTO `catalog_category_product` (`entity_id`, `category_id`, `product_id`, `position`) VALUES (2898,2,1360,-611);
INSERT INTO `catalog_category_product` (`entity_id`, `category_id`, `product_id`, `position`) VALUES (2901,2,1361,-612);
INSERT INTO `catalog_category_product` (`entity_id`, `category_id`, `product_id`, `position`) VALUES (2904,2,1362,-613);
INSERT INTO `catalog_category_product` (`entity_id`, `category_id`, `product_id`, `position`) VALUES (2907,2,1363,-614);
INSERT INTO `catalog_category_product` (`entity_id`, `category_id`, `product_id`, `position`) VALUES (2910,2,1364,-615);
INSERT INTO `catalog_category_product` (`entity_id`, `category_id`, `product_id`, `position`) VALUES (2914,2,1365,-616);
INSERT INTO `catalog_category_product` (`entity_id`, `category_id`, `product_id`, `position`) VALUES (2918,2,1366,-617);
INSERT INTO `catalog_category_product` (`entity_id`, `category_id`, `product_id`, `position`) VALUES (2922,2,1367,-618);
INSERT INTO `catalog_category_product` (`entity_id`, `category_id`, `product_id`, `position`) VALUES (2926,2,1368,-619);
INSERT INTO `catalog_category_product` (`entity_id`, `category_id`, `product_id`, `position`) VALUES (2930,2,1369,-620);
INSERT INTO `catalog_category_product` (`entity_id`, `category_id`, `product_id`, `position`) VALUES (2934,2,1370,-621);
INSERT INTO `catalog_category_product` (`entity_id`, `category_id`, `product_id`, `position`) VALUES (2938,2,1371,-622);
INSERT INTO `catalog_category_product` (`entity_id`, `category_id`, `product_id`, `position`) VALUES (2942,2,1372,-623);
INSERT INTO `catalog_category_product` (`entity_id`, `category_id`, `product_id`, `position`) VALUES (2946,2,1373,-624);
INSERT INTO `catalog_category_product` (`entity_id`, `category_id`, `product_id`, `position`) VALUES (2950,2,1374,-625);
INSERT INTO `catalog_category_product` (`entity_id`, `category_id`, `product_id`, `position`) VALUES (2954,2,1375,-626);
INSERT INTO `catalog_category_product` (`entity_id`, `category_id`, `product_id`, `position`) VALUES (2958,2,1376,-627);
INSERT INTO `catalog_category_product` (`entity_id`, `category_id`, `product_id`, `position`) VALUES (2962,2,1377,-628);
INSERT INTO `catalog_category_product` (`entity_id`, `category_id`, `product_id`, `position`) VALUES (2966,2,1378,-629);
INSERT INTO `catalog_category_product` (`entity_id`, `category_id`, `product_id`, `position`) VALUES (2970,2,1379,-630);
INSERT INTO `catalog_category_product` (`entity_id`, `category_id`, `product_id`, `position`) VALUES (2974,2,1380,-631);
INSERT INTO `catalog_category_product` (`entity_id`, `category_id`, `product_id`, `position`) VALUES (2978,2,1381,-632);
INSERT INTO `catalog_category_product` (`entity_id`, `category_id`, `product_id`, `position`) VALUES (2982,2,1382,-633);
INSERT INTO `catalog_category_product` (`entity_id`, `category_id`, `product_id`, `position`) VALUES (2986,2,1383,-634);
INSERT INTO `catalog_category_product` (`entity_id`, `category_id`, `product_id`, `position`) VALUES (2990,2,1384,-635);
INSERT INTO `catalog_category_product` (`entity_id`, `category_id`, `product_id`, `position`) VALUES (2994,2,1385,-636);
INSERT INTO `catalog_category_product` (`entity_id`, `category_id`, `product_id`, `position`) VALUES (2998,2,1386,-637);
INSERT INTO `catalog_category_product` (`entity_id`, `category_id`, `product_id`, `position`) VALUES (3002,2,1387,-638);
INSERT INTO `catalog_category_product` (`entity_id`, `category_id`, `product_id`, `position`) VALUES (3006,2,1388,-639);
INSERT INTO `catalog_category_product` (`entity_id`, `category_id`, `product_id`, `position`) VALUES (3010,2,1389,-640);
INSERT INTO `catalog_category_product` (`entity_id`, `category_id`, `product_id`, `position`) VALUES (3014,2,1390,-641);
INSERT INTO `catalog_category_product` (`entity_id`, `category_id`, `product_id`, `position`) VALUES (3018,2,1391,-642);
INSERT INTO `catalog_category_product` (`entity_id`, `category_id`, `product_id`, `position`) VALUES (3022,2,1392,-643);
INSERT INTO `catalog_category_product` (`entity_id`, `category_id`, `product_id`, `position`) VALUES (3026,2,1393,-644);
INSERT INTO `catalog_category_product` (`entity_id`, `category_id`, `product_id`, `position`) VALUES (3030,2,1394,-645);
INSERT INTO `catalog_category_product` (`entity_id`, `category_id`, `product_id`, `position`) VALUES (3034,2,1395,-646);
INSERT INTO `catalog_category_product` (`entity_id`, `category_id`, `product_id`, `position`) VALUES (3038,2,1396,-647);
INSERT INTO `catalog_category_product` (`entity_id`, `category_id`, `product_id`, `position`) VALUES (3042,2,1397,-648);
INSERT INTO `catalog_category_product` (`entity_id`, `category_id`, `product_id`, `position`) VALUES (3046,2,1398,-649);
INSERT INTO `catalog_category_product` (`entity_id`, `category_id`, `product_id`, `position`) VALUES (3050,2,1399,-650);
INSERT INTO `catalog_category_product` (`entity_id`, `category_id`, `product_id`, `position`) VALUES (3054,2,1400,-651);
INSERT INTO `catalog_category_product` (`entity_id`, `category_id`, `product_id`, `position`) VALUES (3058,2,1401,-652);
INSERT INTO `catalog_category_product` (`entity_id`, `category_id`, `product_id`, `position`) VALUES (3062,2,1402,-653);
INSERT INTO `catalog_category_product` (`entity_id`, `category_id`, `product_id`, `position`) VALUES (3066,2,1403,-654);
INSERT INTO `catalog_category_product` (`entity_id`, `category_id`, `product_id`, `position`) VALUES (3070,2,1404,-655);
INSERT INTO `catalog_category_product` (`entity_id`, `category_id`, `product_id`, `position`) VALUES (3074,2,1405,-656);
INSERT INTO `catalog_category_product` (`entity_id`, `category_id`, `product_id`, `position`) VALUES (3078,2,1406,-657);
INSERT INTO `catalog_category_product` (`entity_id`, `category_id`, `product_id`, `position`) VALUES (3082,2,1407,-658);
INSERT INTO `catalog_category_product` (`entity_id`, `category_id`, `product_id`, `position`) VALUES (3086,2,1408,-659);
INSERT INTO `catalog_category_product` (`entity_id`, `category_id`, `product_id`, `position`) VALUES (3090,2,1409,-660);
INSERT INTO `catalog_category_product` (`entity_id`, `category_id`, `product_id`, `position`) VALUES (3094,2,1410,-661);
INSERT INTO `catalog_category_product` (`entity_id`, `category_id`, `product_id`, `position`) VALUES (3098,2,1411,-662);
INSERT INTO `catalog_category_product` (`entity_id`, `category_id`, `product_id`, `position`) VALUES (3102,2,1412,-663);
INSERT INTO `catalog_category_product` (`entity_id`, `category_id`, `product_id`, `position`) VALUES (3106,2,1413,-664);
INSERT INTO `catalog_category_product` (`entity_id`, `category_id`, `product_id`, `position`) VALUES (3110,2,1414,-665);
INSERT INTO `catalog_category_product` (`entity_id`, `category_id`, `product_id`, `position`) VALUES (3114,2,1415,-666);
INSERT INTO `catalog_category_product` (`entity_id`, `category_id`, `product_id`, `position`) VALUES (3118,2,1416,-667);
INSERT INTO `catalog_category_product` (`entity_id`, `category_id`, `product_id`, `position`) VALUES (3122,2,1417,-668);
INSERT INTO `catalog_category_product` (`entity_id`, `category_id`, `product_id`, `position`) VALUES (3126,2,1418,-669);
INSERT INTO `catalog_category_product` (`entity_id`, `category_id`, `product_id`, `position`) VALUES (3130,2,1419,-670);
INSERT INTO `catalog_category_product` (`entity_id`, `category_id`, `product_id`, `position`) VALUES (3134,2,1420,-671);
INSERT INTO `catalog_category_product` (`entity_id`, `category_id`, `product_id`, `position`) VALUES (3138,2,1421,-672);
INSERT INTO `catalog_category_product` (`entity_id`, `category_id`, `product_id`, `position`) VALUES (3142,2,1422,-673);
INSERT INTO `catalog_category_product` (`entity_id`, `category_id`, `product_id`, `position`) VALUES (3146,2,1423,-674);
INSERT INTO `catalog_category_product` (`entity_id`, `category_id`, `product_id`, `position`) VALUES (3150,2,1424,-675);
INSERT INTO `catalog_category_product` (`entity_id`, `category_id`, `product_id`, `position`) VALUES (3154,2,1425,-676);
INSERT INTO `catalog_category_product` (`entity_id`, `category_id`, `product_id`, `position`) VALUES (3158,2,1426,-677);
INSERT INTO `catalog_category_product` (`entity_id`, `category_id`, `product_id`, `position`) VALUES (3162,2,1427,-678);
INSERT INTO `catalog_category_product` (`entity_id`, `category_id`, `product_id`, `position`) VALUES (3166,2,1428,-679);
INSERT INTO `catalog_category_product` (`entity_id`, `category_id`, `product_id`, `position`) VALUES (3171,2,1429,-680);
INSERT INTO `catalog_category_product` (`entity_id`, `category_id`, `product_id`, `position`) VALUES (3176,2,1430,-681);
INSERT INTO `catalog_category_product` (`entity_id`, `category_id`, `product_id`, `position`) VALUES (3181,2,1431,-682);
INSERT INTO `catalog_category_product` (`entity_id`, `category_id`, `product_id`, `position`) VALUES (3186,2,1432,-683);
INSERT INTO `catalog_category_product` (`entity_id`, `category_id`, `product_id`, `position`) VALUES (3191,2,1433,-684);
INSERT INTO `catalog_category_product` (`entity_id`, `category_id`, `product_id`, `position`) VALUES (3196,2,1434,-685);
INSERT INTO `catalog_category_product` (`entity_id`, `category_id`, `product_id`, `position`) VALUES (3201,2,1435,-686);
INSERT INTO `catalog_category_product` (`entity_id`, `category_id`, `product_id`, `position`) VALUES (3206,2,1436,-687);
INSERT INTO `catalog_category_product` (`entity_id`, `category_id`, `product_id`, `position`) VALUES (3211,2,1437,-688);
INSERT INTO `catalog_category_product` (`entity_id`, `category_id`, `product_id`, `position`) VALUES (3216,2,1438,-689);
INSERT INTO `catalog_category_product` (`entity_id`, `category_id`, `product_id`, `position`) VALUES (3221,2,1439,-690);
INSERT INTO `catalog_category_product` (`entity_id`, `category_id`, `product_id`, `position`) VALUES (3226,2,1440,-691);
INSERT INTO `catalog_category_product` (`entity_id`, `category_id`, `product_id`, `position`) VALUES (3231,2,1441,-692);
INSERT INTO `catalog_category_product` (`entity_id`, `category_id`, `product_id`, `position`) VALUES (3236,2,1442,-693);
INSERT INTO `catalog_category_product` (`entity_id`, `category_id`, `product_id`, `position`) VALUES (3241,2,1443,-694);
INSERT INTO `catalog_category_product` (`entity_id`, `category_id`, `product_id`, `position`) VALUES (3246,2,1444,-695);
INSERT INTO `catalog_category_product` (`entity_id`, `category_id`, `product_id`, `position`) VALUES (3251,2,1445,-696);
INSERT INTO `catalog_category_product` (`entity_id`, `category_id`, `product_id`, `position`) VALUES (3256,2,1446,-697);
INSERT INTO `catalog_category_product` (`entity_id`, `category_id`, `product_id`, `position`) VALUES (3261,2,1447,-698);
INSERT INTO `catalog_category_product` (`entity_id`, `category_id`, `product_id`, `position`) VALUES (3266,2,1448,-699);
INSERT INTO `catalog_category_product` (`entity_id`, `category_id`, `product_id`, `position`) VALUES (3271,2,1449,-700);
INSERT INTO `catalog_category_product` (`entity_id`, `category_id`, `product_id`, `position`) VALUES (3276,2,1450,-701);
INSERT INTO `catalog_category_product` (`entity_id`, `category_id`, `product_id`, `position`) VALUES (3281,2,1451,-702);
INSERT INTO `catalog_category_product` (`entity_id`, `category_id`, `product_id`, `position`) VALUES (3286,2,1452,-703);
INSERT INTO `catalog_category_product` (`entity_id`, `category_id`, `product_id`, `position`) VALUES (3291,2,1453,-704);
INSERT INTO `catalog_category_product` (`entity_id`, `category_id`, `product_id`, `position`) VALUES (3296,2,1454,-705);
INSERT INTO `catalog_category_product` (`entity_id`, `category_id`, `product_id`, `position`) VALUES (3301,2,1455,-706);
INSERT INTO `catalog_category_product` (`entity_id`, `category_id`, `product_id`, `position`) VALUES (3306,2,1456,-707);
INSERT INTO `catalog_category_product` (`entity_id`, `category_id`, `product_id`, `position`) VALUES (3311,2,1457,-708);
INSERT INTO `catalog_category_product` (`entity_id`, `category_id`, `product_id`, `position`) VALUES (3316,2,1458,-709);
INSERT INTO `catalog_category_product` (`entity_id`, `category_id`, `product_id`, `position`) VALUES (3321,2,1459,-710);
INSERT INTO `catalog_category_product` (`entity_id`, `category_id`, `product_id`, `position`) VALUES (3326,2,1460,-711);
INSERT INTO `catalog_category_product` (`entity_id`, `category_id`, `product_id`, `position`) VALUES (3331,2,1461,-712);
INSERT INTO `catalog_category_product` (`entity_id`, `category_id`, `product_id`, `position`) VALUES (3336,2,1462,-713);
INSERT INTO `catalog_category_product` (`entity_id`, `category_id`, `product_id`, `position`) VALUES (3341,2,1463,-714);
INSERT INTO `catalog_category_product` (`entity_id`, `category_id`, `product_id`, `position`) VALUES (3346,2,1464,-715);
INSERT INTO `catalog_category_product` (`entity_id`, `category_id`, `product_id`, `position`) VALUES (3351,2,1465,-716);
INSERT INTO `catalog_category_product` (`entity_id`, `category_id`, `product_id`, `position`) VALUES (3356,2,1466,-717);
INSERT INTO `catalog_category_product` (`entity_id`, `category_id`, `product_id`, `position`) VALUES (3361,2,1467,-718);
INSERT INTO `catalog_category_product` (`entity_id`, `category_id`, `product_id`, `position`) VALUES (3366,2,1468,-719);
INSERT INTO `catalog_category_product` (`entity_id`, `category_id`, `product_id`, `position`) VALUES (3371,2,1469,-720);
INSERT INTO `catalog_category_product` (`entity_id`, `category_id`, `product_id`, `position`) VALUES (3376,2,1470,-721);
INSERT INTO `catalog_category_product` (`entity_id`, `category_id`, `product_id`, `position`) VALUES (3381,2,1471,-722);
INSERT INTO `catalog_category_product` (`entity_id`, `category_id`, `product_id`, `position`) VALUES (3386,2,1472,-723);
INSERT INTO `catalog_category_product` (`entity_id`, `category_id`, `product_id`, `position`) VALUES (3391,2,1473,-724);
INSERT INTO `catalog_category_product` (`entity_id`, `category_id`, `product_id`, `position`) VALUES (3396,2,1474,-725);
INSERT INTO `catalog_category_product` (`entity_id`, `category_id`, `product_id`, `position`) VALUES (3401,2,1475,-726);
INSERT INTO `catalog_category_product` (`entity_id`, `category_id`, `product_id`, `position`) VALUES (3406,2,1476,-727);
INSERT INTO `catalog_category_product` (`entity_id`, `category_id`, `product_id`, `position`) VALUES (3410,2,1477,-728);
INSERT INTO `catalog_category_product` (`entity_id`, `category_id`, `product_id`, `position`) VALUES (3414,2,1478,-729);
INSERT INTO `catalog_category_product` (`entity_id`, `category_id`, `product_id`, `position`) VALUES (3418,2,1479,-730);
INSERT INTO `catalog_category_product` (`entity_id`, `category_id`, `product_id`, `position`) VALUES (3422,2,1480,-731);
INSERT INTO `catalog_category_product` (`entity_id`, `category_id`, `product_id`, `position`) VALUES (3426,2,1481,-732);
INSERT INTO `catalog_category_product` (`entity_id`, `category_id`, `product_id`, `position`) VALUES (3430,2,1482,-733);
INSERT INTO `catalog_category_product` (`entity_id`, `category_id`, `product_id`, `position`) VALUES (3434,2,1483,-734);
INSERT INTO `catalog_category_product` (`entity_id`, `category_id`, `product_id`, `position`) VALUES (3438,2,1484,-735);
INSERT INTO `catalog_category_product` (`entity_id`, `category_id`, `product_id`, `position`) VALUES (3442,2,1485,-736);
INSERT INTO `catalog_category_product` (`entity_id`, `category_id`, `product_id`, `position`) VALUES (3446,2,1486,-737);
INSERT INTO `catalog_category_product` (`entity_id`, `category_id`, `product_id`, `position`) VALUES (3450,2,1487,-738);
INSERT INTO `catalog_category_product` (`entity_id`, `category_id`, `product_id`, `position`) VALUES (3454,2,1488,-739);
INSERT INTO `catalog_category_product` (`entity_id`, `category_id`, `product_id`, `position`) VALUES (3458,2,1489,-740);
INSERT INTO `catalog_category_product` (`entity_id`, `category_id`, `product_id`, `position`) VALUES (3462,2,1490,-741);
INSERT INTO `catalog_category_product` (`entity_id`, `category_id`, `product_id`, `position`) VALUES (3466,2,1491,-742);
INSERT INTO `catalog_category_product` (`entity_id`, `category_id`, `product_id`, `position`) VALUES (3470,2,1492,-743);
INSERT INTO `catalog_category_product` (`entity_id`, `category_id`, `product_id`, `position`) VALUES (3475,2,1493,-744);
INSERT INTO `catalog_category_product` (`entity_id`, `category_id`, `product_id`, `position`) VALUES (3480,2,1494,-745);
INSERT INTO `catalog_category_product` (`entity_id`, `category_id`, `product_id`, `position`) VALUES (3485,2,1495,-746);
INSERT INTO `catalog_category_product` (`entity_id`, `category_id`, `product_id`, `position`) VALUES (3490,2,1496,-747);
INSERT INTO `catalog_category_product` (`entity_id`, `category_id`, `product_id`, `position`) VALUES (3495,2,1497,-748);
INSERT INTO `catalog_category_product` (`entity_id`, `category_id`, `product_id`, `position`) VALUES (3500,2,1498,-749);
INSERT INTO `catalog_category_product` (`entity_id`, `category_id`, `product_id`, `position`) VALUES (3505,2,1499,-750);
INSERT INTO `catalog_category_product` (`entity_id`, `category_id`, `product_id`, `position`) VALUES (3510,2,1500,-751);
INSERT INTO `catalog_category_product` (`entity_id`, `category_id`, `product_id`, `position`) VALUES (3515,2,1501,-752);
INSERT INTO `catalog_category_product` (`entity_id`, `category_id`, `product_id`, `position`) VALUES (3520,2,1502,-753);
INSERT INTO `catalog_category_product` (`entity_id`, `category_id`, `product_id`, `position`) VALUES (3525,2,1503,-754);
INSERT INTO `catalog_category_product` (`entity_id`, `category_id`, `product_id`, `position`) VALUES (3530,2,1504,-755);
INSERT INTO `catalog_category_product` (`entity_id`, `category_id`, `product_id`, `position`) VALUES (3535,2,1505,-756);
INSERT INTO `catalog_category_product` (`entity_id`, `category_id`, `product_id`, `position`) VALUES (3540,2,1506,-757);
INSERT INTO `catalog_category_product` (`entity_id`, `category_id`, `product_id`, `position`) VALUES (3545,2,1507,-758);
INSERT INTO `catalog_category_product` (`entity_id`, `category_id`, `product_id`, `position`) VALUES (3550,2,1508,-759);
INSERT INTO `catalog_category_product` (`entity_id`, `category_id`, `product_id`, `position`) VALUES (3554,2,1509,-760);
INSERT INTO `catalog_category_product` (`entity_id`, `category_id`, `product_id`, `position`) VALUES (3558,2,1510,-761);
INSERT INTO `catalog_category_product` (`entity_id`, `category_id`, `product_id`, `position`) VALUES (3562,2,1511,-762);
INSERT INTO `catalog_category_product` (`entity_id`, `category_id`, `product_id`, `position`) VALUES (3566,2,1512,-763);
INSERT INTO `catalog_category_product` (`entity_id`, `category_id`, `product_id`, `position`) VALUES (3570,2,1513,-764);
INSERT INTO `catalog_category_product` (`entity_id`, `category_id`, `product_id`, `position`) VALUES (3574,2,1514,-765);
INSERT INTO `catalog_category_product` (`entity_id`, `category_id`, `product_id`, `position`) VALUES (3578,2,1515,-766);
INSERT INTO `catalog_category_product` (`entity_id`, `category_id`, `product_id`, `position`) VALUES (3582,2,1516,-767);
INSERT INTO `catalog_category_product` (`entity_id`, `category_id`, `product_id`, `position`) VALUES (3586,2,1517,-768);
INSERT INTO `catalog_category_product` (`entity_id`, `category_id`, `product_id`, `position`) VALUES (3590,2,1518,-769);
INSERT INTO `catalog_category_product` (`entity_id`, `category_id`, `product_id`, `position`) VALUES (3594,2,1519,-770);
INSERT INTO `catalog_category_product` (`entity_id`, `category_id`, `product_id`, `position`) VALUES (3598,2,1520,-771);
INSERT INTO `catalog_category_product` (`entity_id`, `category_id`, `product_id`, `position`) VALUES (3602,2,1521,-772);
INSERT INTO `catalog_category_product` (`entity_id`, `category_id`, `product_id`, `position`) VALUES (3606,2,1522,-773);
INSERT INTO `catalog_category_product` (`entity_id`, `category_id`, `product_id`, `position`) VALUES (3610,2,1523,-774);
INSERT INTO `catalog_category_product` (`entity_id`, `category_id`, `product_id`, `position`) VALUES (3614,2,1524,-775);
INSERT INTO `catalog_category_product` (`entity_id`, `category_id`, `product_id`, `position`) VALUES (3619,2,1525,-776);
INSERT INTO `catalog_category_product` (`entity_id`, `category_id`, `product_id`, `position`) VALUES (3624,2,1526,-777);
INSERT INTO `catalog_category_product` (`entity_id`, `category_id`, `product_id`, `position`) VALUES (3629,2,1527,-778);
INSERT INTO `catalog_category_product` (`entity_id`, `category_id`, `product_id`, `position`) VALUES (3634,2,1528,-779);
INSERT INTO `catalog_category_product` (`entity_id`, `category_id`, `product_id`, `position`) VALUES (3639,2,1529,-780);
INSERT INTO `catalog_category_product` (`entity_id`, `category_id`, `product_id`, `position`) VALUES (3644,2,1530,-781);
INSERT INTO `catalog_category_product` (`entity_id`, `category_id`, `product_id`, `position`) VALUES (3649,2,1531,-782);
INSERT INTO `catalog_category_product` (`entity_id`, `category_id`, `product_id`, `position`) VALUES (3654,2,1532,-783);
INSERT INTO `catalog_category_product` (`entity_id`, `category_id`, `product_id`, `position`) VALUES (3659,2,1533,-784);
INSERT INTO `catalog_category_product` (`entity_id`, `category_id`, `product_id`, `position`) VALUES (3664,2,1534,-785);
INSERT INTO `catalog_category_product` (`entity_id`, `category_id`, `product_id`, `position`) VALUES (3669,2,1535,-786);
INSERT INTO `catalog_category_product` (`entity_id`, `category_id`, `product_id`, `position`) VALUES (3674,2,1536,-787);
INSERT INTO `catalog_category_product` (`entity_id`, `category_id`, `product_id`, `position`) VALUES (3679,2,1537,-788);
INSERT INTO `catalog_category_product` (`entity_id`, `category_id`, `product_id`, `position`) VALUES (3684,2,1538,-789);
INSERT INTO `catalog_category_product` (`entity_id`, `category_id`, `product_id`, `position`) VALUES (3689,2,1539,-790);
INSERT INTO `catalog_category_product` (`entity_id`, `category_id`, `product_id`, `position`) VALUES (3694,2,1540,-791);
INSERT INTO `catalog_category_product` (`entity_id`, `category_id`, `product_id`, `position`) VALUES (3698,2,1541,-792);
INSERT INTO `catalog_category_product` (`entity_id`, `category_id`, `product_id`, `position`) VALUES (3702,2,1542,-793);
INSERT INTO `catalog_category_product` (`entity_id`, `category_id`, `product_id`, `position`) VALUES (3706,2,1543,-794);
INSERT INTO `catalog_category_product` (`entity_id`, `category_id`, `product_id`, `position`) VALUES (3710,2,1544,-795);
INSERT INTO `catalog_category_product` (`entity_id`, `category_id`, `product_id`, `position`) VALUES (3714,2,1545,-796);
INSERT INTO `catalog_category_product` (`entity_id`, `category_id`, `product_id`, `position`) VALUES (3718,2,1546,-797);
INSERT INTO `catalog_category_product` (`entity_id`, `category_id`, `product_id`, `position`) VALUES (3722,2,1547,-798);
INSERT INTO `catalog_category_product` (`entity_id`, `category_id`, `product_id`, `position`) VALUES (3726,2,1548,-799);
INSERT INTO `catalog_category_product` (`entity_id`, `category_id`, `product_id`, `position`) VALUES (3730,2,1549,-800);
INSERT INTO `catalog_category_product` (`entity_id`, `category_id`, `product_id`, `position`) VALUES (3734,2,1550,-801);
INSERT INTO `catalog_category_product` (`entity_id`, `category_id`, `product_id`, `position`) VALUES (3738,2,1551,-802);
INSERT INTO `catalog_category_product` (`entity_id`, `category_id`, `product_id`, `position`) VALUES (3742,2,1552,-803);
INSERT INTO `catalog_category_product` (`entity_id`, `category_id`, `product_id`, `position`) VALUES (3746,2,1553,-804);
INSERT INTO `catalog_category_product` (`entity_id`, `category_id`, `product_id`, `position`) VALUES (3750,2,1554,-805);
INSERT INTO `catalog_category_product` (`entity_id`, `category_id`, `product_id`, `position`) VALUES (3754,2,1555,-806);
INSERT INTO `catalog_category_product` (`entity_id`, `category_id`, `product_id`, `position`) VALUES (3758,2,1556,-807);
INSERT INTO `catalog_category_product` (`entity_id`, `category_id`, `product_id`, `position`) VALUES (3761,2,1557,-808);
INSERT INTO `catalog_category_product` (`entity_id`, `category_id`, `product_id`, `position`) VALUES (3764,2,1558,-809);
INSERT INTO `catalog_category_product` (`entity_id`, `category_id`, `product_id`, `position`) VALUES (3767,2,1559,-810);
INSERT INTO `catalog_category_product` (`entity_id`, `category_id`, `product_id`, `position`) VALUES (3770,2,1560,-811);
INSERT INTO `catalog_category_product` (`entity_id`, `category_id`, `product_id`, `position`) VALUES (3773,2,1561,-812);
INSERT INTO `catalog_category_product` (`entity_id`, `category_id`, `product_id`, `position`) VALUES (3776,2,1562,-813);
INSERT INTO `catalog_category_product` (`entity_id`, `category_id`, `product_id`, `position`) VALUES (3779,2,1563,-814);
INSERT INTO `catalog_category_product` (`entity_id`, `category_id`, `product_id`, `position`) VALUES (3782,2,1564,-815);
INSERT INTO `catalog_category_product` (`entity_id`, `category_id`, `product_id`, `position`) VALUES (3785,2,1565,-816);
INSERT INTO `catalog_category_product` (`entity_id`, `category_id`, `product_id`, `position`) VALUES (3788,2,1566,-817);
INSERT INTO `catalog_category_product` (`entity_id`, `category_id`, `product_id`, `position`) VALUES (3791,2,1567,-818);
INSERT INTO `catalog_category_product` (`entity_id`, `category_id`, `product_id`, `position`) VALUES (3794,2,1568,-819);
INSERT INTO `catalog_category_product` (`entity_id`, `category_id`, `product_id`, `position`) VALUES (3797,2,1569,-820);
INSERT INTO `catalog_category_product` (`entity_id`, `category_id`, `product_id`, `position`) VALUES (3800,2,1570,-821);
INSERT INTO `catalog_category_product` (`entity_id`, `category_id`, `product_id`, `position`) VALUES (3803,2,1571,-822);
INSERT INTO `catalog_category_product` (`entity_id`, `category_id`, `product_id`, `position`) VALUES (3806,2,1572,-823);
INSERT INTO `catalog_category_product` (`entity_id`, `category_id`, `product_id`, `position`) VALUES (3809,2,1573,-824);
INSERT INTO `catalog_category_product` (`entity_id`, `category_id`, `product_id`, `position`) VALUES (3812,2,1574,-825);
INSERT INTO `catalog_category_product` (`entity_id`, `category_id`, `product_id`, `position`) VALUES (3815,2,1575,-826);
INSERT INTO `catalog_category_product` (`entity_id`, `category_id`, `product_id`, `position`) VALUES (3818,2,1576,-827);
INSERT INTO `catalog_category_product` (`entity_id`, `category_id`, `product_id`, `position`) VALUES (3821,2,1577,-828);
INSERT INTO `catalog_category_product` (`entity_id`, `category_id`, `product_id`, `position`) VALUES (3824,2,1578,-829);
INSERT INTO `catalog_category_product` (`entity_id`, `category_id`, `product_id`, `position`) VALUES (3827,2,1579,-830);
INSERT INTO `catalog_category_product` (`entity_id`, `category_id`, `product_id`, `position`) VALUES (3830,2,1580,-831);
INSERT INTO `catalog_category_product` (`entity_id`, `category_id`, `product_id`, `position`) VALUES (3833,2,1581,-832);
INSERT INTO `catalog_category_product` (`entity_id`, `category_id`, `product_id`, `position`) VALUES (3836,2,1582,-833);
INSERT INTO `catalog_category_product` (`entity_id`, `category_id`, `product_id`, `position`) VALUES (3839,2,1583,-834);
INSERT INTO `catalog_category_product` (`entity_id`, `category_id`, `product_id`, `position`) VALUES (3842,2,1584,-835);
INSERT INTO `catalog_category_product` (`entity_id`, `category_id`, `product_id`, `position`) VALUES (3845,2,1585,-836);
INSERT INTO `catalog_category_product` (`entity_id`, `category_id`, `product_id`, `position`) VALUES (3848,2,1586,-837);
INSERT INTO `catalog_category_product` (`entity_id`, `category_id`, `product_id`, `position`) VALUES (3851,2,1587,-838);
INSERT INTO `catalog_category_product` (`entity_id`, `category_id`, `product_id`, `position`) VALUES (3854,2,1588,-839);
INSERT INTO `catalog_category_product` (`entity_id`, `category_id`, `product_id`, `position`) VALUES (3858,2,1589,-840);
INSERT INTO `catalog_category_product` (`entity_id`, `category_id`, `product_id`, `position`) VALUES (3862,2,1590,-841);
INSERT INTO `catalog_category_product` (`entity_id`, `category_id`, `product_id`, `position`) VALUES (3866,2,1591,-842);
INSERT INTO `catalog_category_product` (`entity_id`, `category_id`, `product_id`, `position`) VALUES (3870,2,1592,-843);
INSERT INTO `catalog_category_product` (`entity_id`, `category_id`, `product_id`, `position`) VALUES (3874,2,1593,-844);
INSERT INTO `catalog_category_product` (`entity_id`, `category_id`, `product_id`, `position`) VALUES (3878,2,1594,-845);
INSERT INTO `catalog_category_product` (`entity_id`, `category_id`, `product_id`, `position`) VALUES (3882,2,1595,-846);
INSERT INTO `catalog_category_product` (`entity_id`, `category_id`, `product_id`, `position`) VALUES (3886,2,1596,-847);
INSERT INTO `catalog_category_product` (`entity_id`, `category_id`, `product_id`, `position`) VALUES (3890,2,1597,-848);
INSERT INTO `catalog_category_product` (`entity_id`, `category_id`, `product_id`, `position`) VALUES (3894,2,1598,-849);
INSERT INTO `catalog_category_product` (`entity_id`, `category_id`, `product_id`, `position`) VALUES (3898,2,1599,-850);
INSERT INTO `catalog_category_product` (`entity_id`, `category_id`, `product_id`, `position`) VALUES (3902,2,1600,-851);
INSERT INTO `catalog_category_product` (`entity_id`, `category_id`, `product_id`, `position`) VALUES (3906,2,1601,-852);
INSERT INTO `catalog_category_product` (`entity_id`, `category_id`, `product_id`, `position`) VALUES (3910,2,1602,-853);
INSERT INTO `catalog_category_product` (`entity_id`, `category_id`, `product_id`, `position`) VALUES (3914,2,1603,-854);
INSERT INTO `catalog_category_product` (`entity_id`, `category_id`, `product_id`, `position`) VALUES (3918,2,1604,-855);
INSERT INTO `catalog_category_product` (`entity_id`, `category_id`, `product_id`, `position`) VALUES (3938,2,1621,-856);
INSERT INTO `catalog_category_product` (`entity_id`, `category_id`, `product_id`, `position`) VALUES (3942,2,1622,-857);
INSERT INTO `catalog_category_product` (`entity_id`, `category_id`, `product_id`, `position`) VALUES (3946,2,1623,-858);
INSERT INTO `catalog_category_product` (`entity_id`, `category_id`, `product_id`, `position`) VALUES (3950,2,1624,-859);
INSERT INTO `catalog_category_product` (`entity_id`, `category_id`, `product_id`, `position`) VALUES (3954,2,1625,-860);
INSERT INTO `catalog_category_product` (`entity_id`, `category_id`, `product_id`, `position`) VALUES (3958,2,1626,-861);
INSERT INTO `catalog_category_product` (`entity_id`, `category_id`, `product_id`, `position`) VALUES (3962,2,1627,-862);
INSERT INTO `catalog_category_product` (`entity_id`, `category_id`, `product_id`, `position`) VALUES (3966,2,1628,-863);
INSERT INTO `catalog_category_product` (`entity_id`, `category_id`, `product_id`, `position`) VALUES (3970,2,1629,-864);
INSERT INTO `catalog_category_product` (`entity_id`, `category_id`, `product_id`, `position`) VALUES (3974,2,1630,-865);
INSERT INTO `catalog_category_product` (`entity_id`, `category_id`, `product_id`, `position`) VALUES (3978,2,1631,-866);
INSERT INTO `catalog_category_product` (`entity_id`, `category_id`, `product_id`, `position`) VALUES (3982,2,1632,-867);
INSERT INTO `catalog_category_product` (`entity_id`, `category_id`, `product_id`, `position`) VALUES (3986,2,1633,-868);
INSERT INTO `catalog_category_product` (`entity_id`, `category_id`, `product_id`, `position`) VALUES (3990,2,1634,-869);
INSERT INTO `catalog_category_product` (`entity_id`, `category_id`, `product_id`, `position`) VALUES (3994,2,1635,-870);
INSERT INTO `catalog_category_product` (`entity_id`, `category_id`, `product_id`, `position`) VALUES (3998,2,1636,-871);
INSERT INTO `catalog_category_product` (`entity_id`, `category_id`, `product_id`, `position`) VALUES (4033,2,1669,-872);
INSERT INTO `catalog_category_product` (`entity_id`, `category_id`, `product_id`, `position`) VALUES (4036,2,1670,-873);
INSERT INTO `catalog_category_product` (`entity_id`, `category_id`, `product_id`, `position`) VALUES (4039,2,1671,-874);
INSERT INTO `catalog_category_product` (`entity_id`, `category_id`, `product_id`, `position`) VALUES (4042,2,1672,-875);
INSERT INTO `catalog_category_product` (`entity_id`, `category_id`, `product_id`, `position`) VALUES (4045,2,1673,-876);
INSERT INTO `catalog_category_product` (`entity_id`, `category_id`, `product_id`, `position`) VALUES (4048,2,1674,-877);
INSERT INTO `catalog_category_product` (`entity_id`, `category_id`, `product_id`, `position`) VALUES (4051,2,1675,-878);
INSERT INTO `catalog_category_product` (`entity_id`, `category_id`, `product_id`, `position`) VALUES (4054,2,1676,-879);
INSERT INTO `catalog_category_product` (`entity_id`, `category_id`, `product_id`, `position`) VALUES (4057,2,1677,-880);
INSERT INTO `catalog_category_product` (`entity_id`, `category_id`, `product_id`, `position`) VALUES (4060,2,1678,-881);
INSERT INTO `catalog_category_product` (`entity_id`, `category_id`, `product_id`, `position`) VALUES (4063,2,1679,-882);
INSERT INTO `catalog_category_product` (`entity_id`, `category_id`, `product_id`, `position`) VALUES (4066,2,1680,-883);
INSERT INTO `catalog_category_product` (`entity_id`, `category_id`, `product_id`, `position`) VALUES (4069,2,1681,-884);
INSERT INTO `catalog_category_product` (`entity_id`, `category_id`, `product_id`, `position`) VALUES (4072,2,1682,-885);
INSERT INTO `catalog_category_product` (`entity_id`, `category_id`, `product_id`, `position`) VALUES (4075,2,1683,-886);
INSERT INTO `catalog_category_product` (`entity_id`, `category_id`, `product_id`, `position`) VALUES (4078,2,1684,-887);
INSERT INTO `catalog_category_product` (`entity_id`, `category_id`, `product_id`, `position`) VALUES (4098,2,1701,-888);
INSERT INTO `catalog_category_product` (`entity_id`, `category_id`, `product_id`, `position`) VALUES (4102,2,1702,-889);
INSERT INTO `catalog_category_product` (`entity_id`, `category_id`, `product_id`, `position`) VALUES (4106,2,1703,-890);
INSERT INTO `catalog_category_product` (`entity_id`, `category_id`, `product_id`, `position`) VALUES (4110,2,1704,-891);
INSERT INTO `catalog_category_product` (`entity_id`, `category_id`, `product_id`, `position`) VALUES (4114,2,1705,-892);
INSERT INTO `catalog_category_product` (`entity_id`, `category_id`, `product_id`, `position`) VALUES (4118,2,1706,-893);
INSERT INTO `catalog_category_product` (`entity_id`, `category_id`, `product_id`, `position`) VALUES (4122,2,1707,-894);
INSERT INTO `catalog_category_product` (`entity_id`, `category_id`, `product_id`, `position`) VALUES (4126,2,1708,-895);
INSERT INTO `catalog_category_product` (`entity_id`, `category_id`, `product_id`, `position`) VALUES (4130,2,1709,-896);
INSERT INTO `catalog_category_product` (`entity_id`, `category_id`, `product_id`, `position`) VALUES (4134,2,1710,-897);
INSERT INTO `catalog_category_product` (`entity_id`, `category_id`, `product_id`, `position`) VALUES (4138,2,1711,-898);
INSERT INTO `catalog_category_product` (`entity_id`, `category_id`, `product_id`, `position`) VALUES (4142,2,1712,-899);
INSERT INTO `catalog_category_product` (`entity_id`, `category_id`, `product_id`, `position`) VALUES (4146,2,1713,-900);
INSERT INTO `catalog_category_product` (`entity_id`, `category_id`, `product_id`, `position`) VALUES (4150,2,1714,-901);
INSERT INTO `catalog_category_product` (`entity_id`, `category_id`, `product_id`, `position`) VALUES (4154,2,1715,-902);
INSERT INTO `catalog_category_product` (`entity_id`, `category_id`, `product_id`, `position`) VALUES (4158,2,1716,-903);
INSERT INTO `catalog_category_product` (`entity_id`, `category_id`, `product_id`, `position`) VALUES (4161,2,1717,-904);
INSERT INTO `catalog_category_product` (`entity_id`, `category_id`, `product_id`, `position`) VALUES (4164,2,1718,-905);
INSERT INTO `catalog_category_product` (`entity_id`, `category_id`, `product_id`, `position`) VALUES (4167,2,1719,-906);
INSERT INTO `catalog_category_product` (`entity_id`, `category_id`, `product_id`, `position`) VALUES (4170,2,1720,-907);
INSERT INTO `catalog_category_product` (`entity_id`, `category_id`, `product_id`, `position`) VALUES (4173,2,1721,-908);
INSERT INTO `catalog_category_product` (`entity_id`, `category_id`, `product_id`, `position`) VALUES (4176,2,1722,-909);
INSERT INTO `catalog_category_product` (`entity_id`, `category_id`, `product_id`, `position`) VALUES (4179,2,1723,-910);
INSERT INTO `catalog_category_product` (`entity_id`, `category_id`, `product_id`, `position`) VALUES (4182,2,1724,-911);
INSERT INTO `catalog_category_product` (`entity_id`, `category_id`, `product_id`, `position`) VALUES (4185,2,1725,-912);
INSERT INTO `catalog_category_product` (`entity_id`, `category_id`, `product_id`, `position`) VALUES (4188,2,1726,-913);
INSERT INTO `catalog_category_product` (`entity_id`, `category_id`, `product_id`, `position`) VALUES (4191,2,1727,-914);
INSERT INTO `catalog_category_product` (`entity_id`, `category_id`, `product_id`, `position`) VALUES (4194,2,1728,-915);
INSERT INTO `catalog_category_product` (`entity_id`, `category_id`, `product_id`, `position`) VALUES (4197,2,1729,-916);
INSERT INTO `catalog_category_product` (`entity_id`, `category_id`, `product_id`, `position`) VALUES (4200,2,1730,-917);
INSERT INTO `catalog_category_product` (`entity_id`, `category_id`, `product_id`, `position`) VALUES (4203,2,1731,-918);
INSERT INTO `catalog_category_product` (`entity_id`, `category_id`, `product_id`, `position`) VALUES (4206,2,1732,-919);
INSERT INTO `catalog_category_product` (`entity_id`, `category_id`, `product_id`, `position`) VALUES (4209,2,1733,-920);
INSERT INTO `catalog_category_product` (`entity_id`, `category_id`, `product_id`, `position`) VALUES (4212,2,1734,-921);
INSERT INTO `catalog_category_product` (`entity_id`, `category_id`, `product_id`, `position`) VALUES (4215,2,1735,-922);
INSERT INTO `catalog_category_product` (`entity_id`, `category_id`, `product_id`, `position`) VALUES (4218,2,1736,-923);
INSERT INTO `catalog_category_product` (`entity_id`, `category_id`, `product_id`, `position`) VALUES (4221,2,1737,-924);
INSERT INTO `catalog_category_product` (`entity_id`, `category_id`, `product_id`, `position`) VALUES (4224,2,1738,-925);
INSERT INTO `catalog_category_product` (`entity_id`, `category_id`, `product_id`, `position`) VALUES (4227,2,1739,-926);
INSERT INTO `catalog_category_product` (`entity_id`, `category_id`, `product_id`, `position`) VALUES (4230,2,1740,-927);
INSERT INTO `catalog_category_product` (`entity_id`, `category_id`, `product_id`, `position`) VALUES (4233,2,1741,-928);
INSERT INTO `catalog_category_product` (`entity_id`, `category_id`, `product_id`, `position`) VALUES (4236,2,1742,-929);
INSERT INTO `catalog_category_product` (`entity_id`, `category_id`, `product_id`, `position`) VALUES (4239,2,1743,-930);
INSERT INTO `catalog_category_product` (`entity_id`, `category_id`, `product_id`, `position`) VALUES (4242,2,1744,-931);
INSERT INTO `catalog_category_product` (`entity_id`, `category_id`, `product_id`, `position`) VALUES (4245,2,1745,-932);
INSERT INTO `catalog_category_product` (`entity_id`, `category_id`, `product_id`, `position`) VALUES (4248,2,1746,-933);
INSERT INTO `catalog_category_product` (`entity_id`, `category_id`, `product_id`, `position`) VALUES (4251,2,1747,-934);
INSERT INTO `catalog_category_product` (`entity_id`, `category_id`, `product_id`, `position`) VALUES (4254,2,1748,-935);
INSERT INTO `catalog_category_product` (`entity_id`, `category_id`, `product_id`, `position`) VALUES (4273,2,1765,-936);
INSERT INTO `catalog_category_product` (`entity_id`, `category_id`, `product_id`, `position`) VALUES (4276,2,1766,-937);
INSERT INTO `catalog_category_product` (`entity_id`, `category_id`, `product_id`, `position`) VALUES (4279,2,1767,-938);
INSERT INTO `catalog_category_product` (`entity_id`, `category_id`, `product_id`, `position`) VALUES (4282,2,1768,-939);
INSERT INTO `catalog_category_product` (`entity_id`, `category_id`, `product_id`, `position`) VALUES (4285,2,1769,-940);
INSERT INTO `catalog_category_product` (`entity_id`, `category_id`, `product_id`, `position`) VALUES (4288,2,1770,-941);
INSERT INTO `catalog_category_product` (`entity_id`, `category_id`, `product_id`, `position`) VALUES (4291,2,1771,-942);
INSERT INTO `catalog_category_product` (`entity_id`, `category_id`, `product_id`, `position`) VALUES (4294,2,1772,-943);
INSERT INTO `catalog_category_product` (`entity_id`, `category_id`, `product_id`, `position`) VALUES (4297,2,1773,-944);
INSERT INTO `catalog_category_product` (`entity_id`, `category_id`, `product_id`, `position`) VALUES (4300,2,1774,-945);
INSERT INTO `catalog_category_product` (`entity_id`, `category_id`, `product_id`, `position`) VALUES (4303,2,1775,-946);
INSERT INTO `catalog_category_product` (`entity_id`, `category_id`, `product_id`, `position`) VALUES (4306,2,1776,-947);
INSERT INTO `catalog_category_product` (`entity_id`, `category_id`, `product_id`, `position`) VALUES (4309,2,1777,-948);
INSERT INTO `catalog_category_product` (`entity_id`, `category_id`, `product_id`, `position`) VALUES (4312,2,1778,-949);
INSERT INTO `catalog_category_product` (`entity_id`, `category_id`, `product_id`, `position`) VALUES (4315,2,1779,-950);
INSERT INTO `catalog_category_product` (`entity_id`, `category_id`, `product_id`, `position`) VALUES (4318,2,1780,-951);
INSERT INTO `catalog_category_product` (`entity_id`, `category_id`, `product_id`, `position`) VALUES (4322,2,1781,-952);
INSERT INTO `catalog_category_product` (`entity_id`, `category_id`, `product_id`, `position`) VALUES (4326,2,1782,-953);
INSERT INTO `catalog_category_product` (`entity_id`, `category_id`, `product_id`, `position`) VALUES (4330,2,1783,-954);
INSERT INTO `catalog_category_product` (`entity_id`, `category_id`, `product_id`, `position`) VALUES (4334,2,1784,-955);
INSERT INTO `catalog_category_product` (`entity_id`, `category_id`, `product_id`, `position`) VALUES (4338,2,1785,-956);
INSERT INTO `catalog_category_product` (`entity_id`, `category_id`, `product_id`, `position`) VALUES (4342,2,1786,-957);
INSERT INTO `catalog_category_product` (`entity_id`, `category_id`, `product_id`, `position`) VALUES (4346,2,1787,-958);
INSERT INTO `catalog_category_product` (`entity_id`, `category_id`, `product_id`, `position`) VALUES (4350,2,1788,-959);
INSERT INTO `catalog_category_product` (`entity_id`, `category_id`, `product_id`, `position`) VALUES (4354,2,1789,-960);
INSERT INTO `catalog_category_product` (`entity_id`, `category_id`, `product_id`, `position`) VALUES (4358,2,1790,-961);
INSERT INTO `catalog_category_product` (`entity_id`, `category_id`, `product_id`, `position`) VALUES (4362,2,1791,-962);
INSERT INTO `catalog_category_product` (`entity_id`, `category_id`, `product_id`, `position`) VALUES (4366,2,1792,-963);
INSERT INTO `catalog_category_product` (`entity_id`, `category_id`, `product_id`, `position`) VALUES (4370,2,1793,-964);
INSERT INTO `catalog_category_product` (`entity_id`, `category_id`, `product_id`, `position`) VALUES (4374,2,1794,-965);
INSERT INTO `catalog_category_product` (`entity_id`, `category_id`, `product_id`, `position`) VALUES (4378,2,1795,-966);
INSERT INTO `catalog_category_product` (`entity_id`, `category_id`, `product_id`, `position`) VALUES (4382,2,1796,-967);
INSERT INTO `catalog_category_product` (`entity_id`, `category_id`, `product_id`, `position`) VALUES (4386,2,1797,-968);
INSERT INTO `catalog_category_product` (`entity_id`, `category_id`, `product_id`, `position`) VALUES (4390,2,1798,-969);
INSERT INTO `catalog_category_product` (`entity_id`, `category_id`, `product_id`, `position`) VALUES (4394,2,1799,-970);
INSERT INTO `catalog_category_product` (`entity_id`, `category_id`, `product_id`, `position`) VALUES (4398,2,1800,-971);
INSERT INTO `catalog_category_product` (`entity_id`, `category_id`, `product_id`, `position`) VALUES (4402,2,1801,-972);
INSERT INTO `catalog_category_product` (`entity_id`, `category_id`, `product_id`, `position`) VALUES (4406,2,1802,-973);
INSERT INTO `catalog_category_product` (`entity_id`, `category_id`, `product_id`, `position`) VALUES (4410,2,1803,-974);
INSERT INTO `catalog_category_product` (`entity_id`, `category_id`, `product_id`, `position`) VALUES (4414,2,1804,-975);
INSERT INTO `catalog_category_product` (`entity_id`, `category_id`, `product_id`, `position`) VALUES (4418,2,1805,-976);
INSERT INTO `catalog_category_product` (`entity_id`, `category_id`, `product_id`, `position`) VALUES (4422,2,1806,-977);
INSERT INTO `catalog_category_product` (`entity_id`, `category_id`, `product_id`, `position`) VALUES (4426,2,1807,-978);
INSERT INTO `catalog_category_product` (`entity_id`, `category_id`, `product_id`, `position`) VALUES (4430,2,1808,-979);
INSERT INTO `catalog_category_product` (`entity_id`, `category_id`, `product_id`, `position`) VALUES (4434,2,1809,-980);
INSERT INTO `catalog_category_product` (`entity_id`, `category_id`, `product_id`, `position`) VALUES (4438,2,1810,-981);
INSERT INTO `catalog_category_product` (`entity_id`, `category_id`, `product_id`, `position`) VALUES (4442,2,1811,-982);
INSERT INTO `catalog_category_product` (`entity_id`, `category_id`, `product_id`, `position`) VALUES (4446,2,1812,-983);
INSERT INTO `catalog_category_product` (`entity_id`, `category_id`, `product_id`, `position`) VALUES (4450,2,1813,-984);
INSERT INTO `catalog_category_product` (`entity_id`, `category_id`, `product_id`, `position`) VALUES (4454,2,1814,-985);
INSERT INTO `catalog_category_product` (`entity_id`, `category_id`, `product_id`, `position`) VALUES (4458,2,1815,-986);
INSERT INTO `catalog_category_product` (`entity_id`, `category_id`, `product_id`, `position`) VALUES (4462,2,1816,-987);
INSERT INTO `catalog_category_product` (`entity_id`, `category_id`, `product_id`, `position`) VALUES (4466,2,1817,-988);
INSERT INTO `catalog_category_product` (`entity_id`, `category_id`, `product_id`, `position`) VALUES (4470,2,1818,-989);
INSERT INTO `catalog_category_product` (`entity_id`, `category_id`, `product_id`, `position`) VALUES (4474,2,1819,-990);
INSERT INTO `catalog_category_product` (`entity_id`, `category_id`, `product_id`, `position`) VALUES (4478,2,1820,-991);
INSERT INTO `catalog_category_product` (`entity_id`, `category_id`, `product_id`, `position`) VALUES (4482,2,1821,-992);
INSERT INTO `catalog_category_product` (`entity_id`, `category_id`, `product_id`, `position`) VALUES (4486,2,1822,-993);
INSERT INTO `catalog_category_product` (`entity_id`, `category_id`, `product_id`, `position`) VALUES (4490,2,1823,-994);
INSERT INTO `catalog_category_product` (`entity_id`, `category_id`, `product_id`, `position`) VALUES (4494,2,1824,-995);
INSERT INTO `catalog_category_product` (`entity_id`, `category_id`, `product_id`, `position`) VALUES (4498,2,1825,-996);
INSERT INTO `catalog_category_product` (`entity_id`, `category_id`, `product_id`, `position`) VALUES (4502,2,1826,-997);
INSERT INTO `catalog_category_product` (`entity_id`, `category_id`, `product_id`, `position`) VALUES (4506,2,1827,-998);
INSERT INTO `catalog_category_product` (`entity_id`, `category_id`, `product_id`, `position`) VALUES (4510,2,1828,-999);
INSERT INTO `catalog_category_product` (`entity_id`, `category_id`, `product_id`, `position`) VALUES (4514,2,1829,-1000);
INSERT INTO `catalog_category_product` (`entity_id`, `category_id`, `product_id`, `position`) VALUES (4518,2,1830,-1001);
INSERT INTO `catalog_category_product` (`entity_id`, `category_id`, `product_id`, `position`) VALUES (4522,2,1831,-1002);
INSERT INTO `catalog_category_product` (`entity_id`, `category_id`, `product_id`, `position`) VALUES (4526,2,1832,-1003);
INSERT INTO `catalog_category_product` (`entity_id`, `category_id`, `product_id`, `position`) VALUES (4530,2,1833,-1004);
INSERT INTO `catalog_category_product` (`entity_id`, `category_id`, `product_id`, `position`) VALUES (4533,2,1834,-1005);
INSERT INTO `catalog_category_product` (`entity_id`, `category_id`, `product_id`, `position`) VALUES (4536,2,1835,-1006);
INSERT INTO `catalog_category_product` (`entity_id`, `category_id`, `product_id`, `position`) VALUES (4539,2,1836,-1007);
INSERT INTO `catalog_category_product` (`entity_id`, `category_id`, `product_id`, `position`) VALUES (4542,2,1837,-1008);
INSERT INTO `catalog_category_product` (`entity_id`, `category_id`, `product_id`, `position`) VALUES (4545,2,1838,-1009);
INSERT INTO `catalog_category_product` (`entity_id`, `category_id`, `product_id`, `position`) VALUES (4548,2,1839,-1010);
INSERT INTO `catalog_category_product` (`entity_id`, `category_id`, `product_id`, `position`) VALUES (4551,2,1840,-1011);
INSERT INTO `catalog_category_product` (`entity_id`, `category_id`, `product_id`, `position`) VALUES (4555,2,1841,-1012);
INSERT INTO `catalog_category_product` (`entity_id`, `category_id`, `product_id`, `position`) VALUES (4559,2,1842,-1013);
INSERT INTO `catalog_category_product` (`entity_id`, `category_id`, `product_id`, `position`) VALUES (4563,2,1843,-1014);
INSERT INTO `catalog_category_product` (`entity_id`, `category_id`, `product_id`, `position`) VALUES (4567,2,1844,-1015);
INSERT INTO `catalog_category_product` (`entity_id`, `category_id`, `product_id`, `position`) VALUES (4571,2,1845,-1016);
INSERT INTO `catalog_category_product` (`entity_id`, `category_id`, `product_id`, `position`) VALUES (4575,2,1846,-1017);
INSERT INTO `catalog_category_product` (`entity_id`, `category_id`, `product_id`, `position`) VALUES (4579,2,1847,-1018);
INSERT INTO `catalog_category_product` (`entity_id`, `category_id`, `product_id`, `position`) VALUES (4583,2,1848,-1019);
INSERT INTO `catalog_category_product` (`entity_id`, `category_id`, `product_id`, `position`) VALUES (4587,2,1849,-1020);
INSERT INTO `catalog_category_product` (`entity_id`, `category_id`, `product_id`, `position`) VALUES (4591,2,1850,-1021);
INSERT INTO `catalog_category_product` (`entity_id`, `category_id`, `product_id`, `position`) VALUES (4595,2,1851,-1022);
INSERT INTO `catalog_category_product` (`entity_id`, `category_id`, `product_id`, `position`) VALUES (4599,2,1852,-1023);
INSERT INTO `catalog_category_product` (`entity_id`, `category_id`, `product_id`, `position`) VALUES (4603,2,1853,-1024);
INSERT INTO `catalog_category_product` (`entity_id`, `category_id`, `product_id`, `position`) VALUES (4607,2,1854,-1025);
INSERT INTO `catalog_category_product` (`entity_id`, `category_id`, `product_id`, `position`) VALUES (4611,2,1855,-1026);
INSERT INTO `catalog_category_product` (`entity_id`, `category_id`, `product_id`, `position`) VALUES (4615,2,1856,-1027);
INSERT INTO `catalog_category_product` (`entity_id`, `category_id`, `product_id`, `position`) VALUES (4619,2,1857,-1028);
INSERT INTO `catalog_category_product` (`entity_id`, `category_id`, `product_id`, `position`) VALUES (4623,2,1858,-1029);
INSERT INTO `catalog_category_product` (`entity_id`, `category_id`, `product_id`, `position`) VALUES (4627,2,1859,-1030);
INSERT INTO `catalog_category_product` (`entity_id`, `category_id`, `product_id`, `position`) VALUES (4631,2,1860,-1031);
INSERT INTO `catalog_category_product` (`entity_id`, `category_id`, `product_id`, `position`) VALUES (4635,2,1861,-1032);
INSERT INTO `catalog_category_product` (`entity_id`, `category_id`, `product_id`, `position`) VALUES (4638,2,1862,-1033);
INSERT INTO `catalog_category_product` (`entity_id`, `category_id`, `product_id`, `position`) VALUES (4641,2,1863,-1034);
INSERT INTO `catalog_category_product` (`entity_id`, `category_id`, `product_id`, `position`) VALUES (4644,2,1864,-1035);
INSERT INTO `catalog_category_product` (`entity_id`, `category_id`, `product_id`, `position`) VALUES (4647,2,1865,-1036);
INSERT INTO `catalog_category_product` (`entity_id`, `category_id`, `product_id`, `position`) VALUES (4650,2,1866,-1037);
INSERT INTO `catalog_category_product` (`entity_id`, `category_id`, `product_id`, `position`) VALUES (4653,2,1867,-1038);
INSERT INTO `catalog_category_product` (`entity_id`, `category_id`, `product_id`, `position`) VALUES (4656,2,1868,-1039);
INSERT INTO `catalog_category_product` (`entity_id`, `category_id`, `product_id`, `position`) VALUES (4659,2,1869,-1040);
INSERT INTO `catalog_category_product` (`entity_id`, `category_id`, `product_id`, `position`) VALUES (4662,2,1870,-1041);
INSERT INTO `catalog_category_product` (`entity_id`, `category_id`, `product_id`, `position`) VALUES (4665,2,1871,-1042);
INSERT INTO `catalog_category_product` (`entity_id`, `category_id`, `product_id`, `position`) VALUES (4668,2,1872,-1043);
INSERT INTO `catalog_category_product` (`entity_id`, `category_id`, `product_id`, `position`) VALUES (4671,2,1873,-1044);
INSERT INTO `catalog_category_product` (`entity_id`, `category_id`, `product_id`, `position`) VALUES (4674,2,1874,-1045);
INSERT INTO `catalog_category_product` (`entity_id`, `category_id`, `product_id`, `position`) VALUES (4677,2,1875,-1046);
INSERT INTO `catalog_category_product` (`entity_id`, `category_id`, `product_id`, `position`) VALUES (4681,2,1876,-1047);
INSERT INTO `catalog_category_product` (`entity_id`, `category_id`, `product_id`, `position`) VALUES (4685,2,1877,-1048);
INSERT INTO `catalog_category_product` (`entity_id`, `category_id`, `product_id`, `position`) VALUES (4689,2,1878,-1049);
INSERT INTO `catalog_category_product` (`entity_id`, `category_id`, `product_id`, `position`) VALUES (4693,2,1879,-1050);
INSERT INTO `catalog_category_product` (`entity_id`, `category_id`, `product_id`, `position`) VALUES (4697,2,1880,-1051);
INSERT INTO `catalog_category_product` (`entity_id`, `category_id`, `product_id`, `position`) VALUES (4701,2,1881,-1052);
INSERT INTO `catalog_category_product` (`entity_id`, `category_id`, `product_id`, `position`) VALUES (4705,2,1882,-1053);
INSERT INTO `catalog_category_product` (`entity_id`, `category_id`, `product_id`, `position`) VALUES (4708,2,1883,-1054);
INSERT INTO `catalog_category_product` (`entity_id`, `category_id`, `product_id`, `position`) VALUES (4711,2,1884,-1055);
INSERT INTO `catalog_category_product` (`entity_id`, `category_id`, `product_id`, `position`) VALUES (4714,2,1885,-1056);
INSERT INTO `catalog_category_product` (`entity_id`, `category_id`, `product_id`, `position`) VALUES (4717,2,1886,-1057);
INSERT INTO `catalog_category_product` (`entity_id`, `category_id`, `product_id`, `position`) VALUES (4720,2,1887,-1058);
INSERT INTO `catalog_category_product` (`entity_id`, `category_id`, `product_id`, `position`) VALUES (4723,2,1888,-1059);
INSERT INTO `catalog_category_product` (`entity_id`, `category_id`, `product_id`, `position`) VALUES (4726,2,1889,-1060);
INSERT INTO `catalog_category_product` (`entity_id`, `category_id`, `product_id`, `position`) VALUES (4730,2,1890,-1061);
INSERT INTO `catalog_category_product` (`entity_id`, `category_id`, `product_id`, `position`) VALUES (4734,2,1891,-1062);
INSERT INTO `catalog_category_product` (`entity_id`, `category_id`, `product_id`, `position`) VALUES (4738,2,1892,-1063);
INSERT INTO `catalog_category_product` (`entity_id`, `category_id`, `product_id`, `position`) VALUES (4742,2,1893,-1064);
INSERT INTO `catalog_category_product` (`entity_id`, `category_id`, `product_id`, `position`) VALUES (4746,2,1894,-1065);
INSERT INTO `catalog_category_product` (`entity_id`, `category_id`, `product_id`, `position`) VALUES (4750,2,1895,-1066);
INSERT INTO `catalog_category_product` (`entity_id`, `category_id`, `product_id`, `position`) VALUES (4754,2,1896,-1067);
INSERT INTO `catalog_category_product` (`entity_id`, `category_id`, `product_id`, `position`) VALUES (4758,2,1897,-1068);
INSERT INTO `catalog_category_product` (`entity_id`, `category_id`, `product_id`, `position`) VALUES (4762,2,1898,-1069);
INSERT INTO `catalog_category_product` (`entity_id`, `category_id`, `product_id`, `position`) VALUES (4766,2,1899,-1070);
INSERT INTO `catalog_category_product` (`entity_id`, `category_id`, `product_id`, `position`) VALUES (4770,2,1900,-1071);
INSERT INTO `catalog_category_product` (`entity_id`, `category_id`, `product_id`, `position`) VALUES (4774,2,1901,-1072);
INSERT INTO `catalog_category_product` (`entity_id`, `category_id`, `product_id`, `position`) VALUES (4778,2,1902,-1073);
INSERT INTO `catalog_category_product` (`entity_id`, `category_id`, `product_id`, `position`) VALUES (4782,2,1903,-1074);
INSERT INTO `catalog_category_product` (`entity_id`, `category_id`, `product_id`, `position`) VALUES (4786,2,1904,-1075);
INSERT INTO `catalog_category_product` (`entity_id`, `category_id`, `product_id`, `position`) VALUES (4790,2,1905,-1076);
INSERT INTO `catalog_category_product` (`entity_id`, `category_id`, `product_id`, `position`) VALUES (4794,2,1906,-1077);
INSERT INTO `catalog_category_product` (`entity_id`, `category_id`, `product_id`, `position`) VALUES (4798,2,1907,-1078);
INSERT INTO `catalog_category_product` (`entity_id`, `category_id`, `product_id`, `position`) VALUES (4802,2,1908,-1079);
INSERT INTO `catalog_category_product` (`entity_id`, `category_id`, `product_id`, `position`) VALUES (4806,2,1909,-1080);
INSERT INTO `catalog_category_product` (`entity_id`, `category_id`, `product_id`, `position`) VALUES (4810,2,1910,-1081);
INSERT INTO `catalog_category_product` (`entity_id`, `category_id`, `product_id`, `position`) VALUES (4814,2,1911,-1082);
INSERT INTO `catalog_category_product` (`entity_id`, `category_id`, `product_id`, `position`) VALUES (4818,2,1912,-1083);
INSERT INTO `catalog_category_product` (`entity_id`, `category_id`, `product_id`, `position`) VALUES (4822,2,1913,-1084);
INSERT INTO `catalog_category_product` (`entity_id`, `category_id`, `product_id`, `position`) VALUES (4826,2,1914,-1085);
INSERT INTO `catalog_category_product` (`entity_id`, `category_id`, `product_id`, `position`) VALUES (4830,2,1915,-1086);
INSERT INTO `catalog_category_product` (`entity_id`, `category_id`, `product_id`, `position`) VALUES (4834,2,1916,-1087);
INSERT INTO `catalog_category_product` (`entity_id`, `category_id`, `product_id`, `position`) VALUES (4838,2,1917,-1088);
INSERT INTO `catalog_category_product` (`entity_id`, `category_id`, `product_id`, `position`) VALUES (4842,2,1918,-1089);
INSERT INTO `catalog_category_product` (`entity_id`, `category_id`, `product_id`, `position`) VALUES (4846,2,1919,-1090);
INSERT INTO `catalog_category_product` (`entity_id`, `category_id`, `product_id`, `position`) VALUES (4849,2,1920,-1091);
INSERT INTO `catalog_category_product` (`entity_id`, `category_id`, `product_id`, `position`) VALUES (4852,2,1921,-1092);
INSERT INTO `catalog_category_product` (`entity_id`, `category_id`, `product_id`, `position`) VALUES (4855,2,1922,-1093);
INSERT INTO `catalog_category_product` (`entity_id`, `category_id`, `product_id`, `position`) VALUES (4858,2,1923,-1094);
INSERT INTO `catalog_category_product` (`entity_id`, `category_id`, `product_id`, `position`) VALUES (4861,2,1924,-1095);
INSERT INTO `catalog_category_product` (`entity_id`, `category_id`, `product_id`, `position`) VALUES (4864,2,1925,-1096);
INSERT INTO `catalog_category_product` (`entity_id`, `category_id`, `product_id`, `position`) VALUES (4867,2,1926,-1097);
INSERT INTO `catalog_category_product` (`entity_id`, `category_id`, `product_id`, `position`) VALUES (4870,2,1927,-1098);
INSERT INTO `catalog_category_product` (`entity_id`, `category_id`, `product_id`, `position`) VALUES (4873,2,1928,-1099);
INSERT INTO `catalog_category_product` (`entity_id`, `category_id`, `product_id`, `position`) VALUES (4876,2,1929,-1100);
INSERT INTO `catalog_category_product` (`entity_id`, `category_id`, `product_id`, `position`) VALUES (4879,2,1930,-1101);
INSERT INTO `catalog_category_product` (`entity_id`, `category_id`, `product_id`, `position`) VALUES (4882,2,1931,-1102);
INSERT INTO `catalog_category_product` (`entity_id`, `category_id`, `product_id`, `position`) VALUES (4885,2,1932,-1103);
INSERT INTO `catalog_category_product` (`entity_id`, `category_id`, `product_id`, `position`) VALUES (4888,2,1933,-1104);
INSERT INTO `catalog_category_product` (`entity_id`, `category_id`, `product_id`, `position`) VALUES (4891,2,1934,-1105);
INSERT INTO `catalog_category_product` (`entity_id`, `category_id`, `product_id`, `position`) VALUES (4894,2,1935,-1106);
INSERT INTO `catalog_category_product` (`entity_id`, `category_id`, `product_id`, `position`) VALUES (4898,2,1936,-1107);
INSERT INTO `catalog_category_product` (`entity_id`, `category_id`, `product_id`, `position`) VALUES (4902,2,1937,-1108);
INSERT INTO `catalog_category_product` (`entity_id`, `category_id`, `product_id`, `position`) VALUES (4906,2,1938,-1109);
INSERT INTO `catalog_category_product` (`entity_id`, `category_id`, `product_id`, `position`) VALUES (4910,2,1939,-1110);
INSERT INTO `catalog_category_product` (`entity_id`, `category_id`, `product_id`, `position`) VALUES (4914,2,1940,-1111);
INSERT INTO `catalog_category_product` (`entity_id`, `category_id`, `product_id`, `position`) VALUES (4918,2,1941,-1112);
INSERT INTO `catalog_category_product` (`entity_id`, `category_id`, `product_id`, `position`) VALUES (4922,2,1942,-1113);
INSERT INTO `catalog_category_product` (`entity_id`, `category_id`, `product_id`, `position`) VALUES (4926,2,1943,-1114);
INSERT INTO `catalog_category_product` (`entity_id`, `category_id`, `product_id`, `position`) VALUES (4930,2,1944,-1115);
INSERT INTO `catalog_category_product` (`entity_id`, `category_id`, `product_id`, `position`) VALUES (4934,2,1945,-1116);
INSERT INTO `catalog_category_product` (`entity_id`, `category_id`, `product_id`, `position`) VALUES (4938,2,1946,-1117);
INSERT INTO `catalog_category_product` (`entity_id`, `category_id`, `product_id`, `position`) VALUES (4942,2,1947,-1118);
INSERT INTO `catalog_category_product` (`entity_id`, `category_id`, `product_id`, `position`) VALUES (4946,2,1948,-1119);
INSERT INTO `catalog_category_product` (`entity_id`, `category_id`, `product_id`, `position`) VALUES (4950,2,1949,-1120);
INSERT INTO `catalog_category_product` (`entity_id`, `category_id`, `product_id`, `position`) VALUES (4954,2,1950,-1121);
INSERT INTO `catalog_category_product` (`entity_id`, `category_id`, `product_id`, `position`) VALUES (4958,2,1951,-1122);
INSERT INTO `catalog_category_product` (`entity_id`, `category_id`, `product_id`, `position`) VALUES (4977,2,1968,-1123);
INSERT INTO `catalog_category_product` (`entity_id`, `category_id`, `product_id`, `position`) VALUES (4980,2,1969,-1124);
INSERT INTO `catalog_category_product` (`entity_id`, `category_id`, `product_id`, `position`) VALUES (4983,2,1970,-1125);
INSERT INTO `catalog_category_product` (`entity_id`, `category_id`, `product_id`, `position`) VALUES (4986,2,1971,-1126);
INSERT INTO `catalog_category_product` (`entity_id`, `category_id`, `product_id`, `position`) VALUES (4989,2,1972,-1127);
INSERT INTO `catalog_category_product` (`entity_id`, `category_id`, `product_id`, `position`) VALUES (4992,2,1973,-1128);
INSERT INTO `catalog_category_product` (`entity_id`, `category_id`, `product_id`, `position`) VALUES (4995,2,1974,-1129);
INSERT INTO `catalog_category_product` (`entity_id`, `category_id`, `product_id`, `position`) VALUES (4998,2,1975,-1130);
INSERT INTO `catalog_category_product` (`entity_id`, `category_id`, `product_id`, `position`) VALUES (5001,2,1976,-1131);
INSERT INTO `catalog_category_product` (`entity_id`, `category_id`, `product_id`, `position`) VALUES (5004,2,1977,-1132);
INSERT INTO `catalog_category_product` (`entity_id`, `category_id`, `product_id`, `position`) VALUES (5007,2,1978,-1133);
INSERT INTO `catalog_category_product` (`entity_id`, `category_id`, `product_id`, `position`) VALUES (5010,2,1979,-1134);
INSERT INTO `catalog_category_product` (`entity_id`, `category_id`, `product_id`, `position`) VALUES (5013,2,1980,-1135);
INSERT INTO `catalog_category_product` (`entity_id`, `category_id`, `product_id`, `position`) VALUES (5016,2,1981,-1136);
INSERT INTO `catalog_category_product` (`entity_id`, `category_id`, `product_id`, `position`) VALUES (5019,2,1982,-1137);
INSERT INTO `catalog_category_product` (`entity_id`, `category_id`, `product_id`, `position`) VALUES (5022,2,1983,-1138);
INSERT INTO `catalog_category_product` (`entity_id`, `category_id`, `product_id`, `position`) VALUES (5032,2,1991,-1139);
INSERT INTO `catalog_category_product` (`entity_id`, `category_id`, `product_id`, `position`) VALUES (5035,2,1992,-1140);
INSERT INTO `catalog_category_product` (`entity_id`, `category_id`, `product_id`, `position`) VALUES (5038,2,1993,-1141);
INSERT INTO `catalog_category_product` (`entity_id`, `category_id`, `product_id`, `position`) VALUES (5041,2,1994,-1142);
INSERT INTO `catalog_category_product` (`entity_id`, `category_id`, `product_id`, `position`) VALUES (5044,2,1995,-1143);
INSERT INTO `catalog_category_product` (`entity_id`, `category_id`, `product_id`, `position`) VALUES (5047,2,1996,-1144);
INSERT INTO `catalog_category_product` (`entity_id`, `category_id`, `product_id`, `position`) VALUES (5050,2,1997,-1145);
INSERT INTO `catalog_category_product` (`entity_id`, `category_id`, `product_id`, `position`) VALUES (5053,2,1998,-1146);
INSERT INTO `catalog_category_product` (`entity_id`, `category_id`, `product_id`, `position`) VALUES (5056,2,1999,-1147);
INSERT INTO `catalog_category_product` (`entity_id`, `category_id`, `product_id`, `position`) VALUES (5059,2,2000,-1148);
INSERT INTO `catalog_category_product` (`entity_id`, `category_id`, `product_id`, `position`) VALUES (5062,2,2001,-1149);
INSERT INTO `catalog_category_product` (`entity_id`, `category_id`, `product_id`, `position`) VALUES (5065,2,2002,-1150);
INSERT INTO `catalog_category_product` (`entity_id`, `category_id`, `product_id`, `position`) VALUES (5068,2,2003,-1151);
INSERT INTO `catalog_category_product` (`entity_id`, `category_id`, `product_id`, `position`) VALUES (5078,2,2011,-1152);
INSERT INTO `catalog_category_product` (`entity_id`, `category_id`, `product_id`, `position`) VALUES (5081,2,2012,-1153);
INSERT INTO `catalog_category_product` (`entity_id`, `category_id`, `product_id`, `position`) VALUES (5084,2,2013,-1154);
INSERT INTO `catalog_category_product` (`entity_id`, `category_id`, `product_id`, `position`) VALUES (5087,2,2014,-1155);
INSERT INTO `catalog_category_product` (`entity_id`, `category_id`, `product_id`, `position`) VALUES (5090,2,2015,-1156);
INSERT INTO `catalog_category_product` (`entity_id`, `category_id`, `product_id`, `position`) VALUES (5093,2,2016,-1157);
INSERT INTO `catalog_category_product` (`entity_id`, `category_id`, `product_id`, `position`) VALUES (5096,2,2017,-1158);
INSERT INTO `catalog_category_product` (`entity_id`, `category_id`, `product_id`, `position`) VALUES (5099,2,2018,-1159);
INSERT INTO `catalog_category_product` (`entity_id`, `category_id`, `product_id`, `position`) VALUES (5102,2,2019,-1160);
INSERT INTO `catalog_category_product` (`entity_id`, `category_id`, `product_id`, `position`) VALUES (5105,2,2020,-1161);
INSERT INTO `catalog_category_product` (`entity_id`, `category_id`, `product_id`, `position`) VALUES (5108,2,2021,-1162);
INSERT INTO `catalog_category_product` (`entity_id`, `category_id`, `product_id`, `position`) VALUES (5111,2,2022,-1163);
INSERT INTO `catalog_category_product` (`entity_id`, `category_id`, `product_id`, `position`) VALUES (5114,2,2023,-1164);
INSERT INTO `catalog_category_product` (`entity_id`, `category_id`, `product_id`, `position`) VALUES (5117,2,2024,-1165);
INSERT INTO `catalog_category_product` (`entity_id`, `category_id`, `product_id`, `position`) VALUES (5120,2,2025,-1166);
INSERT INTO `catalog_category_product` (`entity_id`, `category_id`, `product_id`, `position`) VALUES (5123,2,2026,-1167);
INSERT INTO `catalog_category_product` (`entity_id`, `category_id`, `product_id`, `position`) VALUES (5126,2,2027,-1168);
INSERT INTO `catalog_category_product` (`entity_id`, `category_id`, `product_id`, `position`) VALUES (5129,2,2028,-1169);
INSERT INTO `catalog_category_product` (`entity_id`, `category_id`, `product_id`, `position`) VALUES (5132,2,2029,-1170);
INSERT INTO `catalog_category_product` (`entity_id`, `category_id`, `product_id`, `position`) VALUES (5135,2,2030,-1171);
INSERT INTO `catalog_category_product` (`entity_id`, `category_id`, `product_id`, `position`) VALUES (5138,2,2031,-1172);
INSERT INTO `catalog_category_product` (`entity_id`, `category_id`, `product_id`, `position`) VALUES (5141,2,2032,-1173);
INSERT INTO `catalog_category_product` (`entity_id`, `category_id`, `product_id`, `position`) VALUES (5144,2,2033,-1174);
INSERT INTO `catalog_category_product` (`entity_id`, `category_id`, `product_id`, `position`) VALUES (5147,2,2034,-1175);
INSERT INTO `catalog_category_product` (`entity_id`, `category_id`, `product_id`, `position`) VALUES (5150,2,2035,-1176);
INSERT INTO `catalog_category_product` (`entity_id`, `category_id`, `product_id`, `position`) VALUES (5153,2,2036,-1177);
INSERT INTO `catalog_category_product` (`entity_id`, `category_id`, `product_id`, `position`) VALUES (5156,2,2037,-1178);
INSERT INTO `catalog_category_product` (`entity_id`, `category_id`, `product_id`, `position`) VALUES (5159,2,2038,-1179);
INSERT INTO `catalog_category_product` (`entity_id`, `category_id`, `product_id`, `position`) VALUES (5162,2,2039,-1180);
INSERT INTO `catalog_category_product` (`entity_id`, `category_id`, `product_id`, `position`) VALUES (5165,2,2040,-1181);
INSERT INTO `catalog_category_product` (`entity_id`, `category_id`, `product_id`, `position`) VALUES (5169,41,2044,0);
INSERT INTO `catalog_category_product` (`entity_id`, `category_id`, `product_id`, `position`) VALUES (5171,41,2045,0);
INSERT INTO `catalog_category_product` (`entity_id`, `category_id`, `product_id`, `position`) VALUES (5172,41,2046,0);
INSERT INTO `catalog_category_product` (`entity_id`, `category_id`, `product_id`, `position`) VALUES (5173,41,2047,0);
INSERT INTO `catalog_category_product` (`entity_id`, `category_id`, `product_id`, `position`) VALUES (5174,41,2048,0);
INSERT INTO `catalog_category_product` (`entity_id`, `category_id`, `product_id`, `position`) VALUES (5175,41,2049,0);
INSERT INTO `catalog_category_product` (`entity_id`, `category_id`, `product_id`, `position`) VALUES (5176,41,2050,0);
INSERT INTO `catalog_category_product` (`entity_id`, `category_id`, `product_id`, `position`) VALUES (5177,41,2051,0);
INSERT INTO `catalog_category_product` (`entity_id`, `category_id`, `product_id`, `position`) VALUES (5178,41,2052,0);
INSERT INTO `catalog_category_product` (`entity_id`, `category_id`, `product_id`, `position`) VALUES (5179,41,2053,0);
INSERT INTO `catalog_category_product` (`entity_id`, `category_id`, `product_id`, `position`) VALUES (5180,41,2054,0);
INSERT INTO `catalog_category_product` (`entity_id`, `category_id`, `product_id`, `position`) VALUES (5181,41,2055,0);
INSERT INTO `catalog_category_product` (`entity_id`, `category_id`, `product_id`, `position`) VALUES (5182,41,2056,0);
INSERT INTO `catalog_category_product` (`entity_id`, `category_id`, `product_id`, `position`) VALUES (5183,41,2057,0);
INSERT INTO `catalog_category_product` (`entity_id`, `category_id`, `product_id`, `position`) VALUES (5184,41,2058,0);
INSERT INTO `catalog_category_product` (`entity_id`, `category_id`, `product_id`, `position`) VALUES (5185,41,2059,0);
INSERT INTO `catalog_category_product` (`entity_id`, `category_id`, `product_id`, `position`) VALUES (5186,41,2060,0);
INSERT INTO `catalog_category_product` (`entity_id`, `category_id`, `product_id`, `position`) VALUES (5187,41,2061,0);
INSERT INTO `catalog_category_product` (`entity_id`, `category_id`, `product_id`, `position`) VALUES (5188,41,2062,0);
INSERT INTO `catalog_category_product` (`entity_id`, `category_id`, `product_id`, `position`) VALUES (5189,41,2063,0);
INSERT INTO `catalog_category_product` (`entity_id`, `category_id`, `product_id`, `position`) VALUES (5190,41,2064,0);
INSERT INTO `catalog_category_product` (`entity_id`, `category_id`, `product_id`, `position`) VALUES (5191,41,2065,0);
INSERT INTO `catalog_category_product` (`entity_id`, `category_id`, `product_id`, `position`) VALUES (5192,41,2066,0);
INSERT INTO `catalog_category_product` (`entity_id`, `category_id`, `product_id`, `position`) VALUES (5193,41,2067,0);
INSERT INTO `catalog_category_product` (`entity_id`, `category_id`, `product_id`, `position`) VALUES (5194,41,2068,0);
INSERT INTO `catalog_category_product` (`entity_id`, `category_id`, `product_id`, `position`) VALUES (5195,41,2069,0);
INSERT INTO `catalog_category_product` (`entity_id`, `category_id`, `product_id`, `position`) VALUES (5196,41,2070,0);
INSERT INTO `catalog_category_product` (`entity_id`, `category_id`, `product_id`, `position`) VALUES (5197,41,2071,0);
INSERT INTO `catalog_category_product` (`entity_id`, `category_id`, `product_id`, `position`) VALUES (5198,41,2072,0);
INSERT INTO `catalog_category_product` (`entity_id`, `category_id`, `product_id`, `position`) VALUES (5199,41,2073,0);
INSERT INTO `catalog_category_product` (`entity_id`, `category_id`, `product_id`, `position`) VALUES (5200,41,2074,0);
INSERT INTO `catalog_category_product` (`entity_id`, `category_id`, `product_id`, `position`) VALUES (5201,41,2075,0);
INSERT INTO `catalog_category_product` (`entity_id`, `category_id`, `product_id`, `position`) VALUES (5202,41,2076,0);
INSERT INTO `catalog_category_product` (`entity_id`, `category_id`, `product_id`, `position`) VALUES (5203,41,2077,0);
INSERT INTO `catalog_category_product` (`entity_id`, `category_id`, `product_id`, `position`) VALUES (5204,41,2078,0);
INSERT INTO `catalog_category_product` (`entity_id`, `category_id`, `product_id`, `position`) VALUES (5205,41,2079,0);
INSERT INTO `catalog_category_product` (`entity_id`, `category_id`, `product_id`, `position`) VALUES (5206,41,2080,0);
INSERT INTO `catalog_category_product` (`entity_id`, `category_id`, `product_id`, `position`) VALUES (5207,41,2081,0);
INSERT INTO `catalog_category_product` (`entity_id`, `category_id`, `product_id`, `position`) VALUES (5208,41,2082,0);
INSERT INTO `catalog_category_product` (`entity_id`, `category_id`, `product_id`, `position`) VALUES (5209,41,2083,0);
INSERT INTO `catalog_category_product` (`entity_id`, `category_id`, `product_id`, `position`) VALUES (5210,41,2084,0);
INSERT INTO `catalog_category_product` (`entity_id`, `category_id`, `product_id`, `position`) VALUES (5211,41,2085,0);
INSERT INTO `catalog_category_product` (`entity_id`, `category_id`, `product_id`, `position`) VALUES (5212,41,2086,0);
INSERT INTO `catalog_category_product` (`entity_id`, `category_id`, `product_id`, `position`) VALUES (5213,41,2087,0);
INSERT INTO `catalog_category_product` (`entity_id`, `category_id`, `product_id`, `position`) VALUES (5214,41,2088,0);
INSERT INTO `catalog_category_product` (`entity_id`, `category_id`, `product_id`, `position`) VALUES (5215,41,2089,0);
INSERT INTO `catalog_category_product` (`entity_id`, `category_id`, `product_id`, `position`) VALUES (5216,41,2090,0);
INSERT INTO `catalog_category_product` (`entity_id`, `category_id`, `product_id`, `position`) VALUES (5217,41,2091,0);
INSERT INTO `catalog_category_product` (`entity_id`, `category_id`, `product_id`, `position`) VALUES (5218,41,2092,0);
INSERT INTO `catalog_category_product` (`entity_id`, `category_id`, `product_id`, `position`) VALUES (5219,41,2093,0);
INSERT INTO `catalog_category_product` (`entity_id`, `category_id`, `product_id`, `position`) VALUES (5220,41,2094,0);
INSERT INTO `catalog_category_product` (`entity_id`, `category_id`, `product_id`, `position`) VALUES (5221,41,2095,0);
INSERT INTO `catalog_category_product` (`entity_id`, `category_id`, `product_id`, `position`) VALUES (5222,41,2096,0);
INSERT INTO `catalog_category_product` (`entity_id`, `category_id`, `product_id`, `position`) VALUES (5223,41,2097,0);
INSERT INTO `catalog_category_product` (`entity_id`, `category_id`, `product_id`, `position`) VALUES (5224,41,2098,0);
INSERT INTO `catalog_category_product` (`entity_id`, `category_id`, `product_id`, `position`) VALUES (5225,41,2099,0);
INSERT INTO `catalog_category_product` (`entity_id`, `category_id`, `product_id`, `position`) VALUES (5226,41,2100,0);
INSERT INTO `catalog_category_product` (`entity_id`, `category_id`, `product_id`, `position`) VALUES (5227,41,2101,0);
INSERT INTO `catalog_category_product` (`entity_id`, `category_id`, `product_id`, `position`) VALUES (5228,41,2102,0);
INSERT INTO `catalog_category_product` (`entity_id`, `category_id`, `product_id`, `position`) VALUES (5229,41,2103,0);
INSERT INTO `catalog_category_product` (`entity_id`, `category_id`, `product_id`, `position`) VALUES (5230,41,2104,0);
INSERT INTO `catalog_category_product` (`entity_id`, `category_id`, `product_id`, `position`) VALUES (5231,41,2105,0);
INSERT INTO `catalog_category_product` (`entity_id`, `category_id`, `product_id`, `position`) VALUES (5232,41,2106,0);
INSERT INTO `catalog_category_product` (`entity_id`, `category_id`, `product_id`, `position`) VALUES (5233,42,2107,0);
INSERT INTO `catalog_category_product` (`entity_id`, `category_id`, `product_id`, `position`) VALUES (5234,42,2108,0);
INSERT INTO `catalog_category_product` (`entity_id`, `category_id`, `product_id`, `position`) VALUES (5235,42,2109,0);
INSERT INTO `catalog_category_product` (`entity_id`, `category_id`, `product_id`, `position`) VALUES (5236,42,2110,0);
INSERT INTO `catalog_category_product` (`entity_id`, `category_id`, `product_id`, `position`) VALUES (5237,42,2111,0);
INSERT INTO `catalog_category_product` (`entity_id`, `category_id`, `product_id`, `position`) VALUES (5238,42,2112,0);
INSERT INTO `catalog_category_product` (`entity_id`, `category_id`, `product_id`, `position`) VALUES (5239,42,2113,0);
INSERT INTO `catalog_category_product` (`entity_id`, `category_id`, `product_id`, `position`) VALUES (5240,42,2114,0);
INSERT INTO `catalog_category_product` (`entity_id`, `category_id`, `product_id`, `position`) VALUES (5241,42,2115,0);
INSERT INTO `catalog_category_product` (`entity_id`, `category_id`, `product_id`, `position`) VALUES (5242,42,2116,0);
INSERT INTO `catalog_category_product` (`entity_id`, `category_id`, `product_id`, `position`) VALUES (5243,42,2117,0);
INSERT INTO `catalog_category_product` (`entity_id`, `category_id`, `product_id`, `position`) VALUES (5244,42,2118,0);
INSERT INTO `catalog_category_product` (`entity_id`, `category_id`, `product_id`, `position`) VALUES (5245,42,2119,0);
INSERT INTO `catalog_category_product` (`entity_id`, `category_id`, `product_id`, `position`) VALUES (5246,42,2120,0);
INSERT INTO `catalog_category_product` (`entity_id`, `category_id`, `product_id`, `position`) VALUES (5247,42,2121,0);
INSERT INTO `catalog_category_product` (`entity_id`, `category_id`, `product_id`, `position`) VALUES (5248,42,2122,0);
INSERT INTO `catalog_category_product` (`entity_id`, `category_id`, `product_id`, `position`) VALUES (5249,42,2123,0);
INSERT INTO `catalog_category_product` (`entity_id`, `category_id`, `product_id`, `position`) VALUES (5250,42,2124,0);
INSERT INTO `catalog_category_product` (`entity_id`, `category_id`, `product_id`, `position`) VALUES (5251,42,2125,0);
INSERT INTO `catalog_category_product` (`entity_id`, `category_id`, `product_id`, `position`) VALUES (5252,42,2126,0);
INSERT INTO `catalog_category_product` (`entity_id`, `category_id`, `product_id`, `position`) VALUES (5253,42,2127,0);
INSERT INTO `catalog_category_product` (`entity_id`, `category_id`, `product_id`, `position`) VALUES (5254,42,2128,0);
INSERT INTO `catalog_category_product` (`entity_id`, `category_id`, `product_id`, `position`) VALUES (5255,42,2129,0);
INSERT INTO `catalog_category_product` (`entity_id`, `category_id`, `product_id`, `position`) VALUES (5256,42,2130,0);
INSERT INTO `catalog_category_product` (`entity_id`, `category_id`, `product_id`, `position`) VALUES (5257,42,2131,0);
INSERT INTO `catalog_category_product` (`entity_id`, `category_id`, `product_id`, `position`) VALUES (5258,42,2132,0);
INSERT INTO `catalog_category_product` (`entity_id`, `category_id`, `product_id`, `position`) VALUES (5259,42,2133,0);
INSERT INTO `catalog_category_product` (`entity_id`, `category_id`, `product_id`, `position`) VALUES (5260,42,2134,0);
INSERT INTO `catalog_category_product` (`entity_id`, `category_id`, `product_id`, `position`) VALUES (5261,42,2135,0);
INSERT INTO `catalog_category_product` (`entity_id`, `category_id`, `product_id`, `position`) VALUES (5262,42,2136,0);
INSERT INTO `catalog_category_product` (`entity_id`, `category_id`, `product_id`, `position`) VALUES (5263,42,2137,0);
INSERT INTO `catalog_category_product` (`entity_id`, `category_id`, `product_id`, `position`) VALUES (5264,42,2138,0);
INSERT INTO `catalog_category_product` (`entity_id`, `category_id`, `product_id`, `position`) VALUES (5265,42,2139,0);
INSERT INTO `catalog_category_product` (`entity_id`, `category_id`, `product_id`, `position`) VALUES (5266,42,2140,0);
INSERT INTO `catalog_category_product` (`entity_id`, `category_id`, `product_id`, `position`) VALUES (5267,42,2141,0);
INSERT INTO `catalog_category_product` (`entity_id`, `category_id`, `product_id`, `position`) VALUES (5268,42,2142,0);
INSERT INTO `catalog_category_product` (`entity_id`, `category_id`, `product_id`, `position`) VALUES (5269,42,2143,0);
INSERT INTO `catalog_category_product` (`entity_id`, `category_id`, `product_id`, `position`) VALUES (5270,42,2144,0);
INSERT INTO `catalog_category_product` (`entity_id`, `category_id`, `product_id`, `position`) VALUES (5271,42,2145,0);
INSERT INTO `catalog_category_product` (`entity_id`, `category_id`, `product_id`, `position`) VALUES (5272,42,2146,0);
INSERT INTO `catalog_category_product` (`entity_id`, `category_id`, `product_id`, `position`) VALUES (5273,42,2147,0);
INSERT INTO `catalog_category_product` (`entity_id`, `category_id`, `product_id`, `position`) VALUES (5274,42,2148,0);
INSERT INTO `catalog_category_product` (`entity_id`, `category_id`, `product_id`, `position`) VALUES (5275,42,2149,0);
INSERT INTO `catalog_category_product` (`entity_id`, `category_id`, `product_id`, `position`) VALUES (5276,42,2150,0);
INSERT INTO `catalog_category_product` (`entity_id`, `category_id`, `product_id`, `position`) VALUES (5277,42,2151,0);
INSERT INTO `catalog_category_product` (`entity_id`, `category_id`, `product_id`, `position`) VALUES (5278,42,2152,0);
INSERT INTO `catalog_category_product` (`entity_id`, `category_id`, `product_id`, `position`) VALUES (5279,42,2153,0);
INSERT INTO `catalog_category_product` (`entity_id`, `category_id`, `product_id`, `position`) VALUES (5280,42,2154,0);
INSERT INTO `catalog_category_product` (`entity_id`, `category_id`, `product_id`, `position`) VALUES (5281,42,2155,0);
INSERT INTO `catalog_category_product` (`entity_id`, `category_id`, `product_id`, `position`) VALUES (5282,42,2156,0);
INSERT INTO `catalog_category_product` (`entity_id`, `category_id`, `product_id`, `position`) VALUES (5283,42,2157,0);
INSERT INTO `catalog_category_product` (`entity_id`, `category_id`, `product_id`, `position`) VALUES (5284,42,2158,0);
INSERT INTO `catalog_category_product` (`entity_id`, `category_id`, `product_id`, `position`) VALUES (5285,42,2159,0);
INSERT INTO `catalog_category_product` (`entity_id`, `category_id`, `product_id`, `position`) VALUES (5286,42,2160,0);
INSERT INTO `catalog_category_product` (`entity_id`, `category_id`, `product_id`, `position`) VALUES (5287,42,2161,0);
INSERT INTO `catalog_category_product` (`entity_id`, `category_id`, `product_id`, `position`) VALUES (5288,42,2162,0);
INSERT INTO `catalog_category_product` (`entity_id`, `category_id`, `product_id`, `position`) VALUES (5289,42,2163,0);
INSERT INTO `catalog_category_product` (`entity_id`, `category_id`, `product_id`, `position`) VALUES (5290,42,2164,0);
INSERT INTO `catalog_category_product` (`entity_id`, `category_id`, `product_id`, `position`) VALUES (5291,42,2165,0);
INSERT INTO `catalog_category_product` (`entity_id`, `category_id`, `product_id`, `position`) VALUES (5292,42,2166,0);
INSERT INTO `catalog_category_product` (`entity_id`, `category_id`, `product_id`, `position`) VALUES (5293,42,2167,0);
INSERT INTO `catalog_category_product` (`entity_id`, `category_id`, `product_id`, `position`) VALUES (5294,42,2168,0);
INSERT INTO `catalog_category_product` (`entity_id`, `category_id`, `product_id`, `position`) VALUES (5295,42,2169,0);
INSERT INTO `catalog_category_product` (`entity_id`, `category_id`, `product_id`, `position`) VALUES (5296,42,2170,0);
INSERT INTO `catalog_category_product` (`entity_id`, `category_id`, `product_id`, `position`) VALUES (5297,42,2171,0);
INSERT INTO `catalog_category_product` (`entity_id`, `category_id`, `product_id`, `position`) VALUES (5298,42,2172,0);
INSERT INTO `catalog_category_product` (`entity_id`, `category_id`, `product_id`, `position`) VALUES (5299,42,2173,0);
INSERT INTO `catalog_category_product` (`entity_id`, `category_id`, `product_id`, `position`) VALUES (5300,42,2174,0);
INSERT INTO `catalog_category_product` (`entity_id`, `category_id`, `product_id`, `position`) VALUES (5301,43,2175,0);
INSERT INTO `catalog_category_product` (`entity_id`, `category_id`, `product_id`, `position`) VALUES (5302,43,2176,0);
INSERT INTO `catalog_category_product` (`entity_id`, `category_id`, `product_id`, `position`) VALUES (5303,43,2177,0);
INSERT INTO `catalog_category_product` (`entity_id`, `category_id`, `product_id`, `position`) VALUES (5304,43,2178,0);
INSERT INTO `catalog_category_product` (`entity_id`, `category_id`, `product_id`, `position`) VALUES (5305,43,2179,0);
INSERT INTO `catalog_category_product` (`entity_id`, `category_id`, `product_id`, `position`) VALUES (5306,43,2180,0);
INSERT INTO `catalog_category_product` (`entity_id`, `category_id`, `product_id`, `position`) VALUES (5307,43,2181,0);
INSERT INTO `catalog_category_product` (`entity_id`, `category_id`, `product_id`, `position`) VALUES (5308,43,2182,0);
INSERT INTO `catalog_category_product` (`entity_id`, `category_id`, `product_id`, `position`) VALUES (5309,43,2183,0);
INSERT INTO `catalog_category_product` (`entity_id`, `category_id`, `product_id`, `position`) VALUES (5310,43,2184,0);
INSERT INTO `catalog_category_product` (`entity_id`, `category_id`, `product_id`, `position`) VALUES (5311,43,2185,0);
INSERT INTO `catalog_category_product` (`entity_id`, `category_id`, `product_id`, `position`) VALUES (5312,43,2186,0);
INSERT INTO `catalog_category_product` (`entity_id`, `category_id`, `product_id`, `position`) VALUES (5313,43,2187,0);
INSERT INTO `catalog_category_product` (`entity_id`, `category_id`, `product_id`, `position`) VALUES (5314,43,2188,0);
INSERT INTO `catalog_category_product` (`entity_id`, `category_id`, `product_id`, `position`) VALUES (5315,43,2189,0);
INSERT INTO `catalog_category_product` (`entity_id`, `category_id`, `product_id`, `position`) VALUES (5316,43,2190,0);
INSERT INTO `catalog_category_product` (`entity_id`, `category_id`, `product_id`, `position`) VALUES (5317,43,2191,0);
INSERT INTO `catalog_category_product` (`entity_id`, `category_id`, `product_id`, `position`) VALUES (5318,43,2192,0);
INSERT INTO `catalog_category_product` (`entity_id`, `category_id`, `product_id`, `position`) VALUES (5319,43,2193,0);
INSERT INTO `catalog_category_product` (`entity_id`, `category_id`, `product_id`, `position`) VALUES (5320,43,2194,0);
INSERT INTO `catalog_category_product` (`entity_id`, `category_id`, `product_id`, `position`) VALUES (5321,43,2195,0);
INSERT INTO `catalog_category_product` (`entity_id`, `category_id`, `product_id`, `position`) VALUES (5322,43,2196,0);
INSERT INTO `catalog_category_product` (`entity_id`, `category_id`, `product_id`, `position`) VALUES (5323,43,2197,0);
INSERT INTO `catalog_category_product` (`entity_id`, `category_id`, `product_id`, `position`) VALUES (5324,43,2198,0);
INSERT INTO `catalog_category_product` (`entity_id`, `category_id`, `product_id`, `position`) VALUES (5325,43,2199,0);
INSERT INTO `catalog_category_product` (`entity_id`, `category_id`, `product_id`, `position`) VALUES (5326,43,2200,0);
INSERT INTO `catalog_category_product` (`entity_id`, `category_id`, `product_id`, `position`) VALUES (5327,43,2201,0);
INSERT INTO `catalog_category_product` (`entity_id`, `category_id`, `product_id`, `position`) VALUES (5328,43,2202,0);
INSERT INTO `catalog_category_product` (`entity_id`, `category_id`, `product_id`, `position`) VALUES (5329,43,2203,0);
INSERT INTO `catalog_category_product` (`entity_id`, `category_id`, `product_id`, `position`) VALUES (5330,43,2204,0);
INSERT INTO `catalog_category_product` (`entity_id`, `category_id`, `product_id`, `position`) VALUES (5331,43,2205,0);
INSERT INTO `catalog_category_product` (`entity_id`, `category_id`, `product_id`, `position`) VALUES (5332,43,2206,0);
INSERT INTO `catalog_category_product` (`entity_id`, `category_id`, `product_id`, `position`) VALUES (5333,43,2207,0);
INSERT INTO `catalog_category_product` (`entity_id`, `category_id`, `product_id`, `position`) VALUES (5334,43,2208,0);
INSERT INTO `catalog_category_product` (`entity_id`, `category_id`, `product_id`, `position`) VALUES (5335,43,2209,0);
INSERT INTO `catalog_category_product` (`entity_id`, `category_id`, `product_id`, `position`) VALUES (5336,43,2210,0);
INSERT INTO `catalog_category_product` (`entity_id`, `category_id`, `product_id`, `position`) VALUES (5337,43,2211,0);
INSERT INTO `catalog_category_product` (`entity_id`, `category_id`, `product_id`, `position`) VALUES (5338,43,2212,0);
INSERT INTO `catalog_category_product` (`entity_id`, `category_id`, `product_id`, `position`) VALUES (5339,43,2213,0);
INSERT INTO `catalog_category_product` (`entity_id`, `category_id`, `product_id`, `position`) VALUES (5340,43,2214,0);
INSERT INTO `catalog_category_product` (`entity_id`, `category_id`, `product_id`, `position`) VALUES (5341,43,2215,0);
INSERT INTO `catalog_category_product` (`entity_id`, `category_id`, `product_id`, `position`) VALUES (5342,43,2216,0);
INSERT INTO `catalog_category_product` (`entity_id`, `category_id`, `product_id`, `position`) VALUES (5343,43,2217,0);
INSERT INTO `catalog_category_product` (`entity_id`, `category_id`, `product_id`, `position`) VALUES (5344,43,2218,0);
INSERT INTO `catalog_category_product` (`entity_id`, `category_id`, `product_id`, `position`) VALUES (5345,43,2219,0);
INSERT INTO `catalog_category_product` (`entity_id`, `category_id`, `product_id`, `position`) VALUES (5346,43,2220,0);
INSERT INTO `catalog_category_product` (`entity_id`, `category_id`, `product_id`, `position`) VALUES (5347,43,2221,0);
INSERT INTO `catalog_category_product` (`entity_id`, `category_id`, `product_id`, `position`) VALUES (5348,43,2222,0);
INSERT INTO `catalog_category_product` (`entity_id`, `category_id`, `product_id`, `position`) VALUES (5349,43,2223,0);
INSERT INTO `catalog_category_product` (`entity_id`, `category_id`, `product_id`, `position`) VALUES (5350,43,2224,0);
INSERT INTO `catalog_category_product` (`entity_id`, `category_id`, `product_id`, `position`) VALUES (5351,43,2225,0);
INSERT INTO `catalog_category_product` (`entity_id`, `category_id`, `product_id`, `position`) VALUES (5352,43,2226,0);
INSERT INTO `catalog_category_product` (`entity_id`, `category_id`, `product_id`, `position`) VALUES (5353,43,2227,0);
INSERT INTO `catalog_category_product` (`entity_id`, `category_id`, `product_id`, `position`) VALUES (5354,43,2228,0);
INSERT INTO `catalog_category_product` (`entity_id`, `category_id`, `product_id`, `position`) VALUES (5355,43,2229,0);
INSERT INTO `catalog_category_product` (`entity_id`, `category_id`, `product_id`, `position`) VALUES (5356,43,2230,0);
INSERT INTO `catalog_category_product` (`entity_id`, `category_id`, `product_id`, `position`) VALUES (5357,43,2231,0);
INSERT INTO `catalog_category_product` (`entity_id`, `category_id`, `product_id`, `position`) VALUES (5358,43,2232,0);
INSERT INTO `catalog_category_product` (`entity_id`, `category_id`, `product_id`, `position`) VALUES (5359,43,2233,0);
INSERT INTO `catalog_category_product` (`entity_id`, `category_id`, `product_id`, `position`) VALUES (5360,43,2234,0);
INSERT INTO `catalog_category_product` (`entity_id`, `category_id`, `product_id`, `position`) VALUES (5361,43,2235,0);
INSERT INTO `catalog_category_product` (`entity_id`, `category_id`, `product_id`, `position`) VALUES (5362,43,2236,0);
INSERT INTO `catalog_category_product` (`entity_id`, `category_id`, `product_id`, `position`) VALUES (5363,43,2237,0);
INSERT INTO `catalog_category_product` (`entity_id`, `category_id`, `product_id`, `position`) VALUES (5364,43,2238,0);
INSERT INTO `catalog_category_product` (`entity_id`, `category_id`, `product_id`, `position`) VALUES (5365,43,2239,0);
INSERT INTO `catalog_category_product` (`entity_id`, `category_id`, `product_id`, `position`) VALUES (5366,43,2240,0);
INSERT INTO `catalog_category_product` (`entity_id`, `category_id`, `product_id`, `position`) VALUES (5367,43,2241,0);
INSERT INTO `catalog_category_product` (`entity_id`, `category_id`, `product_id`, `position`) VALUES (5368,43,2242,0);
INSERT INTO `catalog_category_product` (`entity_id`, `category_id`, `product_id`, `position`) VALUES (5369,43,2243,0);
INSERT INTO `catalog_category_product` (`entity_id`, `category_id`, `product_id`, `position`) VALUES (5370,43,2244,0);
INSERT INTO `catalog_category_product` (`entity_id`, `category_id`, `product_id`, `position`) VALUES (5371,43,2245,0);
INSERT INTO `catalog_category_product` (`entity_id`, `category_id`, `product_id`, `position`) VALUES (5372,43,2246,0);
INSERT INTO `catalog_category_product` (`entity_id`, `category_id`, `product_id`, `position`) VALUES (5373,43,2247,0);
INSERT INTO `catalog_category_product` (`entity_id`, `category_id`, `product_id`, `position`) VALUES (5374,43,2248,0);
INSERT INTO `catalog_category_product` (`entity_id`, `category_id`, `product_id`, `position`) VALUES (5375,43,2249,0);
INSERT INTO `catalog_category_product` (`entity_id`, `category_id`, `product_id`, `position`) VALUES (5376,43,2250,0);
INSERT INTO `catalog_category_product` (`entity_id`, `category_id`, `product_id`, `position`) VALUES (5377,43,2251,0);
INSERT INTO `catalog_category_product` (`entity_id`, `category_id`, `product_id`, `position`) VALUES (5378,43,2252,0);
INSERT INTO `catalog_category_product` (`entity_id`, `category_id`, `product_id`, `position`) VALUES (5379,43,2253,0);
INSERT INTO `catalog_category_product` (`entity_id`, `category_id`, `product_id`, `position`) VALUES (5380,44,2254,0);
INSERT INTO `catalog_category_product` (`entity_id`, `category_id`, `product_id`, `position`) VALUES (5381,44,2255,0);
INSERT INTO `catalog_category_product` (`entity_id`, `category_id`, `product_id`, `position`) VALUES (5382,44,2256,0);
INSERT INTO `catalog_category_product` (`entity_id`, `category_id`, `product_id`, `position`) VALUES (5383,44,2257,0);
INSERT INTO `catalog_category_product` (`entity_id`, `category_id`, `product_id`, `position`) VALUES (5384,44,2258,0);
INSERT INTO `catalog_category_product` (`entity_id`, `category_id`, `product_id`, `position`) VALUES (5385,44,2259,0);
INSERT INTO `catalog_category_product` (`entity_id`, `category_id`, `product_id`, `position`) VALUES (5386,44,2260,0);
INSERT INTO `catalog_category_product` (`entity_id`, `category_id`, `product_id`, `position`) VALUES (5387,44,2261,0);
INSERT INTO `catalog_category_product` (`entity_id`, `category_id`, `product_id`, `position`) VALUES (5388,44,2262,0);
INSERT INTO `catalog_category_product` (`entity_id`, `category_id`, `product_id`, `position`) VALUES (5389,44,2263,0);
INSERT INTO `catalog_category_product` (`entity_id`, `category_id`, `product_id`, `position`) VALUES (5390,44,2264,0);
INSERT INTO `catalog_category_product` (`entity_id`, `category_id`, `product_id`, `position`) VALUES (5391,44,2265,0);
INSERT INTO `catalog_category_product` (`entity_id`, `category_id`, `product_id`, `position`) VALUES (5392,44,2266,0);
INSERT INTO `catalog_category_product` (`entity_id`, `category_id`, `product_id`, `position`) VALUES (5393,44,2267,0);
INSERT INTO `catalog_category_product` (`entity_id`, `category_id`, `product_id`, `position`) VALUES (5394,44,2268,0);
INSERT INTO `catalog_category_product` (`entity_id`, `category_id`, `product_id`, `position`) VALUES (5395,44,2269,0);
INSERT INTO `catalog_category_product` (`entity_id`, `category_id`, `product_id`, `position`) VALUES (5396,44,2270,0);
INSERT INTO `catalog_category_product` (`entity_id`, `category_id`, `product_id`, `position`) VALUES (5397,44,2271,0);
INSERT INTO `catalog_category_product` (`entity_id`, `category_id`, `product_id`, `position`) VALUES (5398,44,2272,0);
INSERT INTO `catalog_category_product` (`entity_id`, `category_id`, `product_id`, `position`) VALUES (5399,44,2273,0);
INSERT INTO `catalog_category_product` (`entity_id`, `category_id`, `product_id`, `position`) VALUES (5400,44,2274,0);
INSERT INTO `catalog_category_product` (`entity_id`, `category_id`, `product_id`, `position`) VALUES (5401,44,2275,0);
INSERT INTO `catalog_category_product` (`entity_id`, `category_id`, `product_id`, `position`) VALUES (5402,44,2276,0);
INSERT INTO `catalog_category_product` (`entity_id`, `category_id`, `product_id`, `position`) VALUES (5403,44,2277,0);
INSERT INTO `catalog_category_product` (`entity_id`, `category_id`, `product_id`, `position`) VALUES (5404,44,2278,0);
INSERT INTO `catalog_category_product` (`entity_id`, `category_id`, `product_id`, `position`) VALUES (5405,44,2279,0);
INSERT INTO `catalog_category_product` (`entity_id`, `category_id`, `product_id`, `position`) VALUES (5406,44,2280,0);
INSERT INTO `catalog_category_product` (`entity_id`, `category_id`, `product_id`, `position`) VALUES (5407,44,2281,0);
INSERT INTO `catalog_category_product` (`entity_id`, `category_id`, `product_id`, `position`) VALUES (5408,44,2282,0);
INSERT INTO `catalog_category_product` (`entity_id`, `category_id`, `product_id`, `position`) VALUES (5409,44,2283,0);
INSERT INTO `catalog_category_product` (`entity_id`, `category_id`, `product_id`, `position`) VALUES (5410,44,2284,0);
INSERT INTO `catalog_category_product` (`entity_id`, `category_id`, `product_id`, `position`) VALUES (5411,44,2285,0);
INSERT INTO `catalog_category_product` (`entity_id`, `category_id`, `product_id`, `position`) VALUES (5412,44,2286,0);
INSERT INTO `catalog_category_product` (`entity_id`, `category_id`, `product_id`, `position`) VALUES (5413,44,2287,0);
INSERT INTO `catalog_category_product` (`entity_id`, `category_id`, `product_id`, `position`) VALUES (5414,44,2288,0);
INSERT INTO `catalog_category_product` (`entity_id`, `category_id`, `product_id`, `position`) VALUES (5415,44,2289,0);
INSERT INTO `catalog_category_product` (`entity_id`, `category_id`, `product_id`, `position`) VALUES (5416,44,2290,0);
INSERT INTO `catalog_category_product` (`entity_id`, `category_id`, `product_id`, `position`) VALUES (5417,44,2291,0);
INSERT INTO `catalog_category_product` (`entity_id`, `category_id`, `product_id`, `position`) VALUES (5418,44,2292,0);
INSERT INTO `catalog_category_product` (`entity_id`, `category_id`, `product_id`, `position`) VALUES (5419,44,2293,0);
INSERT INTO `catalog_category_product` (`entity_id`, `category_id`, `product_id`, `position`) VALUES (5420,44,2294,0);
INSERT INTO `catalog_category_product` (`entity_id`, `category_id`, `product_id`, `position`) VALUES (5421,44,2295,0);
INSERT INTO `catalog_category_product` (`entity_id`, `category_id`, `product_id`, `position`) VALUES (5422,44,2296,0);
INSERT INTO `catalog_category_product` (`entity_id`, `category_id`, `product_id`, `position`) VALUES (5423,44,2297,0);
INSERT INTO `catalog_category_product` (`entity_id`, `category_id`, `product_id`, `position`) VALUES (5424,44,2298,0);
INSERT INTO `catalog_category_product` (`entity_id`, `category_id`, `product_id`, `position`) VALUES (5425,44,2299,0);
INSERT INTO `catalog_category_product` (`entity_id`, `category_id`, `product_id`, `position`) VALUES (5426,44,2300,0);
INSERT INTO `catalog_category_product` (`entity_id`, `category_id`, `product_id`, `position`) VALUES (5427,44,2301,0);
INSERT INTO `catalog_category_product` (`entity_id`, `category_id`, `product_id`, `position`) VALUES (5428,45,2302,0);
INSERT INTO `catalog_category_product` (`entity_id`, `category_id`, `product_id`, `position`) VALUES (5429,45,2303,0);
INSERT INTO `catalog_category_product` (`entity_id`, `category_id`, `product_id`, `position`) VALUES (5430,45,2304,0);
INSERT INTO `catalog_category_product` (`entity_id`, `category_id`, `product_id`, `position`) VALUES (5431,45,2305,0);
INSERT INTO `catalog_category_product` (`entity_id`, `category_id`, `product_id`, `position`) VALUES (5432,45,2306,0);
INSERT INTO `catalog_category_product` (`entity_id`, `category_id`, `product_id`, `position`) VALUES (5433,45,2307,0);
INSERT INTO `catalog_category_product` (`entity_id`, `category_id`, `product_id`, `position`) VALUES (5434,45,2308,0);
INSERT INTO `catalog_category_product` (`entity_id`, `category_id`, `product_id`, `position`) VALUES (5435,45,2309,0);
INSERT INTO `catalog_category_product` (`entity_id`, `category_id`, `product_id`, `position`) VALUES (5436,45,2310,0);
INSERT INTO `catalog_category_product` (`entity_id`, `category_id`, `product_id`, `position`) VALUES (5437,45,2311,0);
INSERT INTO `catalog_category_product` (`entity_id`, `category_id`, `product_id`, `position`) VALUES (5438,45,2312,0);
INSERT INTO `catalog_category_product` (`entity_id`, `category_id`, `product_id`, `position`) VALUES (5439,45,2313,0);
INSERT INTO `catalog_category_product` (`entity_id`, `category_id`, `product_id`, `position`) VALUES (5440,45,2314,0);
INSERT INTO `catalog_category_product` (`entity_id`, `category_id`, `product_id`, `position`) VALUES (5441,45,2315,0);
INSERT INTO `catalog_category_product` (`entity_id`, `category_id`, `product_id`, `position`) VALUES (5442,45,2316,0);
INSERT INTO `catalog_category_product` (`entity_id`, `category_id`, `product_id`, `position`) VALUES (5443,45,2317,0);
INSERT INTO `catalog_category_product` (`entity_id`, `category_id`, `product_id`, `position`) VALUES (5444,45,2318,0);
INSERT INTO `catalog_category_product` (`entity_id`, `category_id`, `product_id`, `position`) VALUES (5445,45,2319,0);
INSERT INTO `catalog_category_product` (`entity_id`, `category_id`, `product_id`, `position`) VALUES (5446,45,2320,0);
INSERT INTO `catalog_category_product` (`entity_id`, `category_id`, `product_id`, `position`) VALUES (5447,45,2321,0);
INSERT INTO `catalog_category_product` (`entity_id`, `category_id`, `product_id`, `position`) VALUES (5448,45,2322,0);
INSERT INTO `catalog_category_product` (`entity_id`, `category_id`, `product_id`, `position`) VALUES (5449,45,2323,0);
INSERT INTO `catalog_category_product` (`entity_id`, `category_id`, `product_id`, `position`) VALUES (5450,45,2324,0);
INSERT INTO `catalog_category_product` (`entity_id`, `category_id`, `product_id`, `position`) VALUES (5451,45,2325,0);
INSERT INTO `catalog_category_product` (`entity_id`, `category_id`, `product_id`, `position`) VALUES (5452,45,2326,0);
INSERT INTO `catalog_category_product` (`entity_id`, `category_id`, `product_id`, `position`) VALUES (5453,45,2327,0);
INSERT INTO `catalog_category_product` (`entity_id`, `category_id`, `product_id`, `position`) VALUES (5454,45,2328,0);
INSERT INTO `catalog_category_product` (`entity_id`, `category_id`, `product_id`, `position`) VALUES (5455,45,2329,0);
INSERT INTO `catalog_category_product` (`entity_id`, `category_id`, `product_id`, `position`) VALUES (5456,45,2330,0);
INSERT INTO `catalog_category_product` (`entity_id`, `category_id`, `product_id`, `position`) VALUES (5457,45,2331,0);
INSERT INTO `catalog_category_product` (`entity_id`, `category_id`, `product_id`, `position`) VALUES (5458,45,2332,0);
INSERT INTO `catalog_category_product` (`entity_id`, `category_id`, `product_id`, `position`) VALUES (5459,45,2333,0);
INSERT INTO `catalog_category_product` (`entity_id`, `category_id`, `product_id`, `position`) VALUES (5460,45,2334,0);
INSERT INTO `catalog_category_product` (`entity_id`, `category_id`, `product_id`, `position`) VALUES (5461,45,2335,0);
INSERT INTO `catalog_category_product` (`entity_id`, `category_id`, `product_id`, `position`) VALUES (5462,45,2336,0);
INSERT INTO `catalog_category_product` (`entity_id`, `category_id`, `product_id`, `position`) VALUES (5463,45,2337,0);
INSERT INTO `catalog_category_product` (`entity_id`, `category_id`, `product_id`, `position`) VALUES (5464,45,2338,0);
INSERT INTO `catalog_category_product` (`entity_id`, `category_id`, `product_id`, `position`) VALUES (5465,45,2339,0);
INSERT INTO `catalog_category_product` (`entity_id`, `category_id`, `product_id`, `position`) VALUES (5466,45,2340,0);
INSERT INTO `catalog_category_product` (`entity_id`, `category_id`, `product_id`, `position`) VALUES (5467,45,2341,0);
INSERT INTO `catalog_category_product` (`entity_id`, `category_id`, `product_id`, `position`) VALUES (5468,45,2342,0);
INSERT INTO `catalog_category_product` (`entity_id`, `category_id`, `product_id`, `position`) VALUES (5469,45,2355,0);
INSERT INTO `catalog_category_product` (`entity_id`, `category_id`, `product_id`, `position`) VALUES (5470,45,2351,0);
INSERT INTO `catalog_category_product` (`entity_id`, `category_id`, `product_id`, `position`) VALUES (5471,45,2346,0);
INSERT INTO `catalog_category_product` (`entity_id`, `category_id`, `product_id`, `position`) VALUES (5472,47,2356,0);
INSERT INTO `catalog_category_product` (`entity_id`, `category_id`, `product_id`, `position`) VALUES (5473,47,2357,0);
INSERT INTO `catalog_category_product` (`entity_id`, `category_id`, `product_id`, `position`) VALUES (5474,48,2358,0);
INSERT INTO `catalog_category_product` (`entity_id`, `category_id`, `product_id`, `position`) VALUES (5475,48,2359,0);
INSERT INTO `catalog_category_product` (`entity_id`, `category_id`, `product_id`, `position`) VALUES (5476,48,2360,0);
INSERT INTO `catalog_category_product` (`entity_id`, `category_id`, `product_id`, `position`) VALUES (5477,48,2361,0);
INSERT INTO `catalog_category_product` (`entity_id`, `category_id`, `product_id`, `position`) VALUES (5478,47,2362,0);
INSERT INTO `catalog_category_product` (`entity_id`, `category_id`, `product_id`, `position`) VALUES (5479,47,2363,0);
INSERT INTO `catalog_category_product` (`entity_id`, `category_id`, `product_id`, `position`) VALUES (5480,47,2364,0);
INSERT INTO `catalog_category_product` (`entity_id`, `category_id`, `product_id`, `position`) VALUES (5481,47,2365,0);
INSERT INTO `catalog_category_product` (`entity_id`, `category_id`, `product_id`, `position`) VALUES (5482,47,2366,0);
INSERT INTO `catalog_category_product` (`entity_id`, `category_id`, `product_id`, `position`) VALUES (5483,47,2367,0);
INSERT INTO `catalog_category_product` (`entity_id`, `category_id`, `product_id`, `position`) VALUES (5484,47,2368,0);
INSERT INTO `catalog_category_product` (`entity_id`, `category_id`, `product_id`, `position`) VALUES (5485,47,2369,0);
INSERT INTO `catalog_category_product` (`entity_id`, `category_id`, `product_id`, `position`) VALUES (5486,47,2370,0);
INSERT INTO `catalog_category_product` (`entity_id`, `category_id`, `product_id`, `position`) VALUES (5487,48,2371,0);
INSERT INTO `catalog_category_product` (`entity_id`, `category_id`, `product_id`, `position`) VALUES (5488,48,2372,0);
INSERT INTO `catalog_category_product` (`entity_id`, `category_id`, `product_id`, `position`) VALUES (5489,48,2373,0);
INSERT INTO `catalog_category_product` (`entity_id`, `category_id`, `product_id`, `position`) VALUES (5490,48,2374,0);
INSERT INTO `catalog_category_product` (`entity_id`, `category_id`, `product_id`, `position`) VALUES (5491,48,2375,0);
INSERT INTO `catalog_category_product` (`entity_id`, `category_id`, `product_id`, `position`) VALUES (5492,48,2376,0);
INSERT INTO `catalog_category_product` (`entity_id`, `category_id`, `product_id`, `position`) VALUES (5493,48,2377,0);
INSERT INTO `catalog_category_product` (`entity_id`, `category_id`, `product_id`, `position`) VALUES (5494,48,2378,0);
INSERT INTO `catalog_category_product` (`entity_id`, `category_id`, `product_id`, `position`) VALUES (5495,48,2379,0);
INSERT INTO `catalog_category_product` (`entity_id`, `category_id`, `product_id`, `position`) VALUES (5496,48,2380,0);
INSERT INTO `catalog_category_product` (`entity_id`, `category_id`, `product_id`, `position`) VALUES (5497,48,2381,0);
INSERT INTO `catalog_category_product` (`entity_id`, `category_id`, `product_id`, `position`) VALUES (5498,48,2382,0);
INSERT INTO `catalog_category_product` (`entity_id`, `category_id`, `product_id`, `position`) VALUES (5499,48,2383,0);
INSERT INTO `catalog_category_product` (`entity_id`, `category_id`, `product_id`, `position`) VALUES (5500,48,2384,0);
INSERT INTO `catalog_category_product` (`entity_id`, `category_id`, `product_id`, `position`) VALUES (5501,48,2385,0);
INSERT INTO `catalog_category_product` (`entity_id`, `category_id`, `product_id`, `position`) VALUES (5502,48,2386,0);
INSERT INTO `catalog_category_product` (`entity_id`, `category_id`, `product_id`, `position`) VALUES (5503,48,2387,0);
INSERT INTO `catalog_category_product` (`entity_id`, `category_id`, `product_id`, `position`) VALUES (5504,48,2388,0);
INSERT INTO `catalog_category_product` (`entity_id`, `category_id`, `product_id`, `position`) VALUES (5505,48,2389,0);
INSERT INTO `catalog_category_product` (`entity_id`, `category_id`, `product_id`, `position`) VALUES (5506,48,2390,0);
INSERT INTO `catalog_category_product` (`entity_id`, `category_id`, `product_id`, `position`) VALUES (5507,48,2391,0);
INSERT INTO `catalog_category_product` (`entity_id`, `category_id`, `product_id`, `position`) VALUES (5508,48,2392,0);
INSERT INTO `catalog_category_product` (`entity_id`, `category_id`, `product_id`, `position`) VALUES (5509,48,2393,0);
INSERT INTO `catalog_category_product` (`entity_id`, `category_id`, `product_id`, `position`) VALUES (5510,48,2394,0);
INSERT INTO `catalog_category_product` (`entity_id`, `category_id`, `product_id`, `position`) VALUES (5511,48,2395,0);
INSERT INTO `catalog_category_product` (`entity_id`, `category_id`, `product_id`, `position`) VALUES (5512,48,2396,0);
INSERT INTO `catalog_category_product` (`entity_id`, `category_id`, `product_id`, `position`) VALUES (5513,48,2397,0);
INSERT INTO `catalog_category_product` (`entity_id`, `category_id`, `product_id`, `position`) VALUES (5514,48,2398,0);
INSERT INTO `catalog_category_product` (`entity_id`, `category_id`, `product_id`, `position`) VALUES (5515,48,2399,0);
INSERT INTO `catalog_category_product` (`entity_id`, `category_id`, `product_id`, `position`) VALUES (5516,48,2400,0);
INSERT INTO `catalog_category_product` (`entity_id`, `category_id`, `product_id`, `position`) VALUES (5517,48,2401,0);
INSERT INTO `catalog_category_product` (`entity_id`, `category_id`, `product_id`, `position`) VALUES (5518,48,2402,0);
DELIMITER ;;
/*!50003 CREATE*/ /*!50017 DEFINER=CURRENT_USER*/ /*!50003 TRIGGER trg_catalog_category_product_after_insert AFTER INSERT ON catalog_category_product FOR EACH ROW
BEGIN
INSERT IGNORE INTO `catalogsearch_fulltext_cl` (`entity_id`) VALUES (NEW.`product_id`);
INSERT IGNORE INTO `catalog_product_category_cl` (`entity_id`) VALUES (NEW.`product_id`);
INSERT IGNORE INTO `catalogrule_product_cl` (`entity_id`) VALUES (NEW.`product_id`);
END */;;
DELIMITER ;
DELIMITER ;;
/*!50003 CREATE*/ /*!50017 DEFINER=CURRENT_USER*/ /*!50003 TRIGGER trg_catalog_category_product_after_update AFTER UPDATE ON catalog_category_product FOR EACH ROW
BEGIN
IF (NOT(NEW.`entity_id` <=> OLD.`entity_id`) OR NOT(NEW.`category_id` <=> OLD.`category_id`) OR NOT(NEW.`product_id` <=> OLD.`product_id`) OR NOT(NEW.`position` <=> OLD.`position`)) THEN INSERT IGNORE INTO `catalogsearch_fulltext_cl` (`entity_id`) VALUES (NEW.`product_id`); END IF;
IF (NOT(NEW.`entity_id` <=> OLD.`entity_id`) OR NOT(NEW.`category_id` <=> OLD.`category_id`) OR NOT(NEW.`product_id` <=> OLD.`product_id`) OR NOT(NEW.`position` <=> OLD.`position`)) THEN INSERT IGNORE INTO `catalog_product_category_cl` (`entity_id`) VALUES (NEW.`product_id`); END IF;
IF (NOT(NEW.`entity_id` <=> OLD.`entity_id`) OR NOT(NEW.`category_id` <=> OLD.`category_id`) OR NOT(NEW.`product_id` <=> OLD.`product_id`) OR NOT(NEW.`position` <=> OLD.`position`)) THEN INSERT IGNORE INTO `catalogrule_product_cl` (`entity_id`) VALUES (NEW.`product_id`); END IF;
END */;;
DELIMITER ;
DELIMITER ;;
/*!50003 CREATE*/ /*!50017 DEFINER=CURRENT_USER*/ /*!50003 TRIGGER trg_catalog_category_product_after_delete AFTER DELETE ON catalog_category_product FOR EACH ROW
BEGIN
INSERT IGNORE INTO `catalogsearch_fulltext_cl` (`entity_id`) VALUES (OLD.`product_id`);
INSERT IGNORE INTO `catalog_product_category_cl` (`entity_id`) VALUES (OLD.`product_id`);
INSERT IGNORE INTO `catalogrule_product_cl` (`entity_id`) VALUES (OLD.`product_id`);
END */;;
DELIMITER ;

--
