-- Table structure for table `sales_order_payment`
--

CREATE TABLE `sales_order_payment` (
  `entity_id` int(10) unsigned NOT NULL AUTO_INCREMENT COMMENT 'Entity ID',
  `parent_id` int(10) unsigned NOT NULL COMMENT 'Parent ID',
  `base_shipping_captured` decimal(20,4) DEFAULT NULL COMMENT 'Base Shipping Captured',
  `shipping_captured` decimal(20,4) DEFAULT NULL COMMENT 'Shipping Captured',
  `amount_refunded` decimal(20,4) DEFAULT NULL COMMENT 'Amount Refunded',
  `base_amount_paid` decimal(20,4) DEFAULT NULL COMMENT 'Base Amount Paid',
  `amount_canceled` decimal(20,4) DEFAULT NULL COMMENT 'Amount Canceled',
  `base_amount_authorized` decimal(20,4) DEFAULT NULL COMMENT 'Base Amount Authorized',
  `base_amount_paid_online` decimal(20,4) DEFAULT NULL COMMENT 'Base Amount Paid Online',
  `base_amount_refunded_online` decimal(20,4) DEFAULT NULL COMMENT 'Base Amount Refunded Online',
  `base_shipping_amount` decimal(20,4) DEFAULT NULL COMMENT 'Base Shipping Amount',
  `shipping_amount` decimal(20,4) DEFAULT NULL COMMENT 'Shipping Amount',
  `amount_paid` decimal(20,4) DEFAULT NULL COMMENT 'Amount Paid',
  `amount_authorized` decimal(20,4) DEFAULT NULL COMMENT 'Amount Authorized',
  `base_amount_ordered` decimal(20,4) DEFAULT NULL COMMENT 'Base Amount Ordered',
  `base_shipping_refunded` decimal(20,4) DEFAULT NULL COMMENT 'Base Shipping Refunded',
  `shipping_refunded` decimal(20,4) DEFAULT NULL COMMENT 'Shipping Refunded',
  `base_amount_refunded` decimal(20,4) DEFAULT NULL COMMENT 'Base Amount Refunded',
  `amount_ordered` decimal(20,4) DEFAULT NULL COMMENT 'Amount Ordered',
  `base_amount_canceled` decimal(20,4) DEFAULT NULL COMMENT 'Base Amount Canceled',
  `quote_payment_id` int(11) DEFAULT NULL COMMENT 'Quote Payment ID',
  `additional_data` text DEFAULT NULL COMMENT 'Additional Data',
  `cc_exp_month` varchar(12) DEFAULT NULL COMMENT 'Cc Exp Month',
  `cc_ss_start_year` varchar(12) DEFAULT NULL COMMENT 'Cc Ss Start Year',
  `echeck_bank_name` varchar(128) DEFAULT NULL COMMENT 'Echeck Bank Name',
  `method` varchar(128) DEFAULT NULL COMMENT 'Method',
  `cc_debug_request_body` varchar(32) DEFAULT NULL COMMENT 'Cc Debug Request Body',
  `cc_secure_verify` varchar(32) DEFAULT NULL COMMENT 'Cc Secure Verify',
  `protection_eligibility` varchar(32) DEFAULT NULL COMMENT 'Protection Eligibility',
  `cc_approval` varchar(32) DEFAULT NULL COMMENT 'Cc Approval',
  `cc_last_4` varchar(100) DEFAULT NULL COMMENT 'Cc Last 4',
  `cc_status_description` varchar(32) DEFAULT NULL COMMENT 'Cc Status Description',
  `echeck_type` varchar(32) DEFAULT NULL COMMENT 'Echeck Type',
  `cc_debug_response_serialized` varchar(32) DEFAULT NULL COMMENT 'Cc Debug Response Serialized',
  `cc_ss_start_month` varchar(128) DEFAULT NULL COMMENT 'Cc Ss Start Month',
  `echeck_account_type` varchar(255) DEFAULT NULL COMMENT 'Echeck Account Type',
  `last_trans_id` varchar(255) DEFAULT NULL COMMENT 'Last Trans ID',
  `cc_cid_status` varchar(32) DEFAULT NULL COMMENT 'Cc Cid Status',
  `cc_owner` varchar(128) DEFAULT NULL COMMENT 'Cc Owner',
  `cc_type` varchar(32) DEFAULT NULL COMMENT 'Cc Type',
  `po_number` varchar(32) DEFAULT NULL COMMENT 'Po Number',
  `cc_exp_year` varchar(4) DEFAULT NULL COMMENT 'Cc Exp Year',
  `cc_status` varchar(4) DEFAULT NULL COMMENT 'Cc Status',
  `echeck_routing_number` varchar(32) DEFAULT NULL COMMENT 'Echeck Routing Number',
  `account_status` varchar(32) DEFAULT NULL COMMENT 'Account Status',
  `anet_trans_method` varchar(32) DEFAULT NULL COMMENT 'Anet Trans Method',
  `cc_debug_response_body` varchar(32) DEFAULT NULL COMMENT 'Cc Debug Response Body',
  `cc_ss_issue` varchar(32) DEFAULT NULL COMMENT 'Cc Ss Issue',
  `echeck_account_name` varchar(32) DEFAULT NULL COMMENT 'Echeck Account Name',
  `cc_avs_status` varchar(32) DEFAULT NULL COMMENT 'Cc Avs Status',
  `cc_number_enc` varchar(128) DEFAULT NULL,
  `cc_trans_id` varchar(32) DEFAULT NULL COMMENT 'Cc Trans ID',
  `address_status` varchar(32) DEFAULT NULL COMMENT 'Address Status',
  `additional_information` text DEFAULT NULL COMMENT 'Additional Information',
  PRIMARY KEY (`entity_id`),
  KEY `SALES_ORDER_PAYMENT_PARENT_ID` (`parent_id`),
  CONSTRAINT `SALES_ORDER_PAYMENT_PARENT_ID_SALES_ORDER_ENTITY_ID` FOREIGN KEY (`parent_id`) REFERENCES `sales_order` (`entity_id`) ON DELETE CASCADE
) ENGINE=InnoDB AUTO_INCREMENT=12 DEFAULT CHARSET=utf8mb3 COLLATE=utf8mb3_general_ci COMMENT='Sales Flat Order Payment';

--
-- Dumping data for table `sales_order_payment`
--

INSERT INTO `sales_order_payment` (`entity_id`, `parent_id`, `base_shipping_captured`, `shipping_captured`, `amount_refunded`, `base_amount_paid`, `amount_canceled`, `base_amount_authorized`, `base_amount_paid_online`, `base_amount_refunded_online`, `base_shipping_amount`, `shipping_amount`, `amount_paid`, `amount_authorized`, `base_amount_ordered`, `base_shipping_refunded`, `shipping_refunded`, `base_amount_refunded`, `amount_ordered`, `base_amount_canceled`, `quote_payment_id`, `additional_data`, `cc_exp_month`, `cc_ss_start_year`, `echeck_bank_name`, `method`, `cc_debug_request_body`, `cc_secure_verify`, `protection_eligibility`, `cc_approval`, `cc_last_4`, `cc_status_description`, `echeck_type`, `cc_debug_response_serialized`, `cc_ss_start_month`, `echeck_account_type`, `last_trans_id`, `cc_cid_status`, `cc_owner`, `cc_type`, `po_number`, `cc_exp_year`, `cc_status`, `echeck_routing_number`, `account_status`, `anet_trans_method`, `cc_debug_response_body`, `cc_ss_issue`, `echeck_account_name`, `cc_avs_status`, `cc_number_enc`, `cc_trans_id`, `address_status`, `additional_information`) VALUES (1,1,5.0000,5.0000,NULL,36.3900,NULL,NULL,NULL,NULL,5.0000,5.0000,36.3900,NULL,36.3900,NULL,NULL,NULL,36.3900,NULL,NULL,NULL,NULL,NULL,NULL,'checkmo',NULL,NULL,NULL,NULL,NULL,NULL,NULL,NULL,NULL,NULL,NULL,NULL,NULL,NULL,NULL,NULL,NULL,NULL,NULL,NULL,NULL,NULL,NULL,NULL,NULL,NULL,NULL,'{\"method_title\":\"Check \\/ Money order\"}');
INSERT INTO `sales_order_payment` (`entity_id`, `parent_id`, `base_shipping_captured`, `shipping_captured`, `amount_refunded`, `base_amount_paid`, `amount_canceled`, `base_amount_authorized`, `base_amount_paid_online`, `base_amount_refunded_online`, `base_shipping_amount`, `shipping_amount`, `amount_paid`, `amount_authorized`, `base_amount_ordered`, `base_shipping_refunded`, `shipping_refunded`, `base_amount_refunded`, `amount_ordered`, `base_amount_canceled`, `quote_payment_id`, `additional_data`, `cc_exp_month`, `cc_ss_start_year`, `echeck_bank_name`, `method`, `cc_debug_request_body`, `cc_secure_verify`, `protection_eligibility`, `cc_approval`, `cc_last_4`, `cc_status_description`, `echeck_type`, `cc_debug_response_serialized`, `cc_ss_start_month`, `echeck_account_type`, `last_trans_id`, `cc_cid_status`, `cc_owner`, `cc_type`, `po_number`, `cc_exp_year`, `cc_status`, `echeck_routing_number`, `account_status`, `anet_trans_method`, `cc_debug_response_body`, `cc_ss_issue`, `echeck_account_name`, `cc_avs_status`, `cc_number_enc`, `cc_trans_id`, `address_status`, `additional_information`) VALUES (2,2,5.0000,5.0000,39.6400,39.6400,NULL,NULL,NULL,NULL,5.0000,5.0000,39.6400,NULL,39.6400,5.0000,5.0000,39.6400,39.6400,NULL,NULL,NULL,NULL,NULL,NULL,'checkmo',NULL,NULL,NULL,NULL,NULL,NULL,NULL,NULL,NULL,NULL,NULL,NULL,NULL,NULL,NULL,NULL,NULL,NULL,NULL,NULL,NULL,NULL,NULL,NULL,NULL,NULL,NULL,'{\"method_title\":\"Check \\/ Money order\"}');
INSERT INTO `sales_order_payment` (`entity_id`, `parent_id`, `base_shipping_captured`, `shipping_captured`, `amount_refunded`, `base_amount_paid`, `amount_canceled`, `base_amount_authorized`, `base_amount_paid_online`, `base_amount_refunded_online`, `base_shipping_amount`, `shipping_amount`, `amount_paid`, `amount_authorized`, `base_amount_ordered`, `base_shipping_refunded`, `shipping_refunded`, `base_amount_refunded`, `amount_ordered`, `base_amount_canceled`, `quote_payment_id`, `additional_data`, `cc_exp_month`, `cc_ss_start_year`, `echeck_bank_name`, `method`, `cc_debug_request_body`, `cc_secure_verify`, `protection_eligibility`, `cc_approval`, `cc_last_4`, `cc_status_description`, `echeck_type`, `cc_debug_response_serialized`, `cc_ss_start_month`, `echeck_account_type`, `last_trans_id`, `cc_cid_status`, `cc_owner`, `cc_type`, `po_number`, `cc_exp_year`, `cc_status`, `echeck_routing_number`, `account_status`, `anet_trans_method`, `cc_debug_response_body`, `cc_ss_issue`, `echeck_account_name`, `cc_avs_status`, `cc_number_enc`, `cc_trans_id`, `address_status`, `additional_information`) VALUES (3,3,NULL,NULL,NULL,NULL,NULL,NULL,NULL,NULL,5.0000,5000.0000,NULL,NULL,29.0000,NULL,NULL,NULL,29000.0000,NULL,NULL,NULL,NULL,'0',NULL,'vnpay',NULL,NULL,NULL,NULL,NULL,NULL,NULL,NULL,'0',NULL,NULL,NULL,NULL,NULL,NULL,'0',NULL,NULL,NULL,NULL,NULL,NULL,NULL,NULL,NULL,NULL,NULL,'{\"method_title\":\"VNPAY\"}');
INSERT INTO `sales_order_payment` (`entity_id`, `parent_id`, `base_shipping_captured`, `shipping_captured`, `amount_refunded`, `base_amount_paid`, `amount_canceled`, `base_amount_authorized`, `base_amount_paid_online`, `base_amount_refunded_online`, `base_shipping_amount`, `shipping_amount`, `amount_paid`, `amount_authorized`, `base_amount_ordered`, `base_shipping_refunded`, `shipping_refunded`, `base_amount_refunded`, `amount_ordered`, `base_amount_canceled`, `quote_payment_id`, `additional_data`, `cc_exp_month`, `cc_ss_start_year`, `echeck_bank_name`, `method`, `cc_debug_request_body`, `cc_secure_verify`, `protection_eligibility`, `cc_approval`, `cc_last_4`, `cc_status_description`, `echeck_type`, `cc_debug_response_serialized`, `cc_ss_start_month`, `echeck_account_type`, `last_trans_id`, `cc_cid_status`, `cc_owner`, `cc_type`, `po_number`, `cc_exp_year`, `cc_status`, `echeck_routing_number`, `account_status`, `anet_trans_method`, `cc_debug_response_body`, `cc_ss_issue`, `echeck_account_name`, `cc_avs_status`, `cc_number_enc`, `cc_trans_id`, `address_status`, `additional_information`) VALUES (4,4,NULL,NULL,NULL,NULL,NULL,NULL,NULL,NULL,0.0000,0.0000,NULL,NULL,138.0000,NULL,NULL,NULL,138000.0000,NULL,NULL,NULL,NULL,'0',NULL,'vnpay',NULL,NULL,NULL,NULL,NULL,NULL,NULL,NULL,'0',NULL,NULL,NULL,NULL,NULL,NULL,'0',NULL,NULL,NULL,NULL,NULL,NULL,NULL,NULL,NULL,NULL,NULL,'{\"method_title\":\"VNPAY\"}');
INSERT INTO `sales_order_payment` (`entity_id`, `parent_id`, `base_shipping_captured`, `shipping_captured`, `amount_refunded`, `base_amount_paid`, `amount_canceled`, `base_amount_authorized`, `base_amount_paid_online`, `base_amount_refunded_online`, `base_shipping_amount`, `shipping_amount`, `amount_paid`, `amount_authorized`, `base_amount_ordered`, `base_shipping_refunded`, `shipping_refunded`, `base_amount_refunded`, `amount_ordered`, `base_amount_canceled`, `quote_payment_id`, `additional_data`, `cc_exp_month`, `cc_ss_start_year`, `echeck_bank_name`, `method`, `cc_debug_request_body`, `cc_secure_verify`, `protection_eligibility`, `cc_approval`, `cc_last_4`, `cc_status_description`, `echeck_type`, `cc_debug_response_serialized`, `cc_ss_start_month`, `echeck_account_type`, `last_trans_id`, `cc_cid_status`, `cc_owner`, `cc_type`, `po_number`, `cc_exp_year`, `cc_status`, `echeck_routing_number`, `account_status`, `anet_trans_method`, `cc_debug_response_body`, `cc_ss_issue`, `echeck_account_name`, `cc_avs_status`, `cc_number_enc`, `cc_trans_id`, `address_status`, `additional_information`) VALUES (5,5,NULL,NULL,NULL,NULL,NULL,224.0000,NULL,NULL,0.0000,0.0000,NULL,224000.0000,224.0000,NULL,NULL,NULL,224000.0000,NULL,NULL,NULL,NULL,'0',NULL,'momo',NULL,NULL,NULL,NULL,NULL,NULL,NULL,NULL,'0',NULL,NULL,NULL,NULL,NULL,NULL,'0',NULL,NULL,NULL,NULL,NULL,NULL,NULL,NULL,NULL,NULL,NULL,'{\"request_type\":\"captureWallet\",\"method_title\":\"Momo\"}');
INSERT INTO `sales_order_payment` (`entity_id`, `parent_id`, `base_shipping_captured`, `shipping_captured`, `amount_refunded`, `base_amount_paid`, `amount_canceled`, `base_amount_authorized`, `base_amount_paid_online`, `base_amount_refunded_online`, `base_shipping_amount`, `shipping_amount`, `amount_paid`, `amount_authorized`, `base_amount_ordered`, `base_shipping_refunded`, `shipping_refunded`, `base_amount_refunded`, `amount_ordered`, `base_amount_canceled`, `quote_payment_id`, `additional_data`, `cc_exp_month`, `cc_ss_start_year`, `echeck_bank_name`, `method`, `cc_debug_request_body`, `cc_secure_verify`, `protection_eligibility`, `cc_approval`, `cc_last_4`, `cc_status_description`, `echeck_type`, `cc_debug_response_serialized`, `cc_ss_start_month`, `echeck_account_type`, `last_trans_id`, `cc_cid_status`, `cc_owner`, `cc_type`, `po_number`, `cc_exp_year`, `cc_status`, `echeck_routing_number`, `account_status`, `anet_trans_method`, `cc_debug_response_body`, `cc_ss_issue`, `echeck_account_name`, `cc_avs_status`, `cc_number_enc`, `cc_trans_id`, `address_status`, `additional_information`) VALUES (6,6,NULL,NULL,NULL,NULL,NULL,12.0000,NULL,NULL,5.0000,5000.0000,NULL,12000.0000,12.0000,NULL,NULL,NULL,12000.0000,NULL,NULL,NULL,NULL,'0',NULL,'momo',NULL,NULL,NULL,NULL,NULL,NULL,NULL,NULL,'0',NULL,NULL,NULL,NULL,NULL,NULL,'0',NULL,NULL,NULL,NULL,NULL,NULL,NULL,NULL,NULL,NULL,NULL,'{\"request_type\":\"captureWallet\",\"method_title\":\"Momo\"}');
INSERT INTO `sales_order_payment` (`entity_id`, `parent_id`, `base_shipping_captured`, `shipping_captured`, `amount_refunded`, `base_amount_paid`, `amount_canceled`, `base_amount_authorized`, `base_amount_paid_online`, `base_amount_refunded_online`, `base_shipping_amount`, `shipping_amount`, `amount_paid`, `amount_authorized`, `base_amount_ordered`, `base_shipping_refunded`, `shipping_refunded`, `base_amount_refunded`, `amount_ordered`, `base_amount_canceled`, `quote_payment_id`, `additional_data`, `cc_exp_month`, `cc_ss_start_year`, `echeck_bank_name`, `method`, `cc_debug_request_body`, `cc_secure_verify`, `protection_eligibility`, `cc_approval`, `cc_last_4`, `cc_status_description`, `echeck_type`, `cc_debug_response_serialized`, `cc_ss_start_month`, `echeck_account_type`, `last_trans_id`, `cc_cid_status`, `cc_owner`, `cc_type`, `po_number`, `cc_exp_year`, `cc_status`, `echeck_routing_number`, `account_status`, `anet_trans_method`, `cc_debug_response_body`, `cc_ss_issue`, `echeck_account_name`, `cc_avs_status`, `cc_number_enc`, `cc_trans_id`, `address_status`, `additional_information`) VALUES (7,7,NULL,NULL,NULL,NULL,NULL,39.0000,NULL,NULL,5.0000,5000.0000,NULL,39000.0000,39.0000,NULL,NULL,NULL,39000.0000,NULL,NULL,NULL,NULL,'0',NULL,'momo',NULL,NULL,NULL,NULL,NULL,NULL,NULL,NULL,'0',NULL,NULL,NULL,NULL,NULL,NULL,'0',NULL,NULL,NULL,NULL,NULL,NULL,NULL,NULL,NULL,NULL,NULL,'{\"request_type\":\"captureWallet\",\"method_title\":\"Momo\"}');
INSERT INTO `sales_order_payment` (`entity_id`, `parent_id`, `base_shipping_captured`, `shipping_captured`, `amount_refunded`, `base_amount_paid`, `amount_canceled`, `base_amount_authorized`, `base_amount_paid_online`, `base_amount_refunded_online`, `base_shipping_amount`, `shipping_amount`, `amount_paid`, `amount_authorized`, `base_amount_ordered`, `base_shipping_refunded`, `shipping_refunded`, `base_amount_refunded`, `amount_ordered`, `base_amount_canceled`, `quote_payment_id`, `additional_data`, `cc_exp_month`, `cc_ss_start_year`, `echeck_bank_name`, `method`, `cc_debug_request_body`, `cc_secure_verify`, `protection_eligibility`, `cc_approval`, `cc_last_4`, `cc_status_description`, `echeck_type`, `cc_debug_response_serialized`, `cc_ss_start_month`, `echeck_account_type`, `last_trans_id`, `cc_cid_status`, `cc_owner`, `cc_type`, `po_number`, `cc_exp_year`, `cc_status`, `echeck_routing_number`, `account_status`, `anet_trans_method`, `cc_debug_response_body`, `cc_ss_issue`, `echeck_account_name`, `cc_avs_status`, `cc_number_enc`, `cc_trans_id`, `address_status`, `additional_information`) VALUES (8,8,NULL,NULL,NULL,NULL,NULL,NULL,NULL,NULL,5.0000,5000.0000,NULL,NULL,155.0000,NULL,NULL,NULL,155000.0000,NULL,NULL,NULL,NULL,'0',NULL,'vnpay',NULL,NULL,NULL,NULL,NULL,NULL,NULL,NULL,'0',NULL,NULL,NULL,NULL,NULL,NULL,'0',NULL,NULL,NULL,NULL,NULL,NULL,NULL,NULL,NULL,NULL,NULL,'{\"method_title\":\"VNPAY\"}');
INSERT INTO `sales_order_payment` (`entity_id`, `parent_id`, `base_shipping_captured`, `shipping_captured`, `amount_refunded`, `base_amount_paid`, `amount_canceled`, `base_amount_authorized`, `base_amount_paid_online`, `base_amount_refunded_online`, `base_shipping_amount`, `shipping_amount`, `amount_paid`, `amount_authorized`, `base_amount_ordered`, `base_shipping_refunded`, `shipping_refunded`, `base_amount_refunded`, `amount_ordered`, `base_amount_canceled`, `quote_payment_id`, `additional_data`, `cc_exp_month`, `cc_ss_start_year`, `echeck_bank_name`, `method`, `cc_debug_request_body`, `cc_secure_verify`, `protection_eligibility`, `cc_approval`, `cc_last_4`, `cc_status_description`, `echeck_type`, `cc_debug_response_serialized`, `cc_ss_start_month`, `echeck_account_type`, `last_trans_id`, `cc_cid_status`, `cc_owner`, `cc_type`, `po_number`, `cc_exp_year`, `cc_status`, `echeck_routing_number`, `account_status`, `anet_trans_method`, `cc_debug_response_body`, `cc_ss_issue`, `echeck_account_name`, `cc_avs_status`, `cc_number_enc`, `cc_trans_id`, `address_status`, `additional_information`) VALUES (9,9,NULL,NULL,NULL,NULL,NULL,39.0000,NULL,NULL,5.0000,5000.0000,NULL,39000.0000,39.0000,NULL,NULL,NULL,39000.0000,NULL,NULL,NULL,NULL,'0',NULL,'momo',NULL,NULL,NULL,NULL,NULL,NULL,NULL,NULL,'0',NULL,NULL,NULL,NULL,NULL,NULL,'0',NULL,NULL,NULL,NULL,NULL,NULL,NULL,NULL,NULL,NULL,NULL,'{\"request_type\":\"captureWallet\",\"method_title\":\"Momo\"}');
INSERT INTO `sales_order_payment` (`entity_id`, `parent_id`, `base_shipping_captured`, `shipping_captured`, `amount_refunded`, `base_amount_paid`, `amount_canceled`, `base_amount_authorized`, `base_amount_paid_online`, `base_amount_refunded_online`, `base_shipping_amount`, `shipping_amount`, `amount_paid`, `amount_authorized`, `base_amount_ordered`, `base_shipping_refunded`, `shipping_refunded`, `base_amount_refunded`, `amount_ordered`, `base_amount_canceled`, `quote_payment_id`, `additional_data`, `cc_exp_month`, `cc_ss_start_year`, `echeck_bank_name`, `method`, `cc_debug_request_body`, `cc_secure_verify`, `protection_eligibility`, `cc_approval`, `cc_last_4`, `cc_status_description`, `echeck_type`, `cc_debug_response_serialized`, `cc_ss_start_month`, `echeck_account_type`, `last_trans_id`, `cc_cid_status`, `cc_owner`, `cc_type`, `po_number`, `cc_exp_year`, `cc_status`, `echeck_routing_number`, `account_status`, `anet_trans_method`, `cc_debug_response_body`, `cc_ss_issue`, `echeck_account_name`, `cc_avs_status`, `cc_number_enc`, `cc_trans_id`, `address_status`, `additional_information`) VALUES (10,10,NULL,NULL,NULL,NULL,NULL,NULL,NULL,NULL,5.0000,5000.0000,NULL,NULL,155.0000,NULL,NULL,NULL,155000.0000,NULL,NULL,NULL,NULL,'0',NULL,'vnpay',NULL,NULL,NULL,NULL,NULL,NULL,NULL,NULL,'0',NULL,NULL,NULL,NULL,NULL,NULL,'0',NULL,NULL,NULL,NULL,NULL,NULL,NULL,NULL,NULL,NULL,NULL,'{\"method_title\":\"VNPAY\"}');
INSERT INTO `sales_order_payment` (`entity_id`, `parent_id`, `base_shipping_captured`, `shipping_captured`, `amount_refunded`, `base_amount_paid`, `amount_canceled`, `base_amount_authorized`, `base_amount_paid_online`, `base_amount_refunded_online`, `base_shipping_amount`, `shipping_amount`, `amount_paid`, `amount_authorized`, `base_amount_ordered`, `base_shipping_refunded`, `shipping_refunded`, `base_amount_refunded`, `amount_ordered`, `base_amount_canceled`, `quote_payment_id`, `additional_data`, `cc_exp_month`, `cc_ss_start_year`, `echeck_bank_name`, `method`, `cc_debug_request_body`, `cc_secure_verify`, `protection_eligibility`, `cc_approval`, `cc_last_4`, `cc_status_description`, `echeck_type`, `cc_debug_response_serialized`, `cc_ss_start_month`, `echeck_account_type`, `last_trans_id`, `cc_cid_status`, `cc_owner`, `cc_type`, `po_number`, `cc_exp_year`, `cc_status`, `echeck_routing_number`, `account_status`, `anet_trans_method`, `cc_debug_response_body`, `cc_ss_issue`, `echeck_account_name`, `cc_avs_status`, `cc_number_enc`, `cc_trans_id`, `address_status`, `additional_information`) VALUES (11,11,NULL,NULL,NULL,NULL,NULL,NULL,NULL,NULL,5.0000,5000.0000,NULL,NULL,17.0000,NULL,NULL,NULL,17000.0000,NULL,NULL,NULL,NULL,'0',NULL,'vnpay',NULL,NULL,NULL,NULL,NULL,NULL,NULL,NULL,'0',NULL,NULL,NULL,NULL,NULL,NULL,'0',NULL,NULL,NULL,NULL,NULL,NULL,NULL,NULL,NULL,NULL,NULL,'{\"method_title\":\"VNPAY\"}');

--
-- Table structure for table `sales_order_status`
--

CREATE TABLE `sales_order_status` (
  `status` varchar(32) NOT NULL COMMENT 'Status',
  `label` varchar(128) NOT NULL COMMENT 'Label',
  PRIMARY KEY (`status`)
) ENGINE=InnoDB DEFAULT CHARSET=utf8mb3 COLLATE=utf8mb3_general_ci COMMENT='Sales Order Status Table';

--
-- Dumping data for table `sales_order_status`
--

INSERT INTO `sales_order_status` (`status`, `label`) VALUES ('canceled','Canceled');
INSERT INTO `sales_order_status` (`status`, `label`) VALUES ('closed','Closed');
INSERT INTO `sales_order_status` (`status`, `label`) VALUES ('complete','Complete');
INSERT INTO `sales_order_status` (`status`, `label`) VALUES ('fraud','Suspected Fraud');
INSERT INTO `sales_order_status` (`status`, `label`) VALUES ('holded','On Hold');
INSERT INTO `sales_order_status` (`status`, `label`) VALUES ('payment_review','Payment Review');
INSERT INTO `sales_order_status` (`status`, `label`) VALUES ('paypal_canceled_reversal','PayPal Canceled Reversal');
INSERT INTO `sales_order_status` (`status`, `label`) VALUES ('paypal_reversed','PayPal Reversed');
INSERT INTO `sales_order_status` (`status`, `label`) VALUES ('pending','Pending');
INSERT INTO `sales_order_status` (`status`, `label`) VALUES ('pending_payment','Pending Payment');
INSERT INTO `sales_order_status` (`status`, `label`) VALUES ('pending_paypal','Pending PayPal');
INSERT INTO `sales_order_status` (`status`, `label`) VALUES ('processing','Processing');
DELIMITER ;;
/*!50003 CREATE*/ /*!50017 DEFINER=CURRENT_USER*/ /*!50003 TRIGGER trg_sales_order_status_after_insert AFTER INSERT ON sales_order_status FOR EACH ROW
BEGIN
INSERT IGNORE INTO `sales_order_status_data_exporter_cl` (`entity_id`) VALUES (NEW.`status`);
END */;;
DELIMITER ;
DELIMITER ;;
/*!50003 CREATE*/ /*!50017 DEFINER=CURRENT_USER*/ /*!50003 TRIGGER trg_sales_order_status_after_update AFTER UPDATE ON sales_order_status FOR EACH ROW
BEGIN
IF (NOT(NEW.`status` <=> OLD.`status`) OR NOT(NEW.`label` <=> OLD.`label`)) THEN INSERT IGNORE INTO `sales_order_status_data_exporter_cl` (`entity_id`) VALUES (NEW.`status`); END IF;
END */;;
DELIMITER ;
DELIMITER ;;
/*!50003 CREATE*/ /*!50017 DEFINER=CURRENT_USER*/ /*!50003 TRIGGER trg_sales_order_status_after_delete AFTER DELETE ON sales_order_status FOR EACH ROW
BEGIN
INSERT IGNORE INTO `sales_order_status_data_exporter_cl` (`entity_id`) VALUES (OLD.`status`);
END */;;
DELIMITER ;

--
-- Table structure for table `sales_order_status_data_exporter_cl`
--

CREATE TABLE `sales_order_status_data_exporter_cl` (
  `version_id` int(10) unsigned NOT NULL AUTO_INCREMENT COMMENT 'Version ID',
  `entity_id` varchar(32) NOT NULL DEFAULT '' COMMENT 'Order status',
  PRIMARY KEY (`version_id`)
) ENGINE=InnoDB AUTO_INCREMENT=13 DEFAULT CHARSET=utf8mb3 COLLATE=utf8mb3_general_ci COMMENT='sales_order_status_data_exporter_cl';

--
-- Dumping data for table `sales_order_status_data_exporter_cl`
--

INSERT INTO `sales_order_status_data_exporter_cl` (`version_id`, `entity_id`) VALUES (12,'paypal_canceled_reversal');

--
-- Table structure for table `sales_order_status_history`
--

CREATE TABLE `sales_order_status_history` (
  `entity_id` int(10) unsigned NOT NULL AUTO_INCREMENT COMMENT 'Entity ID',
  `parent_id` int(10) unsigned NOT NULL COMMENT 'Parent ID',
  `is_customer_notified` int(11) DEFAULT NULL COMMENT 'Is Customer Notified',
  `is_visible_on_front` smallint(5) unsigned NOT NULL DEFAULT 0 COMMENT 'Is Visible On Front',
  `comment` text DEFAULT NULL COMMENT 'Comment',
  `status` varchar(32) DEFAULT NULL COMMENT 'Status',
  `created_at` timestamp NOT NULL DEFAULT current_timestamp() COMMENT 'Created At',
  `entity_name` varchar(32) DEFAULT NULL COMMENT 'Shows what entity history is bind to.',
  PRIMARY KEY (`entity_id`),
  KEY `SALES_ORDER_STATUS_HISTORY_PARENT_ID` (`parent_id`),
  KEY `SALES_ORDER_STATUS_HISTORY_CREATED_AT` (`created_at`),
  CONSTRAINT `SALES_ORDER_STATUS_HISTORY_PARENT_ID_SALES_ORDER_ENTITY_ID` FOREIGN KEY (`parent_id`) REFERENCES `sales_order` (`entity_id`) ON DELETE CASCADE
) ENGINE=InnoDB AUTO_INCREMENT=6 DEFAULT CHARSET=utf8mb3 COLLATE=utf8mb3_general_ci COMMENT='Sales Flat Order Status History';

--
-- Dumping data for table `sales_order_status_history`
--

INSERT INTO `sales_order_status_history` (`entity_id`, `parent_id`, `is_customer_notified`, `is_visible_on_front`, `comment`, `status`, `created_at`, `entity_name`) VALUES (1,2,1,0,'We refunded $39.64 offline.','closed','2024-12-21 07:34:23','creditmemo');
INSERT INTO `sales_order_status_history` (`entity_id`, `parent_id`, `is_customer_notified`, `is_visible_on_front`, `comment`, `status`, `created_at`, `entity_name`) VALUES (2,5,1,0,NULL,'pending_payment','2024-12-22 15:33:50','order');
INSERT INTO `sales_order_status_history` (`entity_id`, `parent_id`, `is_customer_notified`, `is_visible_on_front`, `comment`, `status`, `created_at`, `entity_name`) VALUES (3,6,1,0,NULL,'pending_payment','2024-12-22 15:34:22','order');
INSERT INTO `sales_order_status_history` (`entity_id`, `parent_id`, `is_customer_notified`, `is_visible_on_front`, `comment`, `status`, `created_at`, `entity_name`) VALUES (4,7,1,0,NULL,'pending_payment','2024-12-22 15:37:50','order');
INSERT INTO `sales_order_status_history` (`entity_id`, `parent_id`, `is_customer_notified`, `is_visible_on_front`, `comment`, `status`, `created_at`, `entity_name`) VALUES (5,9,1,0,NULL,'pending_payment','2024-12-22 15:41:00','order');

--
-- Table structure for table `sales_order_status_label`
--

CREATE TABLE `sales_order_status_label` (
  `status` varchar(32) NOT NULL COMMENT 'Status',
  `store_id` smallint(5) unsigned NOT NULL COMMENT 'Store ID',
  `label` varchar(128) NOT NULL COMMENT 'Label',
  PRIMARY KEY (`status`,`store_id`),
  KEY `SALES_ORDER_STATUS_LABEL_STORE_ID` (`store_id`),
  CONSTRAINT `SALES_ORDER_STATUS_LABEL_STATUS_SALES_ORDER_STATUS_STATUS` FOREIGN KEY (`status`) REFERENCES `sales_order_status` (`status`) ON DELETE CASCADE,
  CONSTRAINT `SALES_ORDER_STATUS_LABEL_STORE_ID_STORE_STORE_ID` FOREIGN KEY (`store_id`) REFERENCES `store` (`store_id`) ON DELETE CASCADE
) ENGINE=InnoDB DEFAULT CHARSET=utf8mb3 COLLATE=utf8mb3_general_ci COMMENT='Sales Order Status Label Table';

--
-- Dumping data for table `sales_order_status_label`
--


--
-- Table structure for table `sales_order_status_state`
--

CREATE TABLE `sales_order_status_state` (
  `status` varchar(32) NOT NULL COMMENT 'Status',
  `state` varchar(32) NOT NULL COMMENT 'Label',
  `is_default` smallint(5) unsigned NOT NULL DEFAULT 0 COMMENT 'Is Default',
  `visible_on_front` smallint(5) unsigned NOT NULL DEFAULT 0 COMMENT 'Visible on front',
  PRIMARY KEY (`status`,`state`),
  CONSTRAINT `SALES_ORDER_STATUS_STATE_STATUS_SALES_ORDER_STATUS_STATUS` FOREIGN KEY (`status`) REFERENCES `sales_order_status` (`status`) ON DELETE CASCADE
) ENGINE=InnoDB DEFAULT CHARSET=utf8mb3 COLLATE=utf8mb3_general_ci COMMENT='Sales Order Status Table';

--
-- Dumping data for table `sales_order_status_state`
--

INSERT INTO `sales_order_status_state` (`status`, `state`, `is_default`, `visible_on_front`) VALUES ('canceled','canceled',1,1);
INSERT INTO `sales_order_status_state` (`status`, `state`, `is_default`, `visible_on_front`) VALUES ('closed','closed',1,1);
INSERT INTO `sales_order_status_state` (`status`, `state`, `is_default`, `visible_on_front`) VALUES ('complete','complete',1,1);
INSERT INTO `sales_order_status_state` (`status`, `state`, `is_default`, `visible_on_front`) VALUES ('fraud','payment_review',0,1);
INSERT INTO `sales_order_status_state` (`status`, `state`, `is_default`, `visible_on_front`) VALUES ('fraud','processing',0,1);
INSERT INTO `sales_order_status_state` (`status`, `state`, `is_default`, `visible_on_front`) VALUES ('holded','holded',1,1);
INSERT INTO `sales_order_status_state` (`status`, `state`, `is_default`, `visible_on_front`) VALUES ('payment_review','payment_review',1,1);
INSERT INTO `sales_order_status_state` (`status`, `state`, `is_default`, `visible_on_front`) VALUES ('pending','new',1,1);
INSERT INTO `sales_order_status_state` (`status`, `state`, `is_default`, `visible_on_front`) VALUES ('pending_payment','pending_payment',1,0);
INSERT INTO `sales_order_status_state` (`status`, `state`, `is_default`, `visible_on_front`) VALUES ('processing','processing',1,1);

--
-- Table structure for table `sales_order_tax`
--

CREATE TABLE `sales_order_tax` (
  `tax_id` int(10) unsigned NOT NULL AUTO_INCREMENT COMMENT 'Tax ID',
  `order_id` int(10) unsigned NOT NULL COMMENT 'Order ID',
  `code` varchar(255) DEFAULT NULL COMMENT 'Code',
  `title` varchar(255) DEFAULT NULL COMMENT 'Title',
  `percent` decimal(12,4) DEFAULT NULL COMMENT 'Percent',
  `amount` decimal(20,4) DEFAULT NULL COMMENT 'Amount',
  `priority` int(11) NOT NULL COMMENT 'Priority',
  `position` int(11) NOT NULL COMMENT 'Position',
  `base_amount` decimal(20,4) DEFAULT NULL COMMENT 'Base Amount',
  `process` smallint(6) NOT NULL COMMENT 'Process',
  `base_real_amount` decimal(20,4) DEFAULT NULL COMMENT 'Base Real Amount',
  PRIMARY KEY (`tax_id`),
  KEY `SALES_ORDER_TAX_ORDER_ID_PRIORITY_POSITION` (`order_id`,`priority`,`position`)
) ENGINE=InnoDB AUTO_INCREMENT=3 DEFAULT CHARSET=utf8mb3 COLLATE=utf8mb3_general_ci COMMENT='Sales Order Tax Table';

--
-- Dumping data for table `sales_order_tax`
--

INSERT INTO `sales_order_tax` (`tax_id`, `order_id`, `code`, `title`, `percent`, `amount`, `priority`, `position`, `base_amount`, `process`, `base_real_amount`) VALUES (1,1,'US-MI-*-Rate 1','US-MI-*-Rate 1',8.2500,2.3900,0,0,2.3900,0,2.3900);
INSERT INTO `sales_order_tax` (`tax_id`, `order_id`, `code`, `title`, `percent`, `amount`, `priority`, `position`, `base_amount`, `process`, `base_real_amount`) VALUES (2,2,'US-MI-*-Rate 1','US-MI-*-Rate 1',8.2500,2.6400,0,0,2.6400,0,2.6400);

--
-- Table structure for table `sales_order_tax_item`
--

CREATE TABLE `sales_order_tax_item` (
  `tax_item_id` int(10) unsigned NOT NULL AUTO_INCREMENT COMMENT 'Tax Item ID',
  `tax_id` int(10) unsigned NOT NULL COMMENT 'Tax ID',
  `item_id` int(10) unsigned DEFAULT NULL COMMENT 'Item ID',
  `tax_percent` decimal(12,4) NOT NULL COMMENT 'Real Tax Percent For Item',
  `amount` decimal(20,4) NOT NULL COMMENT 'Tax amount for the item and tax rate',
  `base_amount` decimal(20,4) NOT NULL COMMENT 'Base tax amount for the item and tax rate',
  `real_amount` decimal(20,4) NOT NULL COMMENT 'Real tax amount for the item and tax rate',
  `real_base_amount` decimal(20,4) NOT NULL COMMENT 'Real base tax amount for the item and tax rate',
  `associated_item_id` int(10) unsigned DEFAULT NULL COMMENT 'Id of the associated item',
  `taxable_item_type` varchar(32) NOT NULL COMMENT 'Type of the taxable item',
  PRIMARY KEY (`tax_item_id`),
  UNIQUE KEY `SALES_ORDER_TAX_ITEM_TAX_ID_ITEM_ID` (`tax_id`,`item_id`),
  KEY `SALES_ORDER_TAX_ITEM_ASSOCIATED_ITEM_ID_SALES_ORDER_ITEM_ITEM_ID` (`associated_item_id`),
  KEY `SALES_ORDER_TAX_ITEM_ITEM_ID` (`item_id`),
  CONSTRAINT `SALES_ORDER_TAX_ITEM_ASSOCIATED_ITEM_ID_SALES_ORDER_ITEM_ITEM_ID` FOREIGN KEY (`associated_item_id`) REFERENCES `sales_order_item` (`item_id`) ON DELETE CASCADE,
  CONSTRAINT `SALES_ORDER_TAX_ITEM_ITEM_ID_SALES_ORDER_ITEM_ITEM_ID` FOREIGN KEY (`item_id`) REFERENCES `sales_order_item` (`item_id`) ON DELETE CASCADE,
  CONSTRAINT `SALES_ORDER_TAX_ITEM_TAX_ID_SALES_ORDER_TAX_TAX_ID` FOREIGN KEY (`tax_id`) REFERENCES `sales_order_tax` (`tax_id`) ON DELETE CASCADE
) ENGINE=InnoDB AUTO_INCREMENT=3 DEFAULT CHARSET=utf8mb3 COLLATE=utf8mb3_general_ci COMMENT='Sales Order Tax Item';

--
-- Dumping data for table `sales_order_tax_item`
--

INSERT INTO `sales_order_tax_item` (`tax_item_id`, `tax_id`, `item_id`, `tax_percent`, `amount`, `base_amount`, `real_amount`, `real_base_amount`, `associated_item_id`, `taxable_item_type`) VALUES (1,1,NULL,8.2500,2.3900,2.3900,2.3900,2.3900,NULL,'product');
INSERT INTO `sales_order_tax_item` (`tax_item_id`, `tax_id`, `item_id`, `tax_percent`, `amount`, `base_amount`, `real_amount`, `real_base_amount`, `associated_item_id`, `taxable_item_type`) VALUES (2,2,NULL,8.2500,2.6400,2.6400,2.6400,2.6400,NULL,'product');

--
-- Table structure for table `sales_payment_transaction`
--

CREATE TABLE `sales_payment_transaction` (
  `transaction_id` int(10) unsigned NOT NULL AUTO_INCREMENT COMMENT 'Transaction ID',
  `parent_id` int(10) unsigned DEFAULT NULL COMMENT 'Parent ID',
  `order_id` int(10) unsigned NOT NULL DEFAULT 0 COMMENT 'Order ID',
  `payment_id` int(10) unsigned NOT NULL DEFAULT 0 COMMENT 'Payment ID',
  `txn_id` varchar(100) DEFAULT NULL COMMENT 'Txn ID',
  `parent_txn_id` varchar(100) DEFAULT NULL COMMENT 'Parent Txn ID',
  `txn_type` varchar(15) DEFAULT NULL COMMENT 'Txn Type',
  `is_closed` smallint(5) unsigned NOT NULL DEFAULT 1 COMMENT 'Is Closed',
  `additional_information` blob DEFAULT NULL COMMENT 'Additional Information',
  `created_at` timestamp NOT NULL DEFAULT current_timestamp() COMMENT 'Created At',
  PRIMARY KEY (`transaction_id`),
  UNIQUE KEY `SALES_PAYMENT_TRANSACTION_ORDER_ID_PAYMENT_ID_TXN_ID` (`order_id`,`payment_id`,`txn_id`),
  KEY `SALES_PAYMENT_TRANSACTION_PARENT_ID` (`parent_id`),
  KEY `SALES_PAYMENT_TRANSACTION_PAYMENT_ID` (`payment_id`),
  CONSTRAINT `FK_B99FF1A06402D725EBDB0F3A7ECD47A2` FOREIGN KEY (`parent_id`) REFERENCES `sales_payment_transaction` (`transaction_id`) ON DELETE CASCADE,
  CONSTRAINT `SALES_PAYMENT_TRANSACTION_ORDER_ID_SALES_ORDER_ENTITY_ID` FOREIGN KEY (`order_id`) REFERENCES `sales_order` (`entity_id`) ON DELETE CASCADE,
  CONSTRAINT `SALES_PAYMENT_TRANSACTION_PAYMENT_ID_SALES_ORDER_PAYMENT_ENTT_ID` FOREIGN KEY (`payment_id`) REFERENCES `sales_order_payment` (`entity_id`) ON DELETE CASCADE
) ENGINE=InnoDB DEFAULT CHARSET=utf8mb3 COLLATE=utf8mb3_general_ci COMMENT='Sales Payment Transaction';

--
-- Dumping data for table `sales_payment_transaction`
--

DELIMITER ;;
/*!50003 CREATE*/ /*!50017 DEFINER=CURRENT_USER*/ /*!50003 TRIGGER trg_sales_payment_transaction_after_insert AFTER INSERT ON sales_payment_transaction FOR EACH ROW
BEGIN
INSERT IGNORE INTO `sales_order_data_exporter_cl` (`entity_id`) VALUES (NEW.`order_id`);
END */;;
DELIMITER ;
DELIMITER ;;
/*!50003 CREATE*/ /*!50017 DEFINER=CURRENT_USER*/ /*!50003 TRIGGER trg_sales_payment_transaction_after_update AFTER UPDATE ON sales_payment_transaction FOR EACH ROW
BEGIN
IF (NOT(NEW.`transaction_id` <=> OLD.`transaction_id`) OR NOT(NEW.`parent_id` <=> OLD.`parent_id`) OR NOT(NEW.`order_id` <=> OLD.`order_id`) OR NOT(NEW.`payment_id` <=> OLD.`payment_id`) OR NOT(NEW.`txn_id` <=> OLD.`txn_id`) OR NOT(NEW.`parent_txn_id` <=> OLD.`parent_txn_id`) OR NOT(NEW.`txn_type` <=> OLD.`txn_type`) OR NOT(NEW.`is_closed` <=> OLD.`is_closed`) OR NOT(NEW.`additional_information` <=> OLD.`additional_information`) OR NOT(NEW.`created_at` <=> OLD.`created_at`)) THEN INSERT IGNORE INTO `sales_order_data_exporter_cl` (`entity_id`) VALUES (NEW.`order_id`); END IF;
END */;;
DELIMITER ;
DELIMITER ;;
/*!50003 CREATE*/ /*!50017 DEFINER=CURRENT_USER*/ /*!50003 TRIGGER trg_sales_payment_transaction_after_delete AFTER DELETE ON sales_payment_transaction FOR EACH ROW
BEGIN
INSERT IGNORE INTO `sales_order_data_exporter_cl` (`entity_id`) VALUES (OLD.`order_id`);
END */;;
DELIMITER ;

--
-- Table structure for table `sales_refunded_aggregated`
--

CREATE TABLE `sales_refunded_aggregated` (
  `id` int(10) unsigned NOT NULL AUTO_INCREMENT COMMENT 'ID',
  `period` date DEFAULT NULL COMMENT 'Period',
  `store_id` smallint(5) unsigned DEFAULT NULL COMMENT 'Store ID',
  `order_status` varchar(50) NOT NULL COMMENT 'Order Status',
  `orders_count` int(11) NOT NULL DEFAULT 0 COMMENT 'Orders Count',
  `refunded` decimal(20,4) DEFAULT NULL COMMENT 'Refunded',
  `online_refunded` decimal(20,4) DEFAULT NULL COMMENT 'Online Refunded',
  `offline_refunded` decimal(20,4) DEFAULT NULL COMMENT 'Offline Refunded',
  PRIMARY KEY (`id`),
  UNIQUE KEY `SALES_REFUNDED_AGGREGATED_PERIOD_STORE_ID_ORDER_STATUS` (`period`,`store_id`,`order_status`),
  KEY `SALES_REFUNDED_AGGREGATED_STORE_ID` (`store_id`),
  CONSTRAINT `SALES_REFUNDED_AGGREGATED_STORE_ID_STORE_STORE_ID` FOREIGN KEY (`store_id`) REFERENCES `store` (`store_id`) ON DELETE SET NULL
) ENGINE=InnoDB AUTO_INCREMENT=5 DEFAULT CHARSET=utf8mb3 COLLATE=utf8mb3_general_ci COMMENT='Sales Refunded Aggregated';

--
-- Dumping data for table `sales_refunded_aggregated`
--

INSERT INTO `sales_refunded_aggregated` (`id`, `period`, `store_id`, `order_status`, `orders_count`, `refunded`, `online_refunded`, `offline_refunded`) VALUES (3,'2024-12-21',1,'closed',1,39.6400,NULL,39.6400);
INSERT INTO `sales_refunded_aggregated` (`id`, `period`, `store_id`, `order_status`, `orders_count`, `refunded`, `online_refunded`, `offline_refunded`) VALUES (4,'2024-12-21',0,'closed',1,39.6400,NULL,39.6400);

--
-- Table structure for table `sales_refunded_aggregated_order`
--

CREATE TABLE `sales_refunded_aggregated_order` (
  `id` int(10) unsigned NOT NULL AUTO_INCREMENT COMMENT 'ID',
  `period` date DEFAULT NULL COMMENT 'Period',
  `store_id` smallint(5) unsigned DEFAULT NULL COMMENT 'Store ID',
  `order_status` varchar(50) DEFAULT NULL COMMENT 'Order Status',
  `orders_count` int(11) NOT NULL DEFAULT 0 COMMENT 'Orders Count',
  `refunded` decimal(20,4) DEFAULT NULL COMMENT 'Refunded',
  `online_refunded` decimal(20,4) DEFAULT NULL COMMENT 'Online Refunded',
  `offline_refunded` decimal(20,4) DEFAULT NULL COMMENT 'Offline Refunded',
  PRIMARY KEY (`id`),
  UNIQUE KEY `SALES_REFUNDED_AGGREGATED_ORDER_PERIOD_STORE_ID_ORDER_STATUS` (`period`,`store_id`,`order_status`),
  KEY `SALES_REFUNDED_AGGREGATED_ORDER_STORE_ID` (`store_id`),
  CONSTRAINT `SALES_REFUNDED_AGGREGATED_ORDER_STORE_ID_STORE_STORE_ID` FOREIGN KEY (`store_id`) REFERENCES `store` (`store_id`) ON DELETE SET NULL
) ENGINE=InnoDB AUTO_INCREMENT=5 DEFAULT CHARSET=utf8mb3 COLLATE=utf8mb3_general_ci COMMENT='Sales Refunded Aggregated Order';

--
-- Dumping data for table `sales_refunded_aggregated_order`
--

INSERT INTO `sales_refunded_aggregated_order` (`id`, `period`, `store_id`, `order_status`, `orders_count`, `refunded`, `online_refunded`, `offline_refunded`) VALUES (3,'2024-12-21',1,'closed',1,39.6400,NULL,39.6400);
INSERT INTO `sales_refunded_aggregated_order` (`id`, `period`, `store_id`, `order_status`, `orders_count`, `refunded`, `online_refunded`, `offline_refunded`) VALUES (4,'2024-12-21',0,'closed',1,39.6400,NULL,39.6400);

--
-- Table structure for table `sales_sequence_meta`
--

CREATE TABLE `sales_sequence_meta` (
  `meta_id` int(10) unsigned NOT NULL AUTO_INCREMENT COMMENT 'ID',
  `entity_type` varchar(32) NOT NULL COMMENT 'Prefix',
  `store_id` smallint(5) unsigned NOT NULL COMMENT 'Store ID',
  `sequence_table` varchar(64) NOT NULL COMMENT 'table for sequence',
  PRIMARY KEY (`meta_id`),
  UNIQUE KEY `SALES_SEQUENCE_META_ENTITY_TYPE_STORE_ID` (`entity_type`,`store_id`)
) ENGINE=InnoDB AUTO_INCREMENT=9 DEFAULT CHARSET=utf8mb3 COLLATE=utf8mb3_general_ci COMMENT='sales_sequence_meta';

--
-- Dumping data for table `sales_sequence_meta`
--

INSERT INTO `sales_sequence_meta` (`meta_id`, `entity_type`, `store_id`, `sequence_table`) VALUES (1,'order',0,'sequence_order_0');
INSERT INTO `sales_sequence_meta` (`meta_id`, `entity_type`, `store_id`, `sequence_table`) VALUES (2,'invoice',0,'sequence_invoice_0');
INSERT INTO `sales_sequence_meta` (`meta_id`, `entity_type`, `store_id`, `sequence_table`) VALUES (3,'creditmemo',0,'sequence_creditmemo_0');
INSERT INTO `sales_sequence_meta` (`meta_id`, `entity_type`, `store_id`, `sequence_table`) VALUES (4,'shipment',0,'sequence_shipment_0');
INSERT INTO `sales_sequence_meta` (`meta_id`, `entity_type`, `store_id`, `sequence_table`) VALUES (5,'order',1,'sequence_order_1');
INSERT INTO `sales_sequence_meta` (`meta_id`, `entity_type`, `store_id`, `sequence_table`) VALUES (6,'invoice',1,'sequence_invoice_1');
INSERT INTO `sales_sequence_meta` (`meta_id`, `entity_type`, `store_id`, `sequence_table`) VALUES (7,'creditmemo',1,'sequence_creditmemo_1');
INSERT INTO `sales_sequence_meta` (`meta_id`, `entity_type`, `store_id`, `sequence_table`) VALUES (8,'shipment',1,'sequence_shipment_1');

--
-- Table structure for table `sales_sequence_profile`
--

CREATE TABLE `sales_sequence_profile` (
  `profile_id` int(10) unsigned NOT NULL AUTO_INCREMENT COMMENT 'ID',
  `meta_id` int(10) unsigned NOT NULL COMMENT 'Meta_id',
  `prefix` varchar(32) DEFAULT NULL COMMENT 'Prefix',
  `suffix` varchar(32) DEFAULT NULL COMMENT 'Suffix',
  `start_value` int(10) unsigned NOT NULL DEFAULT 1 COMMENT 'Start value for sequence',
  `step` int(10) unsigned NOT NULL DEFAULT 1 COMMENT 'Step for sequence',
  `max_value` int(10) unsigned NOT NULL COMMENT 'MaxValue for sequence',
  `warning_value` int(10) unsigned NOT NULL COMMENT 'WarningValue for sequence',
  `is_active` tinyint(1) NOT NULL DEFAULT 0 COMMENT 'isActive flag',
  PRIMARY KEY (`profile_id`),
  UNIQUE KEY `SALES_SEQUENCE_PROFILE_META_ID_PREFIX_SUFFIX` (`meta_id`,`prefix`,`suffix`),
  CONSTRAINT `SALES_SEQUENCE_PROFILE_META_ID_SALES_SEQUENCE_META_META_ID` FOREIGN KEY (`meta_id`) REFERENCES `sales_sequence_meta` (`meta_id`) ON DELETE CASCADE
) ENGINE=InnoDB AUTO_INCREMENT=9 DEFAULT CHARSET=utf8mb3 COLLATE=utf8mb3_general_ci COMMENT='sales_sequence_profile';

--
-- Dumping data for table `sales_sequence_profile`
--

INSERT INTO `sales_sequence_profile` (`profile_id`, `meta_id`, `prefix`, `suffix`, `start_value`, `step`, `max_value`, `warning_value`, `is_active`) VALUES (1,1,NULL,NULL,1,1,4294967295,4294966295,1);
INSERT INTO `sales_sequence_profile` (`profile_id`, `meta_id`, `prefix`, `suffix`, `start_value`, `step`, `max_value`, `warning_value`, `is_active`) VALUES (2,2,NULL,NULL,1,1,4294967295,4294966295,1);
INSERT INTO `sales_sequence_profile` (`profile_id`, `meta_id`, `prefix`, `suffix`, `start_value`, `step`, `max_value`, `warning_value`, `is_active`) VALUES (3,3,NULL,NULL,1,1,4294967295,4294966295,1);
INSERT INTO `sales_sequence_profile` (`profile_id`, `meta_id`, `prefix`, `suffix`, `start_value`, `step`, `max_value`, `warning_value`, `is_active`) VALUES (4,4,NULL,NULL,1,1,4294967295,4294966295,1);
INSERT INTO `sales_sequence_profile` (`profile_id`, `meta_id`, `prefix`, `suffix`, `start_value`, `step`, `max_value`, `warning_value`, `is_active`) VALUES (5,5,NULL,NULL,1,1,4294967295,4294966295,1);
INSERT INTO `sales_sequence_profile` (`profile_id`, `meta_id`, `prefix`, `suffix`, `start_value`, `step`, `max_value`, `warning_value`, `is_active`) VALUES (6,6,NULL,NULL,1,1,4294967295,4294966295,1);
INSERT INTO `sales_sequence_profile` (`profile_id`, `meta_id`, `prefix`, `suffix`, `start_value`, `step`, `max_value`, `warning_value`, `is_active`) VALUES (7,7,NULL,NULL,1,1,4294967295,4294966295,1);
INSERT INTO `sales_sequence_profile` (`profile_id`, `meta_id`, `prefix`, `suffix`, `start_value`, `step`, `max_value`, `warning_value`, `is_active`) VALUES (8,8,NULL,NULL,1,1,4294967295,4294966295,1);

--
-- Table structure for table `sales_shipment`
--

CREATE TABLE `sales_shipment` (
  `entity_id` int(10) unsigned NOT NULL AUTO_INCREMENT COMMENT 'Entity ID',
  `store_id` smallint(5) unsigned DEFAULT NULL COMMENT 'Store ID',
  `total_weight` decimal(12,4) DEFAULT NULL COMMENT 'Total Weight',
  `total_qty` decimal(12,4) DEFAULT NULL COMMENT 'Total Qty',
  `email_sent` smallint(5) unsigned DEFAULT NULL COMMENT 'Email Sent',
  `send_email` smallint(5) unsigned DEFAULT NULL COMMENT 'Send Email',
  `order_id` int(10) unsigned NOT NULL COMMENT 'Order ID',
  `customer_id` int(11) DEFAULT NULL COMMENT 'Customer ID',
  `shipping_address_id` int(11) DEFAULT NULL COMMENT 'Shipping Address ID',
  `billing_address_id` int(11) DEFAULT NULL COMMENT 'Billing Address ID',
  `shipment_status` int(11) DEFAULT NULL COMMENT 'Shipment Status',
  `increment_id` varchar(50) DEFAULT NULL COMMENT 'Increment ID',
  `created_at` timestamp NOT NULL DEFAULT current_timestamp() COMMENT 'Created At',
  `updated_at` timestamp NOT NULL DEFAULT current_timestamp() ON UPDATE current_timestamp() COMMENT 'Updated At',
  `packages` text DEFAULT NULL COMMENT 'Packed Products in Packages',
  `shipping_label` mediumblob DEFAULT NULL COMMENT 'Shipping Label Content',
  `customer_note` text DEFAULT NULL COMMENT 'Customer Note',
  `customer_note_notify` smallint(5) unsigned DEFAULT NULL COMMENT 'Customer Note Notify',
  PRIMARY KEY (`entity_id`),
  UNIQUE KEY `SALES_SHIPMENT_INCREMENT_ID_STORE_ID` (`increment_id`,`store_id`),
  KEY `SALES_SHIPMENT_STORE_ID` (`store_id`),
  KEY `SALES_SHIPMENT_TOTAL_QTY` (`total_qty`),
  KEY `SALES_SHIPMENT_ORDER_ID` (`order_id`),
  KEY `SALES_SHIPMENT_CREATED_AT` (`created_at`),
  KEY `SALES_SHIPMENT_UPDATED_AT` (`updated_at`),
  KEY `SALES_SHIPMENT_SEND_EMAIL` (`send_email`),
  KEY `SALES_SHIPMENT_EMAIL_SENT` (`email_sent`),
  CONSTRAINT `SALES_SHIPMENT_ORDER_ID_SALES_ORDER_ENTITY_ID` FOREIGN KEY (`order_id`) REFERENCES `sales_order` (`entity_id`) ON DELETE CASCADE,
  CONSTRAINT `SALES_SHIPMENT_STORE_ID_STORE_STORE_ID` FOREIGN KEY (`store_id`) REFERENCES `store` (`store_id`) ON DELETE SET NULL
) ENGINE=InnoDB AUTO_INCREMENT=3 DEFAULT CHARSET=utf8mb3 COLLATE=utf8mb3_general_ci COMMENT='Sales Flat Shipment';

--
-- Dumping data for table `sales_shipment`
--

INSERT INTO `sales_shipment` (`entity_id`, `store_id`, `total_weight`, `total_qty`, `email_sent`, `send_email`, `order_id`, `customer_id`, `shipping_address_id`, `billing_address_id`, `shipment_status`, `increment_id`, `created_at`, `updated_at`, `packages`, `shipping_label`, `customer_note`, `customer_note_notify`) VALUES (1,1,NULL,1.0000,NULL,NULL,1,1,1,2,NULL,'000000001','2024-12-21 07:34:22','2024-12-21 07:34:22','[]',NULL,NULL,NULL);
INSERT INTO `sales_shipment` (`entity_id`, `store_id`, `total_weight`, `total_qty`, `email_sent`, `send_email`, `order_id`, `customer_id`, `shipping_address_id`, `billing_address_id`, `shipment_status`, `increment_id`, `created_at`, `updated_at`, `packages`, `shipping_label`, `customer_note`, `customer_note_notify`) VALUES (2,1,NULL,1.0000,NULL,NULL,2,1,3,4,NULL,'000000002','2024-12-21 07:34:23','2024-12-21 07:34:23','[]',NULL,NULL,NULL);

--
-- Table structure for table `sales_shipment_comment`
--

CREATE TABLE `sales_shipment_comment` (
  `entity_id` int(10) unsigned NOT NULL AUTO_INCREMENT COMMENT 'Entity ID',
  `parent_id` int(10) unsigned NOT NULL COMMENT 'Parent ID',
  `is_customer_notified` int(11) DEFAULT NULL COMMENT 'Is Customer Notified',
  `is_visible_on_front` smallint(5) unsigned NOT NULL DEFAULT 0 COMMENT 'Is Visible On Front',
  `comment` text DEFAULT NULL COMMENT 'Comment',
  `created_at` timestamp NOT NULL DEFAULT current_timestamp() COMMENT 'Created At',
  PRIMARY KEY (`entity_id`),
  KEY `SALES_SHIPMENT_COMMENT_CREATED_AT` (`created_at`),
  KEY `SALES_SHIPMENT_COMMENT_PARENT_ID` (`parent_id`),
  CONSTRAINT `SALES_SHIPMENT_COMMENT_PARENT_ID_SALES_SHIPMENT_ENTITY_ID` FOREIGN KEY (`parent_id`) REFERENCES `sales_shipment` (`entity_id`) ON DELETE CASCADE
) ENGINE=InnoDB DEFAULT CHARSET=utf8mb3 COLLATE=utf8mb3_general_ci COMMENT='Sales Flat Shipment Comment';

--
-- Dumping data for table `sales_shipment_comment`
--


--
-- Table structure for table `sales_shipment_grid`
--

CREATE TABLE `sales_shipment_grid` (
  `entity_id` int(10) unsigned NOT NULL COMMENT 'Entity ID',
  `increment_id` varchar(50) DEFAULT NULL COMMENT 'Increment ID',
  `store_id` smallint(5) unsigned DEFAULT NULL COMMENT 'Store ID',
  `order_increment_id` varchar(32) NOT NULL COMMENT 'Order Increment ID',
  `order_id` int(10) unsigned NOT NULL COMMENT 'Order ID',
  `order_created_at` timestamp NOT NULL DEFAULT current_timestamp() COMMENT 'Order Increment ID',
  `customer_name` varchar(128) NOT NULL COMMENT 'Customer Name',
  `total_qty` decimal(12,4) DEFAULT NULL COMMENT 'Total Qty',
  `shipment_status` int(11) DEFAULT NULL COMMENT 'Shipment Status',
  `order_status` varchar(32) DEFAULT NULL COMMENT 'Order',
  `billing_address` varchar(255) DEFAULT NULL COMMENT 'Billing Address',
  `shipping_address` varchar(255) DEFAULT NULL COMMENT 'Shipping Address',
  `billing_name` varchar(128) DEFAULT NULL COMMENT 'Billing Name',
  `shipping_name` varchar(128) DEFAULT NULL COMMENT 'Shipping Name',
  `customer_email` varchar(128) DEFAULT NULL COMMENT 'Customer Email',
  `customer_group_id` int(11) DEFAULT NULL,
  `payment_method` varchar(32) DEFAULT NULL COMMENT 'Payment Method',
  `shipping_information` varchar(255) DEFAULT NULL COMMENT 'Shipping Method Name',
  `created_at` timestamp NULL DEFAULT NULL COMMENT 'Created At',
  `updated_at` timestamp NULL DEFAULT NULL COMMENT 'Updated At',
  PRIMARY KEY (`entity_id`),
  UNIQUE KEY `SALES_SHIPMENT_GRID_INCREMENT_ID_STORE_ID` (`increment_id`,`store_id`),
  KEY `SALES_SHIPMENT_GRID_STORE_ID` (`store_id`),
  KEY `SALES_SHIPMENT_GRID_TOTAL_QTY` (`total_qty`),
  KEY `SALES_SHIPMENT_GRID_ORDER_INCREMENT_ID` (`order_increment_id`),
  KEY `SALES_SHIPMENT_GRID_SHIPMENT_STATUS` (`shipment_status`),
  KEY `SALES_SHIPMENT_GRID_ORDER_STATUS` (`order_status`),
  KEY `SALES_SHIPMENT_GRID_CREATED_AT` (`created_at`),
  KEY `SALES_SHIPMENT_GRID_UPDATED_AT` (`updated_at`),
  KEY `SALES_SHIPMENT_GRID_ORDER_CREATED_AT` (`order_created_at`),
  KEY `SALES_SHIPMENT_GRID_SHIPPING_NAME` (`shipping_name`),
  KEY `SALES_SHIPMENT_GRID_BILLING_NAME` (`billing_name`),
  KEY `SALES_SHIPMENT_GRID_ORDER_ID` (`order_id`),
  FULLTEXT KEY `FTI_086B40C8955F167B8EA76653437879B4` (`increment_id`,`order_increment_id`,`shipping_name`,`customer_name`,`customer_email`,`billing_address`,`shipping_address`)
) ENGINE=InnoDB DEFAULT CHARSET=utf8mb3 COLLATE=utf8mb3_general_ci COMMENT='Sales Flat Shipment Grid';

--
-- Dumping data for table `sales_shipment_grid`
--

INSERT INTO `sales_shipment_grid` (`entity_id`, `increment_id`, `store_id`, `order_increment_id`, `order_id`, `order_created_at`, `customer_name`, `total_qty`, `shipment_status`, `order_status`, `billing_address`, `shipping_address`, `billing_name`, `shipping_name`, `customer_email`, `customer_group_id`, `payment_method`, `shipping_information`, `created_at`, `updated_at`) VALUES (1,'000000001',1,'000000001',1,'2024-12-21 07:34:22','Veronica Costello',1.0000,NULL,'processing','6146 Honey Bluff Parkway,Calder,Michigan,49628-7978','6146 Honey Bluff Parkway,Calder,Michigan,49628-7978','Veronica Costello','Veronica Costello','roni_cost@example.com',1,'checkmo','Flat Rate - Fixed','2024-12-21 07:34:22','2024-12-21 07:34:22');
INSERT INTO `sales_shipment_grid` (`entity_id`, `increment_id`, `store_id`, `order_increment_id`, `order_id`, `order_created_at`, `customer_name`, `total_qty`, `shipment_status`, `order_status`, `billing_address`, `shipping_address`, `billing_name`, `shipping_name`, `customer_email`, `customer_group_id`, `payment_method`, `shipping_information`, `created_at`, `updated_at`) VALUES (2,'000000002',1,'000000002',2,'2024-12-21 07:34:23','Veronica Costello',1.0000,NULL,'processing','6146 Honey Bluff Parkway,Calder,Michigan,49628-7978','6146 Honey Bluff Parkway,Calder,Michigan,49628-7978','Veronica Costello','Veronica Costello','roni_cost@example.com',1,'checkmo','Flat Rate - Fixed','2024-12-21 07:34:23','2024-12-21 07:34:23');

--
-- Table structure for table `sales_shipment_item`
--

CREATE TABLE `sales_shipment_item` (
  `entity_id` int(10) unsigned NOT NULL AUTO_INCREMENT COMMENT 'Entity ID',
  `parent_id` int(10) unsigned NOT NULL COMMENT 'Parent ID',
  `row_total` decimal(20,4) DEFAULT NULL COMMENT 'Row Total',
  `price` decimal(20,4) DEFAULT NULL COMMENT 'Price',
  `weight` decimal(12,4) DEFAULT NULL COMMENT 'Weight',
  `qty` decimal(12,4) DEFAULT NULL COMMENT 'Qty',
  `product_id` int(11) DEFAULT NULL COMMENT 'Product ID',
  `order_item_id` int(11) DEFAULT NULL COMMENT 'Order Item ID',
  `additional_data` text DEFAULT NULL COMMENT 'Additional Data',
  `description` text DEFAULT NULL COMMENT 'Description',
  `name` varchar(255) DEFAULT NULL COMMENT 'Name',
  `sku` varchar(255) DEFAULT NULL COMMENT 'Sku',
  PRIMARY KEY (`entity_id`),
  KEY `SALES_SHIPMENT_ITEM_PARENT_ID` (`parent_id`),
  CONSTRAINT `SALES_SHIPMENT_ITEM_PARENT_ID_SALES_SHIPMENT_ENTITY_ID` FOREIGN KEY (`parent_id`) REFERENCES `sales_shipment` (`entity_id`) ON DELETE CASCADE
) ENGINE=InnoDB AUTO_INCREMENT=3 DEFAULT CHARSET=utf8mb3 COLLATE=utf8mb3_general_ci COMMENT='Sales Flat Shipment Item';

--
-- Dumping data for table `sales_shipment_item`
--

INSERT INTO `sales_shipment_item` (`entity_id`, `parent_id`, `row_total`, `price`, `weight`, `qty`, `product_id`, `order_item_id`, `additional_data`, `description`, `name`, `sku`) VALUES (1,1,NULL,29.0000,1.0000,1.0000,1428,1,NULL,NULL,'Iris Workout Top','WS03-XS-Red');
INSERT INTO `sales_shipment_item` (`entity_id`, `parent_id`, `row_total`, `price`, `weight`, `qty`, `product_id`, `order_item_id`, `additional_data`, `description`, `name`, `sku`) VALUES (2,2,NULL,32.0000,1.0000,1.0000,1492,2,NULL,NULL,'Minerva LumaTech&trade; V-Tee','WS08-XS-Blue');

--
-- Table structure for table `sales_shipment_track`
--

CREATE TABLE `sales_shipment_track` (
  `entity_id` int(10) unsigned NOT NULL AUTO_INCREMENT COMMENT 'Entity ID',
  `parent_id` int(10) unsigned NOT NULL COMMENT 'Parent ID',
  `weight` decimal(12,4) DEFAULT NULL COMMENT 'Weight',
  `qty` decimal(12,4) DEFAULT NULL COMMENT 'Qty',
  `order_id` int(10) unsigned NOT NULL COMMENT 'Order ID',
  `track_number` text DEFAULT NULL COMMENT 'Number',
  `description` text DEFAULT NULL COMMENT 'Description',
  `title` varchar(255) DEFAULT NULL COMMENT 'Title',
  `carrier_code` varchar(32) DEFAULT NULL COMMENT 'Carrier Code',
  `created_at` timestamp NOT NULL DEFAULT current_timestamp() COMMENT 'Created At',
  `updated_at` timestamp NOT NULL DEFAULT current_timestamp() ON UPDATE current_timestamp() COMMENT 'Updated At',
  PRIMARY KEY (`entity_id`),
  KEY `SALES_SHIPMENT_TRACK_PARENT_ID` (`parent_id`),
  KEY `SALES_SHIPMENT_TRACK_ORDER_ID` (`order_id`),
  KEY `SALES_SHIPMENT_TRACK_CREATED_AT` (`created_at`),
  CONSTRAINT `SALES_SHIPMENT_TRACK_PARENT_ID_SALES_SHIPMENT_ENTITY_ID` FOREIGN KEY (`parent_id`) REFERENCES `sales_shipment` (`entity_id`) ON DELETE CASCADE
) ENGINE=InnoDB DEFAULT CHARSET=utf8mb3 COLLATE=utf8mb3_general_ci COMMENT='Sales Flat Shipment Track';

--
-- Dumping data for table `sales_shipment_track`
--


--
-- Table structure for table `sales_shipping_aggregated`
--

CREATE TABLE `sales_shipping_aggregated` (
  `id` int(10) unsigned NOT NULL AUTO_INCREMENT COMMENT 'ID',
  `period` date DEFAULT NULL COMMENT 'Period',
  `store_id` smallint(5) unsigned DEFAULT NULL COMMENT 'Store ID',
  `order_status` varchar(50) DEFAULT NULL COMMENT 'Order Status',
  `shipping_description` varchar(255) DEFAULT NULL COMMENT 'Shipping Description',
  `orders_count` int(11) NOT NULL DEFAULT 0 COMMENT 'Orders Count',
  `total_shipping` decimal(20,4) DEFAULT NULL COMMENT 'Total Shipping',
  `total_shipping_actual` decimal(20,4) DEFAULT NULL COMMENT 'Total Shipping Actual',
  PRIMARY KEY (`id`),
  UNIQUE KEY `SALES_SHPP_AGGRED_PERIOD_STORE_ID_ORDER_STS_SHPP_DESCRIPTION` (`period`,`store_id`,`order_status`,`shipping_description`),
  KEY `SALES_SHIPPING_AGGREGATED_STORE_ID` (`store_id`),
  CONSTRAINT `SALES_SHIPPING_AGGREGATED_STORE_ID_STORE_STORE_ID` FOREIGN KEY (`store_id`) REFERENCES `store` (`store_id`) ON DELETE SET NULL
) ENGINE=InnoDB AUTO_INCREMENT=12 DEFAULT CHARSET=utf8mb3 COLLATE=utf8mb3_general_ci COMMENT='Sales Shipping Aggregated';

--
-- Dumping data for table `sales_shipping_aggregated`
--

INSERT INTO `sales_shipping_aggregated` (`id`, `period`, `store_id`, `order_status`, `shipping_description`, `orders_count`, `total_shipping`, `total_shipping_actual`) VALUES (7,'2024-12-21',1,'closed','Flat Rate - Fixed',1,5.0000,0.0000);
INSERT INTO `sales_shipping_aggregated` (`id`, `period`, `store_id`, `order_status`, `shipping_description`, `orders_count`, `total_shipping`, `total_shipping_actual`) VALUES (8,'2024-12-21',1,'processing','Flat Rate - Fixed',1,5.0000,5.0000);
INSERT INTO `sales_shipping_aggregated` (`id`, `period`, `store_id`, `order_status`, `shipping_description`, `orders_count`, `total_shipping`, `total_shipping_actual`) VALUES (10,'2024-12-21',0,'closed','Flat Rate - Fixed',1,5.0000,0.0000);
INSERT INTO `sales_shipping_aggregated` (`id`, `period`, `store_id`, `order_status`, `shipping_description`, `orders_count`, `total_shipping`, `total_shipping_actual`) VALUES (11,'2024-12-21',0,'processing','Flat Rate - Fixed',1,5.0000,5.0000);

--
-- Table structure for table `sales_shipping_aggregated_order`
--

CREATE TABLE `sales_shipping_aggregated_order` (
  `id` int(10) unsigned NOT NULL AUTO_INCREMENT COMMENT 'ID',
  `period` date DEFAULT NULL COMMENT 'Period',
  `store_id` smallint(5) unsigned DEFAULT NULL COMMENT 'Store ID',
  `order_status` varchar(50) DEFAULT NULL COMMENT 'Order Status',
  `shipping_description` varchar(255) DEFAULT NULL COMMENT 'Shipping Description',
  `orders_count` int(11) NOT NULL DEFAULT 0 COMMENT 'Orders Count',
  `total_shipping` decimal(20,4) DEFAULT NULL COMMENT 'Total Shipping',
  `total_shipping_actual` decimal(20,4) DEFAULT NULL COMMENT 'Total Shipping Actual',
  PRIMARY KEY (`id`),
  UNIQUE KEY `UNQ_C05FAE47282EEA68654D0924E946761F` (`period`,`store_id`,`order_status`,`shipping_description`),
  KEY `SALES_SHIPPING_AGGREGATED_ORDER_STORE_ID` (`store_id`),
  CONSTRAINT `SALES_SHIPPING_AGGREGATED_ORDER_STORE_ID_STORE_STORE_ID` FOREIGN KEY (`store_id`) REFERENCES `store` (`store_id`) ON DELETE SET NULL
) ENGINE=InnoDB AUTO_INCREMENT=12 DEFAULT CHARSET=utf8mb3 COLLATE=utf8mb3_general_ci COMMENT='Sales Shipping Aggregated Order';

--
-- Dumping data for table `sales_shipping_aggregated_order`
--

INSERT INTO `sales_shipping_aggregated_order` (`id`, `period`, `store_id`, `order_status`, `shipping_description`, `orders_count`, `total_shipping`, `total_shipping_actual`) VALUES (7,'2024-12-21',1,'closed','Flat Rate - Fixed',1,5.0000,0.0000);
INSERT INTO `sales_shipping_aggregated_order` (`id`, `period`, `store_id`, `order_status`, `shipping_description`, `orders_count`, `total_shipping`, `total_shipping_actual`) VALUES (8,'2024-12-21',1,'processing','Flat Rate - Fixed',1,5.0000,5.0000);
INSERT INTO `sales_shipping_aggregated_order` (`id`, `period`, `store_id`, `order_status`, `shipping_description`, `orders_count`, `total_shipping`, `total_shipping_actual`) VALUES (10,'2024-12-21',0,'closed','Flat Rate - Fixed',1,5.0000,0.0000);
INSERT INTO `sales_shipping_aggregated_order` (`id`, `period`, `store_id`, `order_status`, `shipping_description`, `orders_count`, `total_shipping`, `total_shipping_actual`) VALUES (11,'2024-12-21',0,'processing','Flat Rate - Fixed',1,5.0000,5.0000);

--
-- Table structure for table `salesrule`
--

CREATE TABLE `salesrule` (
  `rule_id` int(10) unsigned NOT NULL AUTO_INCREMENT COMMENT 'Entity ID',
  `name` varchar(255) DEFAULT NULL COMMENT 'Name',
  `description` text DEFAULT NULL COMMENT 'Description',
  `from_date` date DEFAULT NULL COMMENT 'From',
  `to_date` date DEFAULT NULL COMMENT 'To',
  `uses_per_customer` int(11) NOT NULL DEFAULT 0 COMMENT 'Uses Per Customer',
  `is_active` smallint(6) NOT NULL DEFAULT 0 COMMENT 'Is Active',
  `conditions_serialized` mediumtext DEFAULT NULL COMMENT 'Conditions Serialized',
  `actions_serialized` mediumtext DEFAULT NULL COMMENT 'Actions Serialized',
  `stop_rules_processing` smallint(6) NOT NULL DEFAULT 1 COMMENT 'Stop Rules Processing',
  `is_advanced` smallint(5) unsigned NOT NULL DEFAULT 1 COMMENT 'Is Advanced',
  `product_ids` text DEFAULT NULL COMMENT 'Product Ids',
  `sort_order` int(10) unsigned NOT NULL DEFAULT 0 COMMENT 'Sort Order',
  `simple_action` varchar(32) DEFAULT NULL COMMENT 'Simple Action',
  `discount_amount` decimal(12,4) NOT NULL DEFAULT 0.0000 COMMENT 'Discount Amount',
  `discount_qty` decimal(12,4) DEFAULT NULL COMMENT 'Discount Qty',
  `discount_step` int(10) unsigned NOT NULL DEFAULT 0 COMMENT 'Discount Step',
  `apply_to_shipping` smallint(5) unsigned NOT NULL DEFAULT 0 COMMENT 'Apply To Shipping',
  `times_used` int(10) unsigned NOT NULL DEFAULT 0 COMMENT 'Times Used',
  `is_rss` smallint(6) NOT NULL DEFAULT 0 COMMENT 'Is Rss',
  `coupon_type` smallint(5) unsigned NOT NULL DEFAULT 1 COMMENT 'Coupon Type',
  `use_auto_generation` smallint(6) NOT NULL DEFAULT 0 COMMENT 'Use Auto Generation',
  `uses_per_coupon` int(11) NOT NULL DEFAULT 0 COMMENT 'User Per Coupon',
  `simple_free_shipping` smallint(5) unsigned DEFAULT NULL COMMENT 'Simple Free Shipping',
  PRIMARY KEY (`rule_id`),
  KEY `SALESRULE_IS_ACTIVE_SORT_ORDER_TO_DATE_FROM_DATE` (`is_active`,`sort_order`,`to_date`,`from_date`)
) ENGINE=InnoDB AUTO_INCREMENT=5 DEFAULT CHARSET=utf8mb3 COLLATE=utf8mb3_general_ci COMMENT='Salesrule';

--
-- Dumping data for table `salesrule`
--

INSERT INTO `salesrule` (`rule_id`, `name`, `description`, `from_date`, `to_date`, `uses_per_customer`, `is_active`, `conditions_serialized`, `actions_serialized`, `stop_rules_processing`, `is_advanced`, `product_ids`, `sort_order`, `simple_action`, `discount_amount`, `discount_qty`, `discount_step`, `apply_to_shipping`, `times_used`, `is_rss`, `coupon_type`, `use_auto_generation`, `uses_per_coupon`, `simple_free_shipping`) VALUES (1,'Buy 3 tee shirts and get the 4th free','Buy 3 tee shirts and get the 4th free',NULL,NULL,0,1,'{\"type\":\"Magento\\\\SalesRule\\\\Model\\\\Rule\\\\Condition\\\\Combine\",\"attribute\":null,\"operator\":null,\"value\":\"1\",\"is_value_processed\":null,\"aggregator\":\"all\",\"conditions\":[{\"type\":\"Magento\\\\SalesRule\\\\Model\\\\Rule\\\\Condition\\\\Product\\\\Found\",\"attribute\":null,\"operator\":null,\"value\":\"1\",\"is_value_processed\":null,\"aggregator\":\"all\",\"conditions\":[{\"type\":\"Magento\\\\SalesRule\\\\Model\\\\Rule\\\\Condition\\\\Product\",\"attribute\":\"category_ids\",\"operator\":\"()\",\"value\":\"25,16\",\"is_value_processed\":false,\"attribute_scope\":null}]}]}','{\"type\":\"Magento\\\\SalesRule\\\\Model\\\\Rule\\\\Condition\\\\Product\\\\Combine\",\"attribute\":null,\"operator\":null,\"value\":\"1\",\"is_value_processed\":null,\"aggregator\":\"all\"}',0,1,NULL,0,'buy_x_get_y',1.0000,NULL,3,0,2,1,1,0,0,0);
INSERT INTO `salesrule` (`rule_id`, `name`, `description`, `from_date`, `to_date`, `uses_per_customer`, `is_active`, `conditions_serialized`, `actions_serialized`, `stop_rules_processing`, `is_advanced`, `product_ids`, `sort_order`, `simple_action`, `discount_amount`, `discount_qty`, `discount_step`, `apply_to_shipping`, `times_used`, `is_rss`, `coupon_type`, `use_auto_generation`, `uses_per_coupon`, `simple_free_shipping`) VALUES (2,'Spend $50 or more - shipping is free!','Free shipping on any purchase over $50',NULL,NULL,0,1,'{\"type\":\"Magento\\\\SalesRule\\\\Model\\\\Rule\\\\Condition\\\\Combine\",\"attribute\":null,\"operator\":null,\"value\":\"1\",\"is_value_processed\":null,\"aggregator\":\"all\",\"conditions\":[{\"type\":\"Magento\\\\SalesRule\\\\Model\\\\Rule\\\\Condition\\\\Address\",\"attribute\":\"base_subtotal\",\"operator\":\">=\",\"value\":\"50\",\"is_value_processed\":false}]}','{\"type\":\"Magento\\\\SalesRule\\\\Model\\\\Rule\\\\Condition\\\\Product\\\\Combine\",\"attribute\":null,\"operator\":null,\"value\":\"1\",\"is_value_processed\":null,\"aggregator\":\"all\"}',0,1,NULL,0,'by_percent',0.0000,NULL,0,0,0,1,1,0,0,2);
INSERT INTO `salesrule` (`rule_id`, `name`, `description`, `from_date`, `to_date`, `uses_per_customer`, `is_active`, `conditions_serialized`, `actions_serialized`, `stop_rules_processing`, `is_advanced`, `product_ids`, `sort_order`, `simple_action`, `discount_amount`, `discount_qty`, `discount_step`, `apply_to_shipping`, `times_used`, `is_rss`, `coupon_type`, `use_auto_generation`, `uses_per_coupon`, `simple_free_shipping`) VALUES (3,'20% OFF Ever $200-plus purchase!*','Shopping cart price rule for the cart over $200. Does not applied on other sales items',NULL,NULL,0,1,'{\"type\":\"Magento\\\\SalesRule\\\\Model\\\\Rule\\\\Condition\\\\Combine\",\"attribute\":null,\"operator\":null,\"value\":\"1\",\"is_value_processed\":null,\"aggregator\":\"all\",\"conditions\":[{\"type\":\"Magento\\\\SalesRule\\\\Model\\\\Rule\\\\Condition\\\\Address\",\"attribute\":\"base_subtotal\",\"operator\":\">=\",\"value\":\"200\",\"is_value_processed\":false}]}','{\"type\":\"Magento\\\\SalesRule\\\\Model\\\\Rule\\\\Condition\\\\Product\\\\Combine\",\"attribute\":null,\"operator\":null,\"value\":\"1\",\"is_value_processed\":null,\"aggregator\":\"all\",\"conditions\":[{\"type\":\"Magento\\\\SalesRule\\\\Model\\\\Rule\\\\Condition\\\\Product\\\\Combine\",\"attribute\":null,\"operator\":null,\"value\":\"0\",\"is_value_processed\":null,\"aggregator\":\"all\",\"conditions\":[{\"type\":\"Magento\\\\SalesRule\\\\Model\\\\Rule\\\\Condition\\\\Product\",\"attribute\":\"category_ids\",\"operator\":\"==\",\"value\":\"6\",\"is_value_processed\":false,\"attribute_scope\":null},{\"type\":\"Magento\\\\SalesRule\\\\Model\\\\Rule\\\\Condition\\\\Product\",\"attribute\":\"sale\",\"operator\":\"==\",\"value\":\"1\",\"is_value_processed\":false,\"attribute_scope\":null}]}]}',0,1,NULL,0,'by_percent',20.0000,NULL,0,0,0,1,1,0,0,0);
INSERT INTO `salesrule` (`rule_id`, `name`, `description`, `from_date`, `to_date`, `uses_per_customer`, `is_active`, `conditions_serialized`, `actions_serialized`, `stop_rules_processing`, `is_advanced`, `product_ids`, `sort_order`, `simple_action`, `discount_amount`, `discount_qty`, `discount_step`, `apply_to_shipping`, `times_used`, `is_rss`, `coupon_type`, `use_auto_generation`, `uses_per_coupon`, `simple_free_shipping`) VALUES (4,'$4 Luma water bottle (save 70%)','Use promo code H20 at checkout',NULL,NULL,1,1,'{\"type\":\"Magento\\\\SalesRule\\\\Model\\\\Rule\\\\Condition\\\\Combine\",\"attribute\":null,\"operator\":null,\"value\":\"1\",\"is_value_processed\":null,\"aggregator\":\"all\",\"conditions\":[{\"type\":\"Magento\\\\SalesRule\\\\Model\\\\Rule\\\\Condition\\\\Product\\\\Found\",\"attribute\":null,\"operator\":null,\"value\":\"1\",\"is_value_processed\":null,\"aggregator\":\"all\"}]}','{\"type\":\"Magento\\\\SalesRule\\\\Model\\\\Rule\\\\Condition\\\\Product\\\\Combine\",\"attribute\":null,\"operator\":null,\"value\":\"1\",\"is_value_processed\":null,\"aggregator\":\"all\",\"conditions\":[{\"type\":\"Magento\\\\SalesRule\\\\Model\\\\Rule\\\\Condition\\\\Product\",\"attribute\":\"sku\",\"operator\":\"==\",\"value\":\"24-UG06\",\"is_value_processed\":false,\"attribute_scope\":null}]}',0,1,NULL,0,'by_percent',70.0000,NULL,0,0,0,1,2,0,0,0);

--
-- Table structure for table `salesrule_coupon`
--

CREATE TABLE `salesrule_coupon` (
  `coupon_id` int(10) unsigned NOT NULL AUTO_INCREMENT COMMENT 'Coupon ID',
  `rule_id` int(10) unsigned NOT NULL COMMENT 'Rule ID',
  `code` varchar(255) DEFAULT NULL COMMENT 'Code',
  `usage_limit` int(10) unsigned DEFAULT NULL COMMENT 'Usage Limit',
  `usage_per_customer` int(10) unsigned DEFAULT NULL COMMENT 'Usage Per Customer',
  `times_used` int(10) unsigned NOT NULL DEFAULT 0 COMMENT 'Times Used',
  `expiration_date` datetime DEFAULT NULL COMMENT 'Expiration Date',
  `is_primary` smallint(5) unsigned DEFAULT NULL COMMENT 'Is Primary',
  `created_at` timestamp NULL DEFAULT NULL COMMENT 'Coupon Code Creation Date',
  `type` smallint(6) DEFAULT 0 COMMENT 'Coupon Code Type',
  PRIMARY KEY (`coupon_id`),
  UNIQUE KEY `SALESRULE_COUPON_CODE` (`code`),
  UNIQUE KEY `SALESRULE_COUPON_RULE_ID_IS_PRIMARY` (`rule_id`,`is_primary`),
  KEY `SALESRULE_COUPON_RULE_ID` (`rule_id`),
  CONSTRAINT `SALESRULE_COUPON_RULE_ID_SALESRULE_RULE_ID` FOREIGN KEY (`rule_id`) REFERENCES `salesrule` (`rule_id`) ON DELETE CASCADE
) ENGINE=InnoDB AUTO_INCREMENT=2 DEFAULT CHARSET=utf8mb3 COLLATE=utf8mb3_general_ci COMMENT='Salesrule Coupon';

--
-- Dumping data for table `salesrule_coupon`
--

INSERT INTO `salesrule_coupon` (`coupon_id`, `rule_id`, `code`, `usage_limit`, `usage_per_customer`, `times_used`, `expiration_date`, `is_primary`, `created_at`, `type`) VALUES (1,4,'H20',0,1,0,NULL,1,'2024-12-21 07:34:17',0);

--
-- Table structure for table `salesrule_coupon_aggregated`
--

CREATE TABLE `salesrule_coupon_aggregated` (
  `id` int(10) unsigned NOT NULL AUTO_INCREMENT COMMENT 'ID',
  `period` date NOT NULL COMMENT 'Period',
  `store_id` smallint(5) unsigned DEFAULT NULL COMMENT 'Store ID',
  `order_status` varchar(50) DEFAULT NULL COMMENT 'Order Status',
  `coupon_code` varchar(50) DEFAULT NULL COMMENT 'Coupon Code',
  `coupon_uses` int(11) NOT NULL DEFAULT 0 COMMENT 'Coupon Uses',
  `subtotal_amount` decimal(20,4) NOT NULL DEFAULT 0.0000 COMMENT 'Subtotal Amount',
  `discount_amount` decimal(12,4) NOT NULL DEFAULT 0.0000 COMMENT 'Discount Amount',
  `total_amount` decimal(20,4) NOT NULL DEFAULT 0.0000 COMMENT 'Total Amount',
  `subtotal_amount_actual` decimal(20,4) NOT NULL DEFAULT 0.0000 COMMENT 'Subtotal Amount Actual',
  `discount_amount_actual` decimal(12,4) NOT NULL DEFAULT 0.0000 COMMENT 'Discount Amount Actual',
  `total_amount_actual` decimal(20,4) NOT NULL DEFAULT 0.0000 COMMENT 'Total Amount Actual',
  `rule_name` varchar(255) DEFAULT NULL COMMENT 'Rule Name',
  PRIMARY KEY (`id`),
  UNIQUE KEY `SALESRULE_COUPON_AGGRED_PERIOD_STORE_ID_ORDER_STS_COUPON_CODE` (`period`,`store_id`,`order_status`,`coupon_code`),
  KEY `SALESRULE_COUPON_AGGREGATED_STORE_ID` (`store_id`),
  KEY `SALESRULE_COUPON_AGGREGATED_RULE_NAME` (`rule_name`),
  CONSTRAINT `SALESRULE_COUPON_AGGREGATED_STORE_ID_STORE_STORE_ID` FOREIGN KEY (`store_id`) REFERENCES `store` (`store_id`) ON DELETE CASCADE
) ENGINE=InnoDB DEFAULT CHARSET=utf8mb3 COLLATE=utf8mb3_general_ci COMMENT='Coupon Aggregated';

--
-- Dumping data for table `salesrule_coupon_aggregated`
--


--
-- Table structure for table `salesrule_coupon_aggregated_order`
--

CREATE TABLE `salesrule_coupon_aggregated_order` (
  `id` int(10) unsigned NOT NULL AUTO_INCREMENT COMMENT 'ID',
  `period` date NOT NULL COMMENT 'Period',
  `store_id` smallint(5) unsigned DEFAULT NULL COMMENT 'Store ID',
  `order_status` varchar(50) DEFAULT NULL COMMENT 'Order Status',
  `coupon_code` varchar(50) DEFAULT NULL COMMENT 'Coupon Code',
  `coupon_uses` int(11) NOT NULL DEFAULT 0 COMMENT 'Coupon Uses',
  `subtotal_amount` decimal(20,4) NOT NULL DEFAULT 0.0000 COMMENT 'Subtotal Amount',
  `discount_amount` decimal(12,4) NOT NULL DEFAULT 0.0000 COMMENT 'Discount Amount',
  `total_amount` decimal(20,4) NOT NULL DEFAULT 0.0000 COMMENT 'Total Amount',
  `rule_name` varchar(255) DEFAULT NULL COMMENT 'Rule Name',
  PRIMARY KEY (`id`),
  UNIQUE KEY `UNQ_1094D1FBBCBB11704A29DEF3ACC37D2B` (`period`,`store_id`,`order_status`,`coupon_code`),
  KEY `SALESRULE_COUPON_AGGREGATED_ORDER_STORE_ID` (`store_id`),
  KEY `SALESRULE_COUPON_AGGREGATED_ORDER_RULE_NAME` (`rule_name`),
  CONSTRAINT `SALESRULE_COUPON_AGGREGATED_ORDER_STORE_ID_STORE_STORE_ID` FOREIGN KEY (`store_id`) REFERENCES `store` (`store_id`) ON DELETE CASCADE
) ENGINE=InnoDB DEFAULT CHARSET=utf8mb3 COLLATE=utf8mb3_general_ci COMMENT='Coupon Aggregated Order';

--
-- Dumping data for table `salesrule_coupon_aggregated_order`
--


--
-- Table structure for table `salesrule_coupon_aggregated_updated`
--

CREATE TABLE `salesrule_coupon_aggregated_updated` (
  `id` int(10) unsigned NOT NULL AUTO_INCREMENT COMMENT 'ID',
  `period` date NOT NULL COMMENT 'Period',
  `store_id` smallint(5) unsigned DEFAULT NULL COMMENT 'Store ID',
  `order_status` varchar(50) DEFAULT NULL COMMENT 'Order Status',
  `coupon_code` varchar(50) DEFAULT NULL COMMENT 'Coupon Code',
  `coupon_uses` int(11) NOT NULL DEFAULT 0 COMMENT 'Coupon Uses',
  `subtotal_amount` decimal(20,4) NOT NULL DEFAULT 0.0000 COMMENT 'Subtotal Amount',
  `discount_amount` decimal(12,4) NOT NULL DEFAULT 0.0000 COMMENT 'Discount Amount',
  `total_amount` decimal(20,4) NOT NULL DEFAULT 0.0000 COMMENT 'Total Amount',
  `subtotal_amount_actual` decimal(20,4) NOT NULL DEFAULT 0.0000 COMMENT 'Subtotal Amount Actual',
  `discount_amount_actual` decimal(12,4) NOT NULL DEFAULT 0.0000 COMMENT 'Discount Amount Actual',
  `total_amount_actual` decimal(20,4) NOT NULL DEFAULT 0.0000 COMMENT 'Total Amount Actual',
  `rule_name` varchar(255) DEFAULT NULL COMMENT 'Rule Name',
  PRIMARY KEY (`id`),
  UNIQUE KEY `UNQ_7196FA120A4F0F84E1B66605E87E213E` (`period`,`store_id`,`order_status`,`coupon_code`),
  KEY `SALESRULE_COUPON_AGGREGATED_UPDATED_STORE_ID` (`store_id`),
  KEY `SALESRULE_COUPON_AGGREGATED_UPDATED_RULE_NAME` (`rule_name`),
  CONSTRAINT `SALESRULE_COUPON_AGGREGATED_UPDATED_STORE_ID_STORE_STORE_ID` FOREIGN KEY (`store_id`) REFERENCES `store` (`store_id`) ON DELETE CASCADE
) ENGINE=InnoDB DEFAULT CHARSET=utf8mb3 COLLATE=utf8mb3_general_ci COMMENT='Salesrule Coupon Aggregated Updated';

--
-- Dumping data for table `salesrule_coupon_aggregated_updated`
--


--
-- Table structure for table `salesrule_coupon_usage`
--

CREATE TABLE `salesrule_coupon_usage` (
  `coupon_id` int(10) unsigned NOT NULL COMMENT 'Coupon ID',
  `customer_id` int(10) unsigned NOT NULL COMMENT 'Customer ID',
  `times_used` int(10) unsigned NOT NULL DEFAULT 0 COMMENT 'Times Used',
  PRIMARY KEY (`coupon_id`,`customer_id`),
  KEY `SALESRULE_COUPON_USAGE_CUSTOMER_ID` (`customer_id`),
  CONSTRAINT `SALESRULE_COUPON_USAGE_COUPON_ID_SALESRULE_COUPON_COUPON_ID` FOREIGN KEY (`coupon_id`) REFERENCES `salesrule_coupon` (`coupon_id`) ON DELETE CASCADE,
  CONSTRAINT `SALESRULE_COUPON_USAGE_CUSTOMER_ID_CUSTOMER_ENTITY_ENTITY_ID` FOREIGN KEY (`customer_id`) REFERENCES `customer_entity` (`entity_id`) ON DELETE CASCADE
) ENGINE=InnoDB DEFAULT CHARSET=utf8mb3 COLLATE=utf8mb3_general_ci COMMENT='Salesrule Coupon Usage';

--
-- Dumping data for table `salesrule_coupon_usage`
--


--
-- Table structure for table `salesrule_customer`
--

CREATE TABLE `salesrule_customer` (
  `rule_customer_id` int(10) unsigned NOT NULL AUTO_INCREMENT COMMENT 'Rule Customer ID',
  `rule_id` int(10) unsigned NOT NULL DEFAULT 0 COMMENT 'Rule ID',
  `customer_id` int(10) unsigned NOT NULL DEFAULT 0 COMMENT 'Customer ID',
  `times_used` smallint(5) unsigned NOT NULL DEFAULT 0 COMMENT 'Times Used',
  PRIMARY KEY (`rule_customer_id`),
  KEY `SALESRULE_CUSTOMER_RULE_ID_CUSTOMER_ID` (`rule_id`,`customer_id`),
  KEY `SALESRULE_CUSTOMER_CUSTOMER_ID_RULE_ID` (`customer_id`,`rule_id`),
  CONSTRAINT `SALESRULE_CUSTOMER_CUSTOMER_ID_CUSTOMER_ENTITY_ENTITY_ID` FOREIGN KEY (`customer_id`) REFERENCES `customer_entity` (`entity_id`) ON DELETE CASCADE,
  CONSTRAINT `SALESRULE_CUSTOMER_RULE_ID_SALESRULE_RULE_ID` FOREIGN KEY (`rule_id`) REFERENCES `salesrule` (`rule_id`) ON DELETE CASCADE
) ENGINE=InnoDB AUTO_INCREMENT=4 DEFAULT CHARSET=utf8mb3 COLLATE=utf8mb3_general_ci COMMENT='Salesrule Customer';

--
-- Dumping data for table `salesrule_customer`
--

INSERT INTO `salesrule_customer` (`rule_customer_id`, `rule_id`, `customer_id`, `times_used`) VALUES (1,1,1,2);
INSERT INTO `salesrule_customer` (`rule_customer_id`, `rule_id`, `customer_id`, `times_used`) VALUES (2,2,2,2);
INSERT INTO `salesrule_customer` (`rule_customer_id`, `rule_id`, `customer_id`, `times_used`) VALUES (3,3,2,1);

--
-- Table structure for table `salesrule_customer_group`
--

CREATE TABLE `salesrule_customer_group` (
  `rule_id` int(10) unsigned NOT NULL COMMENT 'Rule ID',
  `customer_group_id` int(10) unsigned NOT NULL COMMENT 'Customer Group ID',
  PRIMARY KEY (`rule_id`,`customer_group_id`),
  KEY `SALESRULE_CUSTOMER_GROUP_CUSTOMER_GROUP_ID` (`customer_group_id`),
  CONSTRAINT `SALESRULE_CSTR_GROUP_CSTR_GROUP_ID_CSTR_GROUP_CSTR_GROUP_ID` FOREIGN KEY (`customer_group_id`) REFERENCES `customer_group` (`customer_group_id`) ON DELETE CASCADE,
  CONSTRAINT `SALESRULE_CUSTOMER_GROUP_RULE_ID_SALESRULE_RULE_ID` FOREIGN KEY (`rule_id`) REFERENCES `salesrule` (`rule_id`) ON DELETE CASCADE
) ENGINE=InnoDB DEFAULT CHARSET=utf8mb3 COLLATE=utf8mb3_general_ci COMMENT='Sales Rules To Customer Groups Relations';

--
-- Dumping data for table `salesrule_customer_group`
--

INSERT INTO `salesrule_customer_group` (`rule_id`, `customer_group_id`) VALUES (1,0);
INSERT INTO `salesrule_customer_group` (`rule_id`, `customer_group_id`) VALUES (1,1);
INSERT INTO `salesrule_customer_group` (`rule_id`, `customer_group_id`) VALUES (1,2);
INSERT INTO `salesrule_customer_group` (`rule_id`, `customer_group_id`) VALUES (1,3);
INSERT INTO `salesrule_customer_group` (`rule_id`, `customer_group_id`) VALUES (2,0);
INSERT INTO `salesrule_customer_group` (`rule_id`, `customer_group_id`) VALUES (2,1);
INSERT INTO `salesrule_customer_group` (`rule_id`, `customer_group_id`) VALUES (2,2);
INSERT INTO `salesrule_customer_group` (`rule_id`, `customer_group_id`) VALUES (2,3);
INSERT INTO `salesrule_customer_group` (`rule_id`, `customer_group_id`) VALUES (3,0);
INSERT INTO `salesrule_customer_group` (`rule_id`, `customer_group_id`) VALUES (3,1);
INSERT INTO `salesrule_customer_group` (`rule_id`, `customer_group_id`) VALUES (3,2);
INSERT INTO `salesrule_customer_group` (`rule_id`, `customer_group_id`) VALUES (3,3);
INSERT INTO `salesrule_customer_group` (`rule_id`, `customer_group_id`) VALUES (4,0);
INSERT INTO `salesrule_customer_group` (`rule_id`, `customer_group_id`) VALUES (4,1);
INSERT INTO `salesrule_customer_group` (`rule_id`, `customer_group_id`) VALUES (4,2);
INSERT INTO `salesrule_customer_group` (`rule_id`, `customer_group_id`) VALUES (4,3);

--
-- Table structure for table `salesrule_label`
--

CREATE TABLE `salesrule_label` (
  `label_id` int(10) unsigned NOT NULL AUTO_INCREMENT COMMENT 'Label ID',
  `rule_id` int(10) unsigned NOT NULL COMMENT 'Rule ID',
  `store_id` smallint(5) unsigned NOT NULL COMMENT 'Store ID',
  `label` varchar(255) DEFAULT NULL COMMENT 'Label',
  PRIMARY KEY (`label_id`),
  UNIQUE KEY `SALESRULE_LABEL_RULE_ID_STORE_ID` (`rule_id`,`store_id`),
  KEY `SALESRULE_LABEL_STORE_ID` (`store_id`),
  CONSTRAINT `SALESRULE_LABEL_RULE_ID_SALESRULE_RULE_ID` FOREIGN KEY (`rule_id`) REFERENCES `salesrule` (`rule_id`) ON DELETE CASCADE,
  CONSTRAINT `SALESRULE_LABEL_STORE_ID_STORE_STORE_ID` FOREIGN KEY (`store_id`) REFERENCES `store` (`store_id`) ON DELETE CASCADE
) ENGINE=InnoDB DEFAULT CHARSET=utf8mb3 COLLATE=utf8mb3_general_ci COMMENT='Salesrule Label';

--
-- Dumping data for table `salesrule_label`
--


--
-- Table structure for table `salesrule_product_attribute`
--

CREATE TABLE `salesrule_product_attribute` (
  `rule_id` int(10) unsigned NOT NULL COMMENT 'Rule ID',
  `website_id` smallint(5) unsigned NOT NULL COMMENT 'Website ID',
  `customer_group_id` int(10) unsigned NOT NULL COMMENT 'Customer Group ID',
  `attribute_id` smallint(5) unsigned NOT NULL COMMENT 'Attribute ID',
  PRIMARY KEY (`rule_id`,`website_id`,`customer_group_id`,`attribute_id`),
  KEY `SALESRULE_PRODUCT_ATTRIBUTE_WEBSITE_ID` (`website_id`),
  KEY `SALESRULE_PRODUCT_ATTRIBUTE_CUSTOMER_GROUP_ID` (`customer_group_id`),
  KEY `SALESRULE_PRODUCT_ATTRIBUTE_ATTRIBUTE_ID` (`attribute_id`),
  CONSTRAINT `SALESRULE_PRD_ATTR_ATTR_ID_EAV_ATTR_ATTR_ID` FOREIGN KEY (`attribute_id`) REFERENCES `eav_attribute` (`attribute_id`) ON DELETE CASCADE,
  CONSTRAINT `SALESRULE_PRD_ATTR_CSTR_GROUP_ID_CSTR_GROUP_CSTR_GROUP_ID` FOREIGN KEY (`customer_group_id`) REFERENCES `customer_group` (`customer_group_id`) ON DELETE CASCADE,
  CONSTRAINT `SALESRULE_PRODUCT_ATTRIBUTE_RULE_ID_SALESRULE_RULE_ID` FOREIGN KEY (`rule_id`) REFERENCES `salesrule` (`rule_id`) ON DELETE CASCADE,
  CONSTRAINT `SALESRULE_PRODUCT_ATTRIBUTE_WEBSITE_ID_STORE_WEBSITE_WEBSITE_ID` FOREIGN KEY (`website_id`) REFERENCES `store_website` (`website_id`) ON DELETE CASCADE
) ENGINE=InnoDB DEFAULT CHARSET=utf8mb3 COLLATE=utf8mb3_general_ci COMMENT='Salesrule Product Attribute';

--
-- Dumping data for table `salesrule_product_attribute`
--

INSERT INTO `salesrule_product_attribute` (`rule_id`, `website_id`, `customer_group_id`, `attribute_id`) VALUES (1,1,0,105);
INSERT INTO `salesrule_product_attribute` (`rule_id`, `website_id`, `customer_group_id`, `attribute_id`) VALUES (1,1,1,105);
INSERT INTO `salesrule_product_attribute` (`rule_id`, `website_id`, `customer_group_id`, `attribute_id`) VALUES (1,1,2,105);
INSERT INTO `salesrule_product_attribute` (`rule_id`, `website_id`, `customer_group_id`, `attribute_id`) VALUES (1,1,3,105);
INSERT INTO `salesrule_product_attribute` (`rule_id`, `website_id`, `customer_group_id`, `attribute_id`) VALUES (3,1,0,105);
INSERT INTO `salesrule_product_attribute` (`rule_id`, `website_id`, `customer_group_id`, `attribute_id`) VALUES (3,1,0,149);
INSERT INTO `salesrule_product_attribute` (`rule_id`, `website_id`, `customer_group_id`, `attribute_id`) VALUES (3,1,1,105);
INSERT INTO `salesrule_product_attribute` (`rule_id`, `website_id`, `customer_group_id`, `attribute_id`) VALUES (3,1,1,149);
INSERT INTO `salesrule_product_attribute` (`rule_id`, `website_id`, `customer_group_id`, `attribute_id`) VALUES (3,1,2,105);
INSERT INTO `salesrule_product_attribute` (`rule_id`, `website_id`, `customer_group_id`, `attribute_id`) VALUES (3,1,2,149);
INSERT INTO `salesrule_product_attribute` (`rule_id`, `website_id`, `customer_group_id`, `attribute_id`) VALUES (3,1,3,105);
INSERT INTO `salesrule_product_attribute` (`rule_id`, `website_id`, `customer_group_id`, `attribute_id`) VALUES (3,1,3,149);
INSERT INTO `salesrule_product_attribute` (`rule_id`, `website_id`, `customer_group_id`, `attribute_id`) VALUES (4,1,0,74);
INSERT INTO `salesrule_product_attribute` (`rule_id`, `website_id`, `customer_group_id`, `attribute_id`) VALUES (4,1,1,74);
INSERT INTO `salesrule_product_attribute` (`rule_id`, `website_id`, `customer_group_id`, `attribute_id`) VALUES (4,1,2,74);
INSERT INTO `salesrule_product_attribute` (`rule_id`, `website_id`, `customer_group_id`, `attribute_id`) VALUES (4,1,3,74);

--
-- Table structure for table `salesrule_website`
--

CREATE TABLE `salesrule_website` (
  `rule_id` int(10) unsigned NOT NULL COMMENT 'Rule ID',
  `website_id` smallint(5) unsigned NOT NULL COMMENT 'Website ID',
  PRIMARY KEY (`rule_id`,`website_id`),
  KEY `SALESRULE_WEBSITE_WEBSITE_ID` (`website_id`),
  CONSTRAINT `SALESRULE_WEBSITE_RULE_ID_SALESRULE_RULE_ID` FOREIGN KEY (`rule_id`) REFERENCES `salesrule` (`rule_id`) ON DELETE CASCADE,
  CONSTRAINT `SALESRULE_WEBSITE_WEBSITE_ID_STORE_WEBSITE_WEBSITE_ID` FOREIGN KEY (`website_id`) REFERENCES `store_website` (`website_id`) ON DELETE CASCADE
) ENGINE=InnoDB DEFAULT CHARSET=utf8mb3 COLLATE=utf8mb3_general_ci COMMENT='Sales Rules To Websites Relations';

--
-- Dumping data for table `salesrule_website`
--

INSERT INTO `salesrule_website` (`rule_id`, `website_id`) VALUES (1,1);
INSERT INTO `salesrule_website` (`rule_id`, `website_id`) VALUES (2,1);
INSERT INTO `salesrule_website` (`rule_id`, `website_id`) VALUES (3,1);
INSERT INTO `salesrule_website` (`rule_id`, `website_id`) VALUES (4,1);

--
-- Table structure for table `search_query`
--

CREATE TABLE `search_query` (
  `query_id` int(10) unsigned NOT NULL AUTO_INCREMENT COMMENT 'Query ID',
  `query_text` varchar(255) DEFAULT NULL COMMENT 'Query text',
  `num_results` int(10) unsigned NOT NULL DEFAULT 0 COMMENT 'Num results',
  `popularity` int(10) unsigned NOT NULL DEFAULT 0 COMMENT 'Popularity',
  `redirect` varchar(255) DEFAULT NULL COMMENT 'Redirect',
  `store_id` smallint(5) unsigned NOT NULL DEFAULT 0 COMMENT 'Store ID',
  `display_in_terms` smallint(6) NOT NULL DEFAULT 1 COMMENT 'Display in terms',
  `is_active` smallint(6) DEFAULT 1 COMMENT 'Active status',
  `is_processed` smallint(6) DEFAULT 0 COMMENT 'Processed status',
  `updated_at` timestamp NOT NULL DEFAULT current_timestamp() ON UPDATE current_timestamp() COMMENT 'Updated at',
  PRIMARY KEY (`query_id`),
  UNIQUE KEY `SEARCH_QUERY_QUERY_TEXT_STORE_ID` (`query_text`,`store_id`),
  KEY `SEARCH_QUERY_QUERY_TEXT_STORE_ID_POPULARITY` (`query_text`,`store_id`,`popularity`),
  KEY `SEARCH_QUERY_IS_PROCESSED` (`is_processed`),
  KEY `SEARCH_QUERY_STORE_ID_NUM_RESULTS_POPULARITY` (`store_id`,`num_results`,`popularity`),
  CONSTRAINT `SEARCH_QUERY_STORE_ID_STORE_STORE_ID` FOREIGN KEY (`store_id`) REFERENCES `store` (`store_id`) ON DELETE CASCADE
) ENGINE=InnoDB AUTO_INCREMENT=14 DEFAULT CHARSET=utf8mb3 COLLATE=utf8mb3_general_ci COMMENT='Search query table';

--
-- Dumping data for table `search_query`
--

INSERT INTO `search_query` (`query_id`, `query_text`, `num_results`, `popularity`, `redirect`, `store_id`, `display_in_terms`, `is_active`, `is_processed`, `updated_at`) VALUES (1,'Nike Court Vision Low Next Nature',4,2,NULL,1,1,1,0,'2024-12-22 03:40:49');
INSERT INTO `search_query` (`query_id`, `query_text`, `num_results`, `popularity`, `redirect`, `store_id`, `display_in_terms`, `is_active`, `is_processed`, `updated_at`) VALUES (3,'neve cora vision low neck nature',42,1,NULL,1,1,1,0,'2024-12-22 03:40:46');
INSERT INTO `search_query` (`query_id`, `query_text`, `num_results`, `popularity`, `redirect`, `store_id`, `display_in_terms`, `is_active`, `is_processed`, `updated_at`) VALUES (7,'nike-court-vision-low-next-nature',27,4,NULL,1,1,1,0,'2024-12-22 05:11:45');

--
-- Table structure for table `search_synonyms`
--

CREATE TABLE `search_synonyms` (
  `group_id` bigint(20) unsigned NOT NULL AUTO_INCREMENT COMMENT 'Synonyms Group ID',
  `synonyms` text NOT NULL COMMENT 'list of synonyms making up this group',
  `store_id` smallint(5) unsigned NOT NULL DEFAULT 0 COMMENT 'Store ID - identifies the store view these synonyms belong to',
  `website_id` smallint(5) unsigned NOT NULL DEFAULT 0 COMMENT 'Website ID - identifies the website ID these synonyms belong to',
  PRIMARY KEY (`group_id`),
  KEY `SEARCH_SYNONYMS_STORE_ID` (`store_id`),
  KEY `SEARCH_SYNONYMS_WEBSITE_ID` (`website_id`),
  FULLTEXT KEY `SEARCH_SYNONYMS_SYNONYMS` (`synonyms`),
  CONSTRAINT `SEARCH_SYNONYMS_STORE_ID_STORE_STORE_ID` FOREIGN KEY (`store_id`) REFERENCES `store` (`store_id`) ON DELETE CASCADE,
  CONSTRAINT `SEARCH_SYNONYMS_WEBSITE_ID_STORE_WEBSITE_WEBSITE_ID` FOREIGN KEY (`website_id`) REFERENCES `store_website` (`website_id`) ON DELETE CASCADE
) ENGINE=InnoDB DEFAULT CHARSET=utf8mb3 COLLATE=utf8mb3_general_ci COMMENT='table storing various synonyms groups';

--
-- Dumping data for table `search_synonyms`
--


--
-- Table structure for table `sendfriend_log`
--

CREATE TABLE `sendfriend_log` (
  `log_id` int(10) unsigned NOT NULL AUTO_INCREMENT COMMENT 'Log ID',
  `ip` bigint(20) unsigned NOT NULL DEFAULT 0 COMMENT 'Customer IP address',
  `time` int(10) unsigned NOT NULL DEFAULT 0 COMMENT 'Log time',
  `website_id` smallint(5) unsigned NOT NULL DEFAULT 0 COMMENT 'Website ID',
  PRIMARY KEY (`log_id`),
  KEY `SENDFRIEND_LOG_IP` (`ip`),
  KEY `SENDFRIEND_LOG_TIME` (`time`)
) ENGINE=InnoDB DEFAULT CHARSET=utf8mb3 COLLATE=utf8mb3_general_ci COMMENT='Send to friend function log storage table';

--
-- Dumping data for table `sendfriend_log`
--


--
-- Table structure for table `sequence_creditmemo_0`
--

CREATE TABLE `sequence_creditmemo_0` (
  `sequence_value` int(10) unsigned NOT NULL AUTO_INCREMENT,
  PRIMARY KEY (`sequence_value`)
) ENGINE=InnoDB DEFAULT CHARSET=utf8mb4 COLLATE=utf8mb4_general_ci;

--
-- Dumping data for table `sequence_creditmemo_0`
--


--
-- Table structure for table `sequence_creditmemo_1`
--

CREATE TABLE `sequence_creditmemo_1` (
  `sequence_value` int(10) unsigned NOT NULL AUTO_INCREMENT,
  PRIMARY KEY (`sequence_value`)
) ENGINE=InnoDB AUTO_INCREMENT=2 DEFAULT CHARSET=utf8mb4 COLLATE=utf8mb4_general_ci;

--
-- Dumping data for table `sequence_creditmemo_1`
--

INSERT INTO `sequence_creditmemo_1` (`sequence_value`) VALUES (1);

--
-- Table structure for table `sequence_invoice_0`
--

CREATE TABLE `sequence_invoice_0` (
  `sequence_value` int(10) unsigned NOT NULL AUTO_INCREMENT,
  PRIMARY KEY (`sequence_value`)
) ENGINE=InnoDB DEFAULT CHARSET=utf8mb4 COLLATE=utf8mb4_general_ci;

--
-- Dumping data for table `sequence_invoice_0`
--


--
-- Table structure for table `sequence_invoice_1`
--

CREATE TABLE `sequence_invoice_1` (
  `sequence_value` int(10) unsigned NOT NULL AUTO_INCREMENT,
  PRIMARY KEY (`sequence_value`)
) ENGINE=InnoDB AUTO_INCREMENT=3 DEFAULT CHARSET=utf8mb4 COLLATE=utf8mb4_general_ci;

--
-- Dumping data for table `sequence_invoice_1`
--

INSERT INTO `sequence_invoice_1` (`sequence_value`) VALUES (1);
INSERT INTO `sequence_invoice_1` (`sequence_value`) VALUES (2);

--
-- Table structure for table `sequence_order_0`
--

CREATE TABLE `sequence_order_0` (
  `sequence_value` int(10) unsigned NOT NULL AUTO_INCREMENT,
  PRIMARY KEY (`sequence_value`)
) ENGINE=InnoDB DEFAULT CHARSET=utf8mb4 COLLATE=utf8mb4_general_ci;

--
-- Dumping data for table `sequence_order_0`
--


--
-- Table structure for table `sequence_order_1`
--

CREATE TABLE `sequence_order_1` (
  `sequence_value` int(10) unsigned NOT NULL AUTO_INCREMENT,
  PRIMARY KEY (`sequence_value`)
) ENGINE=InnoDB AUTO_INCREMENT=12 DEFAULT CHARSET=utf8mb4 COLLATE=utf8mb4_general_ci;

--
-- Dumping data for table `sequence_order_1`
--

INSERT INTO `sequence_order_1` (`sequence_value`) VALUES (1);
INSERT INTO `sequence_order_1` (`sequence_value`) VALUES (2);
INSERT INTO `sequence_order_1` (`sequence_value`) VALUES (3);
INSERT INTO `sequence_order_1` (`sequence_value`) VALUES (4);
INSERT INTO `sequence_order_1` (`sequence_value`) VALUES (5);
INSERT INTO `sequence_order_1` (`sequence_value`) VALUES (6);
INSERT INTO `sequence_order_1` (`sequence_value`) VALUES (7);
INSERT INTO `sequence_order_1` (`sequence_value`) VALUES (8);
INSERT INTO `sequence_order_1` (`sequence_value`) VALUES (9);
INSERT INTO `sequence_order_1` (`sequence_value`) VALUES (10);
INSERT INTO `sequence_order_1` (`sequence_value`) VALUES (11);

--
-- Table structure for table `sequence_shipment_0`
--

CREATE TABLE `sequence_shipment_0` (
  `sequence_value` int(10) unsigned NOT NULL AUTO_INCREMENT,
  PRIMARY KEY (`sequence_value`)
) ENGINE=InnoDB DEFAULT CHARSET=utf8mb4 COLLATE=utf8mb4_general_ci;

--
-- Dumping data for table `sequence_shipment_0`
--


--
-- Table structure for table `sequence_shipment_1`
--

CREATE TABLE `sequence_shipment_1` (
  `sequence_value` int(10) unsigned NOT NULL AUTO_INCREMENT,
  PRIMARY KEY (`sequence_value`)
) ENGINE=InnoDB AUTO_INCREMENT=3 DEFAULT CHARSET=utf8mb4 COLLATE=utf8mb4_general_ci;

--
-- Dumping data for table `sequence_shipment_1`
--

INSERT INTO `sequence_shipment_1` (`sequence_value`) VALUES (1);
INSERT INTO `sequence_shipment_1` (`sequence_value`) VALUES (2);

--
-- Table structure for table `session`
--

CREATE TABLE `session` (
  `session_id` varchar(255) NOT NULL COMMENT 'Session Id',
  `session_expires` int(10) unsigned NOT NULL DEFAULT 0 COMMENT 'Date of Session Expiration',
  `session_data` mediumblob NOT NULL COMMENT 'Session Data',
  PRIMARY KEY (`session_id`)
) ENGINE=InnoDB DEFAULT CHARSET=utf8mb3 COLLATE=utf8mb3_general_ci COMMENT='Database Sessions Storage';

--
-- Dumping data for table `session`
--


--
-- Table structure for table `setup_module`
--

CREATE TABLE `setup_module` (
  `module` varchar(50) NOT NULL COMMENT 'Module',
  `schema_version` varchar(50) DEFAULT NULL COMMENT 'Schema Version',
  `data_version` varchar(50) DEFAULT NULL COMMENT 'Data Version',
  PRIMARY KEY (`module`)
) ENGINE=InnoDB DEFAULT CHARSET=utf8mb3 COLLATE=utf8mb3_general_ci COMMENT='Module versions registry';

--
-- Dumping data for table `setup_module`
--

INSERT INTO `setup_module` (`module`, `schema_version`, `data_version`) VALUES ('Boolfly_MomoWallet','1.0.0','1.0.0');
INSERT INTO `setup_module` (`module`, `schema_version`, `data_version`) VALUES ('Magento_DataExporter','42.0.1','42.0.1');
INSERT INTO `setup_module` (`module`, `schema_version`, `data_version`) VALUES ('Magento_QueryXml','42.0.0','42.0.0');
INSERT INTO `setup_module` (`module`, `schema_version`, `data_version`) VALUES ('Magento_Securitytxt','1.0.0','1.0.0');
INSERT INTO `setup_module` (`module`, `schema_version`, `data_version`) VALUES ('Magento_ServicesConnector','1.1.0','1.1.0');
INSERT INTO `setup_module` (`module`, `schema_version`, `data_version`) VALUES ('Magento_ServicesId','1.1.0','1.1.0');
INSERT INTO `setup_module` (`module`, `schema_version`, `data_version`) VALUES ('Magento_ServicesIdLayout','1.0.0','1.0.0');
INSERT INTO `setup_module` (`module`, `schema_version`, `data_version`) VALUES ('MainVendor_CurrencyRates','1.0.0','1.0.0');
INSERT INTO `setup_module` (`module`, `schema_version`, `data_version`) VALUES ('MainVendor_News','1.0.0','1.0.0');
INSERT INTO `setup_module` (`module`, `schema_version`, `data_version`) VALUES ('PayPal_Braintree','4.6.1','4.6.1');
INSERT INTO `setup_module` (`module`, `schema_version`, `data_version`) VALUES ('Training_BundleBlock','1.0.0','1.0.0');
INSERT INTO `setup_module` (`module`, `schema_version`, `data_version`) VALUES ('Training_CLI','1.0.0','1.0.0');
INSERT INTO `setup_module` (`module`, `schema_version`, `data_version`) VALUES ('Training_FreeGeoIP','1.0.0','1.0.0');
INSERT INTO `setup_module` (`module`, `schema_version`, `data_version`) VALUES ('Training_OrderController','1.0.0','1.0.0');
INSERT INTO `setup_module` (`module`, `schema_version`, `data_version`) VALUES ('Training_Review','1.0.0','1.0.0');
INSERT INTO `setup_module` (`module`, `schema_version`, `data_version`) VALUES ('Vnpayment_VNPAY','1.0.0','1.0.0');

--
-- Table structure for table `shipping_tablerate`
--

CREATE TABLE `shipping_tablerate` (
  `pk` int(10) unsigned NOT NULL AUTO_INCREMENT COMMENT 'Primary key',
  `website_id` int(11) NOT NULL DEFAULT 0 COMMENT 'Website ID',
  `dest_country_id` varchar(4) NOT NULL DEFAULT '0' COMMENT 'Destination coutry ISO/2 or ISO/3 code',
  `dest_region_id` int(11) NOT NULL DEFAULT 0 COMMENT 'Destination Region ID',
  `dest_zip` varchar(10) NOT NULL DEFAULT '*' COMMENT 'Destination Post Code (Zip)',
  `condition_name` varchar(30) NOT NULL COMMENT 'Rate Condition name',
  `condition_value` decimal(12,4) NOT NULL DEFAULT 0.0000 COMMENT 'Rate condition value',
  `price` decimal(12,4) NOT NULL DEFAULT 0.0000 COMMENT 'Price',
  `cost` decimal(12,4) NOT NULL DEFAULT 0.0000 COMMENT 'Cost',
  PRIMARY KEY (`pk`),
  UNIQUE KEY `UNQ_D60821CDB2AFACEE1566CFC02D0D4CAA` (`website_id`,`dest_country_id`,`dest_region_id`,`dest_zip`,`condition_name`,`condition_value`)
) ENGINE=InnoDB AUTO_INCREMENT=10 DEFAULT CHARSET=utf8mb3 COLLATE=utf8mb3_general_ci COMMENT='Shipping Tablerate';

--
-- Dumping data for table `shipping_tablerate`
--

INSERT INTO `shipping_tablerate` (`pk`, `website_id`, `dest_country_id`, `dest_region_id`, `dest_zip`, `condition_name`, `condition_value`, `price`, `cost`) VALUES (1,1,'US',0,'*','package_value_with_discount',0.0000,15.0000,0.0000);
INSERT INTO `shipping_tablerate` (`pk`, `website_id`, `dest_country_id`, `dest_region_id`, `dest_zip`, `condition_name`, `condition_value`, `price`, `cost`) VALUES (2,1,'US',0,'*','package_value_with_discount',50.0000,10.0000,0.0000);
INSERT INTO `shipping_tablerate` (`pk`, `website_id`, `dest_country_id`, `dest_region_id`, `dest_zip`, `condition_name`, `condition_value`, `price`, `cost`) VALUES (3,1,'US',0,'*','package_value_with_discount',100.0000,5.0000,0.0000);
INSERT INTO `shipping_tablerate` (`pk`, `website_id`, `dest_country_id`, `dest_region_id`, `dest_zip`, `condition_name`, `condition_value`, `price`, `cost`) VALUES (4,1,'US',2,'*','package_value_with_discount',0.0000,20.0000,0.0000);
INSERT INTO `shipping_tablerate` (`pk`, `website_id`, `dest_country_id`, `dest_region_id`, `dest_zip`, `condition_name`, `condition_value`, `price`, `cost`) VALUES (5,1,'US',2,'*','package_value_with_discount',50.0000,15.0000,0.0000);
INSERT INTO `shipping_tablerate` (`pk`, `website_id`, `dest_country_id`, `dest_region_id`, `dest_zip`, `condition_name`, `condition_value`, `price`, `cost`) VALUES (6,1,'US',2,'*','package_value_with_discount',100.0000,10.0000,0.0000);
INSERT INTO `shipping_tablerate` (`pk`, `website_id`, `dest_country_id`, `dest_region_id`, `dest_zip`, `condition_name`, `condition_value`, `price`, `cost`) VALUES (7,1,'US',21,'*','package_value_with_discount',0.0000,20.0000,0.0000);
INSERT INTO `shipping_tablerate` (`pk`, `website_id`, `dest_country_id`, `dest_region_id`, `dest_zip`, `condition_name`, `condition_value`, `price`, `cost`) VALUES (8,1,'US',21,'*','package_value_with_discount',50.0000,15.0000,0.0000);
INSERT INTO `shipping_tablerate` (`pk`, `website_id`, `dest_country_id`, `dest_region_id`, `dest_zip`, `condition_name`, `condition_value`, `price`, `cost`) VALUES (9,1,'US',21,'*','package_value_with_discount',100.0000,10.0000,0.0000);

--
-- Table structure for table `sitemap`
--

CREATE TABLE `sitemap` (
  `sitemap_id` int(10) unsigned NOT NULL AUTO_INCREMENT COMMENT 'Sitemap ID',
  `sitemap_type` varchar(32) DEFAULT NULL COMMENT 'Sitemap Type',
  `sitemap_filename` varchar(32) DEFAULT NULL COMMENT 'Sitemap Filename',
  `sitemap_path` varchar(255) DEFAULT NULL COMMENT 'Sitemap Path',
  `sitemap_time` timestamp NULL DEFAULT NULL COMMENT 'Sitemap Time',
  `store_id` smallint(5) unsigned NOT NULL DEFAULT 0 COMMENT 'Store ID',
  PRIMARY KEY (`sitemap_id`),
  KEY `SITEMAP_STORE_ID` (`store_id`),
  CONSTRAINT `SITEMAP_STORE_ID_STORE_STORE_ID` FOREIGN KEY (`store_id`) REFERENCES `store` (`store_id`) ON DELETE CASCADE
) ENGINE=InnoDB DEFAULT CHARSET=utf8mb3 COLLATE=utf8mb3_general_ci COMMENT='XML Sitemap';

--
-- Dumping data for table `sitemap`
--


--
-- Table structure for table `store`
--

CREATE TABLE `store` (
  `store_id` smallint(5) unsigned NOT NULL AUTO_INCREMENT COMMENT 'Store ID',
  `code` varchar(32) DEFAULT NULL COMMENT 'Code',
  `website_id` smallint(5) unsigned NOT NULL DEFAULT 0 COMMENT 'Website ID',
  `group_id` smallint(5) unsigned NOT NULL DEFAULT 0 COMMENT 'Group ID',
  `name` varchar(255) NOT NULL COMMENT 'Store Name',
  `sort_order` smallint(5) unsigned NOT NULL DEFAULT 0 COMMENT 'Store Sort Order',
  `is_active` smallint(5) unsigned NOT NULL DEFAULT 0 COMMENT 'Store Activity',
  PRIMARY KEY (`store_id`),
  UNIQUE KEY `STORE_CODE` (`code`),
  KEY `STORE_WEBSITE_ID` (`website_id`),
  KEY `STORE_IS_ACTIVE_SORT_ORDER` (`is_active`,`sort_order`),
  KEY `STORE_GROUP_ID` (`group_id`),
  CONSTRAINT `STORE_GROUP_ID_STORE_GROUP_GROUP_ID` FOREIGN KEY (`group_id`) REFERENCES `store_group` (`group_id`) ON DELETE CASCADE,
  CONSTRAINT `STORE_WEBSITE_ID_STORE_WEBSITE_WEBSITE_ID` FOREIGN KEY (`website_id`) REFERENCES `store_website` (`website_id`) ON DELETE CASCADE
) ENGINE=InnoDB AUTO_INCREMENT=2 DEFAULT CHARSET=utf8mb3 COLLATE=utf8mb3_general_ci COMMENT='Stores';

--
-- Dumping data for table `store`
--

INSERT INTO `store` (`store_id`, `code`, `website_id`, `group_id`, `name`, `sort_order`, `is_active`) VALUES (0,'admin',0,0,'Admin',0,1);
INSERT INTO `store` (`store_id`, `code`, `website_id`, `group_id`, `name`, `sort_order`, `is_active`) VALUES (1,'default',1,1,'Default Store View',0,1);
DELIMITER ;;
/*!50003 CREATE*/ /*!50017 DEFINER=CURRENT_USER*/ /*!50003 TRIGGER trg_store_after_insert AFTER INSERT ON store FOR EACH ROW
BEGIN
INSERT IGNORE INTO `store_data_exporter_cl` (`entity_id`) VALUES (NEW.`website_id`);
END */;;
DELIMITER ;
DELIMITER ;;
/*!50003 CREATE*/ /*!50017 DEFINER=CURRENT_USER*/ /*!50003 TRIGGER trg_store_after_update AFTER UPDATE ON store FOR EACH ROW
BEGIN
IF (NOT(NEW.`store_id` <=> OLD.`store_id`) OR NOT(NEW.`code` <=> OLD.`code`) OR NOT(NEW.`website_id` <=> OLD.`website_id`) OR NOT(NEW.`group_id` <=> OLD.`group_id`) OR NOT(NEW.`name` <=> OLD.`name`) OR NOT(NEW.`sort_order` <=> OLD.`sort_order`) OR NOT(NEW.`is_active` <=> OLD.`is_active`)) THEN INSERT IGNORE INTO `store_data_exporter_cl` (`entity_id`) VALUES (NEW.`website_id`); END IF;
END */;;
DELIMITER ;
DELIMITER ;;
/*!50003 CREATE*/ /*!50017 DEFINER=CURRENT_USER*/ /*!50003 TRIGGER trg_store_after_delete AFTER DELETE ON store FOR EACH ROW
BEGIN
INSERT IGNORE INTO `store_data_exporter_cl` (`entity_id`) VALUES (OLD.`website_id`);
END */;;
DELIMITER ;

--
-- Table structure for table `store_data_exporter_cl`
--

CREATE TABLE `store_data_exporter_cl` (
  `version_id` int(10) unsigned NOT NULL AUTO_INCREMENT COMMENT 'Version ID',
  `entity_id` int(10) unsigned NOT NULL DEFAULT 0 COMMENT 'Entity ID',
  PRIMARY KEY (`version_id`)
) ENGINE=InnoDB AUTO_INCREMENT=3 DEFAULT CHARSET=utf8mb3 COLLATE=utf8mb3_general_ci COMMENT='store_data_exporter_cl';

--
-- Dumping data for table `store_data_exporter_cl`
--

INSERT INTO `store_data_exporter_cl` (`version_id`, `entity_id`) VALUES (2,1);

--
-- Table structure for table `store_group`
--

CREATE TABLE `store_group` (
  `group_id` smallint(5) unsigned NOT NULL AUTO_INCREMENT COMMENT 'Group ID',
  `website_id` smallint(5) unsigned NOT NULL DEFAULT 0 COMMENT 'Website ID',
  `name` varchar(255) NOT NULL COMMENT 'Store Group Name',
  `root_category_id` int(10) unsigned NOT NULL DEFAULT 0 COMMENT 'Root Category ID',
  `default_store_id` smallint(5) unsigned NOT NULL DEFAULT 0 COMMENT 'Default Store ID',
  `code` varchar(32) DEFAULT NULL COMMENT 'Store group unique code',
  PRIMARY KEY (`group_id`),
  UNIQUE KEY `STORE_GROUP_CODE` (`code`),
  KEY `STORE_GROUP_WEBSITE_ID` (`website_id`),
  KEY `STORE_GROUP_DEFAULT_STORE_ID` (`default_store_id`),
  CONSTRAINT `STORE_GROUP_WEBSITE_ID_STORE_WEBSITE_WEBSITE_ID` FOREIGN KEY (`website_id`) REFERENCES `store_website` (`website_id`) ON DELETE CASCADE
) ENGINE=InnoDB AUTO_INCREMENT=2 DEFAULT CHARSET=utf8mb3 COLLATE=utf8mb3_general_ci COMMENT='Store Groups';

--
-- Dumping data for table `store_group`
--

INSERT INTO `store_group` (`group_id`, `website_id`, `name`, `root_category_id`, `default_store_id`, `code`) VALUES (0,0,'Default',0,0,'default');
INSERT INTO `store_group` (`group_id`, `website_id`, `name`, `root_category_id`, `default_store_id`, `code`) VALUES (1,1,'Main Website Store',2,1,'main_website_store');
DELIMITER ;;
/*!50003 CREATE*/ /*!50017 DEFINER=CURRENT_USER*/ /*!50003 TRIGGER trg_store_group_after_insert AFTER INSERT ON store_group FOR EACH ROW
BEGIN
INSERT IGNORE INTO `store_data_exporter_cl` (`entity_id`) VALUES (NEW.`website_id`);
END */;;
DELIMITER ;
DELIMITER ;;
/*!50003 CREATE*/ /*!50017 DEFINER=CURRENT_USER*/ /*!50003 TRIGGER trg_store_group_after_update AFTER UPDATE ON store_group FOR EACH ROW
BEGIN
IF (NOT(NEW.`group_id` <=> OLD.`group_id`) OR NOT(NEW.`website_id` <=> OLD.`website_id`) OR NOT(NEW.`name` <=> OLD.`name`) OR NOT(NEW.`root_category_id` <=> OLD.`root_category_id`) OR NOT(NEW.`default_store_id` <=> OLD.`default_store_id`) OR NOT(NEW.`code` <=> OLD.`code`)) THEN INSERT IGNORE INTO `store_data_exporter_cl` (`entity_id`) VALUES (NEW.`website_id`); END IF;
END */;;
DELIMITER ;
DELIMITER ;;
/*!50003 CREATE*/ /*!50017 DEFINER=CURRENT_USER*/ /*!50003 TRIGGER trg_store_group_after_delete AFTER DELETE ON store_group FOR EACH ROW
BEGIN
INSERT IGNORE INTO `store_data_exporter_cl` (`entity_id`) VALUES (OLD.`website_id`);
END */;;
DELIMITER ;

--
-- Table structure for table `store_website`
--

CREATE TABLE `store_website` (
  `website_id` smallint(5) unsigned NOT NULL AUTO_INCREMENT COMMENT 'Website ID',
  `code` varchar(32) DEFAULT NULL COMMENT 'Code',
  `name` varchar(64) DEFAULT NULL COMMENT 'Website Name',
  `sort_order` smallint(5) unsigned NOT NULL DEFAULT 0 COMMENT 'Sort Order',
  `default_group_id` smallint(5) unsigned NOT NULL DEFAULT 0 COMMENT 'Default Group ID',
  `is_default` smallint(5) unsigned DEFAULT 0 COMMENT 'Defines Is Website Default',
  PRIMARY KEY (`website_id`),
  UNIQUE KEY `STORE_WEBSITE_CODE` (`code`),
  KEY `STORE_WEBSITE_SORT_ORDER` (`sort_order`),
  KEY `STORE_WEBSITE_DEFAULT_GROUP_ID` (`default_group_id`)
) ENGINE=InnoDB AUTO_INCREMENT=2 DEFAULT CHARSET=utf8mb3 COLLATE=utf8mb3_general_ci COMMENT='Websites';

--
-- Dumping data for table `store_website`
--

INSERT INTO `store_website` (`website_id`, `code`, `name`, `sort_order`, `default_group_id`, `is_default`) VALUES (0,'admin','Admin',0,0,0);
INSERT INTO `store_website` (`website_id`, `code`, `name`, `sort_order`, `default_group_id`, `is_default`) VALUES (1,'base','Main Website',0,1,1);
DELIMITER ;;
/*!50003 CREATE*/ /*!50017 DEFINER=CURRENT_USER*/ /*!50003 TRIGGER trg_store_website_after_insert AFTER INSERT ON store_website FOR EACH ROW
BEGIN
INSERT IGNORE INTO `store_data_exporter_cl` (`entity_id`) VALUES (NEW.`website_id`);
END */;;
DELIMITER ;
DELIMITER ;;
/*!50003 CREATE*/ /*!50017 DEFINER=CURRENT_USER*/ /*!50003 TRIGGER trg_store_website_after_update AFTER UPDATE ON store_website FOR EACH ROW
BEGIN
IF (NOT(NEW.`website_id` <=> OLD.`website_id`) OR NOT(NEW.`code` <=> OLD.`code`) OR NOT(NEW.`name` <=> OLD.`name`) OR NOT(NEW.`sort_order` <=> OLD.`sort_order`) OR NOT(NEW.`default_group_id` <=> OLD.`default_group_id`) OR NOT(NEW.`is_default` <=> OLD.`is_default`)) THEN INSERT IGNORE INTO `store_data_exporter_cl` (`entity_id`) VALUES (NEW.`website_id`); END IF;
END */;;
DELIMITER ;
DELIMITER ;;
/*!50003 CREATE*/ /*!50017 DEFINER=CURRENT_USER*/ /*!50003 TRIGGER trg_store_website_after_delete AFTER DELETE ON store_website FOR EACH ROW
BEGIN
INSERT IGNORE INTO `store_data_exporter_cl` (`entity_id`) VALUES (OLD.`website_id`);
END */;;
DELIMITER ;

--
-- Table structure for table `stores_data_exporter`
--

CREATE TABLE `stores_data_exporter` (
  `id` int(10) unsigned NOT NULL COMMENT 'ID',
  `feed_data` mediumtext NOT NULL COMMENT 'Feed Data',
  `modified_at` timestamp NOT NULL DEFAULT current_timestamp() ON UPDATE current_timestamp() COMMENT 'Modified At',
  PRIMARY KEY (`id`),
  KEY `STORES_DATA_EXPORTER_MODIFIED_AT` (`modified_at`)
) ENGINE=InnoDB DEFAULT CHARSET=utf8mb3 COLLATE=utf8mb3_general_ci COMMENT='Stores Feed Storage';

--
-- Dumping data for table `stores_data_exporter`
--

INSERT INTO `stores_data_exporter` (`id`, `feed_data`, `modified_at`) VALUES (1,'{\"store_view_id\":\"1\",\"store_id\":1,\"website_id\":1,\"store_view_name\":\"Default Store View\",\"store_name\":\"Main Website Store\",\"website_name\":\"Main Website\"}','2024-12-22 15:39:30');

--
-- Table structure for table `stores_data_exporter_index_batches`
--

CREATE TABLE `stores_data_exporter_index_batches` (
  `batch_number` int(11) NOT NULL COMMENT 'Batch Number',
  `website_id` smallint(5) unsigned NOT NULL DEFAULT 0 COMMENT 'Website Id',
  PRIMARY KEY (`batch_number`,`website_id`)
) ENGINE=InnoDB DEFAULT CHARSET=utf8mb3 COLLATE=utf8mb3_general_ci COMMENT='stores_data_exporter_index_batches';

--
-- Dumping data for table `stores_data_exporter_index_batches`
--

INSERT INTO `stores_data_exporter_index_batches` (`batch_number`, `website_id`) VALUES (1,1);

--
-- Table structure for table `stores_data_exporter_index_sequence`
--

CREATE TABLE `stores_data_exporter_index_sequence` (
  `i` int(10) unsigned NOT NULL AUTO_INCREMENT COMMENT 'Auto Increment ID',
  PRIMARY KEY (`i`)
) ENGINE=InnoDB AUTO_INCREMENT=3 DEFAULT CHARSET=utf8mb3 COLLATE=utf8mb3_general_ci COMMENT='stores_data_exporter_index_sequence';

--
-- Dumping data for table `stores_data_exporter_index_sequence`
--

INSERT INTO `stores_data_exporter_index_sequence` (`i`) VALUES (1);
INSERT INTO `stores_data_exporter_index_sequence` (`i`) VALUES (2);

--
-- Table structure for table `tax_calculation`
--

CREATE TABLE `tax_calculation` (
  `tax_calculation_id` int(11) NOT NULL AUTO_INCREMENT COMMENT 'Tax Calculation ID',
  `tax_calculation_rate_id` int(11) NOT NULL COMMENT 'Tax Calculation Rate ID',
  `tax_calculation_rule_id` int(11) NOT NULL COMMENT 'Tax Calculation Rule ID',
  `customer_tax_class_id` smallint(6) NOT NULL COMMENT 'Customer Tax Class ID',
  `product_tax_class_id` smallint(6) NOT NULL COMMENT 'Product Tax Class ID',
  PRIMARY KEY (`tax_calculation_id`),
  KEY `TAX_CALCULATION_TAX_CALCULATION_RULE_ID` (`tax_calculation_rule_id`),
  KEY `TAX_CALCULATION_CUSTOMER_TAX_CLASS_ID` (`customer_tax_class_id`),
  KEY `TAX_CALCULATION_PRODUCT_TAX_CLASS_ID` (`product_tax_class_id`),
  KEY `TAX_CALC_TAX_CALC_RATE_ID_CSTR_TAX_CLASS_ID_PRD_TAX_CLASS_ID` (`tax_calculation_rate_id`,`customer_tax_class_id`,`product_tax_class_id`),
  CONSTRAINT `TAX_CALCULATION_CUSTOMER_TAX_CLASS_ID_TAX_CLASS_CLASS_ID` FOREIGN KEY (`customer_tax_class_id`) REFERENCES `tax_class` (`class_id`) ON DELETE CASCADE,
  CONSTRAINT `TAX_CALCULATION_PRODUCT_TAX_CLASS_ID_TAX_CLASS_CLASS_ID` FOREIGN KEY (`product_tax_class_id`) REFERENCES `tax_class` (`class_id`) ON DELETE CASCADE,
  CONSTRAINT `TAX_CALC_TAX_CALC_RATE_ID_TAX_CALC_RATE_TAX_CALC_RATE_ID` FOREIGN KEY (`tax_calculation_rate_id`) REFERENCES `tax_calculation_rate` (`tax_calculation_rate_id`) ON DELETE CASCADE,
  CONSTRAINT `TAX_CALC_TAX_CALC_RULE_ID_TAX_CALC_RULE_TAX_CALC_RULE_ID` FOREIGN KEY (`tax_calculation_rule_id`) REFERENCES `tax_calculation_rule` (`tax_calculation_rule_id`) ON DELETE CASCADE
) ENGINE=InnoDB AUTO_INCREMENT=2 DEFAULT CHARSET=utf8mb3 COLLATE=utf8mb3_general_ci COMMENT='Tax Calculation';

--
-- Dumping data for table `tax_calculation`
--

INSERT INTO `tax_calculation` (`tax_calculation_id`, `tax_calculation_rate_id`, `tax_calculation_rule_id`, `customer_tax_class_id`, `product_tax_class_id`) VALUES (1,3,1,3,2);

--
-- Table structure for table `tax_calculation_rate`
--

CREATE TABLE `tax_calculation_rate` (
  `tax_calculation_rate_id` int(11) NOT NULL AUTO_INCREMENT COMMENT 'Tax Calculation Rate ID',
  `tax_country_id` varchar(2) NOT NULL COMMENT 'Tax Country ID',
  `tax_region_id` int(11) NOT NULL COMMENT 'Tax Region ID',
  `tax_postcode` varchar(21) DEFAULT NULL COMMENT 'Tax Postcode',
  `code` varchar(255) NOT NULL COMMENT 'Code',
  `rate` decimal(12,4) NOT NULL COMMENT 'Rate',
  `zip_is_range` smallint(6) DEFAULT NULL COMMENT 'Zip Is Range',
  `zip_from` int(10) unsigned DEFAULT NULL COMMENT 'Zip From',
  `zip_to` int(10) unsigned DEFAULT NULL COMMENT 'Zip To',
  PRIMARY KEY (`tax_calculation_rate_id`),
  KEY `TAX_CALCULATION_RATE_TAX_COUNTRY_ID_TAX_REGION_ID_TAX_POSTCODE` (`tax_country_id`,`tax_region_id`,`tax_postcode`),
  KEY `TAX_CALCULATION_RATE_CODE` (`code`),
  KEY `IDX_CA799F1E2CB843495F601E56C84A626D` (`tax_calculation_rate_id`,`tax_country_id`,`tax_region_id`,`zip_is_range`,`tax_postcode`)
) ENGINE=InnoDB AUTO_INCREMENT=4 DEFAULT CHARSET=utf8mb3 COLLATE=utf8mb3_general_ci COMMENT='Tax Calculation Rate';

--
-- Dumping data for table `tax_calculation_rate`
--

INSERT INTO `tax_calculation_rate` (`tax_calculation_rate_id`, `tax_country_id`, `tax_region_id`, `tax_postcode`, `code`, `rate`, `zip_is_range`, `zip_from`, `zip_to`) VALUES (1,'US',12,'*','US-CA-*-Rate 1',8.2500,NULL,NULL,NULL);
INSERT INTO `tax_calculation_rate` (`tax_calculation_rate_id`, `tax_country_id`, `tax_region_id`, `tax_postcode`, `code`, `rate`, `zip_is_range`, `zip_from`, `zip_to`) VALUES (2,'US',43,'*','US-NY-*-Rate 1',8.3750,NULL,NULL,NULL);
INSERT INTO `tax_calculation_rate` (`tax_calculation_rate_id`, `tax_country_id`, `tax_region_id`, `tax_postcode`, `code`, `rate`, `zip_is_range`, `zip_from`, `zip_to`) VALUES (3,'US',33,'*','US-MI-*-Rate 1',8.2500,NULL,NULL,NULL);

--
-- Table structure for table `tax_calculation_rate_title`
--

CREATE TABLE `tax_calculation_rate_title` (
  `tax_calculation_rate_title_id` int(11) NOT NULL AUTO_INCREMENT COMMENT 'Tax Calculation Rate Title ID',
  `tax_calculation_rate_id` int(11) NOT NULL COMMENT 'Tax Calculation Rate ID',
  `store_id` smallint(5) unsigned NOT NULL COMMENT 'Store ID',
  `value` varchar(255) NOT NULL COMMENT 'Value',
  PRIMARY KEY (`tax_calculation_rate_title_id`),
  KEY `TAX_CALCULATION_RATE_TITLE_TAX_CALCULATION_RATE_ID_STORE_ID` (`tax_calculation_rate_id`,`store_id`),
  KEY `TAX_CALCULATION_RATE_TITLE_STORE_ID` (`store_id`),
  CONSTRAINT `FK_37FB965F786AD5897BB3AE90470C42AB` FOREIGN KEY (`tax_calculation_rate_id`) REFERENCES `tax_calculation_rate` (`tax_calculation_rate_id`) ON DELETE CASCADE,
  CONSTRAINT `TAX_CALCULATION_RATE_TITLE_STORE_ID_STORE_STORE_ID` FOREIGN KEY (`store_id`) REFERENCES `store` (`store_id`) ON DELETE CASCADE
) ENGINE=InnoDB DEFAULT CHARSET=utf8mb3 COLLATE=utf8mb3_general_ci COMMENT='Tax Calculation Rate Title';

--
-- Dumping data for table `tax_calculation_rate_title`
--


--
-- Table structure for table `tax_calculation_rule`
--

CREATE TABLE `tax_calculation_rule` (
  `tax_calculation_rule_id` int(11) NOT NULL AUTO_INCREMENT COMMENT 'Tax Calculation Rule ID',
  `code` varchar(255) NOT NULL COMMENT 'Code',
  `priority` int(11) NOT NULL COMMENT 'Priority',
  `position` int(11) NOT NULL COMMENT 'Position',
  `calculate_subtotal` int(11) NOT NULL COMMENT 'Calculate off subtotal option',
  PRIMARY KEY (`tax_calculation_rule_id`),
  KEY `TAX_CALCULATION_RULE_PRIORITY_POSITION` (`priority`,`position`),
  KEY `TAX_CALCULATION_RULE_CODE` (`code`)
) ENGINE=InnoDB AUTO_INCREMENT=2 DEFAULT CHARSET=utf8mb3 COLLATE=utf8mb3_general_ci COMMENT='Tax Calculation Rule';

--
-- Dumping data for table `tax_calculation_rule`
--

INSERT INTO `tax_calculation_rule` (`tax_calculation_rule_id`, `code`, `priority`, `position`, `calculate_subtotal`) VALUES (1,'Rule1',0,0,0);

--
-- Table structure for table `tax_class`
--

CREATE TABLE `tax_class` (
  `class_id` smallint(6) NOT NULL AUTO_INCREMENT COMMENT 'Class ID',
  `class_name` varchar(255) NOT NULL COMMENT 'Class Name',
  `class_type` varchar(8) NOT NULL DEFAULT 'CUSTOMER' COMMENT 'Class Type',
  PRIMARY KEY (`class_id`)
) ENGINE=InnoDB AUTO_INCREMENT=4 DEFAULT CHARSET=utf8mb3 COLLATE=utf8mb3_general_ci COMMENT='Tax Class';

--
-- Dumping data for table `tax_class`
--

INSERT INTO `tax_class` (`class_id`, `class_name`, `class_type`) VALUES (2,'Taxable Goods','PRODUCT');
INSERT INTO `tax_class` (`class_id`, `class_name`, `class_type`) VALUES (3,'Retail Customer','CUSTOMER');

--
-- Table structure for table `tax_order_aggregated_created`
--

CREATE TABLE `tax_order_aggregated_created` (
  `id` int(10) unsigned NOT NULL AUTO_INCREMENT COMMENT 'ID',
  `period` date DEFAULT NULL COMMENT 'Period',
  `store_id` smallint(5) unsigned DEFAULT NULL COMMENT 'Store ID',
  `code` varchar(255) NOT NULL COMMENT 'Code',
  `order_status` varchar(50) NOT NULL COMMENT 'Order Status',
  `percent` float DEFAULT NULL COMMENT 'Percent',
  `orders_count` int(10) unsigned NOT NULL DEFAULT 0 COMMENT 'Orders Count',
  `tax_base_amount_sum` float DEFAULT NULL COMMENT 'Tax Base Amount Sum',
  PRIMARY KEY (`id`),
  UNIQUE KEY `TAX_ORDER_AGGRED_CREATED_PERIOD_STORE_ID_CODE_PERCENT_ORDER_STS` (`period`,`store_id`,`code`,`percent`,`order_status`),
  KEY `TAX_ORDER_AGGREGATED_CREATED_STORE_ID` (`store_id`),
  CONSTRAINT `TAX_ORDER_AGGREGATED_CREATED_STORE_ID_STORE_STORE_ID` FOREIGN KEY (`store_id`) REFERENCES `store` (`store_id`) ON DELETE CASCADE
) ENGINE=InnoDB AUTO_INCREMENT=10 DEFAULT CHARSET=utf8mb3 COLLATE=utf8mb3_general_ci COMMENT='Tax Order Aggregation';

--
-- Dumping data for table `tax_order_aggregated_created`
--

INSERT INTO `tax_order_aggregated_created` (`id`, `period`, `store_id`, `code`, `order_status`, `percent`, `orders_count`, `tax_base_amount_sum`) VALUES (6,'2024-12-21',1,'US-MI-*-Rate 1','closed',8.25,1,2.64);
INSERT INTO `tax_order_aggregated_created` (`id`, `period`, `store_id`, `code`, `order_status`, `percent`, `orders_count`, `tax_base_amount_sum`) VALUES (7,'2024-12-21',1,'US-MI-*-Rate 1','processing',8.25,1,2.39);
INSERT INTO `tax_order_aggregated_created` (`id`, `period`, `store_id`, `code`, `order_status`, `percent`, `orders_count`, `tax_base_amount_sum`) VALUES (8,'2024-12-21',0,'US-MI-*-Rate 1','closed',8.25,1,2.64);
INSERT INTO `tax_order_aggregated_created` (`id`, `period`, `store_id`, `code`, `order_status`, `percent`, `orders_count`, `tax_base_amount_sum`) VALUES (9,'2024-12-21',0,'US-MI-*-Rate 1','processing',8.25,1,2.39);

--
-- Table structure for table `tax_order_aggregated_updated`
--

CREATE TABLE `tax_order_aggregated_updated` (
  `id` int(10) unsigned NOT NULL AUTO_INCREMENT COMMENT 'ID',
  `period` date DEFAULT NULL COMMENT 'Period',
  `store_id` smallint(5) unsigned DEFAULT NULL COMMENT 'Store ID',
  `code` varchar(255) NOT NULL COMMENT 'Code',
  `order_status` varchar(50) NOT NULL COMMENT 'Order Status',
  `percent` float DEFAULT NULL COMMENT 'Percent',
  `orders_count` int(10) unsigned NOT NULL DEFAULT 0 COMMENT 'Orders Count',
  `tax_base_amount_sum` float DEFAULT NULL COMMENT 'Tax Base Amount Sum',
  PRIMARY KEY (`id`),
  UNIQUE KEY `TAX_ORDER_AGGRED_UPDATED_PERIOD_STORE_ID_CODE_PERCENT_ORDER_STS` (`period`,`store_id`,`code`,`percent`,`order_status`),
  KEY `TAX_ORDER_AGGREGATED_UPDATED_STORE_ID` (`store_id`),
  CONSTRAINT `TAX_ORDER_AGGREGATED_UPDATED_STORE_ID_STORE_STORE_ID` FOREIGN KEY (`store_id`) REFERENCES `store` (`store_id`) ON DELETE CASCADE
) ENGINE=InnoDB AUTO_INCREMENT=10 DEFAULT CHARSET=utf8mb3 COLLATE=utf8mb3_general_ci COMMENT='Tax Order Aggregated Updated';

--
-- Dumping data for table `tax_order_aggregated_updated`
--

INSERT INTO `tax_order_aggregated_updated` (`id`, `period`, `store_id`, `code`, `order_status`, `percent`, `orders_count`, `tax_base_amount_sum`) VALUES (6,'2024-12-21',1,'US-MI-*-Rate 1','closed',8.25,1,2.64);
INSERT INTO `tax_order_aggregated_updated` (`id`, `period`, `store_id`, `code`, `order_status`, `percent`, `orders_count`, `tax_base_amount_sum`) VALUES (7,'2024-12-21',1,'US-MI-*-Rate 1','processing',8.25,1,2.39);
INSERT INTO `tax_order_aggregated_updated` (`id`, `period`, `store_id`, `code`, `order_status`, `percent`, `orders_count`, `tax_base_amount_sum`) VALUES (8,'2024-12-21',0,'US-MI-*-Rate 1','closed',8.25,1,2.64);
INSERT INTO `tax_order_aggregated_updated` (`id`, `period`, `store_id`, `code`, `order_status`, `percent`, `orders_count`, `tax_base_amount_sum`) VALUES (9,'2024-12-21',0,'US-MI-*-Rate 1','processing',8.25,1,2.39);

--
-- Table structure for table `theme`
--

CREATE TABLE `theme` (
  `theme_id` int(10) unsigned NOT NULL AUTO_INCREMENT COMMENT 'Theme identifier',
  `parent_id` int(11) DEFAULT NULL COMMENT 'Parent ID',
  `theme_path` varchar(255) DEFAULT NULL COMMENT 'Theme Path',
  `theme_title` varchar(255) NOT NULL COMMENT 'Theme Title',
  `preview_image` varchar(255) DEFAULT NULL COMMENT 'Preview Image',
  `is_featured` tinyint(1) NOT NULL DEFAULT 0 COMMENT 'Is Theme Featured',
  `area` varchar(255) NOT NULL COMMENT 'Theme Area',
  `type` smallint(6) NOT NULL COMMENT 'Theme type: 0:physical, 1:virtual, 2:staging',
  `code` text DEFAULT NULL COMMENT 'Full theme code, including package',
  PRIMARY KEY (`theme_id`)
) ENGINE=InnoDB AUTO_INCREMENT=8 DEFAULT CHARSET=utf8mb3 COLLATE=utf8mb3_general_ci COMMENT='Core theme';

--
-- Dumping data for table `theme`
--

INSERT INTO `theme` (`theme_id`, `parent_id`, `theme_path`, `theme_title`, `preview_image`, `is_featured`, `area`, `type`, `code`) VALUES (1,NULL,'Magento/blank','Magento Blank','preview_image_67666a850ad48.jpeg',0,'frontend',0,'Magento/blank');
INSERT INTO `theme` (`theme_id`, `parent_id`, `theme_path`, `theme_title`, `preview_image`, `is_featured`, `area`, `type`, `code`) VALUES (2,NULL,'Magento/backend','Magento 2 backend',NULL,0,'adminhtml',0,'Magento/backend');
INSERT INTO `theme` (`theme_id`, `parent_id`, `theme_path`, `theme_title`, `preview_image`, `is_featured`, `area`, `type`, `code`) VALUES (3,1,'Magento/luma','Magento Luma','preview_image_67666a8523517.jpeg',0,'frontend',0,'Magento/luma');
INSERT INTO `theme` (`theme_id`, `parent_id`, `theme_path`, `theme_title`, `preview_image`, `is_featured`, `area`, `type`, `code`) VALUES (4,NULL,'Shiba/theme007','Shiba','preview_image_67666f80ac767.jpeg',0,'frontend',0,'Shiba/theme007');
INSERT INTO `theme` (`theme_id`, `parent_id`, `theme_path`, `theme_title`, `preview_image`, `is_featured`, `area`, `type`, `code`) VALUES (5,3,'MyTheme/Theme','MyTheme','preview_image_67666f80b6b57.jpeg',0,'frontend',0,'MyTheme/Theme');
INSERT INTO `theme` (`theme_id`, `parent_id`, `theme_path`, `theme_title`, `preview_image`, `is_featured`, `area`, `type`, `code`) VALUES (6,3,'Pixelpro/ThemePro','PixelproTheme','preview_image_67666f80bf56e.jpeg',0,'frontend',0,'Pixelpro/ThemePro');
INSERT INTO `theme` (`theme_id`, `parent_id`, `theme_path`, `theme_title`, `preview_image`, `is_featured`, `area`, `type`, `code`) VALUES (7,NULL,'Zemez/theme007','Magetigue','preview_image_67666f80cddcb.jpeg',0,'frontend',0,'Zemez/theme007');

--
-- Table structure for table `theme_file`
--

CREATE TABLE `theme_file` (
  `theme_files_id` int(10) unsigned NOT NULL AUTO_INCREMENT COMMENT 'Theme files identifier',
  `theme_id` int(10) unsigned NOT NULL COMMENT 'Theme ID',
  `file_path` varchar(255) DEFAULT NULL COMMENT 'Relative path to file',
  `file_type` varchar(32) NOT NULL COMMENT 'File Type',
  `content` longtext NOT NULL COMMENT 'File Content',
  `sort_order` smallint(6) NOT NULL DEFAULT 0 COMMENT 'Sort Order',
  `is_temporary` tinyint(1) NOT NULL DEFAULT 0 COMMENT 'Is Temporary File',
  PRIMARY KEY (`theme_files_id`),
  KEY `THEME_FILE_THEME_ID_THEME_THEME_ID` (`theme_id`),
  CONSTRAINT `THEME_FILE_THEME_ID_THEME_THEME_ID` FOREIGN KEY (`theme_id`) REFERENCES `theme` (`theme_id`) ON DELETE CASCADE
) ENGINE=InnoDB DEFAULT CHARSET=utf8mb3 COLLATE=utf8mb3_general_ci COMMENT='Core theme files';

--
-- Dumping data for table `theme_file`
--


--
-- Table structure for table `translation`
--

CREATE TABLE `translation` (
  `key_id` int(10) unsigned NOT NULL AUTO_INCREMENT COMMENT 'Key ID of Translation',
  `string` varchar(255) NOT NULL DEFAULT 'Translate String' COMMENT 'Translation String',
  `store_id` smallint(5) unsigned NOT NULL DEFAULT 0 COMMENT 'Store ID',
  `translate` varchar(255) DEFAULT NULL COMMENT 'Translate',
  `locale` varchar(20) NOT NULL DEFAULT 'en_US' COMMENT 'Locale',
  `crc_string` bigint(20) NOT NULL DEFAULT 1591228201 COMMENT 'Translation String CRC32 Hash',
  PRIMARY KEY (`key_id`),
  UNIQUE KEY `TRANSLATION_STORE_ID_LOCALE_CRC_STRING_STRING` (`store_id`,`locale`,`crc_string`,`string`),
  CONSTRAINT `TRANSLATION_STORE_ID_STORE_STORE_ID` FOREIGN KEY (`store_id`) REFERENCES `store` (`store_id`) ON DELETE CASCADE
) ENGINE=InnoDB DEFAULT CHARSET=utf8mb3 COLLATE=utf8mb3_general_ci COMMENT='Translations';

--
-- Dumping data for table `translation`
--


--
-- Table structure for table `ui_bookmark`
--

CREATE TABLE `ui_bookmark` (
  `bookmark_id` int(10) unsigned NOT NULL AUTO_INCREMENT COMMENT 'Bookmark identifier',
  `user_id` int(10) unsigned NOT NULL COMMENT 'User ID',
  `namespace` varchar(255) NOT NULL COMMENT 'Bookmark namespace',
  `identifier` varchar(255) NOT NULL COMMENT 'Bookmark Identifier',
  `current` smallint(6) NOT NULL COMMENT 'Mark current bookmark per user and identifier',
  `title` varchar(255) DEFAULT NULL COMMENT 'Bookmark title',
  `config` longtext DEFAULT NULL COMMENT 'Bookmark config',
  `created_at` datetime NOT NULL DEFAULT current_timestamp() COMMENT 'Bookmark created at',
  `updated_at` datetime NOT NULL DEFAULT current_timestamp() ON UPDATE current_timestamp() COMMENT 'Bookmark updated at',
  PRIMARY KEY (`bookmark_id`),
  KEY `UI_BOOKMARK_USER_ID_NAMESPACE_IDENTIFIER` (`user_id`,`namespace`,`identifier`),
  CONSTRAINT `UI_BOOKMARK_USER_ID_ADMIN_USER_USER_ID` FOREIGN KEY (`user_id`) REFERENCES `admin_user` (`user_id`) ON DELETE CASCADE
) ENGINE=InnoDB AUTO_INCREMENT=15 DEFAULT CHARSET=utf8mb3 COLLATE=utf8mb3_general_ci COMMENT='Bookmark';

--
-- Dumping data for table `ui_bookmark`
--

INSERT INTO `ui_bookmark` (`bookmark_id`, `user_id`, `namespace`, `identifier`, `current`, `title`, `config`, `created_at`, `updated_at`) VALUES (1,1,'cms_block_listing','current',0,NULL,'{\"current\":{\"columns\":{\"block_id\":{\"visible\":true,\"sorting\":\"asc\"},\"title\":{\"visible\":true,\"sorting\":false},\"identifier\":{\"visible\":true,\"sorting\":false},\"store_id\":{\"visible\":true,\"sorting\":false},\"actions\":{\"visible\":true,\"sorting\":false},\"is_active\":{\"visible\":true,\"sorting\":false},\"ids\":{\"visible\":true,\"sorting\":false},\"creation_time\":{\"visible\":true,\"sorting\":false},\"update_time\":{\"visible\":true,\"sorting\":false}},\"displayMode\":\"grid\",\"search\":{\"value\":\"\"},\"filters\":{\"applied\":{\"placeholder\":true}},\"paging\":{\"pageSize\":20,\"current\":1,\"options\":{\"20\":{\"value\":20,\"label\":20},\"30\":{\"value\":30,\"label\":30},\"50\":{\"value\":50,\"label\":50},\"100\":{\"value\":100,\"label\":100},\"200\":{\"value\":200,\"label\":200}},\"value\":20},\"positions\":{\"ids\":0,\"block_id\":1,\"title\":2,\"identifier\":3,\"store_id\":4,\"is_active\":5,\"creation_time\":6,\"update_time\":7,\"actions\":8}}}','2024-12-21 07:40:10','2024-12-21 07:40:10');
INSERT INTO `ui_bookmark` (`bookmark_id`, `user_id`, `namespace`, `identifier`, `current`, `title`, `config`, `created_at`, `updated_at`) VALUES (2,1,'cms_block_listing','default',1,'Default View','{\"views\":{\"default\":{\"label\":\"Default View\",\"index\":\"default\",\"editable\":false,\"data\":{\"columns\":{\"block_id\":{\"visible\":true,\"sorting\":\"asc\"},\"title\":{\"visible\":true,\"sorting\":false},\"identifier\":{\"visible\":true,\"sorting\":false},\"store_id\":{\"visible\":true,\"sorting\":false},\"actions\":{\"visible\":true,\"sorting\":false},\"is_active\":{\"visible\":true,\"sorting\":false},\"ids\":{\"visible\":true,\"sorting\":false},\"creation_time\":{\"visible\":true,\"sorting\":false},\"update_time\":{\"visible\":true,\"sorting\":false}},\"displayMode\":\"grid\",\"search\":{\"value\":\"\"},\"filters\":{\"applied\":{\"placeholder\":true}},\"paging\":{\"pageSize\":20,\"current\":1,\"options\":{\"20\":{\"value\":20,\"label\":20},\"30\":{\"value\":30,\"label\":30},\"50\":{\"value\":50,\"label\":50},\"100\":{\"value\":100,\"label\":100},\"200\":{\"value\":200,\"label\":200}},\"value\":20},\"positions\":{\"ids\":0,\"block_id\":1,\"title\":2,\"identifier\":3,\"store_id\":4,\"is_active\":5,\"creation_time\":6,\"update_time\":7,\"actions\":8}},\"value\":\"Default View\"}}}','2024-12-21 07:40:11','2024-12-21 07:40:11');
INSERT INTO `ui_bookmark` (`bookmark_id`, `user_id`, `namespace`, `identifier`, `current`, `title`, `config`, `created_at`, `updated_at`) VALUES (3,1,'cms_page_listing','default',1,'Default View','{\"views\":{\"default\":{\"label\":\"Default View\",\"index\":\"default\",\"editable\":false,\"data\":{\"search\":{\"value\":\"\"},\"columns\":{\"page_id\":{\"visible\":true,\"sorting\":\"asc\"},\"title\":{\"visible\":true,\"sorting\":false},\"identifier\":{\"visible\":true,\"sorting\":false},\"store_id\":{\"visible\":true,\"sorting\":false},\"meta_title\":{\"visible\":false,\"sorting\":false},\"meta_keywords\":{\"visible\":false,\"sorting\":false},\"meta_description\":{\"visible\":false,\"sorting\":false},\"actions\":{\"visible\":true,\"sorting\":false},\"ids\":{\"visible\":true,\"sorting\":false},\"page_layout\":{\"visible\":true,\"sorting\":false},\"is_active\":{\"visible\":true,\"sorting\":false},\"custom_theme\":{\"visible\":false,\"sorting\":false},\"custom_root_template\":{\"visible\":false,\"sorting\":false},\"creation_time\":{\"visible\":true,\"sorting\":false},\"update_time\":{\"visible\":true,\"sorting\":false},\"custom_theme_from\":{\"visible\":false,\"sorting\":false},\"custom_theme_to\":{\"visible\":false,\"sorting\":false}},\"displayMode\":\"grid\",\"filters\":{\"applied\":{\"placeholder\":true}},\"paging\":{\"pageSize\":20,\"current\":1,\"options\":{\"20\":{\"value\":20,\"label\":20},\"30\":{\"value\":30,\"label\":30},\"50\":{\"value\":50,\"label\":50},\"100\":{\"value\":100,\"label\":100},\"200\":{\"value\":200,\"label\":200}},\"value\":20},\"positions\":{\"ids\":0,\"page_id\":1,\"title\":2,\"identifier\":3,\"page_layout\":4,\"store_id\":5,\"is_active\":6,\"creation_time\":7,\"update_time\":8,\"custom_theme_from\":9,\"custom_theme_to\":10,\"custom_theme\":11,\"custom_root_template\":12,\"meta_title\":13,\"meta_keywords\":14,\"meta_description\":15,\"actions\":16}},\"value\":\"Default View\"}}}','2024-12-21 07:41:19','2024-12-21 07:41:19');
INSERT INTO `ui_bookmark` (`bookmark_id`, `user_id`, `namespace`, `identifier`, `current`, `title`, `config`, `created_at`, `updated_at`) VALUES (4,1,'cms_page_listing','current',0,NULL,'{\"current\":{\"search\":{\"value\":\"\"},\"columns\":{\"page_id\":{\"visible\":true,\"sorting\":\"asc\"},\"title\":{\"visible\":true,\"sorting\":false},\"identifier\":{\"visible\":true,\"sorting\":false},\"store_id\":{\"visible\":true,\"sorting\":false},\"meta_title\":{\"visible\":false,\"sorting\":false},\"meta_keywords\":{\"visible\":false,\"sorting\":false},\"meta_description\":{\"visible\":false,\"sorting\":false},\"actions\":{\"visible\":true,\"sorting\":false},\"ids\":{\"visible\":true,\"sorting\":false},\"page_layout\":{\"visible\":true,\"sorting\":false},\"is_active\":{\"visible\":true,\"sorting\":false},\"custom_theme\":{\"visible\":false,\"sorting\":false},\"custom_root_template\":{\"visible\":false,\"sorting\":false},\"creation_time\":{\"visible\":true,\"sorting\":false},\"update_time\":{\"visible\":true,\"sorting\":false},\"custom_theme_from\":{\"visible\":false,\"sorting\":false},\"custom_theme_to\":{\"visible\":false,\"sorting\":false}},\"displayMode\":\"grid\",\"filters\":{\"applied\":{\"placeholder\":true}},\"paging\":{\"pageSize\":20,\"current\":1,\"options\":{\"20\":{\"value\":20,\"label\":20},\"30\":{\"value\":30,\"label\":30},\"50\":{\"value\":50,\"label\":50},\"100\":{\"value\":100,\"label\":100},\"200\":{\"value\":200,\"label\":200}},\"value\":20},\"positions\":{\"ids\":0,\"page_id\":1,\"title\":2,\"identifier\":3,\"page_layout\":4,\"store_id\":5,\"is_active\":6,\"creation_time\":7,\"update_time\":8,\"custom_theme_from\":9,\"custom_theme_to\":10,\"custom_theme\":11,\"custom_root_template\":12,\"meta_title\":13,\"meta_keywords\":14,\"meta_description\":15,\"actions\":16}}}','2024-12-21 07:41:20','2024-12-21 07:41:20');
INSERT INTO `ui_bookmark` (`bookmark_id`, `user_id`, `namespace`, `identifier`, `current`, `title`, `config`, `created_at`, `updated_at`) VALUES (5,1,'design_config_listing','default',1,'Default View','{\"views\":{\"default\":{\"label\":\"Default View\",\"index\":\"default\",\"editable\":false,\"data\":{\"filters\":{\"applied\":{\"placeholder\":true}},\"paging\":{\"pageSize\":20,\"current\":1,\"options\":{\"20\":{\"value\":20,\"label\":20},\"30\":{\"value\":30,\"label\":30},\"50\":{\"value\":50,\"label\":50},\"100\":{\"value\":100,\"label\":100},\"200\":{\"value\":200,\"label\":200}},\"value\":20},\"columns\":{\"default\":{\"visible\":true,\"sorting\":false},\"actions\":{\"visible\":true,\"sorting\":false},\"store_website_id\":{\"visible\":true,\"sorting\":false},\"store_group_id\":{\"visible\":true,\"sorting\":false},\"store_id\":{\"visible\":true,\"sorting\":false},\"theme_theme_id\":{\"visible\":true,\"sorting\":false}},\"displayMode\":\"grid\",\"positions\":{\"default\":0,\"store_website_id\":1,\"store_group_id\":2,\"store_id\":3,\"theme_theme_id\":4,\"actions\":5}},\"value\":\"Default View\"}}}','2024-12-21 07:41:52','2024-12-21 07:41:52');
INSERT INTO `ui_bookmark` (`bookmark_id`, `user_id`, `namespace`, `identifier`, `current`, `title`, `config`, `created_at`, `updated_at`) VALUES (6,1,'design_config_listing','current',0,NULL,'{\"current\":{\"filters\":{\"applied\":{\"placeholder\":true}},\"paging\":{\"pageSize\":20,\"current\":1,\"options\":{\"20\":{\"value\":20,\"label\":20},\"30\":{\"value\":30,\"label\":30},\"50\":{\"value\":50,\"label\":50},\"100\":{\"value\":100,\"label\":100},\"200\":{\"value\":200,\"label\":200}},\"value\":20},\"columns\":{\"default\":{\"visible\":true,\"sorting\":false},\"actions\":{\"visible\":true,\"sorting\":false},\"store_website_id\":{\"visible\":true,\"sorting\":false},\"store_group_id\":{\"visible\":true,\"sorting\":false},\"store_id\":{\"visible\":true,\"sorting\":\"asc\"},\"theme_theme_id\":{\"visible\":true,\"sorting\":false}},\"displayMode\":\"grid\",\"positions\":{\"default\":0,\"store_website_id\":1,\"store_group_id\":2,\"store_id\":3,\"theme_theme_id\":4,\"actions\":5}}}','2024-12-21 07:41:54','2024-12-21 07:53:17');
INSERT INTO `ui_bookmark` (`bookmark_id`, `user_id`, `namespace`, `identifier`, `current`, `title`, `config`, `created_at`, `updated_at`) VALUES (7,1,'product_listing','default',1,'Default View','{\"views\":{\"default\":{\"label\":\"Default View\",\"index\":\"default\",\"editable\":false,\"data\":{\"filters\":{\"applied\":{\"placeholder\":true}},\"paging\":{\"pageSize\":20,\"current\":1,\"options\":{\"20\":{\"value\":20,\"label\":20},\"30\":{\"value\":30,\"label\":30},\"50\":{\"value\":50,\"label\":50},\"100\":{\"value\":100,\"label\":100},\"200\":{\"value\":200,\"label\":200}},\"value\":20},\"columns\":{\"entity_id\":{\"visible\":true,\"sorting\":\"asc\"},\"name\":{\"visible\":true,\"sorting\":false},\"sku\":{\"visible\":true,\"sorting\":false},\"price\":{\"visible\":true,\"sorting\":false},\"websites\":{\"visible\":true,\"sorting\":false},\"qty\":{\"visible\":true,\"sorting\":false},\"short_description\":{\"visible\":false,\"sorting\":false},\"special_price\":{\"visible\":false,\"sorting\":false},\"cost\":{\"visible\":false,\"sorting\":false},\"weight\":{\"visible\":false,\"sorting\":false},\"meta_title\":{\"visible\":false,\"sorting\":false},\"meta_keyword\":{\"visible\":false,\"sorting\":false},\"meta_description\":{\"visible\":false,\"sorting\":false},\"url_key\":{\"visible\":false,\"sorting\":false},\"msrp\":{\"visible\":false,\"sorting\":false},\"actions\":{\"visible\":true,\"sorting\":false},\"type_id\":{\"visible\":true,\"sorting\":false},\"attribute_set_id\":{\"visible\":true,\"sorting\":false},\"visibility\":{\"visible\":true,\"sorting\":false},\"status\":{\"visible\":true,\"sorting\":false},\"manufacturer\":{\"visible\":false,\"sorting\":false},\"color\":{\"visible\":false,\"sorting\":false},\"custom_design\":{\"visible\":false,\"sorting\":false},\"page_layout\":{\"visible\":false,\"sorting\":false},\"country_of_manufacture\":{\"visible\":false,\"sorting\":false},\"custom_layout\":{\"visible\":false,\"sorting\":false},\"gift_message_available\":{\"visible\":false,\"sorting\":false},\"tax_class_id\":{\"visible\":false,\"sorting\":false},\"ids\":{\"visible\":true,\"sorting\":false},\"salable_quantity\":{\"visible\":true,\"sorting\":false},\"updated_at\":{\"visible\":true,\"sorting\":false},\"special_from_date\":{\"visible\":false,\"sorting\":false},\"special_to_date\":{\"visible\":false,\"sorting\":false},\"news_from_date\":{\"visible\":false,\"sorting\":false},\"news_to_date\":{\"visible\":false,\"sorting\":false},\"custom_design_from\":{\"visible\":false,\"sorting\":false},\"custom_design_to\":{\"visible\":false,\"sorting\":false},\"thumbnail\":{\"visible\":true,\"sorting\":false},\"shoes_size\":{\"visible\":true,\"sorting\":false},\"hoodies_size\":{\"visible\":true,\"sorting\":false}},\"displayMode\":\"grid\",\"search\":{\"value\":\"\"},\"positions\":{\"ids\":0,\"entity_id\":1,\"thumbnail\":2,\"name\":3,\"type_id\":4,\"attribute_set_id\":5,\"sku\":6,\"price\":7,\"qty\":8,\"salable_quantity\":9,\"visibility\":10,\"status\":11,\"websites\":12,\"short_description\":13,\"special_price\":14,\"special_from_date\":15,\"special_to_date\":16,\"cost\":17,\"weight\":18,\"manufacturer\":19,\"meta_title\":20,\"meta_keyword\":21,\"meta_description\":22,\"color\":23,\"news_from_date\":24,\"news_to_date\":25,\"custom_design\":26,\"custom_design_from\":27,\"custom_design_to\":28,\"page_layout\":29,\"country_of_manufacture\":30,\"custom_layout\":31,\"url_key\":32,\"msrp\":33,\"gift_message_available\":34,\"tax_class_id\":35,\"updated_at\":36,\"actions\":37,\"shoes_size\":38,\"hoodies_size\":39}},\"value\":\"Default View\"}}}','2024-12-22 02:40:20','2024-12-22 08:20:19');
INSERT INTO `ui_bookmark` (`bookmark_id`, `user_id`, `namespace`, `identifier`, `current`, `title`, `config`, `created_at`, `updated_at`) VALUES (8,1,'product_listing','current',0,NULL,'{\"current\":{\"filters\":{\"applied\":{\"placeholder\":true,\"status\":\"2\"}},\"paging\":{\"pageSize\":20,\"current\":1,\"options\":{\"20\":{\"value\":20,\"label\":20},\"30\":{\"value\":30,\"label\":30},\"50\":{\"value\":50,\"label\":50},\"100\":{\"value\":100,\"label\":100},\"200\":{\"value\":200,\"label\":200}},\"value\":20},\"columns\":{\"entity_id\":{\"visible\":true,\"sorting\":\"asc\"},\"name\":{\"visible\":true,\"sorting\":false},\"sku\":{\"visible\":true,\"sorting\":false},\"price\":{\"visible\":true,\"sorting\":false},\"websites\":{\"visible\":true,\"sorting\":false},\"qty\":{\"visible\":true,\"sorting\":false},\"short_description\":{\"visible\":false,\"sorting\":false},\"special_price\":{\"visible\":false,\"sorting\":false},\"cost\":{\"visible\":false,\"sorting\":false},\"weight\":{\"visible\":false,\"sorting\":false},\"meta_title\":{\"visible\":false,\"sorting\":false},\"meta_keyword\":{\"visible\":false,\"sorting\":false},\"meta_description\":{\"visible\":false,\"sorting\":false},\"url_key\":{\"visible\":false,\"sorting\":false},\"msrp\":{\"visible\":false,\"sorting\":false},\"actions\":{\"visible\":true,\"sorting\":false},\"type_id\":{\"visible\":true,\"sorting\":false},\"attribute_set_id\":{\"visible\":true,\"sorting\":false},\"visibility\":{\"visible\":true,\"sorting\":false},\"status\":{\"visible\":true,\"sorting\":false},\"manufacturer\":{\"visible\":false,\"sorting\":false},\"color\":{\"visible\":false,\"sorting\":false},\"custom_design\":{\"visible\":false,\"sorting\":false},\"page_layout\":{\"visible\":false,\"sorting\":false},\"country_of_manufacture\":{\"visible\":false,\"sorting\":false},\"custom_layout\":{\"visible\":false,\"sorting\":false},\"gift_message_available\":{\"visible\":false,\"sorting\":false},\"tax_class_id\":{\"visible\":false,\"sorting\":false},\"ids\":{\"visible\":true,\"sorting\":false},\"salable_quantity\":{\"visible\":true,\"sorting\":false},\"updated_at\":{\"visible\":true,\"sorting\":false},\"special_from_date\":{\"visible\":false,\"sorting\":false},\"special_to_date\":{\"visible\":false,\"sorting\":false},\"news_from_date\":{\"visible\":false,\"sorting\":false},\"news_to_date\":{\"visible\":false,\"sorting\":false},\"custom_design_from\":{\"visible\":false,\"sorting\":false},\"custom_design_to\":{\"visible\":false,\"sorting\":false},\"thumbnail\":{\"visible\":true,\"sorting\":false},\"shoes_size\":{\"visible\":true,\"sorting\":false},\"hoodies_size\":{\"visible\":true,\"sorting\":false}},\"displayMode\":\"grid\",\"search\":{\"value\":\"\"},\"positions\":{\"ids\":0,\"entity_id\":1,\"thumbnail\":2,\"name\":3,\"type_id\":4,\"attribute_set_id\":5,\"sku\":6,\"price\":7,\"qty\":8,\"salable_quantity\":9,\"visibility\":10,\"status\":11,\"websites\":12,\"short_description\":13,\"special_price\":14,\"special_from_date\":15,\"special_to_date\":16,\"cost\":17,\"weight\":18,\"manufacturer\":19,\"meta_title\":20,\"meta_keyword\":21,\"meta_description\":22,\"color\":23,\"news_from_date\":24,\"news_to_date\":25,\"custom_design\":26,\"custom_design_from\":27,\"custom_design_to\":28,\"page_layout\":29,\"country_of_manufacture\":30,\"custom_layout\":31,\"url_key\":32,\"msrp\":33,\"gift_message_available\":34,\"tax_class_id\":35,\"updated_at\":36,\"actions\":37,\"shoes_size\":38,\"hoodies_size\":39}}}','2024-12-22 02:40:21','2024-12-22 14:18:00');
INSERT INTO `ui_bookmark` (`bookmark_id`, `user_id`, `namespace`, `identifier`, `current`, `title`, `config`, `created_at`, `updated_at`) VALUES (9,1,'product_attributes_listing','default',1,'Default View','{\"views\":{\"default\":{\"label\":\"Default View\",\"index\":\"default\",\"editable\":false,\"data\":{\"paging\":{\"pageSize\":20,\"current\":1,\"options\":{\"20\":{\"value\":20,\"label\":20},\"30\":{\"value\":30,\"label\":30},\"50\":{\"value\":50,\"label\":50},\"100\":{\"value\":100,\"label\":100},\"200\":{\"value\":200,\"label\":200}},\"value\":20},\"columns\":{\"is_required\":{\"visible\":true,\"sorting\":false},\"is_user_defined\":{\"visible\":true,\"sorting\":false},\"is_visible\":{\"visible\":true,\"sorting\":false},\"is_global\":{\"visible\":true,\"sorting\":false},\"is_searchable\":{\"visible\":true,\"sorting\":false},\"is_comparable\":{\"visible\":true,\"sorting\":false},\"is_filterable\":{\"visible\":true,\"sorting\":false},\"ids\":{\"visible\":true,\"sorting\":false},\"attribute_code\":{\"visible\":true,\"sorting\":\"asc\"},\"frontend_label\":{\"visible\":true,\"sorting\":false}},\"displayMode\":\"grid\",\"positions\":{\"ids\":0,\"attribute_code\":1,\"frontend_label\":2,\"is_required\":3,\"is_user_defined\":4,\"is_visible\":5,\"is_global\":6,\"is_searchable\":7,\"is_comparable\":8,\"is_filterable\":9}},\"value\":\"Default View\"}}}','2024-12-22 02:59:35','2024-12-22 02:59:35');
INSERT INTO `ui_bookmark` (`bookmark_id`, `user_id`, `namespace`, `identifier`, `current`, `title`, `config`, `created_at`, `updated_at`) VALUES (10,1,'product_attributes_listing','current',0,NULL,'{\"current\":{\"paging\":{\"pageSize\":20,\"current\":1,\"options\":{\"20\":{\"value\":20,\"label\":20},\"30\":{\"value\":30,\"label\":30},\"50\":{\"value\":50,\"label\":50},\"100\":{\"value\":100,\"label\":100},\"200\":{\"value\":200,\"label\":200}},\"value\":20},\"columns\":{\"is_required\":{\"visible\":true,\"sorting\":false},\"is_user_defined\":{\"visible\":true,\"sorting\":false},\"is_visible\":{\"visible\":true,\"sorting\":false},\"is_global\":{\"visible\":true,\"sorting\":false},\"is_searchable\":{\"visible\":true,\"sorting\":false},\"is_comparable\":{\"visible\":true,\"sorting\":false},\"is_filterable\":{\"visible\":true,\"sorting\":false},\"ids\":{\"visible\":true,\"sorting\":false},\"attribute_code\":{\"visible\":true,\"sorting\":\"asc\"},\"frontend_label\":{\"visible\":true,\"sorting\":false}},\"displayMode\":\"grid\",\"positions\":{\"ids\":0,\"attribute_code\":1,\"frontend_label\":2,\"is_required\":3,\"is_user_defined\":4,\"is_visible\":5,\"is_global\":6,\"is_searchable\":7,\"is_comparable\":8,\"is_filterable\":9}}}','2024-12-22 02:59:36','2024-12-22 02:59:36');
INSERT INTO `ui_bookmark` (`bookmark_id`, `user_id`, `namespace`, `identifier`, `current`, `title`, `config`, `created_at`, `updated_at`) VALUES (11,1,'bulk_listing','default',1,'Default View','{\"views\":{\"default\":{\"label\":\"Default View\",\"index\":\"default\",\"editable\":false,\"data\":{\"paging\":{\"pageSize\":20,\"current\":1,\"options\":{\"20\":{\"value\":20,\"label\":20},\"30\":{\"value\":30,\"label\":30},\"50\":{\"value\":50,\"label\":50},\"100\":{\"value\":100,\"label\":100},\"200\":{\"value\":200,\"label\":200}},\"value\":20},\"columns\":{\"uuid\":{\"visible\":true,\"sorting\":false},\"description\":{\"visible\":true,\"sorting\":false},\"actions\":{\"visible\":true,\"sorting\":false},\"ids\":{\"visible\":false,\"sorting\":false},\"user_type\":{\"visible\":true,\"sorting\":false},\"status\":{\"visible\":true,\"sorting\":false},\"start_time\":{\"visible\":true,\"sorting\":false}},\"displayMode\":\"grid\",\"positions\":{\"ids\":0,\"uuid\":1,\"start_time\":2,\"description\":3,\"user_type\":4,\"status\":5,\"actions\":6}},\"value\":\"Default View\"}}}','2024-12-22 03:27:10','2024-12-22 03:27:10');
INSERT INTO `ui_bookmark` (`bookmark_id`, `user_id`, `namespace`, `identifier`, `current`, `title`, `config`, `created_at`, `updated_at`) VALUES (12,1,'bulk_listing','current',0,NULL,'{\"current\":{\"paging\":{\"pageSize\":20,\"current\":1,\"options\":{\"20\":{\"value\":20,\"label\":20},\"30\":{\"value\":30,\"label\":30},\"50\":{\"value\":50,\"label\":50},\"100\":{\"value\":100,\"label\":100},\"200\":{\"value\":200,\"label\":200}},\"value\":20},\"columns\":{\"uuid\":{\"visible\":true,\"sorting\":false},\"description\":{\"visible\":true,\"sorting\":false},\"actions\":{\"visible\":true,\"sorting\":false},\"ids\":{\"visible\":false,\"sorting\":false},\"user_type\":{\"visible\":true,\"sorting\":false},\"status\":{\"visible\":true,\"sorting\":false},\"start_time\":{\"visible\":true,\"sorting\":false}},\"displayMode\":\"grid\",\"positions\":{\"ids\":0,\"uuid\":1,\"start_time\":2,\"description\":3,\"user_type\":4,\"status\":5,\"actions\":6}}}','2024-12-22 03:27:11','2024-12-22 03:27:11');
INSERT INTO `ui_bookmark` (`bookmark_id`, `user_id`, `namespace`, `identifier`, `current`, `title`, `config`, `created_at`, `updated_at`) VALUES (13,1,'product_attributes_grid','default',1,'Default View','{\"views\":{\"default\":{\"label\":\"Default View\",\"index\":\"default\",\"editable\":false,\"data\":{\"columns\":{\"ids\":{\"visible\":true,\"sorting\":false},\"is_required\":{\"visible\":true,\"sorting\":false},\"is_user_defined\":{\"visible\":true,\"sorting\":false},\"is_visible\":{\"visible\":true,\"sorting\":false},\"is_global\":{\"visible\":true,\"sorting\":false},\"is_searchable\":{\"visible\":true,\"sorting\":false},\"is_comparable\":{\"visible\":true,\"sorting\":false},\"is_filterable\":{\"visible\":true,\"sorting\":false},\"attribute_code\":{\"visible\":true,\"sorting\":\"asc\"},\"frontend_label\":{\"visible\":true,\"sorting\":false}},\"displayMode\":\"grid\",\"positions\":{\"ids\":0,\"attribute_code\":1,\"frontend_label\":2,\"is_required\":3,\"is_user_defined\":4,\"is_visible\":5,\"is_global\":6,\"is_searchable\":7,\"is_comparable\":8,\"is_filterable\":9}},\"value\":\"Default View\"}}}','2024-12-22 04:33:47','2024-12-22 04:33:47');
INSERT INTO `ui_bookmark` (`bookmark_id`, `user_id`, `namespace`, `identifier`, `current`, `title`, `config`, `created_at`, `updated_at`) VALUES (14,1,'product_attributes_grid','current',0,NULL,'{\"current\":{\"columns\":{\"ids\":{\"visible\":true,\"sorting\":false},\"is_required\":{\"visible\":true,\"sorting\":false},\"is_user_defined\":{\"visible\":true,\"sorting\":false},\"is_visible\":{\"visible\":true,\"sorting\":false},\"is_global\":{\"visible\":true,\"sorting\":false},\"is_searchable\":{\"visible\":true,\"sorting\":false},\"is_comparable\":{\"visible\":true,\"sorting\":false},\"is_filterable\":{\"visible\":true,\"sorting\":false},\"attribute_code\":{\"visible\":true,\"sorting\":\"asc\"},\"frontend_label\":{\"visible\":true,\"sorting\":false}},\"displayMode\":\"grid\",\"positions\":{\"ids\":0,\"attribute_code\":1,\"frontend_label\":2,\"is_required\":3,\"is_user_defined\":4,\"is_visible\":5,\"is_global\":6,\"is_searchable\":7,\"is_comparable\":8,\"is_filterable\":9},\"paging\":{\"pageSize\":20,\"current\":1,\"options\":{\"20\":{\"value\":20,\"label\":20},\"30\":{\"value\":30,\"label\":30},\"50\":{\"value\":50,\"label\":50},\"100\":{\"value\":100,\"label\":100},\"200\":{\"value\":200,\"label\":200}},\"value\":20}}}','2024-12-22 04:33:48','2024-12-22 04:33:48');

--
-- Table structure for table `url_rewrite`
--

CREATE TABLE `url_rewrite` (
  `url_rewrite_id` int(10) unsigned NOT NULL AUTO_INCREMENT COMMENT 'Rewrite ID',
  `entity_type` varchar(32) NOT NULL COMMENT 'Entity type code',
  `entity_id` int(10) unsigned NOT NULL COMMENT 'Entity ID',
  `request_path` varchar(255) DEFAULT NULL COMMENT 'Request Path',
  `target_path` varchar(255) DEFAULT NULL COMMENT 'Target Path',
  `redirect_type` smallint(5) unsigned NOT NULL DEFAULT 0 COMMENT 'Redirect Type',
  `store_id` smallint(5) unsigned NOT NULL COMMENT 'Store ID',
  `description` varchar(255) DEFAULT NULL COMMENT 'Description',
  `is_autogenerated` smallint(5) unsigned NOT NULL DEFAULT 0 COMMENT 'Is rewrite generated automatically flag',
  `metadata` varchar(255) DEFAULT NULL COMMENT 'Meta data for url rewrite',
  PRIMARY KEY (`url_rewrite_id`),
  UNIQUE KEY `URL_REWRITE_REQUEST_PATH_STORE_ID` (`request_path`,`store_id`),
  KEY `URL_REWRITE_TARGET_PATH` (`target_path`),
  KEY `URL_REWRITE_STORE_ID_ENTITY_ID` (`store_id`,`entity_id`),
  KEY `URL_REWRITE_ENTITY_ID` (`entity_id`),
  KEY `URL_REWRITE_IS_AUTOGENERATED_METADATA` (`is_autogenerated`,`metadata`)
) ENGINE=InnoDB AUTO_INCREMENT=539 DEFAULT CHARSET=utf8mb3 COLLATE=utf8mb3_general_ci COMMENT='Url Rewrites';

--
-- Dumping data for table `url_rewrite`
--

INSERT INTO `url_rewrite` (`url_rewrite_id`, `entity_type`, `entity_id`, `request_path`, `target_path`, `redirect_type`, `store_id`, `description`, `is_autogenerated`, `metadata`) VALUES (1,'cms-page',1,'no-route','cms/page/view/page_id/1',0,1,NULL,1,NULL);
INSERT INTO `url_rewrite` (`url_rewrite_id`, `entity_type`, `entity_id`, `request_path`, `target_path`, `redirect_type`, `store_id`, `description`, `is_autogenerated`, `metadata`) VALUES (2,'cms-page',2,'home','cms/page/view/page_id/2',0,1,NULL,1,NULL);
INSERT INTO `url_rewrite` (`url_rewrite_id`, `entity_type`, `entity_id`, `request_path`, `target_path`, `redirect_type`, `store_id`, `description`, `is_autogenerated`, `metadata`) VALUES (3,'cms-page',3,'enable-cookies','cms/page/view/page_id/3',0,1,NULL,1,NULL);
INSERT INTO `url_rewrite` (`url_rewrite_id`, `entity_type`, `entity_id`, `request_path`, `target_path`, `redirect_type`, `store_id`, `description`, `is_autogenerated`, `metadata`) VALUES (4,'cms-page',4,'privacy-policy-cookie-restriction-mode','cms/page/view/page_id/4',0,1,NULL,1,NULL);
INSERT INTO `url_rewrite` (`url_rewrite_id`, `entity_type`, `entity_id`, `request_path`, `target_path`, `redirect_type`, `store_id`, `description`, `is_autogenerated`, `metadata`) VALUES (11,'product',1,'joust-duffle-bag.html','catalog/product/view/id/1',0,1,NULL,1,NULL);
INSERT INTO `url_rewrite` (`url_rewrite_id`, `entity_type`, `entity_id`, `request_path`, `target_path`, `redirect_type`, `store_id`, `description`, `is_autogenerated`, `metadata`) VALUES (14,'product',2,'strive-shoulder-pack.html','catalog/product/view/id/2',0,1,NULL,1,NULL);
INSERT INTO `url_rewrite` (`url_rewrite_id`, `entity_type`, `entity_id`, `request_path`, `target_path`, `redirect_type`, `store_id`, `description`, `is_autogenerated`, `metadata`) VALUES (18,'product',3,'crown-summit-backpack.html','catalog/product/view/id/3',0,1,NULL,1,NULL);
INSERT INTO `url_rewrite` (`url_rewrite_id`, `entity_type`, `entity_id`, `request_path`, `target_path`, `redirect_type`, `store_id`, `description`, `is_autogenerated`, `metadata`) VALUES (21,'product',4,'wayfarer-messenger-bag.html','catalog/product/view/id/4',0,1,NULL,1,NULL);
INSERT INTO `url_rewrite` (`url_rewrite_id`, `entity_type`, `entity_id`, `request_path`, `target_path`, `redirect_type`, `store_id`, `description`, `is_autogenerated`, `metadata`) VALUES (26,'product',5,'rival-field-messenger.html','catalog/product/view/id/5',0,1,NULL,1,NULL);
INSERT INTO `url_rewrite` (`url_rewrite_id`, `entity_type`, `entity_id`, `request_path`, `target_path`, `redirect_type`, `store_id`, `description`, `is_autogenerated`, `metadata`) VALUES (31,'product',6,'fusion-backpack.html','catalog/product/view/id/6',0,1,NULL,1,NULL);
INSERT INTO `url_rewrite` (`url_rewrite_id`, `entity_type`, `entity_id`, `request_path`, `target_path`, `redirect_type`, `store_id`, `description`, `is_autogenerated`, `metadata`) VALUES (34,'product',7,'impulse-duffle.html','catalog/product/view/id/7',0,1,NULL,1,NULL);
INSERT INTO `url_rewrite` (`url_rewrite_id`, `entity_type`, `entity_id`, `request_path`, `target_path`, `redirect_type`, `store_id`, `description`, `is_autogenerated`, `metadata`) VALUES (37,'product',8,'voyage-yoga-bag.html','catalog/product/view/id/8',0,1,NULL,1,NULL);
INSERT INTO `url_rewrite` (`url_rewrite_id`, `entity_type`, `entity_id`, `request_path`, `target_path`, `redirect_type`, `store_id`, `description`, `is_autogenerated`, `metadata`) VALUES (40,'product',9,'compete-track-tote.html','catalog/product/view/id/9',0,1,NULL,1,NULL);
INSERT INTO `url_rewrite` (`url_rewrite_id`, `entity_type`, `entity_id`, `request_path`, `target_path`, `redirect_type`, `store_id`, `description`, `is_autogenerated`, `metadata`) VALUES (43,'product',10,'savvy-shoulder-tote.html','catalog/product/view/id/10',0,1,NULL,1,NULL);
INSERT INTO `url_rewrite` (`url_rewrite_id`, `entity_type`, `entity_id`, `request_path`, `target_path`, `redirect_type`, `store_id`, `description`, `is_autogenerated`, `metadata`) VALUES (47,'product',11,'endeavor-daytrip-backpack.html','catalog/product/view/id/11',0,1,NULL,1,NULL);
INSERT INTO `url_rewrite` (`url_rewrite_id`, `entity_type`, `entity_id`, `request_path`, `target_path`, `redirect_type`, `store_id`, `description`, `is_autogenerated`, `metadata`) VALUES (51,'product',12,'driven-backpack.html','catalog/product/view/id/12',0,1,NULL,1,NULL);
INSERT INTO `url_rewrite` (`url_rewrite_id`, `entity_type`, `entity_id`, `request_path`, `target_path`, `redirect_type`, `store_id`, `description`, `is_autogenerated`, `metadata`) VALUES (54,'product',13,'overnight-duffle.html','catalog/product/view/id/13',0,1,NULL,1,NULL);
INSERT INTO `url_rewrite` (`url_rewrite_id`, `entity_type`, `entity_id`, `request_path`, `target_path`, `redirect_type`, `store_id`, `description`, `is_autogenerated`, `metadata`) VALUES (59,'product',14,'push-it-messenger-bag.html','catalog/product/view/id/14',0,1,NULL,1,NULL);
INSERT INTO `url_rewrite` (`url_rewrite_id`, `entity_type`, `entity_id`, `request_path`, `target_path`, `redirect_type`, `store_id`, `description`, `is_autogenerated`, `metadata`) VALUES (63,'product',15,'affirm-water-bottle.html','catalog/product/view/id/15',0,1,NULL,1,NULL);
INSERT INTO `url_rewrite` (`url_rewrite_id`, `entity_type`, `entity_id`, `request_path`, `target_path`, `redirect_type`, `store_id`, `description`, `is_autogenerated`, `metadata`) VALUES (66,'product',16,'dual-handle-cardio-ball.html','catalog/product/view/id/16',0,1,NULL,1,NULL);
INSERT INTO `url_rewrite` (`url_rewrite_id`, `entity_type`, `entity_id`, `request_path`, `target_path`, `redirect_type`, `store_id`, `description`, `is_autogenerated`, `metadata`) VALUES (70,'product',17,'zing-jump-rope.html','catalog/product/view/id/17',0,1,NULL,1,NULL);
INSERT INTO `url_rewrite` (`url_rewrite_id`, `entity_type`, `entity_id`, `request_path`, `target_path`, `redirect_type`, `store_id`, `description`, `is_autogenerated`, `metadata`) VALUES (73,'product',18,'pursuit-lumaflex-trade-tone-band.html','catalog/product/view/id/18',0,1,NULL,1,NULL);
INSERT INTO `url_rewrite` (`url_rewrite_id`, `entity_type`, `entity_id`, `request_path`, `target_path`, `redirect_type`, `store_id`, `description`, `is_autogenerated`, `metadata`) VALUES (76,'product',19,'go-get-r-pushup-grips.html','catalog/product/view/id/19',0,1,NULL,1,NULL);
INSERT INTO `url_rewrite` (`url_rewrite_id`, `entity_type`, `entity_id`, `request_path`, `target_path`, `redirect_type`, `store_id`, `description`, `is_autogenerated`, `metadata`) VALUES (81,'product',20,'quest-lumaflex-trade-band.html','catalog/product/view/id/20',0,1,NULL,1,NULL);
INSERT INTO `url_rewrite` (`url_rewrite_id`, `entity_type`, `entity_id`, `request_path`, `target_path`, `redirect_type`, `store_id`, `description`, `is_autogenerated`, `metadata`) VALUES (84,'product',21,'sprite-foam-yoga-brick.html','catalog/product/view/id/21',0,1,NULL,1,NULL);
INSERT INTO `url_rewrite` (`url_rewrite_id`, `entity_type`, `entity_id`, `request_path`, `target_path`, `redirect_type`, `store_id`, `description`, `is_autogenerated`, `metadata`) VALUES (87,'product',22,'sprite-foam-roller.html','catalog/product/view/id/22',0,1,NULL,1,NULL);
INSERT INTO `url_rewrite` (`url_rewrite_id`, `entity_type`, `entity_id`, `request_path`, `target_path`, `redirect_type`, `store_id`, `description`, `is_autogenerated`, `metadata`) VALUES (90,'product',23,'harmony-lumaflex-trade-strength-band-kit.html','catalog/product/view/id/23',0,1,NULL,1,NULL);
INSERT INTO `url_rewrite` (`url_rewrite_id`, `entity_type`, `entity_id`, `request_path`, `target_path`, `redirect_type`, `store_id`, `description`, `is_autogenerated`, `metadata`) VALUES (93,'product',36,'aim-analog-watch.html','catalog/product/view/id/36',0,1,NULL,1,NULL);
INSERT INTO `url_rewrite` (`url_rewrite_id`, `entity_type`, `entity_id`, `request_path`, `target_path`, `redirect_type`, `store_id`, `description`, `is_autogenerated`, `metadata`) VALUES (96,'product',37,'endurance-watch.html','catalog/product/view/id/37',0,1,NULL,1,NULL);
INSERT INTO `url_rewrite` (`url_rewrite_id`, `entity_type`, `entity_id`, `request_path`, `target_path`, `redirect_type`, `store_id`, `description`, `is_autogenerated`, `metadata`) VALUES (99,'product',38,'summit-watch.html','catalog/product/view/id/38',0,1,NULL,1,NULL);
INSERT INTO `url_rewrite` (`url_rewrite_id`, `entity_type`, `entity_id`, `request_path`, `target_path`, `redirect_type`, `store_id`, `description`, `is_autogenerated`, `metadata`) VALUES (104,'product',39,'cruise-dual-analog-watch.html','catalog/product/view/id/39',0,1,NULL,1,NULL);
INSERT INTO `url_rewrite` (`url_rewrite_id`, `entity_type`, `entity_id`, `request_path`, `target_path`, `redirect_type`, `store_id`, `description`, `is_autogenerated`, `metadata`) VALUES (109,'product',40,'dash-digital-watch.html','catalog/product/view/id/40',0,1,NULL,1,NULL);
INSERT INTO `url_rewrite` (`url_rewrite_id`, `entity_type`, `entity_id`, `request_path`, `target_path`, `redirect_type`, `store_id`, `description`, `is_autogenerated`, `metadata`) VALUES (114,'product',41,'luma-analog-watch.html','catalog/product/view/id/41',0,1,NULL,1,NULL);
INSERT INTO `url_rewrite` (`url_rewrite_id`, `entity_type`, `entity_id`, `request_path`, `target_path`, `redirect_type`, `store_id`, `description`, `is_autogenerated`, `metadata`) VALUES (117,'product',42,'bolo-sport-watch.html','catalog/product/view/id/42',0,1,NULL,1,NULL);
INSERT INTO `url_rewrite` (`url_rewrite_id`, `entity_type`, `entity_id`, `request_path`, `target_path`, `redirect_type`, `store_id`, `description`, `is_autogenerated`, `metadata`) VALUES (120,'product',43,'clamber-watch.html','catalog/product/view/id/43',0,1,NULL,1,NULL);
INSERT INTO `url_rewrite` (`url_rewrite_id`, `entity_type`, `entity_id`, `request_path`, `target_path`, `redirect_type`, `store_id`, `description`, `is_autogenerated`, `metadata`) VALUES (123,'product',44,'didi-sport-watch.html','catalog/product/view/id/44',0,1,NULL,1,NULL);
INSERT INTO `url_rewrite` (`url_rewrite_id`, `entity_type`, `entity_id`, `request_path`, `target_path`, `redirect_type`, `store_id`, `description`, `is_autogenerated`, `metadata`) VALUES (128,'product',45,'sprite-yoga-companion-kit.html','catalog/product/view/id/45',0,1,NULL,1,NULL);
INSERT INTO `url_rewrite` (`url_rewrite_id`, `entity_type`, `entity_id`, `request_path`, `target_path`, `redirect_type`, `store_id`, `description`, `is_autogenerated`, `metadata`) VALUES (131,'product',46,'set-of-sprite-yoga-straps.html','catalog/product/view/id/46',0,1,NULL,1,NULL);
INSERT INTO `url_rewrite` (`url_rewrite_id`, `entity_type`, `entity_id`, `request_path`, `target_path`, `redirect_type`, `store_id`, `description`, `is_autogenerated`, `metadata`) VALUES (162,'product',62,'chaz-kangeroo-hoodie.html','catalog/product/view/id/62',0,1,NULL,1,NULL);
INSERT INTO `url_rewrite` (`url_rewrite_id`, `entity_type`, `entity_id`, `request_path`, `target_path`, `redirect_type`, `store_id`, `description`, `is_autogenerated`, `metadata`) VALUES (163,'product',78,'teton-pullover-hoodie.html','catalog/product/view/id/78',0,1,NULL,1,NULL);
INSERT INTO `url_rewrite` (`url_rewrite_id`, `entity_type`, `entity_id`, `request_path`, `target_path`, `redirect_type`, `store_id`, `description`, `is_autogenerated`, `metadata`) VALUES (164,'product',94,'bruno-compete-hoodie.html','catalog/product/view/id/94',0,1,NULL,1,NULL);
INSERT INTO `url_rewrite` (`url_rewrite_id`, `entity_type`, `entity_id`, `request_path`, `target_path`, `redirect_type`, `store_id`, `description`, `is_autogenerated`, `metadata`) VALUES (165,'product',110,'frankie-sweatshirt.html','catalog/product/view/id/110',0,1,NULL,1,NULL);
INSERT INTO `url_rewrite` (`url_rewrite_id`, `entity_type`, `entity_id`, `request_path`, `target_path`, `redirect_type`, `store_id`, `description`, `is_autogenerated`, `metadata`) VALUES (166,'product',126,'hollister-backyard-sweatshirt.html','catalog/product/view/id/126',0,1,NULL,1,NULL);
INSERT INTO `url_rewrite` (`url_rewrite_id`, `entity_type`, `entity_id`, `request_path`, `target_path`, `redirect_type`, `store_id`, `description`, `is_autogenerated`, `metadata`) VALUES (167,'product',142,'stark-fundamental-hoodie.html','catalog/product/view/id/142',0,1,NULL,1,NULL);
INSERT INTO `url_rewrite` (`url_rewrite_id`, `entity_type`, `entity_id`, `request_path`, `target_path`, `redirect_type`, `store_id`, `description`, `is_autogenerated`, `metadata`) VALUES (168,'product',158,'hero-hoodie.html','catalog/product/view/id/158',0,1,NULL,1,NULL);
INSERT INTO `url_rewrite` (`url_rewrite_id`, `entity_type`, `entity_id`, `request_path`, `target_path`, `redirect_type`, `store_id`, `description`, `is_autogenerated`, `metadata`) VALUES (169,'product',174,'oslo-trek-hoodie.html','catalog/product/view/id/174',0,1,NULL,1,NULL);
INSERT INTO `url_rewrite` (`url_rewrite_id`, `entity_type`, `entity_id`, `request_path`, `target_path`, `redirect_type`, `store_id`, `description`, `is_autogenerated`, `metadata`) VALUES (170,'product',190,'abominable-hoodie.html','catalog/product/view/id/190',0,1,NULL,1,NULL);
INSERT INTO `url_rewrite` (`url_rewrite_id`, `entity_type`, `entity_id`, `request_path`, `target_path`, `redirect_type`, `store_id`, `description`, `is_autogenerated`, `metadata`) VALUES (171,'product',206,'mach-street-sweatshirt.html','catalog/product/view/id/206',0,1,NULL,1,NULL);
INSERT INTO `url_rewrite` (`url_rewrite_id`, `entity_type`, `entity_id`, `request_path`, `target_path`, `redirect_type`, `store_id`, `description`, `is_autogenerated`, `metadata`) VALUES (172,'product',222,'grayson-crewneck-sweatshirt.html','catalog/product/view/id/222',0,1,NULL,1,NULL);
INSERT INTO `url_rewrite` (`url_rewrite_id`, `entity_type`, `entity_id`, `request_path`, `target_path`, `redirect_type`, `store_id`, `description`, `is_autogenerated`, `metadata`) VALUES (173,'product',238,'ajax-full-zip-sweatshirt.html','catalog/product/view/id/238',0,1,NULL,1,NULL);
INSERT INTO `url_rewrite` (`url_rewrite_id`, `entity_type`, `entity_id`, `request_path`, `target_path`, `redirect_type`, `store_id`, `description`, `is_autogenerated`, `metadata`) VALUES (174,'product',254,'marco-lightweight-active-hoodie.html','catalog/product/view/id/254',0,1,NULL,1,NULL);
INSERT INTO `url_rewrite` (`url_rewrite_id`, `entity_type`, `entity_id`, `request_path`, `target_path`, `redirect_type`, `store_id`, `description`, `is_autogenerated`, `metadata`) VALUES (175,'product',270,'beaumont-summit-kit.html','catalog/product/view/id/270',0,1,NULL,1,NULL);
INSERT INTO `url_rewrite` (`url_rewrite_id`, `entity_type`, `entity_id`, `request_path`, `target_path`, `redirect_type`, `store_id`, `description`, `is_autogenerated`, `metadata`) VALUES (176,'product',286,'hyperion-elements-jacket.html','catalog/product/view/id/286',0,1,NULL,1,NULL);
INSERT INTO `url_rewrite` (`url_rewrite_id`, `entity_type`, `entity_id`, `request_path`, `target_path`, `redirect_type`, `store_id`, `description`, `is_autogenerated`, `metadata`) VALUES (177,'product',302,'kenobi-trail-jacket.html','catalog/product/view/id/302',0,1,NULL,1,NULL);
INSERT INTO `url_rewrite` (`url_rewrite_id`, `entity_type`, `entity_id`, `request_path`, `target_path`, `redirect_type`, `store_id`, `description`, `is_autogenerated`, `metadata`) VALUES (178,'product',318,'orion-two-tone-fitted-jacket.html','catalog/product/view/id/318',0,1,NULL,1,NULL);
INSERT INTO `url_rewrite` (`url_rewrite_id`, `entity_type`, `entity_id`, `request_path`, `target_path`, `redirect_type`, `store_id`, `description`, `is_autogenerated`, `metadata`) VALUES (179,'product',334,'lando-gym-jacket.html','catalog/product/view/id/334',0,1,NULL,1,NULL);
INSERT INTO `url_rewrite` (`url_rewrite_id`, `entity_type`, `entity_id`, `request_path`, `target_path`, `redirect_type`, `store_id`, `description`, `is_autogenerated`, `metadata`) VALUES (180,'product',350,'taurus-elements-shell.html','catalog/product/view/id/350',0,1,NULL,1,NULL);
INSERT INTO `url_rewrite` (`url_rewrite_id`, `entity_type`, `entity_id`, `request_path`, `target_path`, `redirect_type`, `store_id`, `description`, `is_autogenerated`, `metadata`) VALUES (181,'product',366,'mars-heattech-trade-pullover.html','catalog/product/view/id/366',0,1,NULL,1,NULL);
INSERT INTO `url_rewrite` (`url_rewrite_id`, `entity_type`, `entity_id`, `request_path`, `target_path`, `redirect_type`, `store_id`, `description`, `is_autogenerated`, `metadata`) VALUES (182,'product',382,'typhon-performance-fleece-lined-jacket.html','catalog/product/view/id/382',0,1,NULL,1,NULL);
INSERT INTO `url_rewrite` (`url_rewrite_id`, `entity_type`, `entity_id`, `request_path`, `target_path`, `redirect_type`, `store_id`, `description`, `is_autogenerated`, `metadata`) VALUES (183,'product',398,'jupiter-all-weather-trainer.html','catalog/product/view/id/398',0,1,NULL,1,NULL);
INSERT INTO `url_rewrite` (`url_rewrite_id`, `entity_type`, `entity_id`, `request_path`, `target_path`, `redirect_type`, `store_id`, `description`, `is_autogenerated`, `metadata`) VALUES (184,'product',414,'montana-wind-jacket.html','catalog/product/view/id/414',0,1,NULL,1,NULL);
INSERT INTO `url_rewrite` (`url_rewrite_id`, `entity_type`, `entity_id`, `request_path`, `target_path`, `redirect_type`, `store_id`, `description`, `is_autogenerated`, `metadata`) VALUES (185,'product',430,'proteus-fitness-jackshirt.html','catalog/product/view/id/430',0,1,NULL,1,NULL);
INSERT INTO `url_rewrite` (`url_rewrite_id`, `entity_type`, `entity_id`, `request_path`, `target_path`, `redirect_type`, `store_id`, `description`, `is_autogenerated`, `metadata`) VALUES (186,'product',446,'gobi-heattec-reg-tee.html','catalog/product/view/id/446',0,1,NULL,1,NULL);
INSERT INTO `url_rewrite` (`url_rewrite_id`, `entity_type`, `entity_id`, `request_path`, `target_path`, `redirect_type`, `store_id`, `description`, `is_autogenerated`, `metadata`) VALUES (187,'product',462,'helios-evercool-trade-tee.html','catalog/product/view/id/462',0,1,NULL,1,NULL);
INSERT INTO `url_rewrite` (`url_rewrite_id`, `entity_type`, `entity_id`, `request_path`, `target_path`, `redirect_type`, `store_id`, `description`, `is_autogenerated`, `metadata`) VALUES (188,'product',478,'ryker-lumatech-trade-tee-crew-neck.html','catalog/product/view/id/478',0,1,NULL,1,NULL);
INSERT INTO `url_rewrite` (`url_rewrite_id`, `entity_type`, `entity_id`, `request_path`, `target_path`, `redirect_type`, `store_id`, `description`, `is_autogenerated`, `metadata`) VALUES (189,'product',494,'atomic-endurance-running-tee-v-neck.html','catalog/product/view/id/494',0,1,NULL,1,NULL);
INSERT INTO `url_rewrite` (`url_rewrite_id`, `entity_type`, `entity_id`, `request_path`, `target_path`, `redirect_type`, `store_id`, `description`, `is_autogenerated`, `metadata`) VALUES (190,'product',510,'atomic-endurance-running-tee-crew-neck.html','catalog/product/view/id/510',0,1,NULL,1,NULL);
INSERT INTO `url_rewrite` (`url_rewrite_id`, `entity_type`, `entity_id`, `request_path`, `target_path`, `redirect_type`, `store_id`, `description`, `is_autogenerated`, `metadata`) VALUES (191,'product',526,'balboa-persistence-tee.html','catalog/product/view/id/526',0,1,NULL,1,NULL);
INSERT INTO `url_rewrite` (`url_rewrite_id`, `entity_type`, `entity_id`, `request_path`, `target_path`, `redirect_type`, `store_id`, `description`, `is_autogenerated`, `metadata`) VALUES (192,'product',542,'zoltan-gym-tee.html','catalog/product/view/id/542',0,1,NULL,1,NULL);
INSERT INTO `url_rewrite` (`url_rewrite_id`, `entity_type`, `entity_id`, `request_path`, `target_path`, `redirect_type`, `store_id`, `description`, `is_autogenerated`, `metadata`) VALUES (193,'product',558,'aero-daily-fitness-tee.html','catalog/product/view/id/558',0,1,NULL,1,NULL);
INSERT INTO `url_rewrite` (`url_rewrite_id`, `entity_type`, `entity_id`, `request_path`, `target_path`, `redirect_type`, `store_id`, `description`, `is_autogenerated`, `metadata`) VALUES (194,'product',574,'ryker-lumatech-trade-tee-v-neck.html','catalog/product/view/id/574',0,1,NULL,1,NULL);
INSERT INTO `url_rewrite` (`url_rewrite_id`, `entity_type`, `entity_id`, `request_path`, `target_path`, `redirect_type`, `store_id`, `description`, `is_autogenerated`, `metadata`) VALUES (195,'product',590,'logan-heattec-reg-tee.html','catalog/product/view/id/590',0,1,NULL,1,NULL);
INSERT INTO `url_rewrite` (`url_rewrite_id`, `entity_type`, `entity_id`, `request_path`, `target_path`, `redirect_type`, `store_id`, `description`, `is_autogenerated`, `metadata`) VALUES (196,'product',606,'deion-long-sleeve-evercool-trade-tee.html','catalog/product/view/id/606',0,1,NULL,1,NULL);
INSERT INTO `url_rewrite` (`url_rewrite_id`, `entity_type`, `entity_id`, `request_path`, `target_path`, `redirect_type`, `store_id`, `description`, `is_autogenerated`, `metadata`) VALUES (197,'product',622,'strike-endurance-tee.html','catalog/product/view/id/622',0,1,NULL,1,NULL);
INSERT INTO `url_rewrite` (`url_rewrite_id`, `entity_type`, `entity_id`, `request_path`, `target_path`, `redirect_type`, `store_id`, `description`, `is_autogenerated`, `metadata`) VALUES (198,'product',638,'erikssen-cooltech-trade-fitness-tank.html','catalog/product/view/id/638',0,1,NULL,1,NULL);
INSERT INTO `url_rewrite` (`url_rewrite_id`, `entity_type`, `entity_id`, `request_path`, `target_path`, `redirect_type`, `store_id`, `description`, `is_autogenerated`, `metadata`) VALUES (199,'product',654,'tristan-endurance-tank.html','catalog/product/view/id/654',0,1,NULL,1,NULL);
INSERT INTO `url_rewrite` (`url_rewrite_id`, `entity_type`, `entity_id`, `request_path`, `target_path`, `redirect_type`, `store_id`, `description`, `is_autogenerated`, `metadata`) VALUES (200,'product',670,'primo-endurance-tank.html','catalog/product/view/id/670',0,1,NULL,1,NULL);
INSERT INTO `url_rewrite` (`url_rewrite_id`, `entity_type`, `entity_id`, `request_path`, `target_path`, `redirect_type`, `store_id`, `description`, `is_autogenerated`, `metadata`) VALUES (201,'product',676,'helios-endurance-tank.html','catalog/product/view/id/676',0,1,NULL,1,NULL);
INSERT INTO `url_rewrite` (`url_rewrite_id`, `entity_type`, `entity_id`, `request_path`, `target_path`, `redirect_type`, `store_id`, `description`, `is_autogenerated`, `metadata`) VALUES (202,'product',682,'rocco-gym-tank.html','catalog/product/view/id/682',0,1,NULL,1,NULL);
INSERT INTO `url_rewrite` (`url_rewrite_id`, `entity_type`, `entity_id`, `request_path`, `target_path`, `redirect_type`, `store_id`, `description`, `is_autogenerated`, `metadata`) VALUES (203,'product',688,'vulcan-weightlifting-tank.html','catalog/product/view/id/688',0,1,NULL,1,NULL);
INSERT INTO `url_rewrite` (`url_rewrite_id`, `entity_type`, `entity_id`, `request_path`, `target_path`, `redirect_type`, `store_id`, `description`, `is_autogenerated`, `metadata`) VALUES (204,'product',694,'argus-all-weather-tank.html','catalog/product/view/id/694',0,1,NULL,1,NULL);
INSERT INTO `url_rewrite` (`url_rewrite_id`, `entity_type`, `entity_id`, `request_path`, `target_path`, `redirect_type`, `store_id`, `description`, `is_autogenerated`, `metadata`) VALUES (205,'product',700,'sparta-gym-tank.html','catalog/product/view/id/700',0,1,NULL,1,NULL);
INSERT INTO `url_rewrite` (`url_rewrite_id`, `entity_type`, `entity_id`, `request_path`, `target_path`, `redirect_type`, `store_id`, `description`, `is_autogenerated`, `metadata`) VALUES (206,'product',706,'sinbad-fitness-tank.html','catalog/product/view/id/706',0,1,NULL,1,NULL);
INSERT INTO `url_rewrite` (`url_rewrite_id`, `entity_type`, `entity_id`, `request_path`, `target_path`, `redirect_type`, `store_id`, `description`, `is_autogenerated`, `metadata`) VALUES (207,'product',712,'tiberius-gym-tank.html','catalog/product/view/id/712',0,1,NULL,1,NULL);
INSERT INTO `url_rewrite` (`url_rewrite_id`, `entity_type`, `entity_id`, `request_path`, `target_path`, `redirect_type`, `store_id`, `description`, `is_autogenerated`, `metadata`) VALUES (208,'product',718,'atlas-fitness-tank.html','catalog/product/view/id/718',0,1,NULL,1,NULL);
INSERT INTO `url_rewrite` (`url_rewrite_id`, `entity_type`, `entity_id`, `request_path`, `target_path`, `redirect_type`, `store_id`, `description`, `is_autogenerated`, `metadata`) VALUES (209,'product',724,'cassius-sparring-tank.html','catalog/product/view/id/724',0,1,NULL,1,NULL);
INSERT INTO `url_rewrite` (`url_rewrite_id`, `entity_type`, `entity_id`, `request_path`, `target_path`, `redirect_type`, `store_id`, `description`, `is_autogenerated`, `metadata`) VALUES (210,'product',737,'caesar-warm-up-pant.html','catalog/product/view/id/737',0,1,NULL,1,NULL);
INSERT INTO `url_rewrite` (`url_rewrite_id`, `entity_type`, `entity_id`, `request_path`, `target_path`, `redirect_type`, `store_id`, `description`, `is_autogenerated`, `metadata`) VALUES (211,'product',750,'viktor-lumatech-trade-pant.html','catalog/product/view/id/750',0,1,NULL,1,NULL);
INSERT INTO `url_rewrite` (`url_rewrite_id`, `entity_type`, `entity_id`, `request_path`, `target_path`, `redirect_type`, `store_id`, `description`, `is_autogenerated`, `metadata`) VALUES (212,'product',763,'geo-insulated-jogging-pant.html','catalog/product/view/id/763',0,1,NULL,1,NULL);
INSERT INTO `url_rewrite` (`url_rewrite_id`, `entity_type`, `entity_id`, `request_path`, `target_path`, `redirect_type`, `store_id`, `description`, `is_autogenerated`, `metadata`) VALUES (213,'product',776,'supernova-sport-pant.html','catalog/product/view/id/776',0,1,NULL,1,NULL);
INSERT INTO `url_rewrite` (`url_rewrite_id`, `entity_type`, `entity_id`, `request_path`, `target_path`, `redirect_type`, `store_id`, `description`, `is_autogenerated`, `metadata`) VALUES (214,'product',789,'kratos-gym-pant.html','catalog/product/view/id/789',0,1,NULL,1,NULL);
INSERT INTO `url_rewrite` (`url_rewrite_id`, `entity_type`, `entity_id`, `request_path`, `target_path`, `redirect_type`, `store_id`, `description`, `is_autogenerated`, `metadata`) VALUES (215,'product',802,'mithra-warmup-pant.html','catalog/product/view/id/802',0,1,NULL,1,NULL);
INSERT INTO `url_rewrite` (`url_rewrite_id`, `entity_type`, `entity_id`, `request_path`, `target_path`, `redirect_type`, `store_id`, `description`, `is_autogenerated`, `metadata`) VALUES (216,'product',815,'thorpe-track-pant.html','catalog/product/view/id/815',0,1,NULL,1,NULL);
INSERT INTO `url_rewrite` (`url_rewrite_id`, `entity_type`, `entity_id`, `request_path`, `target_path`, `redirect_type`, `store_id`, `description`, `is_autogenerated`, `metadata`) VALUES (217,'product',828,'zeppelin-yoga-pant.html','catalog/product/view/id/828',0,1,NULL,1,NULL);
INSERT INTO `url_rewrite` (`url_rewrite_id`, `entity_type`, `entity_id`, `request_path`, `target_path`, `redirect_type`, `store_id`, `description`, `is_autogenerated`, `metadata`) VALUES (218,'product',841,'livingston-all-purpose-tight.html','catalog/product/view/id/841',0,1,NULL,1,NULL);
INSERT INTO `url_rewrite` (`url_rewrite_id`, `entity_type`, `entity_id`, `request_path`, `target_path`, `redirect_type`, `store_id`, `description`, `is_autogenerated`, `metadata`) VALUES (219,'product',854,'orestes-yoga-pant.html','catalog/product/view/id/854',0,1,NULL,1,NULL);
INSERT INTO `url_rewrite` (`url_rewrite_id`, `entity_type`, `entity_id`, `request_path`, `target_path`, `redirect_type`, `store_id`, `description`, `is_autogenerated`, `metadata`) VALUES (220,'product',867,'aether-gym-pant.html','catalog/product/view/id/867',0,1,NULL,1,NULL);
INSERT INTO `url_rewrite` (`url_rewrite_id`, `entity_type`, `entity_id`, `request_path`, `target_path`, `redirect_type`, `store_id`, `description`, `is_autogenerated`, `metadata`) VALUES (221,'product',880,'cronus-yoga-pant.html','catalog/product/view/id/880',0,1,NULL,1,NULL);
INSERT INTO `url_rewrite` (`url_rewrite_id`, `entity_type`, `entity_id`, `request_path`, `target_path`, `redirect_type`, `store_id`, `description`, `is_autogenerated`, `metadata`) VALUES (222,'product',893,'cobalt-cooltech-trade-fitness-short.html','catalog/product/view/id/893',0,1,NULL,1,NULL);
INSERT INTO `url_rewrite` (`url_rewrite_id`, `entity_type`, `entity_id`, `request_path`, `target_path`, `redirect_type`, `store_id`, `description`, `is_autogenerated`, `metadata`) VALUES (223,'product',898,'apollo-running-short.html','catalog/product/view/id/898',0,1,NULL,1,NULL);
INSERT INTO `url_rewrite` (`url_rewrite_id`, `entity_type`, `entity_id`, `request_path`, `target_path`, `redirect_type`, `store_id`, `description`, `is_autogenerated`, `metadata`) VALUES (224,'product',911,'meteor-workout-short.html','catalog/product/view/id/911',0,1,NULL,1,NULL);
INSERT INTO `url_rewrite` (`url_rewrite_id`, `entity_type`, `entity_id`, `request_path`, `target_path`, `redirect_type`, `store_id`, `description`, `is_autogenerated`, `metadata`) VALUES (225,'product',924,'torque-power-short.html','catalog/product/view/id/924',0,1,NULL,1,NULL);
INSERT INTO `url_rewrite` (`url_rewrite_id`, `entity_type`, `entity_id`, `request_path`, `target_path`, `redirect_type`, `store_id`, `description`, `is_autogenerated`, `metadata`) VALUES (226,'product',937,'hawkeye-yoga-short.html','catalog/product/view/id/937',0,1,NULL,1,NULL);
INSERT INTO `url_rewrite` (`url_rewrite_id`, `entity_type`, `entity_id`, `request_path`, `target_path`, `redirect_type`, `store_id`, `description`, `is_autogenerated`, `metadata`) VALUES (227,'product',950,'lono-yoga-short.html','catalog/product/view/id/950',0,1,NULL,1,NULL);
INSERT INTO `url_rewrite` (`url_rewrite_id`, `entity_type`, `entity_id`, `request_path`, `target_path`, `redirect_type`, `store_id`, `description`, `is_autogenerated`, `metadata`) VALUES (228,'product',963,'rapha-sports-short.html','catalog/product/view/id/963',0,1,NULL,1,NULL);
INSERT INTO `url_rewrite` (`url_rewrite_id`, `entity_type`, `entity_id`, `request_path`, `target_path`, `redirect_type`, `store_id`, `description`, `is_autogenerated`, `metadata`) VALUES (229,'product',976,'orestes-fitness-short.html','catalog/product/view/id/976',0,1,NULL,1,NULL);
INSERT INTO `url_rewrite` (`url_rewrite_id`, `entity_type`, `entity_id`, `request_path`, `target_path`, `redirect_type`, `store_id`, `description`, `is_autogenerated`, `metadata`) VALUES (230,'product',989,'troy-yoga-short.html','catalog/product/view/id/989',0,1,NULL,1,NULL);
INSERT INTO `url_rewrite` (`url_rewrite_id`, `entity_type`, `entity_id`, `request_path`, `target_path`, `redirect_type`, `store_id`, `description`, `is_autogenerated`, `metadata`) VALUES (231,'product',1002,'sol-active-short.html','catalog/product/view/id/1002',0,1,NULL,1,NULL);
INSERT INTO `url_rewrite` (`url_rewrite_id`, `entity_type`, `entity_id`, `request_path`, `target_path`, `redirect_type`, `store_id`, `description`, `is_autogenerated`, `metadata`) VALUES (232,'product',1015,'arcadio-gym-short.html','catalog/product/view/id/1015',0,1,NULL,1,NULL);
INSERT INTO `url_rewrite` (`url_rewrite_id`, `entity_type`, `entity_id`, `request_path`, `target_path`, `redirect_type`, `store_id`, `description`, `is_autogenerated`, `metadata`) VALUES (233,'product',1028,'pierce-gym-short.html','catalog/product/view/id/1028',0,1,NULL,1,NULL);
INSERT INTO `url_rewrite` (`url_rewrite_id`, `entity_type`, `entity_id`, `request_path`, `target_path`, `redirect_type`, `store_id`, `description`, `is_autogenerated`, `metadata`) VALUES (234,'product',1044,'mona-pullover-hoodlie.html','catalog/product/view/id/1044',0,1,NULL,1,NULL);
INSERT INTO `url_rewrite` (`url_rewrite_id`, `entity_type`, `entity_id`, `request_path`, `target_path`, `redirect_type`, `store_id`, `description`, `is_autogenerated`, `metadata`) VALUES (235,'product',1060,'hera-pullover-hoodie.html','catalog/product/view/id/1060',0,1,NULL,1,NULL);
INSERT INTO `url_rewrite` (`url_rewrite_id`, `entity_type`, `entity_id`, `request_path`, `target_path`, `redirect_type`, `store_id`, `description`, `is_autogenerated`, `metadata`) VALUES (236,'product',1076,'autumn-pullie.html','catalog/product/view/id/1076',0,1,NULL,1,NULL);
INSERT INTO `url_rewrite` (`url_rewrite_id`, `entity_type`, `entity_id`, `request_path`, `target_path`, `redirect_type`, `store_id`, `description`, `is_autogenerated`, `metadata`) VALUES (237,'product',1092,'miko-pullover-hoodie.html','catalog/product/view/id/1092',0,1,NULL,1,NULL);
INSERT INTO `url_rewrite` (`url_rewrite_id`, `entity_type`, `entity_id`, `request_path`, `target_path`, `redirect_type`, `store_id`, `description`, `is_autogenerated`, `metadata`) VALUES (238,'product',1108,'selene-yoga-hoodie.html','catalog/product/view/id/1108',0,1,NULL,1,NULL);
INSERT INTO `url_rewrite` (`url_rewrite_id`, `entity_type`, `entity_id`, `request_path`, `target_path`, `redirect_type`, `store_id`, `description`, `is_autogenerated`, `metadata`) VALUES (239,'product',1114,'daphne-full-zip-hoodie.html','catalog/product/view/id/1114',0,1,NULL,1,NULL);
INSERT INTO `url_rewrite` (`url_rewrite_id`, `entity_type`, `entity_id`, `request_path`, `target_path`, `redirect_type`, `store_id`, `description`, `is_autogenerated`, `metadata`) VALUES (240,'product',1130,'phoebe-zipper-sweatshirt.html','catalog/product/view/id/1130',0,1,NULL,1,NULL);
INSERT INTO `url_rewrite` (`url_rewrite_id`, `entity_type`, `entity_id`, `request_path`, `target_path`, `redirect_type`, `store_id`, `description`, `is_autogenerated`, `metadata`) VALUES (241,'product',1146,'cassia-funnel-sweatshirt.html','catalog/product/view/id/1146',0,1,NULL,1,NULL);
INSERT INTO `url_rewrite` (`url_rewrite_id`, `entity_type`, `entity_id`, `request_path`, `target_path`, `redirect_type`, `store_id`, `description`, `is_autogenerated`, `metadata`) VALUES (242,'product',1162,'ariel-roll-sleeve-sweatshirt.html','catalog/product/view/id/1162',0,1,NULL,1,NULL);
INSERT INTO `url_rewrite` (`url_rewrite_id`, `entity_type`, `entity_id`, `request_path`, `target_path`, `redirect_type`, `store_id`, `description`, `is_autogenerated`, `metadata`) VALUES (243,'product',1178,'helena-hooded-fleece.html','catalog/product/view/id/1178',0,1,NULL,1,NULL);
INSERT INTO `url_rewrite` (`url_rewrite_id`, `entity_type`, `entity_id`, `request_path`, `target_path`, `redirect_type`, `store_id`, `description`, `is_autogenerated`, `metadata`) VALUES (244,'product',1194,'eos-v-neck-hoodie.html','catalog/product/view/id/1194',0,1,NULL,1,NULL);
INSERT INTO `url_rewrite` (`url_rewrite_id`, `entity_type`, `entity_id`, `request_path`, `target_path`, `redirect_type`, `store_id`, `description`, `is_autogenerated`, `metadata`) VALUES (245,'product',1210,'circe-hooded-ice-fleece.html','catalog/product/view/id/1210',0,1,NULL,1,NULL);
INSERT INTO `url_rewrite` (`url_rewrite_id`, `entity_type`, `entity_id`, `request_path`, `target_path`, `redirect_type`, `store_id`, `description`, `is_autogenerated`, `metadata`) VALUES (246,'product',1220,'stellar-solar-jacket.html','catalog/product/view/id/1220',0,1,NULL,1,NULL);
INSERT INTO `url_rewrite` (`url_rewrite_id`, `entity_type`, `entity_id`, `request_path`, `target_path`, `redirect_type`, `store_id`, `description`, `is_autogenerated`, `metadata`) VALUES (247,'product',1236,'josie-yoga-jacket.html','catalog/product/view/id/1236',0,1,NULL,1,NULL);
INSERT INTO `url_rewrite` (`url_rewrite_id`, `entity_type`, `entity_id`, `request_path`, `target_path`, `redirect_type`, `store_id`, `description`, `is_autogenerated`, `metadata`) VALUES (248,'product',1252,'augusta-pullover-jacket.html','catalog/product/view/id/1252',0,1,NULL,1,NULL);
INSERT INTO `url_rewrite` (`url_rewrite_id`, `entity_type`, `entity_id`, `request_path`, `target_path`, `redirect_type`, `store_id`, `description`, `is_autogenerated`, `metadata`) VALUES (249,'product',1268,'ingrid-running-jacket.html','catalog/product/view/id/1268',0,1,NULL,1,NULL);
INSERT INTO `url_rewrite` (`url_rewrite_id`, `entity_type`, `entity_id`, `request_path`, `target_path`, `redirect_type`, `store_id`, `description`, `is_autogenerated`, `metadata`) VALUES (250,'product',1284,'riona-full-zip-jacket.html','catalog/product/view/id/1284',0,1,NULL,1,NULL);
INSERT INTO `url_rewrite` (`url_rewrite_id`, `entity_type`, `entity_id`, `request_path`, `target_path`, `redirect_type`, `store_id`, `description`, `is_autogenerated`, `metadata`) VALUES (251,'product',1300,'inez-full-zip-jacket.html','catalog/product/view/id/1300',0,1,NULL,1,NULL);
INSERT INTO `url_rewrite` (`url_rewrite_id`, `entity_type`, `entity_id`, `request_path`, `target_path`, `redirect_type`, `store_id`, `description`, `is_autogenerated`, `metadata`) VALUES (252,'product',1316,'adrienne-trek-jacket.html','catalog/product/view/id/1316',0,1,NULL,1,NULL);
INSERT INTO `url_rewrite` (`url_rewrite_id`, `entity_type`, `entity_id`, `request_path`, `target_path`, `redirect_type`, `store_id`, `description`, `is_autogenerated`, `metadata`) VALUES (253,'product',1332,'jade-yoga-jacket.html','catalog/product/view/id/1332',0,1,NULL,1,NULL);
INSERT INTO `url_rewrite` (`url_rewrite_id`, `entity_type`, `entity_id`, `request_path`, `target_path`, `redirect_type`, `store_id`, `description`, `is_autogenerated`, `metadata`) VALUES (254,'product',1348,'nadia-elements-shell.html','catalog/product/view/id/1348',0,1,NULL,1,NULL);
INSERT INTO `url_rewrite` (`url_rewrite_id`, `entity_type`, `entity_id`, `request_path`, `target_path`, `redirect_type`, `store_id`, `description`, `is_autogenerated`, `metadata`) VALUES (255,'product',1364,'neve-studio-dance-jacket.html','catalog/product/view/id/1364',0,1,NULL,1,NULL);
INSERT INTO `url_rewrite` (`url_rewrite_id`, `entity_type`, `entity_id`, `request_path`, `target_path`, `redirect_type`, `store_id`, `description`, `is_autogenerated`, `metadata`) VALUES (256,'product',1380,'juno-jacket.html','catalog/product/view/id/1380',0,1,NULL,1,NULL);
INSERT INTO `url_rewrite` (`url_rewrite_id`, `entity_type`, `entity_id`, `request_path`, `target_path`, `redirect_type`, `store_id`, `description`, `is_autogenerated`, `metadata`) VALUES (257,'product',1396,'olivia-1-4-zip-light-jacket.html','catalog/product/view/id/1396',0,1,NULL,1,NULL);
INSERT INTO `url_rewrite` (`url_rewrite_id`, `entity_type`, `entity_id`, `request_path`, `target_path`, `redirect_type`, `store_id`, `description`, `is_autogenerated`, `metadata`) VALUES (258,'product',1412,'gabrielle-micro-sleeve-top.html','catalog/product/view/id/1412',0,1,NULL,1,NULL);
INSERT INTO `url_rewrite` (`url_rewrite_id`, `entity_type`, `entity_id`, `request_path`, `target_path`, `redirect_type`, `store_id`, `description`, `is_autogenerated`, `metadata`) VALUES (259,'product',1428,'iris-workout-top.html','catalog/product/view/id/1428',0,1,NULL,1,NULL);
INSERT INTO `url_rewrite` (`url_rewrite_id`, `entity_type`, `entity_id`, `request_path`, `target_path`, `redirect_type`, `store_id`, `description`, `is_autogenerated`, `metadata`) VALUES (260,'product',1444,'layla-tee.html','catalog/product/view/id/1444',0,1,NULL,1,NULL);
INSERT INTO `url_rewrite` (`url_rewrite_id`, `entity_type`, `entity_id`, `request_path`, `target_path`, `redirect_type`, `store_id`, `description`, `is_autogenerated`, `metadata`) VALUES (261,'product',1460,'elisa-evercool-trade-tee.html','catalog/product/view/id/1460',0,1,NULL,1,NULL);
INSERT INTO `url_rewrite` (`url_rewrite_id`, `entity_type`, `entity_id`, `request_path`, `target_path`, `redirect_type`, `store_id`, `description`, `is_autogenerated`, `metadata`) VALUES (262,'product',1476,'juliana-short-sleeve-tee.html','catalog/product/view/id/1476',0,1,NULL,1,NULL);
INSERT INTO `url_rewrite` (`url_rewrite_id`, `entity_type`, `entity_id`, `request_path`, `target_path`, `redirect_type`, `store_id`, `description`, `is_autogenerated`, `metadata`) VALUES (263,'product',1492,'minerva-lumatech-trade-v-tee.html','catalog/product/view/id/1492',0,1,NULL,1,NULL);
INSERT INTO `url_rewrite` (`url_rewrite_id`, `entity_type`, `entity_id`, `request_path`, `target_path`, `redirect_type`, `store_id`, `description`, `is_autogenerated`, `metadata`) VALUES (264,'product',1508,'tiffany-fitness-tee.html','catalog/product/view/id/1508',0,1,NULL,1,NULL);
INSERT INTO `url_rewrite` (`url_rewrite_id`, `entity_type`, `entity_id`, `request_path`, `target_path`, `redirect_type`, `store_id`, `description`, `is_autogenerated`, `metadata`) VALUES (265,'product',1524,'karissa-v-neck-tee.html','catalog/product/view/id/1524',0,1,NULL,1,NULL);
INSERT INTO `url_rewrite` (`url_rewrite_id`, `entity_type`, `entity_id`, `request_path`, `target_path`, `redirect_type`, `store_id`, `description`, `is_autogenerated`, `metadata`) VALUES (266,'product',1540,'diva-gym-tee.html','catalog/product/view/id/1540',0,1,NULL,1,NULL);
INSERT INTO `url_rewrite` (`url_rewrite_id`, `entity_type`, `entity_id`, `request_path`, `target_path`, `redirect_type`, `store_id`, `description`, `is_autogenerated`, `metadata`) VALUES (267,'product',1556,'radiant-tee.html','catalog/product/view/id/1556',0,1,NULL,1,NULL);
INSERT INTO `url_rewrite` (`url_rewrite_id`, `entity_type`, `entity_id`, `request_path`, `target_path`, `redirect_type`, `store_id`, `description`, `is_autogenerated`, `metadata`) VALUES (268,'product',1572,'gwyn-endurance-tee.html','catalog/product/view/id/1572',0,1,NULL,1,NULL);
INSERT INTO `url_rewrite` (`url_rewrite_id`, `entity_type`, `entity_id`, `request_path`, `target_path`, `redirect_type`, `store_id`, `description`, `is_autogenerated`, `metadata`) VALUES (269,'product',1588,'desiree-fitness-tee.html','catalog/product/view/id/1588',0,1,NULL,1,NULL);
INSERT INTO `url_rewrite` (`url_rewrite_id`, `entity_type`, `entity_id`, `request_path`, `target_path`, `redirect_type`, `store_id`, `description`, `is_autogenerated`, `metadata`) VALUES (270,'product',1604,'electra-bra-top.html','catalog/product/view/id/1604',0,1,NULL,1,NULL);
INSERT INTO `url_rewrite` (`url_rewrite_id`, `entity_type`, `entity_id`, `request_path`, `target_path`, `redirect_type`, `store_id`, `description`, `is_autogenerated`, `metadata`) VALUES (271,'product',1620,'erica-evercool-sports-bra.html','catalog/product/view/id/1620',0,1,NULL,1,NULL);
INSERT INTO `url_rewrite` (`url_rewrite_id`, `entity_type`, `entity_id`, `request_path`, `target_path`, `redirect_type`, `store_id`, `description`, `is_autogenerated`, `metadata`) VALUES (272,'product',1636,'celeste-sports-bra.html','catalog/product/view/id/1636',0,1,NULL,1,NULL);
INSERT INTO `url_rewrite` (`url_rewrite_id`, `entity_type`, `entity_id`, `request_path`, `target_path`, `redirect_type`, `store_id`, `description`, `is_autogenerated`, `metadata`) VALUES (273,'product',1652,'prima-compete-bra-top.html','catalog/product/view/id/1652',0,1,NULL,1,NULL);
INSERT INTO `url_rewrite` (`url_rewrite_id`, `entity_type`, `entity_id`, `request_path`, `target_path`, `redirect_type`, `store_id`, `description`, `is_autogenerated`, `metadata`) VALUES (274,'product',1668,'lucia-cross-fit-bra.html','catalog/product/view/id/1668',0,1,NULL,1,NULL);
INSERT INTO `url_rewrite` (`url_rewrite_id`, `entity_type`, `entity_id`, `request_path`, `target_path`, `redirect_type`, `store_id`, `description`, `is_autogenerated`, `metadata`) VALUES (275,'product',1684,'bella-tank.html','catalog/product/view/id/1684',0,1,NULL,1,NULL);
INSERT INTO `url_rewrite` (`url_rewrite_id`, `entity_type`, `entity_id`, `request_path`, `target_path`, `redirect_type`, `store_id`, `description`, `is_autogenerated`, `metadata`) VALUES (276,'product',1700,'zoe-tank.html','catalog/product/view/id/1700',0,1,NULL,1,NULL);
INSERT INTO `url_rewrite` (`url_rewrite_id`, `entity_type`, `entity_id`, `request_path`, `target_path`, `redirect_type`, `store_id`, `description`, `is_autogenerated`, `metadata`) VALUES (277,'product',1716,'nora-practice-tank.html','catalog/product/view/id/1716',0,1,NULL,1,NULL);
INSERT INTO `url_rewrite` (`url_rewrite_id`, `entity_type`, `entity_id`, `request_path`, `target_path`, `redirect_type`, `store_id`, `description`, `is_autogenerated`, `metadata`) VALUES (278,'product',1732,'nona-fitness-tank.html','catalog/product/view/id/1732',0,1,NULL,1,NULL);
INSERT INTO `url_rewrite` (`url_rewrite_id`, `entity_type`, `entity_id`, `request_path`, `target_path`, `redirect_type`, `store_id`, `description`, `is_autogenerated`, `metadata`) VALUES (279,'product',1748,'leah-yoga-top.html','catalog/product/view/id/1748',0,1,NULL,1,NULL);
INSERT INTO `url_rewrite` (`url_rewrite_id`, `entity_type`, `entity_id`, `request_path`, `target_path`, `redirect_type`, `store_id`, `description`, `is_autogenerated`, `metadata`) VALUES (280,'product',1764,'chloe-compete-tank.html','catalog/product/view/id/1764',0,1,NULL,1,NULL);
INSERT INTO `url_rewrite` (`url_rewrite_id`, `entity_type`, `entity_id`, `request_path`, `target_path`, `redirect_type`, `store_id`, `description`, `is_autogenerated`, `metadata`) VALUES (281,'product',1780,'maya-tunic.html','catalog/product/view/id/1780',0,1,NULL,1,NULL);
INSERT INTO `url_rewrite` (`url_rewrite_id`, `entity_type`, `entity_id`, `request_path`, `target_path`, `redirect_type`, `store_id`, `description`, `is_autogenerated`, `metadata`) VALUES (282,'product',1796,'antonia-racer-tank.html','catalog/product/view/id/1796',0,1,NULL,1,NULL);
INSERT INTO `url_rewrite` (`url_rewrite_id`, `entity_type`, `entity_id`, `request_path`, `target_path`, `redirect_type`, `store_id`, `description`, `is_autogenerated`, `metadata`) VALUES (283,'product',1812,'breathe-easy-tank.html','catalog/product/view/id/1812',0,1,NULL,1,NULL);
INSERT INTO `url_rewrite` (`url_rewrite_id`, `entity_type`, `entity_id`, `request_path`, `target_path`, `redirect_type`, `store_id`, `description`, `is_autogenerated`, `metadata`) VALUES (284,'product',1819,'karmen-yoga-pant.html','catalog/product/view/id/1819',0,1,NULL,1,NULL);
INSERT INTO `url_rewrite` (`url_rewrite_id`, `entity_type`, `entity_id`, `request_path`, `target_path`, `redirect_type`, `store_id`, `description`, `is_autogenerated`, `metadata`) VALUES (285,'product',1826,'emma-leggings.html','catalog/product/view/id/1826',0,1,NULL,1,NULL);
INSERT INTO `url_rewrite` (`url_rewrite_id`, `entity_type`, `entity_id`, `request_path`, `target_path`, `redirect_type`, `store_id`, `description`, `is_autogenerated`, `metadata`) VALUES (286,'product',1833,'ida-workout-parachute-pant.html','catalog/product/view/id/1833',0,1,NULL,1,NULL);
INSERT INTO `url_rewrite` (`url_rewrite_id`, `entity_type`, `entity_id`, `request_path`, `target_path`, `redirect_type`, `store_id`, `description`, `is_autogenerated`, `metadata`) VALUES (287,'product',1840,'cora-parachute-pant.html','catalog/product/view/id/1840',0,1,NULL,1,NULL);
INSERT INTO `url_rewrite` (`url_rewrite_id`, `entity_type`, `entity_id`, `request_path`, `target_path`, `redirect_type`, `store_id`, `description`, `is_autogenerated`, `metadata`) VALUES (288,'product',1847,'sahara-leggings.html','catalog/product/view/id/1847',0,1,NULL,1,NULL);
INSERT INTO `url_rewrite` (`url_rewrite_id`, `entity_type`, `entity_id`, `request_path`, `target_path`, `redirect_type`, `store_id`, `description`, `is_autogenerated`, `metadata`) VALUES (289,'product',1854,'diana-tights.html','catalog/product/view/id/1854',0,1,NULL,1,NULL);
INSERT INTO `url_rewrite` (`url_rewrite_id`, `entity_type`, `entity_id`, `request_path`, `target_path`, `redirect_type`, `store_id`, `description`, `is_autogenerated`, `metadata`) VALUES (290,'product',1861,'aeon-capri.html','catalog/product/view/id/1861',0,1,NULL,1,NULL);
INSERT INTO `url_rewrite` (`url_rewrite_id`, `entity_type`, `entity_id`, `request_path`, `target_path`, `redirect_type`, `store_id`, `description`, `is_autogenerated`, `metadata`) VALUES (291,'product',1868,'bardot-capri.html','catalog/product/view/id/1868',0,1,NULL,1,NULL);
INSERT INTO `url_rewrite` (`url_rewrite_id`, `entity_type`, `entity_id`, `request_path`, `target_path`, `redirect_type`, `store_id`, `description`, `is_autogenerated`, `metadata`) VALUES (292,'product',1875,'carina-basic-capri.html','catalog/product/view/id/1875',0,1,NULL,1,NULL);
INSERT INTO `url_rewrite` (`url_rewrite_id`, `entity_type`, `entity_id`, `request_path`, `target_path`, `redirect_type`, `store_id`, `description`, `is_autogenerated`, `metadata`) VALUES (293,'product',1882,'daria-bikram-pant.html','catalog/product/view/id/1882',0,1,NULL,1,NULL);
INSERT INTO `url_rewrite` (`url_rewrite_id`, `entity_type`, `entity_id`, `request_path`, `target_path`, `redirect_type`, `store_id`, `description`, `is_autogenerated`, `metadata`) VALUES (294,'product',1889,'sylvia-capri.html','catalog/product/view/id/1889',0,1,NULL,1,NULL);
INSERT INTO `url_rewrite` (`url_rewrite_id`, `entity_type`, `entity_id`, `request_path`, `target_path`, `redirect_type`, `store_id`, `description`, `is_autogenerated`, `metadata`) VALUES (295,'product',1896,'deirdre-relaxed-fit-capri.html','catalog/product/view/id/1896',0,1,NULL,1,NULL);
INSERT INTO `url_rewrite` (`url_rewrite_id`, `entity_type`, `entity_id`, `request_path`, `target_path`, `redirect_type`, `store_id`, `description`, `is_autogenerated`, `metadata`) VALUES (296,'product',1903,'portia-capri.html','catalog/product/view/id/1903',0,1,NULL,1,NULL);
INSERT INTO `url_rewrite` (`url_rewrite_id`, `entity_type`, `entity_id`, `request_path`, `target_path`, `redirect_type`, `store_id`, `description`, `is_autogenerated`, `metadata`) VALUES (297,'product',1919,'fiona-fitness-short.html','catalog/product/view/id/1919',0,1,NULL,1,NULL);
INSERT INTO `url_rewrite` (`url_rewrite_id`, `entity_type`, `entity_id`, `request_path`, `target_path`, `redirect_type`, `store_id`, `description`, `is_autogenerated`, `metadata`) VALUES (298,'product',1935,'maxima-drawstring-short.html','catalog/product/view/id/1935',0,1,NULL,1,NULL);
INSERT INTO `url_rewrite` (`url_rewrite_id`, `entity_type`, `entity_id`, `request_path`, `target_path`, `redirect_type`, `store_id`, `description`, `is_autogenerated`, `metadata`) VALUES (299,'product',1951,'gwen-drawstring-bike-short.html','catalog/product/view/id/1951',0,1,NULL,1,NULL);
INSERT INTO `url_rewrite` (`url_rewrite_id`, `entity_type`, `entity_id`, `request_path`, `target_path`, `redirect_type`, `store_id`, `description`, `is_autogenerated`, `metadata`) VALUES (300,'product',1967,'artemis-running-short.html','catalog/product/view/id/1967',0,1,NULL,1,NULL);
INSERT INTO `url_rewrite` (`url_rewrite_id`, `entity_type`, `entity_id`, `request_path`, `target_path`, `redirect_type`, `store_id`, `description`, `is_autogenerated`, `metadata`) VALUES (301,'product',1983,'bess-yoga-short.html','catalog/product/view/id/1983',0,1,NULL,1,NULL);
INSERT INTO `url_rewrite` (`url_rewrite_id`, `entity_type`, `entity_id`, `request_path`, `target_path`, `redirect_type`, `store_id`, `description`, `is_autogenerated`, `metadata`) VALUES (302,'product',1990,'angel-light-running-short.html','catalog/product/view/id/1990',0,1,NULL,1,NULL);
INSERT INTO `url_rewrite` (`url_rewrite_id`, `entity_type`, `entity_id`, `request_path`, `target_path`, `redirect_type`, `store_id`, `description`, `is_autogenerated`, `metadata`) VALUES (303,'product',1997,'echo-fit-compression-short.html','catalog/product/view/id/1997',0,1,NULL,1,NULL);
INSERT INTO `url_rewrite` (`url_rewrite_id`, `entity_type`, `entity_id`, `request_path`, `target_path`, `redirect_type`, `store_id`, `description`, `is_autogenerated`, `metadata`) VALUES (304,'product',2003,'sybil-running-short.html','catalog/product/view/id/2003',0,1,NULL,1,NULL);
INSERT INTO `url_rewrite` (`url_rewrite_id`, `entity_type`, `entity_id`, `request_path`, `target_path`, `redirect_type`, `store_id`, `description`, `is_autogenerated`, `metadata`) VALUES (305,'product',2010,'mimi-all-purpose-short.html','catalog/product/view/id/2010',0,1,NULL,1,NULL);
INSERT INTO `url_rewrite` (`url_rewrite_id`, `entity_type`, `entity_id`, `request_path`, `target_path`, `redirect_type`, `store_id`, `description`, `is_autogenerated`, `metadata`) VALUES (306,'product',2017,'ana-running-short.html','catalog/product/view/id/2017',0,1,NULL,1,NULL);
INSERT INTO `url_rewrite` (`url_rewrite_id`, `entity_type`, `entity_id`, `request_path`, `target_path`, `redirect_type`, `store_id`, `description`, `is_autogenerated`, `metadata`) VALUES (307,'product',2024,'ina-compression-short.html','catalog/product/view/id/2024',0,1,NULL,1,NULL);
INSERT INTO `url_rewrite` (`url_rewrite_id`, `entity_type`, `entity_id`, `request_path`, `target_path`, `redirect_type`, `store_id`, `description`, `is_autogenerated`, `metadata`) VALUES (308,'product',2040,'erika-running-short.html','catalog/product/view/id/2040',0,1,NULL,1,NULL);
INSERT INTO `url_rewrite` (`url_rewrite_id`, `entity_type`, `entity_id`, `request_path`, `target_path`, `redirect_type`, `store_id`, `description`, `is_autogenerated`, `metadata`) VALUES (325,'cms-page',5,'about-us','cms/page/view/page_id/5',0,1,NULL,1,NULL);
INSERT INTO `url_rewrite` (`url_rewrite_id`, `entity_type`, `entity_id`, `request_path`, `target_path`, `redirect_type`, `store_id`, `description`, `is_autogenerated`, `metadata`) VALUES (326,'cms-page',6,'customer-service','cms/page/view/page_id/6',0,1,NULL,1,NULL);
INSERT INTO `url_rewrite` (`url_rewrite_id`, `entity_type`, `entity_id`, `request_path`, `target_path`, `redirect_type`, `store_id`, `description`, `is_autogenerated`, `metadata`) VALUES (327,'category',41,'shoes.html','catalog/category/view/id/41',0,1,NULL,1,NULL);
INSERT INTO `url_rewrite` (`url_rewrite_id`, `entity_type`, `entity_id`, `request_path`, `target_path`, `redirect_type`, `store_id`, `description`, `is_autogenerated`, `metadata`) VALUES (328,'product',2043,'nike-court-vision-low-next-nature.html','catalog/product/view/id/2043',0,1,NULL,1,NULL);
INSERT INTO `url_rewrite` (`url_rewrite_id`, `entity_type`, `entity_id`, `request_path`, `target_path`, `redirect_type`, `store_id`, `description`, `is_autogenerated`, `metadata`) VALUES (329,'product',2043,'shoes/nike-court-vision-low-next-nature.html','catalog/product/view/id/2043/category/41',0,1,NULL,1,'{\"category_id\":\"41\"}');
INSERT INTO `url_rewrite` (`url_rewrite_id`, `entity_type`, `entity_id`, `request_path`, `target_path`, `redirect_type`, `store_id`, `description`, `is_autogenerated`, `metadata`) VALUES (330,'product',2042,'nike-court-vision-low-next-nature-white-36.html','catalog/product/view/id/2042',0,1,NULL,1,NULL);
INSERT INTO `url_rewrite` (`url_rewrite_id`, `entity_type`, `entity_id`, `request_path`, `target_path`, `redirect_type`, `store_id`, `description`, `is_autogenerated`, `metadata`) VALUES (331,'product',2042,'shoes/nike-court-vision-low-next-nature-white-36.html','catalog/product/view/id/2042/category/41',0,1,NULL,1,'{\"category_id\":\"41\"}');
INSERT INTO `url_rewrite` (`url_rewrite_id`, `entity_type`, `entity_id`, `request_path`, `target_path`, `redirect_type`, `store_id`, `description`, `is_autogenerated`, `metadata`) VALUES (332,'product',2041,'nike-court-vision-low-next-nature-white-38.html','catalog/product/view/id/2041',0,1,NULL,1,NULL);
INSERT INTO `url_rewrite` (`url_rewrite_id`, `entity_type`, `entity_id`, `request_path`, `target_path`, `redirect_type`, `store_id`, `description`, `is_autogenerated`, `metadata`) VALUES (333,'product',2041,'shoes/nike-court-vision-low-next-nature-white-38.html','catalog/product/view/id/2041/category/41',0,1,NULL,1,'{\"category_id\":\"41\"}');
INSERT INTO `url_rewrite` (`url_rewrite_id`, `entity_type`, `entity_id`, `request_path`, `target_path`, `redirect_type`, `store_id`, `description`, `is_autogenerated`, `metadata`) VALUES (334,'product',2044,'air-jordan-1-low.html','catalog/product/view/id/2044',0,1,NULL,1,NULL);
INSERT INTO `url_rewrite` (`url_rewrite_id`, `entity_type`, `entity_id`, `request_path`, `target_path`, `redirect_type`, `store_id`, `description`, `is_autogenerated`, `metadata`) VALUES (335,'product',2044,'shoes/air-jordan-1-low.html','catalog/product/view/id/2044/category/41',0,1,NULL,1,'{\"category_id\":\"41\"}');
INSERT INTO `url_rewrite` (`url_rewrite_id`, `entity_type`, `entity_id`, `request_path`, `target_path`, `redirect_type`, `store_id`, `description`, `is_autogenerated`, `metadata`) VALUES (336,'product',2050,'nike-court.html','catalog/product/view/id/2050',0,1,NULL,1,NULL);
INSERT INTO `url_rewrite` (`url_rewrite_id`, `entity_type`, `entity_id`, `request_path`, `target_path`, `redirect_type`, `store_id`, `description`, `is_autogenerated`, `metadata`) VALUES (337,'product',2050,'shoes/nike-court.html','catalog/product/view/id/2050/category/41',0,1,NULL,1,'{\"category_id\":\"41\"}');
INSERT INTO `url_rewrite` (`url_rewrite_id`, `entity_type`, `entity_id`, `request_path`, `target_path`, `redirect_type`, `store_id`, `description`, `is_autogenerated`, `metadata`) VALUES (338,'product',2057,'nike-dunk-low.html','catalog/product/view/id/2057',0,1,NULL,1,NULL);
INSERT INTO `url_rewrite` (`url_rewrite_id`, `entity_type`, `entity_id`, `request_path`, `target_path`, `redirect_type`, `store_id`, `description`, `is_autogenerated`, `metadata`) VALUES (339,'product',2057,'shoes/nike-dunk-low.html','catalog/product/view/id/2057/category/41',0,1,NULL,1,'{\"category_id\":\"41\"}');
INSERT INTO `url_rewrite` (`url_rewrite_id`, `entity_type`, `entity_id`, `request_path`, `target_path`, `redirect_type`, `store_id`, `description`, `is_autogenerated`, `metadata`) VALUES (340,'product',2062,'nike-air-force-1-07-easyon.html','catalog/product/view/id/2062',0,1,NULL,1,NULL);
INSERT INTO `url_rewrite` (`url_rewrite_id`, `entity_type`, `entity_id`, `request_path`, `target_path`, `redirect_type`, `store_id`, `description`, `is_autogenerated`, `metadata`) VALUES (341,'product',2062,'shoes/nike-air-force-1-07-easyon.html','catalog/product/view/id/2062/category/41',0,1,NULL,1,'{\"category_id\":\"41\"}');
INSERT INTO `url_rewrite` (`url_rewrite_id`, `entity_type`, `entity_id`, `request_path`, `target_path`, `redirect_type`, `store_id`, `description`, `is_autogenerated`, `metadata`) VALUES (342,'product',2069,'nike-air-force-1-shadow.html','catalog/product/view/id/2069',0,1,NULL,1,NULL);
INSERT INTO `url_rewrite` (`url_rewrite_id`, `entity_type`, `entity_id`, `request_path`, `target_path`, `redirect_type`, `store_id`, `description`, `is_autogenerated`, `metadata`) VALUES (343,'product',2069,'shoes/nike-air-force-1-shadow.html','catalog/product/view/id/2069/category/41',0,1,NULL,1,'{\"category_id\":\"41\"}');
INSERT INTO `url_rewrite` (`url_rewrite_id`, `entity_type`, `entity_id`, `request_path`, `target_path`, `redirect_type`, `store_id`, `description`, `is_autogenerated`, `metadata`) VALUES (344,'product',2074,'nike-run-swift-3.html','catalog/product/view/id/2074',0,1,NULL,1,NULL);
INSERT INTO `url_rewrite` (`url_rewrite_id`, `entity_type`, `entity_id`, `request_path`, `target_path`, `redirect_type`, `store_id`, `description`, `is_autogenerated`, `metadata`) VALUES (345,'product',2074,'shoes/nike-run-swift-3.html','catalog/product/view/id/2074/category/41',0,1,NULL,1,'{\"category_id\":\"41\"}');
INSERT INTO `url_rewrite` (`url_rewrite_id`, `entity_type`, `entity_id`, `request_path`, `target_path`, `redirect_type`, `store_id`, `description`, `is_autogenerated`, `metadata`) VALUES (346,'product',2079,'nike-revolution-7.html','catalog/product/view/id/2079',0,1,NULL,1,NULL);
INSERT INTO `url_rewrite` (`url_rewrite_id`, `entity_type`, `entity_id`, `request_path`, `target_path`, `redirect_type`, `store_id`, `description`, `is_autogenerated`, `metadata`) VALUES (347,'product',2079,'shoes/nike-revolution-7.html','catalog/product/view/id/2079/category/41',0,1,NULL,1,'{\"category_id\":\"41\"}');
INSERT INTO `url_rewrite` (`url_rewrite_id`, `entity_type`, `entity_id`, `request_path`, `target_path`, `redirect_type`, `store_id`, `description`, `is_autogenerated`, `metadata`) VALUES (348,'product',2084,'nike-air-03.html','catalog/product/view/id/2084',0,1,NULL,1,NULL);
INSERT INTO `url_rewrite` (`url_rewrite_id`, `entity_type`, `entity_id`, `request_path`, `target_path`, `redirect_type`, `store_id`, `description`, `is_autogenerated`, `metadata`) VALUES (349,'product',2084,'shoes/nike-air-03.html','catalog/product/view/id/2084/category/41',0,1,NULL,1,'{\"category_id\":\"41\"}');
INSERT INTO `url_rewrite` (`url_rewrite_id`, `entity_type`, `entity_id`, `request_path`, `target_path`, `redirect_type`, `store_id`, `description`, `is_autogenerated`, `metadata`) VALUES (350,'product',2090,'air-jordan-1-mid.html','catalog/product/view/id/2090',0,1,NULL,1,NULL);
INSERT INTO `url_rewrite` (`url_rewrite_id`, `entity_type`, `entity_id`, `request_path`, `target_path`, `redirect_type`, `store_id`, `description`, `is_autogenerated`, `metadata`) VALUES (351,'product',2090,'shoes/air-jordan-1-mid.html','catalog/product/view/id/2090/category/41',0,1,NULL,1,'{\"category_id\":\"41\"}');
INSERT INTO `url_rewrite` (`url_rewrite_id`, `entity_type`, `entity_id`, `request_path`, `target_path`, `redirect_type`, `store_id`, `description`, `is_autogenerated`, `metadata`) VALUES (352,'product',2095,'air-jordan-legacy-312-low.html','catalog/product/view/id/2095',0,1,NULL,1,NULL);
INSERT INTO `url_rewrite` (`url_rewrite_id`, `entity_type`, `entity_id`, `request_path`, `target_path`, `redirect_type`, `store_id`, `description`, `is_autogenerated`, `metadata`) VALUES (353,'product',2095,'shoes/air-jordan-legacy-312-low.html','catalog/product/view/id/2095/category/41',0,1,NULL,1,'{\"category_id\":\"41\"}');
INSERT INTO `url_rewrite` (`url_rewrite_id`, `entity_type`, `entity_id`, `request_path`, `target_path`, `redirect_type`, `store_id`, `description`, `is_autogenerated`, `metadata`) VALUES (354,'product',2101,'nike-zoom-gp-challenge-1-premium.html','catalog/product/view/id/2101',0,1,NULL,1,NULL);
INSERT INTO `url_rewrite` (`url_rewrite_id`, `entity_type`, `entity_id`, `request_path`, `target_path`, `redirect_type`, `store_id`, `description`, `is_autogenerated`, `metadata`) VALUES (355,'product',2101,'shoes/nike-zoom-gp-challenge-1-premium.html','catalog/product/view/id/2101/category/41',0,1,NULL,1,'{\"category_id\":\"41\"}');
INSERT INTO `url_rewrite` (`url_rewrite_id`, `entity_type`, `entity_id`, `request_path`, `target_path`, `redirect_type`, `store_id`, `description`, `is_autogenerated`, `metadata`) VALUES (356,'product',2106,'air-jordan-9-g.html','catalog/product/view/id/2106',0,1,NULL,1,NULL);
INSERT INTO `url_rewrite` (`url_rewrite_id`, `entity_type`, `entity_id`, `request_path`, `target_path`, `redirect_type`, `store_id`, `description`, `is_autogenerated`, `metadata`) VALUES (357,'product',2106,'shoes/air-jordan-9-g.html','catalog/product/view/id/2106/category/41',0,1,NULL,1,'{\"category_id\":\"41\"}');
INSERT INTO `url_rewrite` (`url_rewrite_id`, `entity_type`, `entity_id`, `request_path`, `target_path`, `redirect_type`, `store_id`, `description`, `is_autogenerated`, `metadata`) VALUES (358,'category',42,'hoodies.html','catalog/category/view/id/42',0,1,NULL,1,NULL);
INSERT INTO `url_rewrite` (`url_rewrite_id`, `entity_type`, `entity_id`, `request_path`, `target_path`, `redirect_type`, `store_id`, `description`, `is_autogenerated`, `metadata`) VALUES (359,'product',2112,'nike-acg-therma-fit.html','catalog/product/view/id/2112',0,1,NULL,1,NULL);
INSERT INTO `url_rewrite` (`url_rewrite_id`, `entity_type`, `entity_id`, `request_path`, `target_path`, `redirect_type`, `store_id`, `description`, `is_autogenerated`, `metadata`) VALUES (360,'product',2112,'hoodies/nike-acg-therma-fit.html','catalog/product/view/id/2112/category/42',0,1,NULL,1,'{\"category_id\":\"42\"}');
INSERT INTO `url_rewrite` (`url_rewrite_id`, `entity_type`, `entity_id`, `request_path`, `target_path`, `redirect_type`, `store_id`, `description`, `is_autogenerated`, `metadata`) VALUES (361,'product',2118,'nike-sportswear-tech-fleece-windrunner.html','catalog/product/view/id/2118',0,1,NULL,1,NULL);
INSERT INTO `url_rewrite` (`url_rewrite_id`, `entity_type`, `entity_id`, `request_path`, `target_path`, `redirect_type`, `store_id`, `description`, `is_autogenerated`, `metadata`) VALUES (362,'product',2118,'hoodies/nike-sportswear-tech-fleece-windrunner.html','catalog/product/view/id/2118/category/42',0,1,NULL,1,'{\"category_id\":\"42\"}');
INSERT INTO `url_rewrite` (`url_rewrite_id`, `entity_type`, `entity_id`, `request_path`, `target_path`, `redirect_type`, `store_id`, `description`, `is_autogenerated`, `metadata`) VALUES (363,'product',2124,'jordan-flight-mvp.html','catalog/product/view/id/2124',0,1,NULL,1,NULL);
INSERT INTO `url_rewrite` (`url_rewrite_id`, `entity_type`, `entity_id`, `request_path`, `target_path`, `redirect_type`, `store_id`, `description`, `is_autogenerated`, `metadata`) VALUES (364,'product',2124,'hoodies/jordan-flight-mvp.html','catalog/product/view/id/2124/category/42',0,1,NULL,1,'{\"category_id\":\"42\"}');
INSERT INTO `url_rewrite` (`url_rewrite_id`, `entity_type`, `entity_id`, `request_path`, `target_path`, `redirect_type`, `store_id`, `description`, `is_autogenerated`, `metadata`) VALUES (365,'product',2130,'nocta.html','catalog/product/view/id/2130',0,1,NULL,1,NULL);
INSERT INTO `url_rewrite` (`url_rewrite_id`, `entity_type`, `entity_id`, `request_path`, `target_path`, `redirect_type`, `store_id`, `description`, `is_autogenerated`, `metadata`) VALUES (366,'product',2130,'hoodies/nocta.html','catalog/product/view/id/2130/category/42',0,1,NULL,1,'{\"category_id\":\"42\"}');
INSERT INTO `url_rewrite` (`url_rewrite_id`, `entity_type`, `entity_id`, `request_path`, `target_path`, `redirect_type`, `store_id`, `description`, `is_autogenerated`, `metadata`) VALUES (367,'product',2135,'jordan-sport-hoop-fleece.html','catalog/product/view/id/2135',0,1,NULL,1,NULL);
INSERT INTO `url_rewrite` (`url_rewrite_id`, `entity_type`, `entity_id`, `request_path`, `target_path`, `redirect_type`, `store_id`, `description`, `is_autogenerated`, `metadata`) VALUES (368,'product',2135,'hoodies/jordan-sport-hoop-fleece.html','catalog/product/view/id/2135/category/42',0,1,NULL,1,'{\"category_id\":\"42\"}');
INSERT INTO `url_rewrite` (`url_rewrite_id`, `entity_type`, `entity_id`, `request_path`, `target_path`, `redirect_type`, `store_id`, `description`, `is_autogenerated`, `metadata`) VALUES (369,'product',2141,'nike-solo-swoosh.html','catalog/product/view/id/2141',0,1,NULL,1,NULL);
INSERT INTO `url_rewrite` (`url_rewrite_id`, `entity_type`, `entity_id`, `request_path`, `target_path`, `redirect_type`, `store_id`, `description`, `is_autogenerated`, `metadata`) VALUES (370,'product',2141,'hoodies/nike-solo-swoosh.html','catalog/product/view/id/2141/category/42',0,1,NULL,1,'{\"category_id\":\"42\"}');
INSERT INTO `url_rewrite` (`url_rewrite_id`, `entity_type`, `entity_id`, `request_path`, `target_path`, `redirect_type`, `store_id`, `description`, `is_autogenerated`, `metadata`) VALUES (371,'product',2147,'nike-solo-swoosh2.html','catalog/product/view/id/2147',0,1,NULL,1,NULL);
INSERT INTO `url_rewrite` (`url_rewrite_id`, `entity_type`, `entity_id`, `request_path`, `target_path`, `redirect_type`, `store_id`, `description`, `is_autogenerated`, `metadata`) VALUES (372,'product',2147,'hoodies/nike-solo-swoosh2.html','catalog/product/view/id/2147/category/42',0,1,NULL,1,'{\"category_id\":\"42\"}');
INSERT INTO `url_rewrite` (`url_rewrite_id`, `entity_type`, `entity_id`, `request_path`, `target_path`, `redirect_type`, `store_id`, `description`, `is_autogenerated`, `metadata`) VALUES (373,'product',2153,'jordan-essentials.html','catalog/product/view/id/2153',0,1,NULL,1,NULL);
INSERT INTO `url_rewrite` (`url_rewrite_id`, `entity_type`, `entity_id`, `request_path`, `target_path`, `redirect_type`, `store_id`, `description`, `is_autogenerated`, `metadata`) VALUES (374,'product',2153,'hoodies/jordan-essentials.html','catalog/product/view/id/2153/category/42',0,1,NULL,1,'{\"category_id\":\"42\"}');
INSERT INTO `url_rewrite` (`url_rewrite_id`, `entity_type`, `entity_id`, `request_path`, `target_path`, `redirect_type`, `store_id`, `description`, `is_autogenerated`, `metadata`) VALUES (375,'product',2159,'jordan-flight.html','catalog/product/view/id/2159',0,1,NULL,1,NULL);
INSERT INTO `url_rewrite` (`url_rewrite_id`, `entity_type`, `entity_id`, `request_path`, `target_path`, `redirect_type`, `store_id`, `description`, `is_autogenerated`, `metadata`) VALUES (376,'product',2159,'hoodies/jordan-flight.html','catalog/product/view/id/2159/category/42',0,1,NULL,1,'{\"category_id\":\"42\"}');
INSERT INTO `url_rewrite` (`url_rewrite_id`, `entity_type`, `entity_id`, `request_path`, `target_path`, `redirect_type`, `store_id`, `description`, `is_autogenerated`, `metadata`) VALUES (377,'product',2165,'jordan-sport-hoop-fleece2.html','catalog/product/view/id/2165',0,1,NULL,1,NULL);
INSERT INTO `url_rewrite` (`url_rewrite_id`, `entity_type`, `entity_id`, `request_path`, `target_path`, `redirect_type`, `store_id`, `description`, `is_autogenerated`, `metadata`) VALUES (378,'product',2165,'hoodies/jordan-sport-hoop-fleece2.html','catalog/product/view/id/2165/category/42',0,1,NULL,1,'{\"category_id\":\"42\"}');
INSERT INTO `url_rewrite` (`url_rewrite_id`, `entity_type`, `entity_id`, `request_path`, `target_path`, `redirect_type`, `store_id`, `description`, `is_autogenerated`, `metadata`) VALUES (379,'product',2169,'jordan-brooklyn-fleece.html','catalog/product/view/id/2169',0,1,NULL,1,NULL);
INSERT INTO `url_rewrite` (`url_rewrite_id`, `entity_type`, `entity_id`, `request_path`, `target_path`, `redirect_type`, `store_id`, `description`, `is_autogenerated`, `metadata`) VALUES (380,'product',2169,'hoodies/jordan-brooklyn-fleece.html','catalog/product/view/id/2169/category/42',0,1,NULL,1,'{\"category_id\":\"42\"}');
INSERT INTO `url_rewrite` (`url_rewrite_id`, `entity_type`, `entity_id`, `request_path`, `target_path`, `redirect_type`, `store_id`, `description`, `is_autogenerated`, `metadata`) VALUES (381,'product',2174,'zion.html','catalog/product/view/id/2174',0,1,NULL,1,NULL);
INSERT INTO `url_rewrite` (`url_rewrite_id`, `entity_type`, `entity_id`, `request_path`, `target_path`, `redirect_type`, `store_id`, `description`, `is_autogenerated`, `metadata`) VALUES (382,'product',2174,'hoodies/zion.html','catalog/product/view/id/2174/category/42',0,1,NULL,1,'{\"category_id\":\"42\"}');
INSERT INTO `url_rewrite` (`url_rewrite_id`, `entity_type`, `entity_id`, `request_path`, `target_path`, `redirect_type`, `store_id`, `description`, `is_autogenerated`, `metadata`) VALUES (383,'category',43,'trousers.html','catalog/category/view/id/43',0,1,NULL,1,NULL);
INSERT INTO `url_rewrite` (`url_rewrite_id`, `entity_type`, `entity_id`, `request_path`, `target_path`, `redirect_type`, `store_id`, `description`, `is_autogenerated`, `metadata`) VALUES (384,'product',2180,'nike-life.html','catalog/product/view/id/2180',0,1,NULL,1,NULL);
INSERT INTO `url_rewrite` (`url_rewrite_id`, `entity_type`, `entity_id`, `request_path`, `target_path`, `redirect_type`, `store_id`, `description`, `is_autogenerated`, `metadata`) VALUES (385,'product',2180,'trousers/nike-life.html','catalog/product/view/id/2180/category/43',0,1,NULL,1,'{\"category_id\":\"43\"}');
INSERT INTO `url_rewrite` (`url_rewrite_id`, `entity_type`, `entity_id`, `request_path`, `target_path`, `redirect_type`, `store_id`, `description`, `is_autogenerated`, `metadata`) VALUES (386,'product',2186,'nike-form.html','catalog/product/view/id/2186',0,1,NULL,1,NULL);
INSERT INTO `url_rewrite` (`url_rewrite_id`, `entity_type`, `entity_id`, `request_path`, `target_path`, `redirect_type`, `store_id`, `description`, `is_autogenerated`, `metadata`) VALUES (387,'product',2186,'trousers/nike-form.html','catalog/product/view/id/2186/category/43',0,1,NULL,1,'{\"category_id\":\"43\"}');
INSERT INTO `url_rewrite` (`url_rewrite_id`, `entity_type`, `entity_id`, `request_path`, `target_path`, `redirect_type`, `store_id`, `description`, `is_autogenerated`, `metadata`) VALUES (388,'product',2192,'nike-challenger.html','catalog/product/view/id/2192',0,1,NULL,1,NULL);
INSERT INTO `url_rewrite` (`url_rewrite_id`, `entity_type`, `entity_id`, `request_path`, `target_path`, `redirect_type`, `store_id`, `description`, `is_autogenerated`, `metadata`) VALUES (389,'product',2192,'trousers/nike-challenger.html','catalog/product/view/id/2192/category/43',0,1,NULL,1,'{\"category_id\":\"43\"}');
INSERT INTO `url_rewrite` (`url_rewrite_id`, `entity_type`, `entity_id`, `request_path`, `target_path`, `redirect_type`, `store_id`, `description`, `is_autogenerated`, `metadata`) VALUES (390,'product',2198,'jordan-sport.html','catalog/product/view/id/2198',0,1,NULL,1,NULL);
INSERT INTO `url_rewrite` (`url_rewrite_id`, `entity_type`, `entity_id`, `request_path`, `target_path`, `redirect_type`, `store_id`, `description`, `is_autogenerated`, `metadata`) VALUES (391,'product',2198,'trousers/jordan-sport.html','catalog/product/view/id/2198/category/43',0,1,NULL,1,'{\"category_id\":\"43\"}');
INSERT INTO `url_rewrite` (`url_rewrite_id`, `entity_type`, `entity_id`, `request_path`, `target_path`, `redirect_type`, `store_id`, `description`, `is_autogenerated`, `metadata`) VALUES (392,'product',2204,'nike-sb.html','catalog/product/view/id/2204',0,1,NULL,1,NULL);
INSERT INTO `url_rewrite` (`url_rewrite_id`, `entity_type`, `entity_id`, `request_path`, `target_path`, `redirect_type`, `store_id`, `description`, `is_autogenerated`, `metadata`) VALUES (393,'product',2204,'trousers/nike-sb.html','catalog/product/view/id/2204/category/43',0,1,NULL,1,'{\"category_id\":\"43\"}');
INSERT INTO `url_rewrite` (`url_rewrite_id`, `entity_type`, `entity_id`, `request_path`, `target_path`, `redirect_type`, `store_id`, `description`, `is_autogenerated`, `metadata`) VALUES (394,'product',2210,'jordan-mvp.html','catalog/product/view/id/2210',0,1,NULL,1,NULL);
INSERT INTO `url_rewrite` (`url_rewrite_id`, `entity_type`, `entity_id`, `request_path`, `target_path`, `redirect_type`, `store_id`, `description`, `is_autogenerated`, `metadata`) VALUES (395,'product',2210,'trousers/jordan-mvp.html','catalog/product/view/id/2210/category/43',0,1,NULL,1,'{\"category_id\":\"43\"}');
INSERT INTO `url_rewrite` (`url_rewrite_id`, `entity_type`, `entity_id`, `request_path`, `target_path`, `redirect_type`, `store_id`, `description`, `is_autogenerated`, `metadata`) VALUES (396,'product',2217,'nike-tech.html','catalog/product/view/id/2217',0,1,NULL,1,NULL);
INSERT INTO `url_rewrite` (`url_rewrite_id`, `entity_type`, `entity_id`, `request_path`, `target_path`, `redirect_type`, `store_id`, `description`, `is_autogenerated`, `metadata`) VALUES (397,'product',2217,'trousers/nike-tech.html','catalog/product/view/id/2217/category/43',0,1,NULL,1,'{\"category_id\":\"43\"}');
INSERT INTO `url_rewrite` (`url_rewrite_id`, `entity_type`, `entity_id`, `request_path`, `target_path`, `redirect_type`, `store_id`, `description`, `is_autogenerated`, `metadata`) VALUES (398,'product',2223,'nike-sportswear.html','catalog/product/view/id/2223',0,1,NULL,1,NULL);
INSERT INTO `url_rewrite` (`url_rewrite_id`, `entity_type`, `entity_id`, `request_path`, `target_path`, `redirect_type`, `store_id`, `description`, `is_autogenerated`, `metadata`) VALUES (399,'product',2223,'trousers/nike-sportswear.html','catalog/product/view/id/2223/category/43',0,1,NULL,1,'{\"category_id\":\"43\"}');
INSERT INTO `url_rewrite` (`url_rewrite_id`, `entity_type`, `entity_id`, `request_path`, `target_path`, `redirect_type`, `store_id`, `description`, `is_autogenerated`, `metadata`) VALUES (400,'product',2229,'jordan-brooklyn-fleece3.html','catalog/product/view/id/2229',0,1,NULL,1,NULL);
INSERT INTO `url_rewrite` (`url_rewrite_id`, `entity_type`, `entity_id`, `request_path`, `target_path`, `redirect_type`, `store_id`, `description`, `is_autogenerated`, `metadata`) VALUES (401,'product',2229,'trousers/jordan-brooklyn-fleece3.html','catalog/product/view/id/2229/category/43',0,1,NULL,1,'{\"category_id\":\"43\"}');
INSERT INTO `url_rewrite` (`url_rewrite_id`, `entity_type`, `entity_id`, `request_path`, `target_path`, `redirect_type`, `store_id`, `description`, `is_autogenerated`, `metadata`) VALUES (402,'product',2235,'nike-unlimited.html','catalog/product/view/id/2235',0,1,NULL,1,NULL);
INSERT INTO `url_rewrite` (`url_rewrite_id`, `entity_type`, `entity_id`, `request_path`, `target_path`, `redirect_type`, `store_id`, `description`, `is_autogenerated`, `metadata`) VALUES (403,'product',2235,'trousers/nike-unlimited.html','catalog/product/view/id/2235/category/43',0,1,NULL,1,'{\"category_id\":\"43\"}');
INSERT INTO `url_rewrite` (`url_rewrite_id`, `entity_type`, `entity_id`, `request_path`, `target_path`, `redirect_type`, `store_id`, `description`, `is_autogenerated`, `metadata`) VALUES (404,'product',2241,'nike-tech2.html','catalog/product/view/id/2241',0,1,NULL,1,NULL);
INSERT INTO `url_rewrite` (`url_rewrite_id`, `entity_type`, `entity_id`, `request_path`, `target_path`, `redirect_type`, `store_id`, `description`, `is_autogenerated`, `metadata`) VALUES (405,'product',2241,'trousers/nike-tech2.html','catalog/product/view/id/2241/category/43',0,1,NULL,1,'{\"category_id\":\"43\"}');
INSERT INTO `url_rewrite` (`url_rewrite_id`, `entity_type`, `entity_id`, `request_path`, `target_path`, `redirect_type`, `store_id`, `description`, `is_autogenerated`, `metadata`) VALUES (406,'product',2247,'nike-dri-fit-victory.html','catalog/product/view/id/2247',0,1,NULL,1,NULL);
INSERT INTO `url_rewrite` (`url_rewrite_id`, `entity_type`, `entity_id`, `request_path`, `target_path`, `redirect_type`, `store_id`, `description`, `is_autogenerated`, `metadata`) VALUES (407,'product',2247,'trousers/nike-dri-fit-victory.html','catalog/product/view/id/2247/category/43',0,1,NULL,1,'{\"category_id\":\"43\"}');
INSERT INTO `url_rewrite` (`url_rewrite_id`, `entity_type`, `entity_id`, `request_path`, `target_path`, `redirect_type`, `store_id`, `description`, `is_autogenerated`, `metadata`) VALUES (408,'product',2253,'ja-standard-issue.html','catalog/product/view/id/2253',0,1,NULL,1,NULL);
INSERT INTO `url_rewrite` (`url_rewrite_id`, `entity_type`, `entity_id`, `request_path`, `target_path`, `redirect_type`, `store_id`, `description`, `is_autogenerated`, `metadata`) VALUES (409,'product',2253,'trousers/ja-standard-issue.html','catalog/product/view/id/2253/category/43',0,1,NULL,1,'{\"category_id\":\"43\"}');
INSERT INTO `url_rewrite` (`url_rewrite_id`, `entity_type`, `entity_id`, `request_path`, `target_path`, `redirect_type`, `store_id`, `description`, `is_autogenerated`, `metadata`) VALUES (410,'category',44,'jackets.html','catalog/category/view/id/44',0,1,NULL,1,NULL);
INSERT INTO `url_rewrite` (`url_rewrite_id`, `entity_type`, `entity_id`, `request_path`, `target_path`, `redirect_type`, `store_id`, `description`, `is_autogenerated`, `metadata`) VALUES (411,'product',2257,'jordan-sport-jam.html','catalog/product/view/id/2257',0,1,NULL,1,NULL);
INSERT INTO `url_rewrite` (`url_rewrite_id`, `entity_type`, `entity_id`, `request_path`, `target_path`, `redirect_type`, `store_id`, `description`, `is_autogenerated`, `metadata`) VALUES (412,'product',2257,'jackets/jordan-sport-jam.html','catalog/product/view/id/2257/category/44',0,1,NULL,1,'{\"category_id\":\"44\"}');
INSERT INTO `url_rewrite` (`url_rewrite_id`, `entity_type`, `entity_id`, `request_path`, `target_path`, `redirect_type`, `store_id`, `description`, `is_autogenerated`, `metadata`) VALUES (413,'product',2261,'jordan-flight2.html','catalog/product/view/id/2261',0,1,NULL,1,NULL);
INSERT INTO `url_rewrite` (`url_rewrite_id`, `entity_type`, `entity_id`, `request_path`, `target_path`, `redirect_type`, `store_id`, `description`, `is_autogenerated`, `metadata`) VALUES (414,'product',2261,'jackets/jordan-flight2.html','catalog/product/view/id/2261/category/44',0,1,NULL,1,'{\"category_id\":\"44\"}');
INSERT INTO `url_rewrite` (`url_rewrite_id`, `entity_type`, `entity_id`, `request_path`, `target_path`, `redirect_type`, `store_id`, `description`, `is_autogenerated`, `metadata`) VALUES (415,'product',2265,'tatum-chicago.html','catalog/product/view/id/2265',0,1,NULL,1,NULL);
INSERT INTO `url_rewrite` (`url_rewrite_id`, `entity_type`, `entity_id`, `request_path`, `target_path`, `redirect_type`, `store_id`, `description`, `is_autogenerated`, `metadata`) VALUES (416,'product',2265,'jackets/tatum-chicago.html','catalog/product/view/id/2265/category/44',0,1,NULL,1,'{\"category_id\":\"44\"}');
INSERT INTO `url_rewrite` (`url_rewrite_id`, `entity_type`, `entity_id`, `request_path`, `target_path`, `redirect_type`, `store_id`, `description`, `is_autogenerated`, `metadata`) VALUES (417,'product',2269,'jordan-essentials2.html','catalog/product/view/id/2269',0,1,NULL,1,NULL);
INSERT INTO `url_rewrite` (`url_rewrite_id`, `entity_type`, `entity_id`, `request_path`, `target_path`, `redirect_type`, `store_id`, `description`, `is_autogenerated`, `metadata`) VALUES (418,'product',2269,'jackets/jordan-essentials2.html','catalog/product/view/id/2269/category/44',0,1,NULL,1,'{\"category_id\":\"44\"}');
INSERT INTO `url_rewrite` (`url_rewrite_id`, `entity_type`, `entity_id`, `request_path`, `target_path`, `redirect_type`, `store_id`, `description`, `is_autogenerated`, `metadata`) VALUES (419,'product',2273,'jordan-essentials-chicago.html','catalog/product/view/id/2273',0,1,NULL,1,NULL);
INSERT INTO `url_rewrite` (`url_rewrite_id`, `entity_type`, `entity_id`, `request_path`, `target_path`, `redirect_type`, `store_id`, `description`, `is_autogenerated`, `metadata`) VALUES (420,'product',2273,'jackets/jordan-essentials-chicago.html','catalog/product/view/id/2273/category/44',0,1,NULL,1,'{\"category_id\":\"44\"}');
INSERT INTO `url_rewrite` (`url_rewrite_id`, `entity_type`, `entity_id`, `request_path`, `target_path`, `redirect_type`, `store_id`, `description`, `is_autogenerated`, `metadata`) VALUES (421,'product',2277,'nike-sportswear2.html','catalog/product/view/id/2277',0,1,NULL,1,NULL);
INSERT INTO `url_rewrite` (`url_rewrite_id`, `entity_type`, `entity_id`, `request_path`, `target_path`, `redirect_type`, `store_id`, `description`, `is_autogenerated`, `metadata`) VALUES (422,'product',2277,'jackets/nike-sportswear2.html','catalog/product/view/id/2277/category/44',0,1,NULL,1,'{\"category_id\":\"44\"}');
INSERT INTO `url_rewrite` (`url_rewrite_id`, `entity_type`, `entity_id`, `request_path`, `target_path`, `redirect_type`, `store_id`, `description`, `is_autogenerated`, `metadata`) VALUES (423,'product',2281,'nike-sportswear-essential.html','catalog/product/view/id/2281',0,1,NULL,1,NULL);
INSERT INTO `url_rewrite` (`url_rewrite_id`, `entity_type`, `entity_id`, `request_path`, `target_path`, `redirect_type`, `store_id`, `description`, `is_autogenerated`, `metadata`) VALUES (424,'product',2281,'jackets/nike-sportswear-essential.html','catalog/product/view/id/2281/category/44',0,1,NULL,1,'{\"category_id\":\"44\"}');
INSERT INTO `url_rewrite` (`url_rewrite_id`, `entity_type`, `entity_id`, `request_path`, `target_path`, `redirect_type`, `store_id`, `description`, `is_autogenerated`, `metadata`) VALUES (425,'product',2285,'nike-sportswear-essential2.html','catalog/product/view/id/2285',0,1,NULL,1,NULL);
INSERT INTO `url_rewrite` (`url_rewrite_id`, `entity_type`, `entity_id`, `request_path`, `target_path`, `redirect_type`, `store_id`, `description`, `is_autogenerated`, `metadata`) VALUES (426,'product',2285,'jackets/nike-sportswear-essential2.html','catalog/product/view/id/2285/category/44',0,1,NULL,1,'{\"category_id\":\"44\"}');
INSERT INTO `url_rewrite` (`url_rewrite_id`, `entity_type`, `entity_id`, `request_path`, `target_path`, `redirect_type`, `store_id`, `description`, `is_autogenerated`, `metadata`) VALUES (427,'product',2289,'nike-trail.html','catalog/product/view/id/2289',0,1,NULL,1,NULL);
INSERT INTO `url_rewrite` (`url_rewrite_id`, `entity_type`, `entity_id`, `request_path`, `target_path`, `redirect_type`, `store_id`, `description`, `is_autogenerated`, `metadata`) VALUES (428,'product',2289,'jackets/nike-trail.html','catalog/product/view/id/2289/category/44',0,1,NULL,1,'{\"category_id\":\"44\"}');
INSERT INTO `url_rewrite` (`url_rewrite_id`, `entity_type`, `entity_id`, `request_path`, `target_path`, `redirect_type`, `store_id`, `description`, `is_autogenerated`, `metadata`) VALUES (429,'product',2293,'nike-one.html','catalog/product/view/id/2293',0,1,NULL,1,NULL);
INSERT INTO `url_rewrite` (`url_rewrite_id`, `entity_type`, `entity_id`, `request_path`, `target_path`, `redirect_type`, `store_id`, `description`, `is_autogenerated`, `metadata`) VALUES (430,'product',2293,'jackets/nike-one.html','catalog/product/view/id/2293/category/44',0,1,NULL,1,'{\"category_id\":\"44\"}');
INSERT INTO `url_rewrite` (`url_rewrite_id`, `entity_type`, `entity_id`, `request_path`, `target_path`, `redirect_type`, `store_id`, `description`, `is_autogenerated`, `metadata`) VALUES (431,'product',2297,'nike-trail-aireez.html','catalog/product/view/id/2297',0,1,NULL,1,NULL);
INSERT INTO `url_rewrite` (`url_rewrite_id`, `entity_type`, `entity_id`, `request_path`, `target_path`, `redirect_type`, `store_id`, `description`, `is_autogenerated`, `metadata`) VALUES (432,'product',2297,'jackets/nike-trail-aireez.html','catalog/product/view/id/2297/category/44',0,1,NULL,1,'{\"category_id\":\"44\"}');
INSERT INTO `url_rewrite` (`url_rewrite_id`, `entity_type`, `entity_id`, `request_path`, `target_path`, `redirect_type`, `store_id`, `description`, `is_autogenerated`, `metadata`) VALUES (433,'product',2301,'nike-stride.html','catalog/product/view/id/2301',0,1,NULL,1,NULL);
INSERT INTO `url_rewrite` (`url_rewrite_id`, `entity_type`, `entity_id`, `request_path`, `target_path`, `redirect_type`, `store_id`, `description`, `is_autogenerated`, `metadata`) VALUES (434,'product',2301,'jackets/nike-stride.html','catalog/product/view/id/2301/category/44',0,1,NULL,1,'{\"category_id\":\"44\"}');
INSERT INTO `url_rewrite` (`url_rewrite_id`, `entity_type`, `entity_id`, `request_path`, `target_path`, `redirect_type`, `store_id`, `description`, `is_autogenerated`, `metadata`) VALUES (435,'category',45,'socks.html','catalog/category/view/id/45',0,1,NULL,1,NULL);
INSERT INTO `url_rewrite` (`url_rewrite_id`, `entity_type`, `entity_id`, `request_path`, `target_path`, `redirect_type`, `store_id`, `description`, `is_autogenerated`, `metadata`) VALUES (436,'product',2305,'nike-everyday-cushioned.html','catalog/product/view/id/2305',0,1,NULL,1,NULL);
INSERT INTO `url_rewrite` (`url_rewrite_id`, `entity_type`, `entity_id`, `request_path`, `target_path`, `redirect_type`, `store_id`, `description`, `is_autogenerated`, `metadata`) VALUES (437,'product',2305,'socks/nike-everyday-cushioned.html','catalog/product/view/id/2305/category/45',0,1,NULL,1,'{\"category_id\":\"45\"}');
INSERT INTO `url_rewrite` (`url_rewrite_id`, `entity_type`, `entity_id`, `request_path`, `target_path`, `redirect_type`, `store_id`, `description`, `is_autogenerated`, `metadata`) VALUES (438,'product',2310,'nike-everyday-plus-cushioned.html','catalog/product/view/id/2310',0,1,NULL,1,NULL);
INSERT INTO `url_rewrite` (`url_rewrite_id`, `entity_type`, `entity_id`, `request_path`, `target_path`, `redirect_type`, `store_id`, `description`, `is_autogenerated`, `metadata`) VALUES (439,'product',2310,'socks/nike-everyday-plus-cushioned.html','catalog/product/view/id/2310/category/45',0,1,NULL,1,'{\"category_id\":\"45\"}');
INSERT INTO `url_rewrite` (`url_rewrite_id`, `entity_type`, `entity_id`, `request_path`, `target_path`, `redirect_type`, `store_id`, `description`, `is_autogenerated`, `metadata`) VALUES (440,'product',2314,'nike-everyday-lightweight.html','catalog/product/view/id/2314',0,1,NULL,1,NULL);
INSERT INTO `url_rewrite` (`url_rewrite_id`, `entity_type`, `entity_id`, `request_path`, `target_path`, `redirect_type`, `store_id`, `description`, `is_autogenerated`, `metadata`) VALUES (441,'product',2314,'socks/nike-everyday-lightweight.html','catalog/product/view/id/2314/category/45',0,1,NULL,1,'{\"category_id\":\"45\"}');
INSERT INTO `url_rewrite` (`url_rewrite_id`, `entity_type`, `entity_id`, `request_path`, `target_path`, `redirect_type`, `store_id`, `description`, `is_autogenerated`, `metadata`) VALUES (442,'product',2318,'nike-spark-lightweight.html','catalog/product/view/id/2318',0,1,NULL,1,NULL);
INSERT INTO `url_rewrite` (`url_rewrite_id`, `entity_type`, `entity_id`, `request_path`, `target_path`, `redirect_type`, `store_id`, `description`, `is_autogenerated`, `metadata`) VALUES (443,'product',2318,'socks/nike-spark-lightweight.html','catalog/product/view/id/2318/category/45',0,1,NULL,1,'{\"category_id\":\"45\"}');
INSERT INTO `url_rewrite` (`url_rewrite_id`, `entity_type`, `entity_id`, `request_path`, `target_path`, `redirect_type`, `store_id`, `description`, `is_autogenerated`, `metadata`) VALUES (444,'product',2322,'jordan.html','catalog/product/view/id/2322',0,1,NULL,1,NULL);
INSERT INTO `url_rewrite` (`url_rewrite_id`, `entity_type`, `entity_id`, `request_path`, `target_path`, `redirect_type`, `store_id`, `description`, `is_autogenerated`, `metadata`) VALUES (445,'product',2322,'socks/jordan.html','catalog/product/view/id/2322/category/45',0,1,NULL,1,'{\"category_id\":\"45\"}');
INSERT INTO `url_rewrite` (`url_rewrite_id`, `entity_type`, `entity_id`, `request_path`, `target_path`, `redirect_type`, `store_id`, `description`, `is_autogenerated`, `metadata`) VALUES (446,'product',2326,'jordan-2.html','catalog/product/view/id/2326',0,1,NULL,1,NULL);
INSERT INTO `url_rewrite` (`url_rewrite_id`, `entity_type`, `entity_id`, `request_path`, `target_path`, `redirect_type`, `store_id`, `description`, `is_autogenerated`, `metadata`) VALUES (447,'product',2326,'socks/jordan-2.html','catalog/product/view/id/2326/category/45',0,1,NULL,1,'{\"category_id\":\"45\"}');
INSERT INTO `url_rewrite` (`url_rewrite_id`, `entity_type`, `entity_id`, `request_path`, `target_path`, `redirect_type`, `store_id`, `description`, `is_autogenerated`, `metadata`) VALUES (448,'product',2330,'jordan-3.html','catalog/product/view/id/2330',0,1,NULL,1,NULL);
INSERT INTO `url_rewrite` (`url_rewrite_id`, `entity_type`, `entity_id`, `request_path`, `target_path`, `redirect_type`, `store_id`, `description`, `is_autogenerated`, `metadata`) VALUES (449,'product',2330,'socks/jordan-3.html','catalog/product/view/id/2330/category/45',0,1,NULL,1,'{\"category_id\":\"45\"}');
INSERT INTO `url_rewrite` (`url_rewrite_id`, `entity_type`, `entity_id`, `request_path`, `target_path`, `redirect_type`, `store_id`, `description`, `is_autogenerated`, `metadata`) VALUES (450,'product',2334,'nike-sportswear-everyday-essential.html','catalog/product/view/id/2334',0,1,NULL,1,NULL);
INSERT INTO `url_rewrite` (`url_rewrite_id`, `entity_type`, `entity_id`, `request_path`, `target_path`, `redirect_type`, `store_id`, `description`, `is_autogenerated`, `metadata`) VALUES (451,'product',2334,'socks/nike-sportswear-everyday-essential.html','catalog/product/view/id/2334/category/45',0,1,NULL,1,'{\"category_id\":\"45\"}');
INSERT INTO `url_rewrite` (`url_rewrite_id`, `entity_type`, `entity_id`, `request_path`, `target_path`, `redirect_type`, `store_id`, `description`, `is_autogenerated`, `metadata`) VALUES (452,'product',2338,'nike-everyday-essential.html','catalog/product/view/id/2338',0,1,NULL,1,NULL);
INSERT INTO `url_rewrite` (`url_rewrite_id`, `entity_type`, `entity_id`, `request_path`, `target_path`, `redirect_type`, `store_id`, `description`, `is_autogenerated`, `metadata`) VALUES (453,'product',2338,'socks/nike-everyday-essential.html','catalog/product/view/id/2338/category/45',0,1,NULL,1,'{\"category_id\":\"45\"}');
INSERT INTO `url_rewrite` (`url_rewrite_id`, `entity_type`, `entity_id`, `request_path`, `target_path`, `redirect_type`, `store_id`, `description`, `is_autogenerated`, `metadata`) VALUES (454,'product',2342,'nocta-1.html','catalog/product/view/id/2342',0,1,NULL,1,NULL);
INSERT INTO `url_rewrite` (`url_rewrite_id`, `entity_type`, `entity_id`, `request_path`, `target_path`, `redirect_type`, `store_id`, `description`, `is_autogenerated`, `metadata`) VALUES (455,'product',2342,'socks/nocta-1.html','catalog/product/view/id/2342/category/45',0,1,NULL,1,'{\"category_id\":\"45\"}');
INSERT INTO `url_rewrite` (`url_rewrite_id`, `entity_type`, `entity_id`, `request_path`, `target_path`, `redirect_type`, `store_id`, `description`, `is_autogenerated`, `metadata`) VALUES (456,'product',2346,'nike-everyday-crew3.html','catalog/product/view/id/2346',0,1,NULL,1,NULL);
INSERT INTO `url_rewrite` (`url_rewrite_id`, `entity_type`, `entity_id`, `request_path`, `target_path`, `redirect_type`, `store_id`, `description`, `is_autogenerated`, `metadata`) VALUES (457,'product',2351,'nike-everyday-plus-cushioned-2.html','catalog/product/view/id/2351',0,1,NULL,1,NULL);
INSERT INTO `url_rewrite` (`url_rewrite_id`, `entity_type`, `entity_id`, `request_path`, `target_path`, `redirect_type`, `store_id`, `description`, `is_autogenerated`, `metadata`) VALUES (458,'product',2355,'nike-sportswear-dri-fit-everyday-essential.html','catalog/product/view/id/2355',0,1,NULL,1,NULL);
INSERT INTO `url_rewrite` (`url_rewrite_id`, `entity_type`, `entity_id`, `request_path`, `target_path`, `redirect_type`, `store_id`, `description`, `is_autogenerated`, `metadata`) VALUES (459,'category',4,'bags.html','catalog/category/view/id/4',0,1,NULL,1,NULL);
INSERT INTO `url_rewrite` (`url_rewrite_id`, `entity_type`, `entity_id`, `request_path`, `target_path`, `redirect_type`, `store_id`, `description`, `is_autogenerated`, `metadata`) VALUES (460,'category',4,'gear/bags.html','bags.html',301,1,NULL,0,NULL);
INSERT INTO `url_rewrite` (`url_rewrite_id`, `entity_type`, `entity_id`, `request_path`, `target_path`, `redirect_type`, `store_id`, `description`, `is_autogenerated`, `metadata`) VALUES (468,'category',5,'fitness-equipment.html','catalog/category/view/id/5',0,1,NULL,1,NULL);
INSERT INTO `url_rewrite` (`url_rewrite_id`, `entity_type`, `entity_id`, `request_path`, `target_path`, `redirect_type`, `store_id`, `description`, `is_autogenerated`, `metadata`) VALUES (469,'category',5,'watches/fitness-equipment.html','fitness-equipment.html',301,1,NULL,0,NULL);
INSERT INTO `url_rewrite` (`url_rewrite_id`, `entity_type`, `entity_id`, `request_path`, `target_path`, `redirect_type`, `store_id`, `description`, `is_autogenerated`, `metadata`) VALUES (470,'category',5,'gear/fitness-equipment.html','fitness-equipment.html',301,1,NULL,0,'[]');
INSERT INTO `url_rewrite` (`url_rewrite_id`, `entity_type`, `entity_id`, `request_path`, `target_path`, `redirect_type`, `store_id`, `description`, `is_autogenerated`, `metadata`) VALUES (474,'category',6,'watches.html','catalog/category/view/id/6',0,1,NULL,1,NULL);
INSERT INTO `url_rewrite` (`url_rewrite_id`, `entity_type`, `entity_id`, `request_path`, `target_path`, `redirect_type`, `store_id`, `description`, `is_autogenerated`, `metadata`) VALUES (475,'category',6,'trousers/watches.html','watches.html',301,1,NULL,0,NULL);
INSERT INTO `url_rewrite` (`url_rewrite_id`, `entity_type`, `entity_id`, `request_path`, `target_path`, `redirect_type`, `store_id`, `description`, `is_autogenerated`, `metadata`) VALUES (476,'category',6,'gear/watches.html','watches.html',301,1,NULL,0,'[]');
INSERT INTO `url_rewrite` (`url_rewrite_id`, `entity_type`, `entity_id`, `request_path`, `target_path`, `redirect_type`, `store_id`, `description`, `is_autogenerated`, `metadata`) VALUES (485,'category',47,'beanies.html','catalog/category/view/id/47',0,1,NULL,1,NULL);
INSERT INTO `url_rewrite` (`url_rewrite_id`, `entity_type`, `entity_id`, `request_path`, `target_path`, `redirect_type`, `store_id`, `description`, `is_autogenerated`, `metadata`) VALUES (486,'category',47,'sweaters/beanies.html','beanies.html',301,1,NULL,0,'[]');
INSERT INTO `url_rewrite` (`url_rewrite_id`, `entity_type`, `entity_id`, `request_path`, `target_path`, `redirect_type`, `store_id`, `description`, `is_autogenerated`, `metadata`) VALUES (493,'category',48,'sweaters.html','catalog/category/view/id/48',0,1,NULL,1,NULL);
INSERT INTO `url_rewrite` (`url_rewrite_id`, `entity_type`, `entity_id`, `request_path`, `target_path`, `redirect_type`, `store_id`, `description`, `is_autogenerated`, `metadata`) VALUES (494,'category',48,'beanies/sweaters.html','sweaters.html',301,1,NULL,0,NULL);
INSERT INTO `url_rewrite` (`url_rewrite_id`, `entity_type`, `entity_id`, `request_path`, `target_path`, `redirect_type`, `store_id`, `description`, `is_autogenerated`, `metadata`) VALUES (495,'product',2356,'columbia-infinity-trailtm-beanies-blue.html','catalog/product/view/id/2356',0,1,NULL,1,NULL);
INSERT INTO `url_rewrite` (`url_rewrite_id`, `entity_type`, `entity_id`, `request_path`, `target_path`, `redirect_type`, `store_id`, `description`, `is_autogenerated`, `metadata`) VALUES (496,'product',2356,'beanies/columbia-infinity-trailtm-beanies-blue.html','catalog/product/view/id/2356/category/47',0,1,NULL,1,'{\"category_id\":\"47\"}');
INSERT INTO `url_rewrite` (`url_rewrite_id`, `entity_type`, `entity_id`, `request_path`, `target_path`, `redirect_type`, `store_id`, `description`, `is_autogenerated`, `metadata`) VALUES (497,'product',2357,'fila-basic-folding-logo-fila-beanie-beige.html','catalog/product/view/id/2357',0,1,NULL,1,NULL);
INSERT INTO `url_rewrite` (`url_rewrite_id`, `entity_type`, `entity_id`, `request_path`, `target_path`, `redirect_type`, `store_id`, `description`, `is_autogenerated`, `metadata`) VALUES (498,'product',2357,'beanies/fila-basic-folding-logo-fila-beanie-beige.html','catalog/product/view/id/2357/category/47',0,1,NULL,1,'{\"category_id\":\"47\"}');
INSERT INTO `url_rewrite` (`url_rewrite_id`, `entity_type`, `entity_id`, `request_path`, `target_path`, `redirect_type`, `store_id`, `description`, `is_autogenerated`, `metadata`) VALUES (499,'product',2361,'neutral-texture-regular-fit-shawl-cable-knit-cardigan-with-wool.html','catalog/product/view/id/2361',0,1,NULL,1,NULL);
INSERT INTO `url_rewrite` (`url_rewrite_id`, `entity_type`, `entity_id`, `request_path`, `target_path`, `redirect_type`, `store_id`, `description`, `is_autogenerated`, `metadata`) VALUES (500,'product',2361,'sweaters/neutral-texture-regular-fit-shawl-cable-knit-cardigan-with-wool.html','catalog/product/view/id/2361/category/48',0,1,NULL,1,'{\"category_id\":\"48\"}');
INSERT INTO `url_rewrite` (`url_rewrite_id`, `entity_type`, `entity_id`, `request_path`, `target_path`, `redirect_type`, `store_id`, `description`, `is_autogenerated`, `metadata`) VALUES (501,'product',2362,'columbia-lost-lagertm-ii-beanie-orange.html','catalog/product/view/id/2362',0,1,NULL,1,NULL);
INSERT INTO `url_rewrite` (`url_rewrite_id`, `entity_type`, `entity_id`, `request_path`, `target_path`, `redirect_type`, `store_id`, `description`, `is_autogenerated`, `metadata`) VALUES (502,'product',2362,'beanies/columbia-lost-lagertm-ii-beanie-orange.html','catalog/product/view/id/2362/category/47',0,1,NULL,1,'{\"category_id\":\"47\"}');
INSERT INTO `url_rewrite` (`url_rewrite_id`, `entity_type`, `entity_id`, `request_path`, `target_path`, `redirect_type`, `store_id`, `description`, `is_autogenerated`, `metadata`) VALUES (503,'product',2363,'ellesse-velly-camo-pom-pom-beanies-army-green.html','catalog/product/view/id/2363',0,1,NULL,1,NULL);
INSERT INTO `url_rewrite` (`url_rewrite_id`, `entity_type`, `entity_id`, `request_path`, `target_path`, `redirect_type`, `store_id`, `description`, `is_autogenerated`, `metadata`) VALUES (504,'product',2363,'beanies/ellesse-velly-camo-pom-pom-beanies-army-green.html','catalog/product/view/id/2363/category/47',0,1,NULL,1,'{\"category_id\":\"47\"}');
INSERT INTO `url_rewrite` (`url_rewrite_id`, `entity_type`, `entity_id`, `request_path`, `target_path`, `redirect_type`, `store_id`, `description`, `is_autogenerated`, `metadata`) VALUES (505,'product',2364,'lfc-raised-47-cuff-knit-beanies-red.html','catalog/product/view/id/2364',0,1,NULL,1,NULL);
INSERT INTO `url_rewrite` (`url_rewrite_id`, `entity_type`, `entity_id`, `request_path`, `target_path`, `redirect_type`, `store_id`, `description`, `is_autogenerated`, `metadata`) VALUES (506,'product',2364,'beanies/lfc-raised-47-cuff-knit-beanies-red.html','catalog/product/view/id/2364/category/47',0,1,NULL,1,'{\"category_id\":\"47\"}');
INSERT INTO `url_rewrite` (`url_rewrite_id`, `entity_type`, `entity_id`, `request_path`, `target_path`, `redirect_type`, `store_id`, `description`, `is_autogenerated`, `metadata`) VALUES (507,'product',2365,'columbia-city-trektm-color-block-beanie-multicolor.html','catalog/product/view/id/2365',0,1,NULL,1,NULL);
INSERT INTO `url_rewrite` (`url_rewrite_id`, `entity_type`, `entity_id`, `request_path`, `target_path`, `redirect_type`, `store_id`, `description`, `is_autogenerated`, `metadata`) VALUES (508,'product',2365,'beanies/columbia-city-trektm-color-block-beanie-multicolor.html','catalog/product/view/id/2365/category/47',0,1,NULL,1,'{\"category_id\":\"47\"}');
INSERT INTO `url_rewrite` (`url_rewrite_id`, `entity_type`, `entity_id`, `request_path`, `target_path`, `redirect_type`, `store_id`, `description`, `is_autogenerated`, `metadata`) VALUES (509,'product',2366,'columbia-boundless-daystm-cable-knit-pom-beanie-blue.html','catalog/product/view/id/2366',0,1,NULL,1,NULL);
INSERT INTO `url_rewrite` (`url_rewrite_id`, `entity_type`, `entity_id`, `request_path`, `target_path`, `redirect_type`, `store_id`, `description`, `is_autogenerated`, `metadata`) VALUES (510,'product',2366,'beanies/columbia-boundless-daystm-cable-knit-pom-beanie-blue.html','catalog/product/view/id/2366/category/47',0,1,NULL,1,'{\"category_id\":\"47\"}');
INSERT INTO `url_rewrite` (`url_rewrite_id`, `entity_type`, `entity_id`, `request_path`, `target_path`, `redirect_type`, `store_id`, `description`, `is_autogenerated`, `metadata`) VALUES (511,'product',2367,'fila-basic-folding-logo-fila-beanie-yellow.html','catalog/product/view/id/2367',0,1,NULL,1,NULL);
INSERT INTO `url_rewrite` (`url_rewrite_id`, `entity_type`, `entity_id`, `request_path`, `target_path`, `redirect_type`, `store_id`, `description`, `is_autogenerated`, `metadata`) VALUES (512,'product',2367,'beanies/fila-basic-folding-logo-fila-beanie-yellow.html','catalog/product/view/id/2367/category/47',0,1,NULL,1,'{\"category_id\":\"47\"}');
INSERT INTO `url_rewrite` (`url_rewrite_id`, `entity_type`, `entity_id`, `request_path`, `target_path`, `redirect_type`, `store_id`, `description`, `is_autogenerated`, `metadata`) VALUES (513,'product',2368,'ellesse-velly-camo-beanies-red.html','catalog/product/view/id/2368',0,1,NULL,1,NULL);
INSERT INTO `url_rewrite` (`url_rewrite_id`, `entity_type`, `entity_id`, `request_path`, `target_path`, `redirect_type`, `store_id`, `description`, `is_autogenerated`, `metadata`) VALUES (514,'product',2368,'beanies/ellesse-velly-camo-beanies-red.html','catalog/product/view/id/2368/category/47',0,1,NULL,1,'{\"category_id\":\"47\"}');
INSERT INTO `url_rewrite` (`url_rewrite_id`, `entity_type`, `entity_id`, `request_path`, `target_path`, `redirect_type`, `store_id`, `description`, `is_autogenerated`, `metadata`) VALUES (515,'product',2369,'columbia-fast-trektm-ii-beanie-red.html','catalog/product/view/id/2369',0,1,NULL,1,NULL);
INSERT INTO `url_rewrite` (`url_rewrite_id`, `entity_type`, `entity_id`, `request_path`, `target_path`, `redirect_type`, `store_id`, `description`, `is_autogenerated`, `metadata`) VALUES (516,'product',2369,'beanies/columbia-fast-trektm-ii-beanie-red.html','catalog/product/view/id/2369/category/47',0,1,NULL,1,'{\"category_id\":\"47\"}');
INSERT INTO `url_rewrite` (`url_rewrite_id`, `entity_type`, `entity_id`, `request_path`, `target_path`, `redirect_type`, `store_id`, `description`, `is_autogenerated`, `metadata`) VALUES (517,'product',2370,'ellesse-velly-pom-pom-beanies-yellow.html','catalog/product/view/id/2370',0,1,NULL,1,NULL);
INSERT INTO `url_rewrite` (`url_rewrite_id`, `entity_type`, `entity_id`, `request_path`, `target_path`, `redirect_type`, `store_id`, `description`, `is_autogenerated`, `metadata`) VALUES (518,'product',2370,'beanies/ellesse-velly-pom-pom-beanies-yellow.html','catalog/product/view/id/2370/category/47',0,1,NULL,1,'{\"category_id\":\"47\"}');
INSERT INTO `url_rewrite` (`url_rewrite_id`, `entity_type`, `entity_id`, `request_path`, `target_path`, `redirect_type`, `store_id`, `description`, `is_autogenerated`, `metadata`) VALUES (519,'product',2371,'navy-blue-regular-fit-100-cotton-premium-zip-through-jumper.html','catalog/product/view/id/2371',0,1,NULL,1,NULL);
INSERT INTO `url_rewrite` (`url_rewrite_id`, `entity_type`, `entity_id`, `request_path`, `target_path`, `redirect_type`, `store_id`, `description`, `is_autogenerated`, `metadata`) VALUES (520,'product',2371,'sweaters/navy-blue-regular-fit-100-cotton-premium-zip-through-jumper.html','catalog/product/view/id/2371/category/48',0,1,NULL,1,'{\"category_id\":\"48\"}');
INSERT INTO `url_rewrite` (`url_rewrite_id`, `entity_type`, `entity_id`, `request_path`, `target_path`, `redirect_type`, `store_id`, `description`, `is_autogenerated`, `metadata`) VALUES (521,'product',2372,'brown-relaxed-fit-textured-knit-zip-through-shacket-with-wool.html','catalog/product/view/id/2372',0,1,NULL,1,NULL);
INSERT INTO `url_rewrite` (`url_rewrite_id`, `entity_type`, `entity_id`, `request_path`, `target_path`, `redirect_type`, `store_id`, `description`, `is_autogenerated`, `metadata`) VALUES (522,'product',2372,'sweaters/brown-relaxed-fit-textured-knit-zip-through-shacket-with-wool.html','catalog/product/view/id/2372/category/48',0,1,NULL,1,'{\"category_id\":\"48\"}');
INSERT INTO `url_rewrite` (`url_rewrite_id`, `entity_type`, `entity_id`, `request_path`, `target_path`, `redirect_type`, `store_id`, `description`, `is_autogenerated`, `metadata`) VALUES (523,'product',2373,'navy-blue-regular-fit-100-cotton-premium-zip.html','catalog/product/view/id/2373',0,1,NULL,1,NULL);
INSERT INTO `url_rewrite` (`url_rewrite_id`, `entity_type`, `entity_id`, `request_path`, `target_path`, `redirect_type`, `store_id`, `description`, `is_autogenerated`, `metadata`) VALUES (524,'product',2373,'sweaters/navy-blue-regular-fit-100-cotton-premium-zip.html','catalog/product/view/id/2373/category/48',0,1,NULL,1,'{\"category_id\":\"48\"}');
INSERT INTO `url_rewrite` (`url_rewrite_id`, `entity_type`, `entity_id`, `request_path`, `target_path`, `redirect_type`, `store_id`, `description`, `is_autogenerated`, `metadata`) VALUES (525,'product',2374,'threadbare-navy-cable-knit-shawl-collar-cardigan-with-wool.html','catalog/product/view/id/2374',0,1,NULL,1,NULL);
INSERT INTO `url_rewrite` (`url_rewrite_id`, `entity_type`, `entity_id`, `request_path`, `target_path`, `redirect_type`, `store_id`, `description`, `is_autogenerated`, `metadata`) VALUES (526,'product',2374,'sweaters/threadbare-navy-cable-knit-shawl-collar-cardigan-with-wool.html','catalog/product/view/id/2374/category/48',0,1,NULL,1,'{\"category_id\":\"48\"}');
INSERT INTO `url_rewrite` (`url_rewrite_id`, `entity_type`, `entity_id`, `request_path`, `target_path`, `redirect_type`, `store_id`, `description`, `is_autogenerated`, `metadata`) VALUES (527,'product',2375,'navy-blue-zip-through-regular-fit-rib-jumper-with-wool.html','catalog/product/view/id/2375',0,1,NULL,1,NULL);
INSERT INTO `url_rewrite` (`url_rewrite_id`, `entity_type`, `entity_id`, `request_path`, `target_path`, `redirect_type`, `store_id`, `description`, `is_autogenerated`, `metadata`) VALUES (528,'product',2375,'sweaters/navy-blue-zip-through-regular-fit-rib-jumper-with-wool.html','catalog/product/view/id/2375/category/48',0,1,NULL,1,'{\"category_id\":\"48\"}');
INSERT INTO `url_rewrite` (`url_rewrite_id`, `entity_type`, `entity_id`, `request_path`, `target_path`, `redirect_type`, `store_id`, `description`, `is_autogenerated`, `metadata`) VALUES (529,'product',2379,'fatface-mid-blue-sefton-lofty-knitted-cardigan.html','catalog/product/view/id/2379',0,1,NULL,1,NULL);
INSERT INTO `url_rewrite` (`url_rewrite_id`, `entity_type`, `entity_id`, `request_path`, `target_path`, `redirect_type`, `store_id`, `description`, `is_autogenerated`, `metadata`) VALUES (530,'product',2379,'sweaters/fatface-mid-blue-sefton-lofty-knitted-cardigan.html','catalog/product/view/id/2379/category/48',0,1,NULL,1,'{\"category_id\":\"48\"}');
INSERT INTO `url_rewrite` (`url_rewrite_id`, `entity_type`, `entity_id`, `request_path`, `target_path`, `redirect_type`, `store_id`, `description`, `is_autogenerated`, `metadata`) VALUES (531,'product',2392,'threadbare-brown-cable-knit-shawl-collar-cardigan-with-wool.html','catalog/product/view/id/2392',0,1,NULL,1,NULL);
INSERT INTO `url_rewrite` (`url_rewrite_id`, `entity_type`, `entity_id`, `request_path`, `target_path`, `redirect_type`, `store_id`, `description`, `is_autogenerated`, `metadata`) VALUES (532,'product',2392,'sweaters/threadbare-brown-cable-knit-shawl-collar-cardigan-with-wool.html','catalog/product/view/id/2392/category/48',0,1,NULL,1,'{\"category_id\":\"48\"}');
INSERT INTO `url_rewrite` (`url_rewrite_id`, `entity_type`, `entity_id`, `request_path`, `target_path`, `redirect_type`, `store_id`, `description`, `is_autogenerated`, `metadata`) VALUES (533,'product',2396,'chocolate-brown-regular-fit-waffle-texture-shawl-cardigan.html','catalog/product/view/id/2396',0,1,NULL,1,NULL);
INSERT INTO `url_rewrite` (`url_rewrite_id`, `entity_type`, `entity_id`, `request_path`, `target_path`, `redirect_type`, `store_id`, `description`, `is_autogenerated`, `metadata`) VALUES (534,'product',2396,'sweaters/chocolate-brown-regular-fit-waffle-texture-shawl-cardigan.html','catalog/product/view/id/2396/category/48',0,1,NULL,1,'{\"category_id\":\"48\"}');
INSERT INTO `url_rewrite` (`url_rewrite_id`, `entity_type`, `entity_id`, `request_path`, `target_path`, `redirect_type`, `store_id`, `description`, `is_autogenerated`, `metadata`) VALUES (535,'product',2399,'neutral-relaxed-fit-soft-touch-button-through-jumper-with-wool.html','catalog/product/view/id/2399',0,1,NULL,1,NULL);
INSERT INTO `url_rewrite` (`url_rewrite_id`, `entity_type`, `entity_id`, `request_path`, `target_path`, `redirect_type`, `store_id`, `description`, `is_autogenerated`, `metadata`) VALUES (536,'product',2399,'sweaters/neutral-relaxed-fit-soft-touch-button-through-jumper-with-wool.html','catalog/product/view/id/2399/category/48',0,1,NULL,1,'{\"category_id\":\"48\"}');
INSERT INTO `url_rewrite` (`url_rewrite_id`, `entity_type`, `entity_id`, `request_path`, `target_path`, `redirect_type`, `store_id`, `description`, `is_autogenerated`, `metadata`) VALUES (537,'product',2402,'navy-blue-zip-through-regular-fit-rib-jumper-with-wool-2.html','catalog/product/view/id/2402',0,1,NULL,1,NULL);
INSERT INTO `url_rewrite` (`url_rewrite_id`, `entity_type`, `entity_id`, `request_path`, `target_path`, `redirect_type`, `store_id`, `description`, `is_autogenerated`, `metadata`) VALUES (538,'product',2402,'sweaters/navy-blue-zip-through-regular-fit-rib-jumper-with-wool-2.html','catalog/product/view/id/2402/category/48',0,1,NULL,1,'{\"category_id\":\"48\"}');

--
-- Table structure for table `variable`
--

CREATE TABLE `variable` (
  `variable_id` int(10) unsigned NOT NULL AUTO_INCREMENT COMMENT 'Variable ID',
  `code` varchar(255) DEFAULT NULL COMMENT 'Variable Code',
  `name` varchar(255) DEFAULT NULL COMMENT 'Variable Name',
  PRIMARY KEY (`variable_id`),
  UNIQUE KEY `VARIABLE_CODE` (`code`)
) ENGINE=InnoDB DEFAULT CHARSET=utf8mb3 COLLATE=utf8mb3_general_ci COMMENT='Variables';

--
-- Dumping data for table `variable`
--


--
-- Table structure for table `variable_value`
--

CREATE TABLE `variable_value` (
  `value_id` int(10) unsigned NOT NULL AUTO_INCREMENT COMMENT 'Variable Value ID',
  `variable_id` int(10) unsigned NOT NULL DEFAULT 0 COMMENT 'Variable ID',
  `store_id` smallint(5) unsigned NOT NULL DEFAULT 0 COMMENT 'Store ID',
  `plain_value` text DEFAULT NULL COMMENT 'Plain Text Value',
  `html_value` text DEFAULT NULL COMMENT 'Html Value',
  PRIMARY KEY (`value_id`),
  UNIQUE KEY `VARIABLE_VALUE_VARIABLE_ID_STORE_ID` (`variable_id`,`store_id`),
  KEY `VARIABLE_VALUE_STORE_ID` (`store_id`),
  CONSTRAINT `VARIABLE_VALUE_STORE_ID_STORE_STORE_ID` FOREIGN KEY (`store_id`) REFERENCES `store` (`store_id`) ON DELETE CASCADE,
  CONSTRAINT `VARIABLE_VALUE_VARIABLE_ID_VARIABLE_VARIABLE_ID` FOREIGN KEY (`variable_id`) REFERENCES `variable` (`variable_id`) ON DELETE CASCADE
) ENGINE=InnoDB DEFAULT CHARSET=utf8mb3 COLLATE=utf8mb3_general_ci COMMENT='Variable Value';

--
-- Dumping data for table `variable_value`
--


--
-- Table structure for table `vault_payment_token`
--

CREATE TABLE `vault_payment_token` (
  `entity_id` int(10) unsigned NOT NULL AUTO_INCREMENT COMMENT 'Entity ID',
  `customer_id` int(10) unsigned DEFAULT NULL COMMENT 'Customer ID',
  `website_id` int(10) unsigned DEFAULT NULL COMMENT 'Website ID',
  `public_hash` varchar(128) NOT NULL COMMENT 'Hash code for using on frontend',
  `payment_method_code` varchar(128) NOT NULL COMMENT 'Payment method code',
  `type` varchar(128) NOT NULL COMMENT 'Type',
  `created_at` timestamp NOT NULL DEFAULT current_timestamp() COMMENT 'Created At',
  `expires_at` timestamp NULL DEFAULT NULL COMMENT 'Expires At',
  `gateway_token` varchar(255) NOT NULL COMMENT 'Gateway Token',
  `details` text DEFAULT NULL COMMENT 'Details',
  `is_active` tinyint(1) NOT NULL DEFAULT 1,
  `is_visible` tinyint(1) NOT NULL DEFAULT 1,
  PRIMARY KEY (`entity_id`),
  UNIQUE KEY `VAULT_PAYMENT_TOKEN_PUBLIC_HASH` (`public_hash`),
  UNIQUE KEY `VAULT_PAYMENT_TOKEN_PAYMENT_METHOD_CODE_CSTR_ID_GATEWAY_TOKEN` (`payment_method_code`,`customer_id`,`gateway_token`),
  KEY `VAULT_PAYMENT_TOKEN_CUSTOMER_ID_CUSTOMER_ENTITY_ENTITY_ID` (`customer_id`),
  CONSTRAINT `VAULT_PAYMENT_TOKEN_CUSTOMER_ID_CUSTOMER_ENTITY_ENTITY_ID` FOREIGN KEY (`customer_id`) REFERENCES `customer_entity` (`entity_id`) ON DELETE CASCADE
) ENGINE=InnoDB DEFAULT CHARSET=utf8mb3 COLLATE=utf8mb3_general_ci COMMENT='Vault tokens of payment';

--
-- Dumping data for table `vault_payment_token`
--


--
-- Table structure for table `vault_payment_token_order_payment_link`
--

CREATE TABLE `vault_payment_token_order_payment_link` (
  `order_payment_id` int(10) unsigned NOT NULL COMMENT 'Order payment ID',
  `payment_token_id` int(10) unsigned NOT NULL COMMENT 'Payment token ID',
  PRIMARY KEY (`order_payment_id`,`payment_token_id`),
  KEY `FK_4ED894655446D385894580BECA993862` (`payment_token_id`),
  CONSTRAINT `FK_4ED894655446D385894580BECA993862` FOREIGN KEY (`payment_token_id`) REFERENCES `vault_payment_token` (`entity_id`) ON DELETE CASCADE,
  CONSTRAINT `FK_CF37B9D854256534BE23C818F6291CA2` FOREIGN KEY (`order_payment_id`) REFERENCES `sales_order_payment` (`entity_id`) ON DELETE CASCADE
) ENGINE=InnoDB DEFAULT CHARSET=utf8mb3 COLLATE=utf8mb3_general_ci COMMENT='Order payments to vault token';

--
-- Dumping data for table `vault_payment_token_order_payment_link`
--


--
-- Table structure for table `weee_tax`
--

CREATE TABLE `weee_tax` (
  `value_id` int(11) NOT NULL AUTO_INCREMENT COMMENT 'Value ID',
  `website_id` smallint(5) unsigned NOT NULL DEFAULT 0 COMMENT 'Website ID',
  `entity_id` int(10) unsigned NOT NULL DEFAULT 0 COMMENT 'Entity ID',
  `country` varchar(2) DEFAULT NULL COMMENT 'Country',
  `value` decimal(12,4) NOT NULL DEFAULT 0.0000 COMMENT 'Value',
  `state` int(11) NOT NULL DEFAULT 0 COMMENT 'State',
  `attribute_id` smallint(5) unsigned NOT NULL COMMENT 'Attribute ID',
  PRIMARY KEY (`value_id`),
  KEY `WEEE_TAX_WEBSITE_ID` (`website_id`),
  KEY `WEEE_TAX_ENTITY_ID` (`entity_id`),
  KEY `WEEE_TAX_COUNTRY` (`country`),
  KEY `WEEE_TAX_ATTRIBUTE_ID` (`attribute_id`),
  CONSTRAINT `WEEE_TAX_ATTRIBUTE_ID_EAV_ATTRIBUTE_ATTRIBUTE_ID` FOREIGN KEY (`attribute_id`) REFERENCES `eav_attribute` (`attribute_id`) ON DELETE CASCADE,
  CONSTRAINT `WEEE_TAX_COUNTRY_DIRECTORY_COUNTRY_COUNTRY_ID` FOREIGN KEY (`country`) REFERENCES `directory_country` (`country_id`) ON DELETE CASCADE,
  CONSTRAINT `WEEE_TAX_ENTITY_ID_CATALOG_PRODUCT_ENTITY_ENTITY_ID` FOREIGN KEY (`entity_id`) REFERENCES `catalog_product_entity` (`entity_id`) ON DELETE CASCADE,
  CONSTRAINT `WEEE_TAX_WEBSITE_ID_STORE_WEBSITE_WEBSITE_ID` FOREIGN KEY (`website_id`) REFERENCES `store_website` (`website_id`) ON DELETE CASCADE
) ENGINE=InnoDB DEFAULT CHARSET=utf8mb3 COLLATE=utf8mb3_general_ci COMMENT='Weee Tax';

--
-- Dumping data for table `weee_tax`
--


--
-- Table structure for table `widget`
--

CREATE TABLE `widget` (
  `widget_id` int(10) unsigned NOT NULL AUTO_INCREMENT COMMENT 'Widget ID',
  `widget_code` varchar(255) DEFAULT NULL COMMENT 'Widget code for template directive',
  `widget_type` varchar(255) DEFAULT NULL COMMENT 'Widget Type',
  `parameters` text DEFAULT NULL COMMENT 'Parameters',
  PRIMARY KEY (`widget_id`),
  KEY `WIDGET_WIDGET_CODE` (`widget_code`)
) ENGINE=InnoDB DEFAULT CHARSET=utf8mb3 COLLATE=utf8mb3_general_ci COMMENT='Preconfigured Widgets';

--
-- Dumping data for table `widget`
--


--
-- Table structure for table `widget_instance`
--

CREATE TABLE `widget_instance` (
  `instance_id` int(10) unsigned NOT NULL AUTO_INCREMENT COMMENT 'Instance ID',
  `instance_type` varchar(255) DEFAULT NULL COMMENT 'Instance Type',
  `theme_id` int(10) unsigned NOT NULL COMMENT 'Theme ID',
  `title` varchar(255) DEFAULT NULL COMMENT 'Widget Title',
  `store_ids` varchar(255) NOT NULL DEFAULT '0' COMMENT 'Store ids',
  `widget_parameters` text DEFAULT NULL COMMENT 'Widget parameters',
  `sort_order` smallint(5) unsigned NOT NULL DEFAULT 0 COMMENT 'Sort order',
  PRIMARY KEY (`instance_id`),
  KEY `WIDGET_INSTANCE_THEME_ID_THEME_THEME_ID` (`theme_id`),
  CONSTRAINT `WIDGET_INSTANCE_THEME_ID_THEME_THEME_ID` FOREIGN KEY (`theme_id`) REFERENCES `theme` (`theme_id`) ON DELETE CASCADE
) ENGINE=InnoDB AUTO_INCREMENT=18 DEFAULT CHARSET=utf8mb3 COLLATE=utf8mb3_general_ci COMMENT='Instances of Widget for Package Theme';

--
-- Dumping data for table `widget_instance`
--

INSERT INTO `widget_instance` (`instance_id`, `instance_type`, `theme_id`, `title`, `store_ids`, `widget_parameters`, `sort_order`) VALUES (1,'Magento\\Cms\\Block\\Widget\\Block',3,'Contact us info','0','{\"block_id\":\"2\"}',0);
INSERT INTO `widget_instance` (`instance_id`, `instance_type`, `theme_id`, `title`, `store_ids`, `widget_parameters`, `sort_order`) VALUES (2,'Magento\\Cms\\Block\\Widget\\Block',3,'Footer Links','0','{\"block_id\":\"1\"}',0);
INSERT INTO `widget_instance` (`instance_id`, `instance_type`, `theme_id`, `title`, `store_ids`, `widget_parameters`, `sort_order`) VALUES (3,'Magento\\Cms\\Block\\Widget\\Block',3,'Sale Left Menu','0','{\"block_id\":\"3\"}',0);
INSERT INTO `widget_instance` (`instance_id`, `instance_type`, `theme_id`, `title`, `store_ids`, `widget_parameters`, `sort_order`) VALUES (4,'Magento\\Cms\\Block\\Widget\\Block',3,'Gear Left Menu','0','{\"block_id\":\"4\"}',0);
INSERT INTO `widget_instance` (`instance_id`, `instance_type`, `theme_id`, `title`, `store_ids`, `widget_parameters`, `sort_order`) VALUES (5,'Magento\\Cms\\Block\\Widget\\Block',3,'Men\'s Left Menu','0','{\"block_id\":\"5\"}',0);
INSERT INTO `widget_instance` (`instance_id`, `instance_type`, `theme_id`, `title`, `store_ids`, `widget_parameters`, `sort_order`) VALUES (6,'Magento\\Cms\\Block\\Widget\\Block',3,'Women\'s Left Menu','0','{\"block_id\":\"6\"}',0);
INSERT INTO `widget_instance` (`instance_id`, `instance_type`, `theme_id`, `title`, `store_ids`, `widget_parameters`, `sort_order`) VALUES (7,'Magento\\Cms\\Block\\Widget\\Block',3,'What\'s New Left Menu','0','{\"block_id\":\"7\"}',0);
INSERT INTO `widget_instance` (`instance_id`, `instance_type`, `theme_id`, `title`, `store_ids`, `widget_parameters`, `sort_order`) VALUES (8,'Magento\\Cms\\Block\\Widget\\Block',3,'Women Category Content','0','{\"block_id\":\"8\"}',0);
INSERT INTO `widget_instance` (`instance_id`, `instance_type`, `theme_id`, `title`, `store_ids`, `widget_parameters`, `sort_order`) VALUES (9,'Magento\\Cms\\Block\\Widget\\Block',3,'Training Category Content','0','{\"block_id\":\"9\"}',0);
INSERT INTO `widget_instance` (`instance_id`, `instance_type`, `theme_id`, `title`, `store_ids`, `widget_parameters`, `sort_order`) VALUES (10,'Magento\\Cms\\Block\\Widget\\Block',3,'Men Category Content','0','{\"block_id\":\"10\"}',0);
INSERT INTO `widget_instance` (`instance_id`, `instance_type`, `theme_id`, `title`, `store_ids`, `widget_parameters`, `sort_order`) VALUES (11,'Magento\\Cms\\Block\\Widget\\Block',3,'Gear Category Content','0','{\"block_id\":\"11\"}',0);
INSERT INTO `widget_instance` (`instance_id`, `instance_type`, `theme_id`, `title`, `store_ids`, `widget_parameters`, `sort_order`) VALUES (12,'Magento\\Cms\\Block\\Widget\\Block',3,'New Products Category Content','0','{\"block_id\":\"13\"}',0);
INSERT INTO `widget_instance` (`instance_id`, `instance_type`, `theme_id`, `title`, `store_ids`, `widget_parameters`, `sort_order`) VALUES (13,'Magento\\Cms\\Block\\Widget\\Block',3,'Sale Category Content','0','{\"block_id\":\"12\"}',0);
INSERT INTO `widget_instance` (`instance_id`, `instance_type`, `theme_id`, `title`, `store_ids`, `widget_parameters`, `sort_order`) VALUES (14,'Magento\\Cms\\Block\\Widget\\Block',3,'Home Page','0','{\"block_id\":\"14\"}',0);
INSERT INTO `widget_instance` (`instance_id`, `instance_type`, `theme_id`, `title`, `store_ids`, `widget_parameters`, `sort_order`) VALUES (15,'Magento\\Cms\\Block\\Widget\\Block',3,'Performance Fabrics','0','{\"block_id\":\"15\"}',0);
INSERT INTO `widget_instance` (`instance_id`, `instance_type`, `theme_id`, `title`, `store_ids`, `widget_parameters`, `sort_order`) VALUES (16,'Magento\\Cms\\Block\\Widget\\Block',3,'Eco Friendly','0','{\"block_id\":\"16\"}',0);
INSERT INTO `widget_instance` (`instance_id`, `instance_type`, `theme_id`, `title`, `store_ids`, `widget_parameters`, `sort_order`) VALUES (17,'Magento\\Cms\\Block\\Widget\\Block',3,'Login Info','0','{\"block_id\":\"17\"}',0);

--
-- Table structure for table `widget_instance_page`
--

CREATE TABLE `widget_instance_page` (
  `page_id` int(10) unsigned NOT NULL AUTO_INCREMENT COMMENT 'Page ID',
  `instance_id` int(10) unsigned NOT NULL DEFAULT 0 COMMENT 'Instance ID',
  `page_group` varchar(25) DEFAULT NULL COMMENT 'Block Group Type',
  `layout_handle` varchar(255) DEFAULT NULL COMMENT 'Layout Handle',
  `block_reference` varchar(255) DEFAULT NULL COMMENT 'Container',
  `page_for` varchar(25) DEFAULT NULL COMMENT 'For instance entities',
  `entities` text DEFAULT NULL COMMENT 'Catalog entities (comma separated)',
  `page_template` varchar(255) DEFAULT NULL COMMENT 'Path to widget template',
  PRIMARY KEY (`page_id`),
  KEY `WIDGET_INSTANCE_PAGE_INSTANCE_ID` (`instance_id`),
  CONSTRAINT `WIDGET_INSTANCE_PAGE_INSTANCE_ID_WIDGET_INSTANCE_INSTANCE_ID` FOREIGN KEY (`instance_id`) REFERENCES `widget_instance` (`instance_id`) ON DELETE CASCADE
) ENGINE=InnoDB AUTO_INCREMENT=18 DEFAULT CHARSET=utf8mb3 COLLATE=utf8mb3_general_ci COMMENT='Instance of Widget on Page';

--
-- Dumping data for table `widget_instance_page`
--

INSERT INTO `widget_instance_page` (`page_id`, `instance_id`, `page_group`, `layout_handle`, `block_reference`, `page_for`, `entities`, `page_template`) VALUES (1,1,'pages','contact_index_index','content.top','all','','widget/static_block/default.phtml');
INSERT INTO `widget_instance_page` (`page_id`, `instance_id`, `page_group`, `layout_handle`, `block_reference`, `page_for`, `entities`, `page_template`) VALUES (2,2,'all_pages','default','cms_footer_links_container','all','','widget/static_block/default.phtml');
INSERT INTO `widget_instance_page` (`page_id`, `instance_id`, `page_group`, `layout_handle`, `block_reference`, `page_for`, `entities`, `page_template`) VALUES (3,3,'anchor_categories','catalog_category_view_type_layered','sidebar.main','specific','37','widget/static_block/default.phtml');
INSERT INTO `widget_instance_page` (`page_id`, `instance_id`, `page_group`, `layout_handle`, `block_reference`, `page_for`, `entities`, `page_template`) VALUES (4,4,'anchor_categories','catalog_category_view_type_layered','sidebar.main','specific','3','widget/static_block/default.phtml');
INSERT INTO `widget_instance_page` (`page_id`, `instance_id`, `page_group`, `layout_handle`, `block_reference`, `page_for`, `entities`, `page_template`) VALUES (5,5,'anchor_categories','catalog_category_view_type_layered','sidebar.main','specific','11','widget/static_block/default.phtml');
INSERT INTO `widget_instance_page` (`page_id`, `instance_id`, `page_group`, `layout_handle`, `block_reference`, `page_for`, `entities`, `page_template`) VALUES (6,6,'anchor_categories','catalog_category_view_type_layered','sidebar.main','specific','20','widget/static_block/default.phtml');
INSERT INTO `widget_instance_page` (`page_id`, `instance_id`, `page_group`, `layout_handle`, `block_reference`, `page_for`, `entities`, `page_template`) VALUES (7,7,'anchor_categories','catalog_category_view_type_layered','sidebar.main','specific','38','widget/static_block/default.phtml');
INSERT INTO `widget_instance_page` (`page_id`, `instance_id`, `page_group`, `layout_handle`, `block_reference`, `page_for`, `entities`, `page_template`) VALUES (8,8,'anchor_categories','catalog_category_view_type_layered','content.top','specific','20','widget/static_block/default.phtml');
INSERT INTO `widget_instance_page` (`page_id`, `instance_id`, `page_group`, `layout_handle`, `block_reference`, `page_for`, `entities`, `page_template`) VALUES (9,9,'anchor_categories','catalog_category_view_type_layered','content.top','specific','9','widget/static_block/default.phtml');
INSERT INTO `widget_instance_page` (`page_id`, `instance_id`, `page_group`, `layout_handle`, `block_reference`, `page_for`, `entities`, `page_template`) VALUES (10,10,'anchor_categories','catalog_category_view_type_layered','content.top','specific','11','widget/static_block/default.phtml');
INSERT INTO `widget_instance_page` (`page_id`, `instance_id`, `page_group`, `layout_handle`, `block_reference`, `page_for`, `entities`, `page_template`) VALUES (11,11,'anchor_categories','catalog_category_view_type_layered','content.top','specific','3','widget/static_block/default.phtml');
INSERT INTO `widget_instance_page` (`page_id`, `instance_id`, `page_group`, `layout_handle`, `block_reference`, `page_for`, `entities`, `page_template`) VALUES (12,12,'anchor_categories','catalog_category_view_type_layered','content.top','specific','38','widget/static_block/default.phtml');
INSERT INTO `widget_instance_page` (`page_id`, `instance_id`, `page_group`, `layout_handle`, `block_reference`, `page_for`, `entities`, `page_template`) VALUES (13,13,'anchor_categories','catalog_category_view_type_layered','content.top','specific','37','widget/static_block/default.phtml');
INSERT INTO `widget_instance_page` (`page_id`, `instance_id`, `page_group`, `layout_handle`, `block_reference`, `page_for`, `entities`, `page_template`) VALUES (14,14,'pages','cms_index_index','content','all','','widget/static_block/default.phtml');
INSERT INTO `widget_instance_page` (`page_id`, `instance_id`, `page_group`, `layout_handle`, `block_reference`, `page_for`, `entities`, `page_template`) VALUES (15,15,'anchor_categories','catalog_category_view_type_layered','content.top','specific','39','widget/static_block/default.phtml');
INSERT INTO `widget_instance_page` (`page_id`, `instance_id`, `page_group`, `layout_handle`, `block_reference`, `page_for`, `entities`, `page_template`) VALUES (16,16,'anchor_categories','catalog_category_view_type_layered','content.top','specific','40','widget/static_block/default.phtml');
INSERT INTO `widget_instance_page` (`page_id`, `instance_id`, `page_group`, `layout_handle`, `block_reference`, `page_for`, `entities`, `page_template`) VALUES (17,17,'pages','customer_account_login','customer.login.container','all','','widget/static_block/default.phtml');

--
-- Table structure for table `widget_instance_page_layout`
--

CREATE TABLE `widget_instance_page_layout` (
  `page_id` int(10) unsigned NOT NULL DEFAULT 0 COMMENT 'Page ID',
  `layout_update_id` int(10) unsigned NOT NULL DEFAULT 0 COMMENT 'Layout Update ID',
  PRIMARY KEY (`layout_update_id`,`page_id`),
  KEY `WIDGET_INSTANCE_PAGE_LAYOUT_PAGE_ID` (`page_id`),
  CONSTRAINT `WIDGET_INSTANCE_PAGE_LAYOUT_PAGE_ID_WIDGET_INSTANCE_PAGE_PAGE_ID` FOREIGN KEY (`page_id`) REFERENCES `widget_instance_page` (`page_id`) ON DELETE CASCADE,
  CONSTRAINT `WIDGET_INSTANCE_PAGE_LYT_LYT_UPDATE_ID_LYT_UPDATE_LYT_UPDATE_ID` FOREIGN KEY (`layout_update_id`) REFERENCES `layout_update` (`layout_update_id`) ON DELETE CASCADE
) ENGINE=InnoDB DEFAULT CHARSET=utf8mb3 COLLATE=utf8mb3_general_ci COMMENT='Layout updates';

--
-- Dumping data for table `widget_instance_page_layout`
--

INSERT INTO `widget_instance_page_layout` (`page_id`, `layout_update_id`) VALUES (1,1);
INSERT INTO `widget_instance_page_layout` (`page_id`, `layout_update_id`) VALUES (2,2);
INSERT INTO `widget_instance_page_layout` (`page_id`, `layout_update_id`) VALUES (3,3);
INSERT INTO `widget_instance_page_layout` (`page_id`, `layout_update_id`) VALUES (4,4);
INSERT INTO `widget_instance_page_layout` (`page_id`, `layout_update_id`) VALUES (5,5);
INSERT INTO `widget_instance_page_layout` (`page_id`, `layout_update_id`) VALUES (6,6);
INSERT INTO `widget_instance_page_layout` (`page_id`, `layout_update_id`) VALUES (7,7);
INSERT INTO `widget_instance_page_layout` (`page_id`, `layout_update_id`) VALUES (8,8);
INSERT INTO `widget_instance_page_layout` (`page_id`, `layout_update_id`) VALUES (9,9);
INSERT INTO `widget_instance_page_layout` (`page_id`, `layout_update_id`) VALUES (10,10);
INSERT INTO `widget_instance_page_layout` (`page_id`, `layout_update_id`) VALUES (11,11);
INSERT INTO `widget_instance_page_layout` (`page_id`, `layout_update_id`) VALUES (12,12);
INSERT INTO `widget_instance_page_layout` (`page_id`, `layout_update_id`) VALUES (13,13);
INSERT INTO `widget_instance_page_layout` (`page_id`, `layout_update_id`) VALUES (14,14);
INSERT INTO `widget_instance_page_layout` (`page_id`, `layout_update_id`) VALUES (15,15);
INSERT INTO `widget_instance_page_layout` (`page_id`, `layout_update_id`) VALUES (16,16);
INSERT INTO `widget_instance_page_layout` (`page_id`, `layout_update_id`) VALUES (17,17);

--
-- Table structure for table `wishlist`
--

CREATE TABLE `wishlist` (
  `wishlist_id` int(10) unsigned NOT NULL AUTO_INCREMENT COMMENT 'Wishlist ID',
  `customer_id` int(10) unsigned NOT NULL DEFAULT 0 COMMENT 'Customer ID',
  `shared` smallint(5) unsigned NOT NULL DEFAULT 0 COMMENT 'Sharing flag (0 or 1)',
  `sharing_code` varchar(32) DEFAULT NULL COMMENT 'Sharing encrypted code',
  `updated_at` timestamp NULL DEFAULT NULL COMMENT 'Last updated date',
  PRIMARY KEY (`wishlist_id`),
  UNIQUE KEY `WISHLIST_CUSTOMER_ID` (`customer_id`),
  KEY `WISHLIST_SHARED` (`shared`),
  CONSTRAINT `WISHLIST_CUSTOMER_ID_CUSTOMER_ENTITY_ENTITY_ID` FOREIGN KEY (`customer_id`) REFERENCES `customer_entity` (`entity_id`) ON DELETE CASCADE
) ENGINE=InnoDB AUTO_INCREMENT=3 DEFAULT CHARSET=utf8mb3 COLLATE=utf8mb3_general_ci COMMENT='Wishlist main Table';

--
-- Dumping data for table `wishlist`
--

INSERT INTO `wishlist` (`wishlist_id`, `customer_id`, `shared`, `sharing_code`, `updated_at`) VALUES (1,2,0,'VRCSbN9QwPXexmrNu0DkCtN2CYZMXJjZ','2024-12-21 08:53:52');
INSERT INTO `wishlist` (`wishlist_id`, `customer_id`, `shared`, `sharing_code`, `updated_at`) VALUES (2,3,0,'EKBim8Met1jlfgfeyBD9tq7Wnp7KJDNq','2024-12-21 08:55:03');

--
-- Table structure for table `wishlist_item`
--

CREATE TABLE `wishlist_item` (
  `wishlist_item_id` int(10) unsigned NOT NULL AUTO_INCREMENT COMMENT 'Wishlist item ID',
  `wishlist_id` int(10) unsigned NOT NULL DEFAULT 0 COMMENT 'Wishlist ID',
  `product_id` int(10) unsigned NOT NULL DEFAULT 0 COMMENT 'Product ID',
  `store_id` smallint(5) unsigned DEFAULT NULL COMMENT 'Store ID',
  `added_at` timestamp NULL DEFAULT NULL COMMENT 'Add date and time',
  `description` text DEFAULT NULL COMMENT 'Short description of wish list item',
  `qty` decimal(12,4) NOT NULL COMMENT 'Qty',
  PRIMARY KEY (`wishlist_item_id`),
  KEY `WISHLIST_ITEM_WISHLIST_ID` (`wishlist_id`),
  KEY `WISHLIST_ITEM_PRODUCT_ID` (`product_id`),
  KEY `WISHLIST_ITEM_STORE_ID` (`store_id`),
  CONSTRAINT `WISHLIST_ITEM_PRODUCT_ID_CATALOG_PRODUCT_ENTITY_ENTITY_ID` FOREIGN KEY (`product_id`) REFERENCES `catalog_product_entity` (`entity_id`) ON DELETE CASCADE,
  CONSTRAINT `WISHLIST_ITEM_STORE_ID_STORE_STORE_ID` FOREIGN KEY (`store_id`) REFERENCES `store` (`store_id`) ON DELETE SET NULL,
  CONSTRAINT `WISHLIST_ITEM_WISHLIST_ID_WISHLIST_WISHLIST_ID` FOREIGN KEY (`wishlist_id`) REFERENCES `wishlist` (`wishlist_id`) ON DELETE CASCADE
) ENGINE=InnoDB DEFAULT CHARSET=utf8mb3 COLLATE=utf8mb3_general_ci COMMENT='Wishlist items';

--
-- Dumping data for table `wishlist_item`
--


--
-- Table structure for table `wishlist_item_option`
--

CREATE TABLE `wishlist_item_option` (
  `option_id` int(10) unsigned NOT NULL AUTO_INCREMENT COMMENT 'Option ID',
  `wishlist_item_id` int(10) unsigned NOT NULL COMMENT 'Wishlist Item ID',
  `product_id` int(10) unsigned NOT NULL COMMENT 'Product ID',
  `code` varchar(255) NOT NULL COMMENT 'Code',
  `value` text DEFAULT NULL COMMENT 'Value',
  PRIMARY KEY (`option_id`),
  KEY `FK_A014B30B04B72DD0EAB3EECD779728D6` (`wishlist_item_id`),
  CONSTRAINT `FK_A014B30B04B72DD0EAB3EECD779728D6` FOREIGN KEY (`wishlist_item_id`) REFERENCES `wishlist_item` (`wishlist_item_id`) ON DELETE CASCADE
) ENGINE=InnoDB DEFAULT CHARSET=utf8mb3 COLLATE=utf8mb3_general_ci COMMENT='Wishlist Item Option Table';

--
-- Dumping data for table `wishlist_item_option`
--


--
-- Final view structure for view `inventory_stock_1`
--

/*!50001 DROP VIEW IF EXISTS `inventory_stock_1`*/;
/*!50001 CREATE ALGORITHM=UNDEFINED */
/*!50013 DEFINER=CURRENT_USER SQL SECURITY INVOKER */
/*!50001 VIEW `inventory_stock_1` AS select distinct `legacy_stock_status`.`product_id` AS `product_id`,`legacy_stock_status`.`website_id` AS `website_id`,`legacy_stock_status`.`stock_id` AS `stock_id`,`legacy_stock_status`.`qty` AS `quantity`,`legacy_stock_status`.`stock_status` AS `is_salable`,`product`.`sku` AS `sku` from (`cataloginventory_stock_status` `legacy_stock_status` join `catalog_product_entity` `product` on(`legacy_stock_status`.`product_id` = `product`.`entity_id`)) */;


