-- Table structure for table `customer_entity`
--

CREATE TABLE `customer_entity` (
  `entity_id` int(10) unsigned NOT NULL AUTO_INCREMENT COMMENT 'Entity ID',
  `website_id` smallint(5) unsigned DEFAULT NULL COMMENT 'Website ID',
  `email` varchar(255) DEFAULT NULL COMMENT 'Email',
  `group_id` smallint(5) unsigned NOT NULL DEFAULT 0 COMMENT 'Group ID',
  `increment_id` varchar(50) DEFAULT NULL COMMENT 'Increment ID',
  `store_id` smallint(5) unsigned DEFAULT 0 COMMENT 'Store ID',
  `created_at` timestamp NOT NULL DEFAULT current_timestamp() COMMENT 'Created At',
  `updated_at` timestamp NOT NULL DEFAULT current_timestamp() ON UPDATE current_timestamp() COMMENT 'Updated At',
  `is_active` smallint(5) unsigned NOT NULL DEFAULT 1 COMMENT 'Is Active',
  `disable_auto_group_change` smallint(5) unsigned NOT NULL DEFAULT 0 COMMENT 'Disable automatic group change based on VAT ID',
  `created_in` varchar(255) DEFAULT NULL COMMENT 'Created From',
  `prefix` varchar(40) DEFAULT NULL COMMENT 'Name Prefix',
  `firstname` varchar(255) DEFAULT NULL COMMENT 'First Name',
  `middlename` varchar(255) DEFAULT NULL COMMENT 'Middle Name/Initial',
  `lastname` varchar(255) DEFAULT NULL COMMENT 'Last Name',
  `suffix` varchar(40) DEFAULT NULL COMMENT 'Name Suffix',
  `dob` date DEFAULT NULL COMMENT 'Date of Birth',
  `password_hash` varchar(128) DEFAULT NULL COMMENT 'Password_hash',
  `rp_token` varchar(128) DEFAULT NULL COMMENT 'Reset password token',
  `rp_token_created_at` datetime DEFAULT NULL COMMENT 'Reset password token creation time',
  `default_billing` int(10) unsigned DEFAULT NULL COMMENT 'Default Billing Address',
  `default_shipping` int(10) unsigned DEFAULT NULL COMMENT 'Default Shipping Address',
  `taxvat` varchar(50) DEFAULT NULL COMMENT 'Tax/VAT Number',
  `confirmation` varchar(64) DEFAULT NULL COMMENT 'Is Confirmed',
  `gender` smallint(5) unsigned DEFAULT NULL COMMENT 'Gender',
  `failures_num` smallint(6) DEFAULT 0 COMMENT 'Failure Number',
  `first_failure` timestamp NULL DEFAULT NULL COMMENT 'First Failure',
  `lock_expires` timestamp NULL DEFAULT NULL COMMENT 'Lock Expiration Date',
  `session_cutoff` timestamp NULL DEFAULT NULL COMMENT 'Session Cutoff Time',
  PRIMARY KEY (`entity_id`),
  UNIQUE KEY `CUSTOMER_ENTITY_EMAIL_WEBSITE_ID` (`email`,`website_id`),
  KEY `CUSTOMER_ENTITY_STORE_ID` (`store_id`),
  KEY `CUSTOMER_ENTITY_WEBSITE_ID` (`website_id`),
  KEY `CUSTOMER_ENTITY_FIRSTNAME` (`firstname`),
  KEY `CUSTOMER_ENTITY_LASTNAME` (`lastname`),
  CONSTRAINT `CUSTOMER_ENTITY_STORE_ID_STORE_STORE_ID` FOREIGN KEY (`store_id`) REFERENCES `store` (`store_id`) ON DELETE SET NULL,
  CONSTRAINT `CUSTOMER_ENTITY_WEBSITE_ID_STORE_WEBSITE_WEBSITE_ID` FOREIGN KEY (`website_id`) REFERENCES `store_website` (`website_id`) ON DELETE SET NULL
) ENGINE=InnoDB AUTO_INCREMENT=4 DEFAULT CHARSET=utf8mb3 COLLATE=utf8mb3_general_ci COMMENT='Customer Entity';

--
-- Dumping data for table `customer_entity`
--

INSERT INTO `customer_entity` (`entity_id`, `website_id`, `email`, `group_id`, `increment_id`, `store_id`, `created_at`, `updated_at`, `is_active`, `disable_auto_group_change`, `created_in`, `prefix`, `firstname`, `middlename`, `lastname`, `suffix`, `dob`, `password_hash`, `rp_token`, `rp_token_created_at`, `default_billing`, `default_shipping`, `taxvat`, `confirmation`, `gender`, `failures_num`, `first_failure`, `lock_expires`, `session_cutoff`) VALUES (1,1,'roni_cost@example.com',1,NULL,1,'2024-12-21 07:34:19','2024-12-21 07:34:19',1,0,'Default Store View',NULL,'Veronica',NULL,'Costello',NULL,'1973-12-15','3ea74738713a2d41125a925e1b80888816ebccb201bad6bc777da6157a07347c:IlB8aSqoxyDVeotpO9rMpNO7f8dVysRZ:3_32_2_67108864','0:3:J4slbBt6XHiKC2GypAt4HXhKuY2jTQoYYbmHEPxb/wIq12Zq0VzxxQy1J4cZRTcSdbweSQZSAbbyaL7d','2024-12-21 07:34:19',1,1,NULL,NULL,2,0,NULL,NULL,NULL);
INSERT INTO `customer_entity` (`entity_id`, `website_id`, `email`, `group_id`, `increment_id`, `store_id`, `created_at`, `updated_at`, `is_active`, `disable_auto_group_change`, `created_in`, `prefix`, `firstname`, `middlename`, `lastname`, `suffix`, `dob`, `password_hash`, `rp_token`, `rp_token_created_at`, `default_billing`, `default_shipping`, `taxvat`, `confirmation`, `gender`, `failures_num`, `first_failure`, `lock_expires`, `session_cutoff`) VALUES (2,1,'djnner@proton.me',1,NULL,1,'2024-12-21 08:53:51','2024-12-21 08:55:10',1,0,'Default Store View',NULL,'Le Bao Minh',NULL,'Dao',NULL,NULL,'54b0a849677838f5a97bde7e5db00205224e641c43309fd664a87a46a79ca1cd:JdSnUhS5odpQaeVVjLIavzanHonMW3wb:3_32_2_67108864','0:3:E4JQAfNZZ35Y4wEJLhDreE43KgiJeCb2K7vb7xh2nmnwch3lQLQ7bM/8poiL3318fHCzA5cH/bPzaBCV','2024-12-21 08:53:51',2,2,NULL,NULL,NULL,0,NULL,NULL,NULL);
INSERT INTO `customer_entity` (`entity_id`, `website_id`, `email`, `group_id`, `increment_id`, `store_id`, `created_at`, `updated_at`, `is_active`, `disable_auto_group_change`, `created_in`, `prefix`, `firstname`, `middlename`, `lastname`, `suffix`, `dob`, `password_hash`, `rp_token`, `rp_token_created_at`, `default_billing`, `default_shipping`, `taxvat`, `confirmation`, `gender`, `failures_num`, `first_failure`, `lock_expires`, `session_cutoff`) VALUES (3,1,'genghis@gmail.com',1,NULL,1,'2024-12-21 08:55:02','2024-12-21 08:55:02',1,0,'Default Store View',NULL,'trung',NULL,'nguyen',NULL,NULL,'2ba1395b65ce477b076d69ac0ef9223d96aade21bb8944d909eeec82f2fd0e0b:GbFyPQNInjHSrIM0vOnsf0V04RM4WmFq:3_32_2_67108864','0:3:U7ftqcWno1GDDw3ewjIHWw/q9jmEAY3CGGh7we2lXmsXrBf06EVB5KVO2tE6k3V8duftHYp2kHy0aAHx','2024-12-21 08:55:02',NULL,NULL,NULL,NULL,NULL,0,NULL,NULL,NULL);

--
-- Table structure for table `customer_entity_datetime`
--

CREATE TABLE `customer_entity_datetime` (
  `value_id` int(11) NOT NULL AUTO_INCREMENT COMMENT 'Value ID',
  `attribute_id` smallint(5) unsigned NOT NULL DEFAULT 0 COMMENT 'Attribute ID',
  `entity_id` int(10) unsigned NOT NULL DEFAULT 0 COMMENT 'Entity ID',
  `value` datetime DEFAULT NULL COMMENT 'Value',
  PRIMARY KEY (`value_id`),
  UNIQUE KEY `CUSTOMER_ENTITY_DATETIME_ENTITY_ID_ATTRIBUTE_ID` (`entity_id`,`attribute_id`),
  KEY `CUSTOMER_ENTITY_DATETIME_ATTRIBUTE_ID` (`attribute_id`),
  KEY `CUSTOMER_ENTITY_DATETIME_ENTITY_ID_ATTRIBUTE_ID_VALUE` (`entity_id`,`attribute_id`,`value`),
  CONSTRAINT `CUSTOMER_ENTITY_DATETIME_ATTRIBUTE_ID_EAV_ATTRIBUTE_ATTRIBUTE_ID` FOREIGN KEY (`attribute_id`) REFERENCES `eav_attribute` (`attribute_id`) ON DELETE CASCADE,
  CONSTRAINT `CUSTOMER_ENTITY_DATETIME_ENTITY_ID_CUSTOMER_ENTITY_ENTITY_ID` FOREIGN KEY (`entity_id`) REFERENCES `customer_entity` (`entity_id`) ON DELETE CASCADE
) ENGINE=InnoDB DEFAULT CHARSET=utf8mb3 COLLATE=utf8mb3_general_ci COMMENT='Customer Entity Datetime';

--
-- Dumping data for table `customer_entity_datetime`
--


--
-- Table structure for table `customer_entity_decimal`
--

CREATE TABLE `customer_entity_decimal` (
  `value_id` int(11) NOT NULL AUTO_INCREMENT COMMENT 'Value ID',
  `attribute_id` smallint(5) unsigned NOT NULL DEFAULT 0 COMMENT 'Attribute ID',
  `entity_id` int(10) unsigned NOT NULL DEFAULT 0 COMMENT 'Entity ID',
  `value` decimal(12,4) NOT NULL DEFAULT 0.0000 COMMENT 'Value',
  PRIMARY KEY (`value_id`),
  UNIQUE KEY `CUSTOMER_ENTITY_DECIMAL_ENTITY_ID_ATTRIBUTE_ID` (`entity_id`,`attribute_id`),
  KEY `CUSTOMER_ENTITY_DECIMAL_ATTRIBUTE_ID` (`attribute_id`),
  KEY `CUSTOMER_ENTITY_DECIMAL_ENTITY_ID_ATTRIBUTE_ID_VALUE` (`entity_id`,`attribute_id`,`value`),
  CONSTRAINT `CUSTOMER_ENTITY_DECIMAL_ATTRIBUTE_ID_EAV_ATTRIBUTE_ATTRIBUTE_ID` FOREIGN KEY (`attribute_id`) REFERENCES `eav_attribute` (`attribute_id`) ON DELETE CASCADE,
  CONSTRAINT `CUSTOMER_ENTITY_DECIMAL_ENTITY_ID_CUSTOMER_ENTITY_ENTITY_ID` FOREIGN KEY (`entity_id`) REFERENCES `customer_entity` (`entity_id`) ON DELETE CASCADE
) ENGINE=InnoDB DEFAULT CHARSET=utf8mb3 COLLATE=utf8mb3_general_ci COMMENT='Customer Entity Decimal';

--
-- Dumping data for table `customer_entity_decimal`
--


--
-- Table structure for table `customer_entity_int`
--

CREATE TABLE `customer_entity_int` (
  `value_id` int(11) NOT NULL AUTO_INCREMENT COMMENT 'Value ID',
  `attribute_id` smallint(5) unsigned NOT NULL DEFAULT 0 COMMENT 'Attribute ID',
  `entity_id` int(10) unsigned NOT NULL DEFAULT 0 COMMENT 'Entity ID',
  `value` int(11) NOT NULL DEFAULT 0 COMMENT 'Value',
  PRIMARY KEY (`value_id`),
  UNIQUE KEY `CUSTOMER_ENTITY_INT_ENTITY_ID_ATTRIBUTE_ID` (`entity_id`,`attribute_id`),
  KEY `CUSTOMER_ENTITY_INT_ATTRIBUTE_ID` (`attribute_id`),
  KEY `CUSTOMER_ENTITY_INT_ENTITY_ID_ATTRIBUTE_ID_VALUE` (`entity_id`,`attribute_id`,`value`),
  CONSTRAINT `CUSTOMER_ENTITY_INT_ATTRIBUTE_ID_EAV_ATTRIBUTE_ATTRIBUTE_ID` FOREIGN KEY (`attribute_id`) REFERENCES `eav_attribute` (`attribute_id`) ON DELETE CASCADE,
  CONSTRAINT `CUSTOMER_ENTITY_INT_ENTITY_ID_CUSTOMER_ENTITY_ENTITY_ID` FOREIGN KEY (`entity_id`) REFERENCES `customer_entity` (`entity_id`) ON DELETE CASCADE
) ENGINE=InnoDB DEFAULT CHARSET=utf8mb3 COLLATE=utf8mb3_general_ci COMMENT='Customer Entity Int';

--
-- Dumping data for table `customer_entity_int`
--


--
-- Table structure for table `customer_entity_text`
--

CREATE TABLE `customer_entity_text` (
  `value_id` int(11) NOT NULL AUTO_INCREMENT COMMENT 'Value ID',
  `attribute_id` smallint(5) unsigned NOT NULL DEFAULT 0 COMMENT 'Attribute ID',
  `entity_id` int(10) unsigned NOT NULL DEFAULT 0 COMMENT 'Entity ID',
  `value` text NOT NULL COMMENT 'Value',
  PRIMARY KEY (`value_id`),
  UNIQUE KEY `CUSTOMER_ENTITY_TEXT_ENTITY_ID_ATTRIBUTE_ID` (`entity_id`,`attribute_id`),
  KEY `CUSTOMER_ENTITY_TEXT_ATTRIBUTE_ID` (`attribute_id`),
  CONSTRAINT `CUSTOMER_ENTITY_TEXT_ATTRIBUTE_ID_EAV_ATTRIBUTE_ATTRIBUTE_ID` FOREIGN KEY (`attribute_id`) REFERENCES `eav_attribute` (`attribute_id`) ON DELETE CASCADE,
  CONSTRAINT `CUSTOMER_ENTITY_TEXT_ENTITY_ID_CUSTOMER_ENTITY_ENTITY_ID` FOREIGN KEY (`entity_id`) REFERENCES `customer_entity` (`entity_id`) ON DELETE CASCADE
) ENGINE=InnoDB DEFAULT CHARSET=utf8mb3 COLLATE=utf8mb3_general_ci COMMENT='Customer Entity Text';

--
-- Dumping data for table `customer_entity_text`
--


--
-- Table structure for table `customer_entity_varchar`
--

CREATE TABLE `customer_entity_varchar` (
  `value_id` int(11) NOT NULL AUTO_INCREMENT COMMENT 'Value ID',
  `attribute_id` smallint(5) unsigned NOT NULL DEFAULT 0 COMMENT 'Attribute ID',
  `entity_id` int(10) unsigned NOT NULL DEFAULT 0 COMMENT 'Entity ID',
  `value` varchar(255) DEFAULT NULL COMMENT 'Value',
  PRIMARY KEY (`value_id`),
  UNIQUE KEY `CUSTOMER_ENTITY_VARCHAR_ENTITY_ID_ATTRIBUTE_ID` (`entity_id`,`attribute_id`),
  KEY `CUSTOMER_ENTITY_VARCHAR_ATTRIBUTE_ID` (`attribute_id`),
  KEY `CUSTOMER_ENTITY_VARCHAR_ENTITY_ID_ATTRIBUTE_ID_VALUE` (`entity_id`,`attribute_id`,`value`),
  CONSTRAINT `CUSTOMER_ENTITY_VARCHAR_ATTRIBUTE_ID_EAV_ATTRIBUTE_ATTRIBUTE_ID` FOREIGN KEY (`attribute_id`) REFERENCES `eav_attribute` (`attribute_id`) ON DELETE CASCADE,
  CONSTRAINT `CUSTOMER_ENTITY_VARCHAR_ENTITY_ID_CUSTOMER_ENTITY_ENTITY_ID` FOREIGN KEY (`entity_id`) REFERENCES `customer_entity` (`entity_id`) ON DELETE CASCADE
) ENGINE=InnoDB DEFAULT CHARSET=utf8mb3 COLLATE=utf8mb3_general_ci COMMENT='Customer Entity Varchar';

--
-- Dumping data for table `customer_entity_varchar`
--


--
-- Table structure for table `customer_form_attribute`
--

CREATE TABLE `customer_form_attribute` (
  `form_code` varchar(32) NOT NULL COMMENT 'Form Code',
  `attribute_id` smallint(5) unsigned NOT NULL COMMENT 'Attribute ID',
  PRIMARY KEY (`form_code`,`attribute_id`),
  KEY `CUSTOMER_FORM_ATTRIBUTE_ATTRIBUTE_ID` (`attribute_id`),
  CONSTRAINT `CUSTOMER_FORM_ATTRIBUTE_ATTRIBUTE_ID_EAV_ATTRIBUTE_ATTRIBUTE_ID` FOREIGN KEY (`attribute_id`) REFERENCES `eav_attribute` (`attribute_id`) ON DELETE CASCADE
) ENGINE=InnoDB DEFAULT CHARSET=utf8mb3 COLLATE=utf8mb3_general_ci COMMENT='Customer Form Attribute';

--
-- Dumping data for table `customer_form_attribute`
--

INSERT INTO `customer_form_attribute` (`form_code`, `attribute_id`) VALUES ('adminhtml_checkout',9);
INSERT INTO `customer_form_attribute` (`form_code`, `attribute_id`) VALUES ('adminhtml_checkout',10);
INSERT INTO `customer_form_attribute` (`form_code`, `attribute_id`) VALUES ('adminhtml_checkout',11);
INSERT INTO `customer_form_attribute` (`form_code`, `attribute_id`) VALUES ('adminhtml_checkout',17);
INSERT INTO `customer_form_attribute` (`form_code`, `attribute_id`) VALUES ('adminhtml_checkout',20);
INSERT INTO `customer_form_attribute` (`form_code`, `attribute_id`) VALUES ('adminhtml_customer',1);
INSERT INTO `customer_form_attribute` (`form_code`, `attribute_id`) VALUES ('adminhtml_customer',3);
INSERT INTO `customer_form_attribute` (`form_code`, `attribute_id`) VALUES ('adminhtml_customer',4);
INSERT INTO `customer_form_attribute` (`form_code`, `attribute_id`) VALUES ('adminhtml_customer',5);
INSERT INTO `customer_form_attribute` (`form_code`, `attribute_id`) VALUES ('adminhtml_customer',6);
INSERT INTO `customer_form_attribute` (`form_code`, `attribute_id`) VALUES ('adminhtml_customer',7);
INSERT INTO `customer_form_attribute` (`form_code`, `attribute_id`) VALUES ('adminhtml_customer',8);
INSERT INTO `customer_form_attribute` (`form_code`, `attribute_id`) VALUES ('adminhtml_customer',9);
INSERT INTO `customer_form_attribute` (`form_code`, `attribute_id`) VALUES ('adminhtml_customer',10);
INSERT INTO `customer_form_attribute` (`form_code`, `attribute_id`) VALUES ('adminhtml_customer',11);
INSERT INTO `customer_form_attribute` (`form_code`, `attribute_id`) VALUES ('adminhtml_customer',17);
INSERT INTO `customer_form_attribute` (`form_code`, `attribute_id`) VALUES ('adminhtml_customer',19);
INSERT INTO `customer_form_attribute` (`form_code`, `attribute_id`) VALUES ('adminhtml_customer',20);
INSERT INTO `customer_form_attribute` (`form_code`, `attribute_id`) VALUES ('adminhtml_customer',21);
INSERT INTO `customer_form_attribute` (`form_code`, `attribute_id`) VALUES ('adminhtml_customer_address',22);
INSERT INTO `customer_form_attribute` (`form_code`, `attribute_id`) VALUES ('adminhtml_customer_address',23);
INSERT INTO `customer_form_attribute` (`form_code`, `attribute_id`) VALUES ('adminhtml_customer_address',24);
INSERT INTO `customer_form_attribute` (`form_code`, `attribute_id`) VALUES ('adminhtml_customer_address',25);
INSERT INTO `customer_form_attribute` (`form_code`, `attribute_id`) VALUES ('adminhtml_customer_address',26);
INSERT INTO `customer_form_attribute` (`form_code`, `attribute_id`) VALUES ('adminhtml_customer_address',27);
INSERT INTO `customer_form_attribute` (`form_code`, `attribute_id`) VALUES ('adminhtml_customer_address',28);
INSERT INTO `customer_form_attribute` (`form_code`, `attribute_id`) VALUES ('adminhtml_customer_address',29);
INSERT INTO `customer_form_attribute` (`form_code`, `attribute_id`) VALUES ('adminhtml_customer_address',30);
INSERT INTO `customer_form_attribute` (`form_code`, `attribute_id`) VALUES ('adminhtml_customer_address',31);
INSERT INTO `customer_form_attribute` (`form_code`, `attribute_id`) VALUES ('adminhtml_customer_address',32);
INSERT INTO `customer_form_attribute` (`form_code`, `attribute_id`) VALUES ('adminhtml_customer_address',33);
INSERT INTO `customer_form_attribute` (`form_code`, `attribute_id`) VALUES ('adminhtml_customer_address',34);
INSERT INTO `customer_form_attribute` (`form_code`, `attribute_id`) VALUES ('adminhtml_customer_address',35);
INSERT INTO `customer_form_attribute` (`form_code`, `attribute_id`) VALUES ('adminhtml_customer_address',36);
INSERT INTO `customer_form_attribute` (`form_code`, `attribute_id`) VALUES ('customer_account_create',4);
INSERT INTO `customer_form_attribute` (`form_code`, `attribute_id`) VALUES ('customer_account_create',5);
INSERT INTO `customer_form_attribute` (`form_code`, `attribute_id`) VALUES ('customer_account_create',6);
INSERT INTO `customer_form_attribute` (`form_code`, `attribute_id`) VALUES ('customer_account_create',7);
INSERT INTO `customer_form_attribute` (`form_code`, `attribute_id`) VALUES ('customer_account_create',8);
INSERT INTO `customer_form_attribute` (`form_code`, `attribute_id`) VALUES ('customer_account_create',9);
INSERT INTO `customer_form_attribute` (`form_code`, `attribute_id`) VALUES ('customer_account_create',11);
INSERT INTO `customer_form_attribute` (`form_code`, `attribute_id`) VALUES ('customer_account_create',17);
INSERT INTO `customer_form_attribute` (`form_code`, `attribute_id`) VALUES ('customer_account_create',19);
INSERT INTO `customer_form_attribute` (`form_code`, `attribute_id`) VALUES ('customer_account_create',20);
INSERT INTO `customer_form_attribute` (`form_code`, `attribute_id`) VALUES ('customer_account_edit',4);
INSERT INTO `customer_form_attribute` (`form_code`, `attribute_id`) VALUES ('customer_account_edit',5);
INSERT INTO `customer_form_attribute` (`form_code`, `attribute_id`) VALUES ('customer_account_edit',6);
INSERT INTO `customer_form_attribute` (`form_code`, `attribute_id`) VALUES ('customer_account_edit',7);
INSERT INTO `customer_form_attribute` (`form_code`, `attribute_id`) VALUES ('customer_account_edit',8);
INSERT INTO `customer_form_attribute` (`form_code`, `attribute_id`) VALUES ('customer_account_edit',9);
INSERT INTO `customer_form_attribute` (`form_code`, `attribute_id`) VALUES ('customer_account_edit',11);
INSERT INTO `customer_form_attribute` (`form_code`, `attribute_id`) VALUES ('customer_account_edit',17);
INSERT INTO `customer_form_attribute` (`form_code`, `attribute_id`) VALUES ('customer_account_edit',19);
INSERT INTO `customer_form_attribute` (`form_code`, `attribute_id`) VALUES ('customer_account_edit',20);
INSERT INTO `customer_form_attribute` (`form_code`, `attribute_id`) VALUES ('customer_address_edit',22);
INSERT INTO `customer_form_attribute` (`form_code`, `attribute_id`) VALUES ('customer_address_edit',23);
INSERT INTO `customer_form_attribute` (`form_code`, `attribute_id`) VALUES ('customer_address_edit',24);
INSERT INTO `customer_form_attribute` (`form_code`, `attribute_id`) VALUES ('customer_address_edit',25);
INSERT INTO `customer_form_attribute` (`form_code`, `attribute_id`) VALUES ('customer_address_edit',26);
INSERT INTO `customer_form_attribute` (`form_code`, `attribute_id`) VALUES ('customer_address_edit',27);
INSERT INTO `customer_form_attribute` (`form_code`, `attribute_id`) VALUES ('customer_address_edit',28);
INSERT INTO `customer_form_attribute` (`form_code`, `attribute_id`) VALUES ('customer_address_edit',29);
INSERT INTO `customer_form_attribute` (`form_code`, `attribute_id`) VALUES ('customer_address_edit',30);
INSERT INTO `customer_form_attribute` (`form_code`, `attribute_id`) VALUES ('customer_address_edit',31);
INSERT INTO `customer_form_attribute` (`form_code`, `attribute_id`) VALUES ('customer_address_edit',32);
INSERT INTO `customer_form_attribute` (`form_code`, `attribute_id`) VALUES ('customer_address_edit',33);
INSERT INTO `customer_form_attribute` (`form_code`, `attribute_id`) VALUES ('customer_address_edit',34);
INSERT INTO `customer_form_attribute` (`form_code`, `attribute_id`) VALUES ('customer_address_edit',35);
INSERT INTO `customer_form_attribute` (`form_code`, `attribute_id`) VALUES ('customer_address_edit',36);
INSERT INTO `customer_form_attribute` (`form_code`, `attribute_id`) VALUES ('customer_register_address',22);
INSERT INTO `customer_form_attribute` (`form_code`, `attribute_id`) VALUES ('customer_register_address',23);
INSERT INTO `customer_form_attribute` (`form_code`, `attribute_id`) VALUES ('customer_register_address',24);
INSERT INTO `customer_form_attribute` (`form_code`, `attribute_id`) VALUES ('customer_register_address',25);
INSERT INTO `customer_form_attribute` (`form_code`, `attribute_id`) VALUES ('customer_register_address',26);
INSERT INTO `customer_form_attribute` (`form_code`, `attribute_id`) VALUES ('customer_register_address',27);
INSERT INTO `customer_form_attribute` (`form_code`, `attribute_id`) VALUES ('customer_register_address',28);
INSERT INTO `customer_form_attribute` (`form_code`, `attribute_id`) VALUES ('customer_register_address',29);
INSERT INTO `customer_form_attribute` (`form_code`, `attribute_id`) VALUES ('customer_register_address',30);
INSERT INTO `customer_form_attribute` (`form_code`, `attribute_id`) VALUES ('customer_register_address',31);
INSERT INTO `customer_form_attribute` (`form_code`, `attribute_id`) VALUES ('customer_register_address',32);
INSERT INTO `customer_form_attribute` (`form_code`, `attribute_id`) VALUES ('customer_register_address',33);
INSERT INTO `customer_form_attribute` (`form_code`, `attribute_id`) VALUES ('customer_register_address',34);
INSERT INTO `customer_form_attribute` (`form_code`, `attribute_id`) VALUES ('customer_register_address',35);
INSERT INTO `customer_form_attribute` (`form_code`, `attribute_id`) VALUES ('customer_register_address',36);

--
-- Table structure for table `customer_grid_flat`
--

CREATE TABLE `customer_grid_flat` (
  `entity_id` int(10) unsigned NOT NULL COMMENT 'Entity ID',
  `name` text DEFAULT NULL COMMENT 'Name',
  `email` varchar(255) DEFAULT NULL COMMENT 'Email',
  `group_id` int(11) DEFAULT NULL COMMENT 'Group_id',
  `created_at` timestamp NULL DEFAULT NULL COMMENT 'Created_at',
  `website_id` int(11) DEFAULT NULL COMMENT 'Website_id',
  `confirmation` varchar(255) DEFAULT NULL COMMENT 'Confirmation',
  `created_in` text DEFAULT NULL COMMENT 'Created_in',
  `dob` date DEFAULT NULL COMMENT 'Dob',
  `gender` int(11) DEFAULT NULL COMMENT 'Gender',
  `taxvat` varchar(255) DEFAULT NULL COMMENT 'Taxvat',
  `lock_expires` timestamp NULL DEFAULT NULL COMMENT 'Lock_expires',
  `shipping_full` text DEFAULT NULL COMMENT 'Shipping_full',
  `billing_full` text DEFAULT NULL COMMENT 'Billing_full',
  `billing_firstname` varchar(255) DEFAULT NULL COMMENT 'Billing_firstname',
  `billing_lastname` varchar(255) DEFAULT NULL COMMENT 'Billing_lastname',
  `billing_telephone` varchar(255) DEFAULT NULL COMMENT 'Billing_telephone',
  `billing_postcode` varchar(255) DEFAULT NULL COMMENT 'Billing_postcode',
  `billing_country_id` varchar(255) DEFAULT NULL COMMENT 'Billing_country_id',
  `billing_region` varchar(255) DEFAULT NULL COMMENT 'Billing_region',
  `billing_region_id` int(11) DEFAULT NULL COMMENT 'Billing_region_id',
  `billing_street` varchar(255) DEFAULT NULL COMMENT 'Billing_street',
  `billing_city` varchar(255) DEFAULT NULL COMMENT 'Billing_city',
  `billing_fax` varchar(255) DEFAULT NULL COMMENT 'Billing_fax',
  `billing_vat_id` varchar(255) DEFAULT NULL COMMENT 'Billing_vat_id',
  `billing_company` varchar(255) DEFAULT NULL COMMENT 'Billing_company',
  PRIMARY KEY (`entity_id`),
  KEY `CUSTOMER_GRID_FLAT_GROUP_ID` (`group_id`),
  KEY `CUSTOMER_GRID_FLAT_CREATED_AT` (`created_at`),
  KEY `CUSTOMER_GRID_FLAT_WEBSITE_ID` (`website_id`),
  KEY `CUSTOMER_GRID_FLAT_CONFIRMATION` (`confirmation`),
  KEY `CUSTOMER_GRID_FLAT_DOB` (`dob`),
  KEY `CUSTOMER_GRID_FLAT_GENDER` (`gender`),
  KEY `CUSTOMER_GRID_FLAT_BILLING_COUNTRY_ID` (`billing_country_id`),
  FULLTEXT KEY `FTI_8746F705702DD5F6D45B8C7CE7FE9F2F` (`name`,`email`,`created_in`,`taxvat`,`shipping_full`,`billing_full`,`billing_firstname`,`billing_lastname`,`billing_telephone`,`billing_postcode`,`billing_region`,`billing_city`,`billing_fax`,`billing_company`)
) ENGINE=InnoDB DEFAULT CHARSET=utf8mb3 COLLATE=utf8mb3_general_ci COMMENT='customer_grid_flat';

--
-- Dumping data for table `customer_grid_flat`
--

INSERT INTO `customer_grid_flat` (`entity_id`, `name`, `email`, `group_id`, `created_at`, `website_id`, `confirmation`, `created_in`, `dob`, `gender`, `taxvat`, `lock_expires`, `shipping_full`, `billing_full`, `billing_firstname`, `billing_lastname`, `billing_telephone`, `billing_postcode`, `billing_country_id`, `billing_region`, `billing_region_id`, `billing_street`, `billing_city`, `billing_fax`, `billing_vat_id`, `billing_company`) VALUES (1,'Veronica Costello','roni_cost@example.com',1,'2024-12-21 07:34:19',1,NULL,'Default Store View','1973-12-15',2,NULL,NULL,'6146 Honey Bluff Parkway Calder Michigan 49628-7978','6146 Honey Bluff Parkway Calder Michigan 49628-7978','Veronica','Costello','(555) 229-3326','49628-7978','US','Michigan',33,'6146 Honey Bluff Parkway','Calder',NULL,NULL,NULL);
INSERT INTO `customer_grid_flat` (`entity_id`, `name`, `email`, `group_id`, `created_at`, `website_id`, `confirmation`, `created_in`, `dob`, `gender`, `taxvat`, `lock_expires`, `shipping_full`, `billing_full`, `billing_firstname`, `billing_lastname`, `billing_telephone`, `billing_postcode`, `billing_country_id`, `billing_region`, `billing_region_id`, `billing_street`, `billing_city`, `billing_fax`, `billing_vat_id`, `billing_company`) VALUES (2,'Le Bao Minh Dao','djnner@proton.me',1,'2024-12-21 08:53:51',1,NULL,'Default Store View',NULL,NULL,NULL,NULL,'Cau Giay Ha Noi 122000','Cau Giay Ha Noi 122000','Le Bao Minh','Dao','0794568992','122000','VN',NULL,0,'Cau Giay','Ha Noi',NULL,NULL,NULL);
INSERT INTO `customer_grid_flat` (`entity_id`, `name`, `email`, `group_id`, `created_at`, `website_id`, `confirmation`, `created_in`, `dob`, `gender`, `taxvat`, `lock_expires`, `shipping_full`, `billing_full`, `billing_firstname`, `billing_lastname`, `billing_telephone`, `billing_postcode`, `billing_country_id`, `billing_region`, `billing_region_id`, `billing_street`, `billing_city`, `billing_fax`, `billing_vat_id`, `billing_company`) VALUES (3,'trung nguyen','genghis@gmail.com',1,'2024-12-21 08:55:02',1,NULL,'Default Store View',NULL,NULL,NULL,NULL,'','',NULL,NULL,NULL,NULL,NULL,NULL,NULL,NULL,NULL,NULL,NULL,NULL);

--
-- Table structure for table `customer_group`
--

CREATE TABLE `customer_group` (
  `customer_group_id` int(10) unsigned NOT NULL AUTO_INCREMENT,
  `customer_group_code` varchar(32) NOT NULL COMMENT 'Customer Group Code',
  `tax_class_id` int(10) unsigned NOT NULL DEFAULT 0 COMMENT 'Tax Class ID',
  PRIMARY KEY (`customer_group_id`)
) ENGINE=InnoDB AUTO_INCREMENT=4 DEFAULT CHARSET=utf8mb3 COLLATE=utf8mb3_general_ci COMMENT='Customer Group';

--
-- Dumping data for table `customer_group`
--

INSERT INTO `customer_group` (`customer_group_id`, `customer_group_code`, `tax_class_id`) VALUES (0,'NOT LOGGED IN',3);
INSERT INTO `customer_group` (`customer_group_id`, `customer_group_code`, `tax_class_id`) VALUES (1,'General',3);
INSERT INTO `customer_group` (`customer_group_id`, `customer_group_code`, `tax_class_id`) VALUES (2,'Wholesale',3);
INSERT INTO `customer_group` (`customer_group_id`, `customer_group_code`, `tax_class_id`) VALUES (3,'Retailer',3);

--
-- Table structure for table `customer_group_excluded_website`
--

CREATE TABLE `customer_group_excluded_website` (
  `entity_id` int(10) unsigned NOT NULL AUTO_INCREMENT,
  `customer_group_id` int(10) unsigned NOT NULL COMMENT 'Customer Group ID',
  `website_id` smallint(5) unsigned NOT NULL COMMENT 'Excluded Website ID from Customer Group',
  PRIMARY KEY (`entity_id`),
  KEY `CUSTOMER_GROUP_EXCLUDED_WEBSITE_CUSTOMER_GROUP_ID_WEBSITE_ID` (`customer_group_id`,`website_id`)
) ENGINE=InnoDB DEFAULT CHARSET=utf8mb3 COLLATE=utf8mb3_general_ci COMMENT='Excluded Websites From Customer Group';

--
-- Dumping data for table `customer_group_excluded_website`
--


--
-- Table structure for table `customer_log`
--

CREATE TABLE `customer_log` (
  `log_id` int(11) NOT NULL AUTO_INCREMENT COMMENT 'Log ID',
  `customer_id` int(11) NOT NULL COMMENT 'Customer ID',
  `last_login_at` timestamp NULL DEFAULT NULL COMMENT 'Last Login Time',
  `last_logout_at` timestamp NULL DEFAULT NULL COMMENT 'Last Logout Time',
  PRIMARY KEY (`log_id`),
  UNIQUE KEY `CUSTOMER_LOG_CUSTOMER_ID` (`customer_id`)
) ENGINE=InnoDB AUTO_INCREMENT=4 DEFAULT CHARSET=utf8mb3 COLLATE=utf8mb3_general_ci COMMENT='Customer Log Table';

--
-- Dumping data for table `customer_log`
--

INSERT INTO `customer_log` (`log_id`, `customer_id`, `last_login_at`, `last_logout_at`) VALUES (1,2,'2024-12-22 15:22:47',NULL);
INSERT INTO `customer_log` (`log_id`, `customer_id`, `last_login_at`, `last_logout_at`) VALUES (2,3,'2024-12-21 08:55:03',NULL);

--
-- Table structure for table `customer_visitor`
--

CREATE TABLE `customer_visitor` (
  `visitor_id` bigint(20) unsigned NOT NULL AUTO_INCREMENT COMMENT 'Visitor ID',
  `customer_id` int(11) DEFAULT NULL COMMENT 'Customer ID',
  `session_id` varchar(1) DEFAULT NULL COMMENT 'Deprecated: Session ID value no longer used',
  `created_at` timestamp NOT NULL DEFAULT current_timestamp() COMMENT 'Created At',
  `last_visit_at` timestamp NOT NULL DEFAULT current_timestamp() ON UPDATE current_timestamp() COMMENT 'Last Visit Time',
  PRIMARY KEY (`visitor_id`),
  KEY `CUSTOMER_VISITOR_CUSTOMER_ID` (`customer_id`),
  KEY `CUSTOMER_VISITOR_LAST_VISIT_AT` (`last_visit_at`)
) ENGINE=InnoDB AUTO_INCREMENT=15 DEFAULT CHARSET=utf8mb3 COLLATE=utf8mb3_general_ci COMMENT='Visitor Table';

--
-- Dumping data for table `customer_visitor`
--

INSERT INTO `customer_visitor` (`visitor_id`, `customer_id`, `session_id`, `created_at`, `last_visit_at`) VALUES (1,2,NULL,'2024-12-21 08:51:22','2024-12-21 08:53:50');
INSERT INTO `customer_visitor` (`visitor_id`, `customer_id`, `session_id`, `created_at`, `last_visit_at`) VALUES (2,3,NULL,'2024-12-21 08:55:02','2024-12-21 08:55:03');
INSERT INTO `customer_visitor` (`visitor_id`, `customer_id`, `session_id`, `created_at`, `last_visit_at`) VALUES (3,NULL,NULL,'2024-12-21 17:17:08','2024-12-21 17:17:09');
INSERT INTO `customer_visitor` (`visitor_id`, `customer_id`, `session_id`, `created_at`, `last_visit_at`) VALUES (4,NULL,NULL,'2024-12-21 21:32:17','2024-12-21 21:32:25');
INSERT INTO `customer_visitor` (`visitor_id`, `customer_id`, `session_id`, `created_at`, `last_visit_at`) VALUES (5,NULL,NULL,'2024-12-22 02:42:26','2024-12-22 02:42:26');
INSERT INTO `customer_visitor` (`visitor_id`, `customer_id`, `session_id`, `created_at`, `last_visit_at`) VALUES (6,NULL,NULL,'2024-12-22 05:05:22','2024-12-22 05:05:23');
INSERT INTO `customer_visitor` (`visitor_id`, `customer_id`, `session_id`, `created_at`, `last_visit_at`) VALUES (7,NULL,NULL,'2024-12-22 09:46:37','2024-12-22 09:46:37');
INSERT INTO `customer_visitor` (`visitor_id`, `customer_id`, `session_id`, `created_at`, `last_visit_at`) VALUES (8,NULL,NULL,'2024-12-22 12:29:08','2024-12-22 12:29:08');
INSERT INTO `customer_visitor` (`visitor_id`, `customer_id`, `session_id`, `created_at`, `last_visit_at`) VALUES (9,NULL,NULL,'2024-12-22 12:29:09','2024-12-22 12:29:09');
INSERT INTO `customer_visitor` (`visitor_id`, `customer_id`, `session_id`, `created_at`, `last_visit_at`) VALUES (10,NULL,NULL,'2024-12-22 13:48:43','2024-12-22 13:48:43');
INSERT INTO `customer_visitor` (`visitor_id`, `customer_id`, `session_id`, `created_at`, `last_visit_at`) VALUES (11,NULL,NULL,'2024-12-22 14:09:50','2024-12-22 14:09:50');
INSERT INTO `customer_visitor` (`visitor_id`, `customer_id`, `session_id`, `created_at`, `last_visit_at`) VALUES (12,NULL,NULL,'2024-12-22 15:15:19','2024-12-22 15:15:19');
INSERT INTO `customer_visitor` (`visitor_id`, `customer_id`, `session_id`, `created_at`, `last_visit_at`) VALUES (13,2,NULL,'2024-12-22 15:22:46','2024-12-22 15:47:38');
INSERT INTO `customer_visitor` (`visitor_id`, `customer_id`, `session_id`, `created_at`, `last_visit_at`) VALUES (14,NULL,NULL,'2024-12-22 15:38:06','2024-12-22 15:38:06');

--
-- Table structure for table `data_exporter_uuid`
--

CREATE TABLE `data_exporter_uuid` (
  `uuid` varchar(36) NOT NULL COMMENT 'Entity UUID',
  `entity_id` int(10) unsigned NOT NULL COMMENT 'Entity ID',
  `type` varchar(36) NOT NULL COMMENT 'Entity type',
  `created_at` timestamp NOT NULL DEFAULT current_timestamp() ON UPDATE current_timestamp() COMMENT 'Created At',
  PRIMARY KEY (`uuid`),
  UNIQUE KEY `DATA_EXPORTER_UUID_ENTITY_ID_TYPE` (`entity_id`,`type`)
) ENGINE=InnoDB DEFAULT CHARSET=utf8mb3 COLLATE=utf8mb3_general_ci COMMENT='Data Export Items UUID References Table';

--
-- Dumping data for table `data_exporter_uuid`
--


--
-- Table structure for table `design_change`
--

CREATE TABLE `design_change` (
  `design_change_id` int(11) NOT NULL AUTO_INCREMENT COMMENT 'Design Change ID',
  `store_id` smallint(5) unsigned NOT NULL DEFAULT 0 COMMENT 'Store ID',
  `design` varchar(255) DEFAULT NULL COMMENT 'Design',
  `date_from` date DEFAULT NULL COMMENT 'First Date of Design Activity',
  `date_to` date DEFAULT NULL COMMENT 'Last Date of Design Activity',
  PRIMARY KEY (`design_change_id`),
  KEY `DESIGN_CHANGE_STORE_ID` (`store_id`),
  CONSTRAINT `DESIGN_CHANGE_STORE_ID_STORE_STORE_ID` FOREIGN KEY (`store_id`) REFERENCES `store` (`store_id`) ON DELETE CASCADE
) ENGINE=InnoDB DEFAULT CHARSET=utf8mb3 COLLATE=utf8mb3_general_ci COMMENT='Design Changes';

--
-- Dumping data for table `design_change`
--


--
-- Table structure for table `design_config_dummy_cl`
--

CREATE TABLE `design_config_dummy_cl` (
  `version_id` int(10) unsigned NOT NULL AUTO_INCREMENT COMMENT 'Version ID',
  `entity_id` int(10) unsigned NOT NULL DEFAULT 0 COMMENT 'Entity ID',
  PRIMARY KEY (`version_id`)
) ENGINE=InnoDB DEFAULT CHARSET=utf8mb3 COLLATE=utf8mb3_general_ci COMMENT='design_config_dummy_cl';

--
-- Dumping data for table `design_config_dummy_cl`
--


--
-- Table structure for table `design_config_grid_flat`
--

CREATE TABLE `design_config_grid_flat` (
  `entity_id` int(10) unsigned NOT NULL COMMENT 'Entity ID',
  `store_website_id` int(11) DEFAULT NULL COMMENT 'Store_website_id',
  `store_group_id` int(11) DEFAULT NULL COMMENT 'Store_group_id',
  `store_id` int(11) DEFAULT NULL COMMENT 'Store_id',
  `theme_theme_id` varchar(255) DEFAULT NULL COMMENT 'Theme_theme_id',
  PRIMARY KEY (`entity_id`),
  KEY `DESIGN_CONFIG_GRID_FLAT_STORE_WEBSITE_ID` (`store_website_id`),
  KEY `DESIGN_CONFIG_GRID_FLAT_STORE_GROUP_ID` (`store_group_id`),
  KEY `DESIGN_CONFIG_GRID_FLAT_STORE_ID` (`store_id`),
  FULLTEXT KEY `DESIGN_CONFIG_GRID_FLAT_THEME_THEME_ID` (`theme_theme_id`)
) ENGINE=InnoDB DEFAULT CHARSET=utf8mb3 COLLATE=utf8mb3_general_ci COMMENT='design_config_grid_flat';

--
-- Dumping data for table `design_config_grid_flat`
--

INSERT INTO `design_config_grid_flat` (`entity_id`, `store_website_id`, `store_group_id`, `store_id`, `theme_theme_id`) VALUES (0,NULL,NULL,NULL,'3');
INSERT INTO `design_config_grid_flat` (`entity_id`, `store_website_id`, `store_group_id`, `store_id`, `theme_theme_id`) VALUES (1,1,NULL,NULL,'3');
INSERT INTO `design_config_grid_flat` (`entity_id`, `store_website_id`, `store_group_id`, `store_id`, `theme_theme_id`) VALUES (2,1,1,1,'6');

--
-- Table structure for table `directory_country`
--

CREATE TABLE `directory_country` (
  `country_id` varchar(2) NOT NULL COMMENT 'Country ID in ISO-2',
  `iso2_code` varchar(2) DEFAULT NULL COMMENT 'Country ISO-2 format',
  `iso3_code` varchar(3) DEFAULT NULL COMMENT 'Country ISO-3',
  PRIMARY KEY (`country_id`)
) ENGINE=InnoDB DEFAULT CHARSET=utf8mb3 COLLATE=utf8mb3_general_ci COMMENT='Directory Country';

--
-- Dumping data for table `directory_country`
--

INSERT INTO `directory_country` (`country_id`, `iso2_code`, `iso3_code`) VALUES ('AD','AD','AND');
INSERT INTO `directory_country` (`country_id`, `iso2_code`, `iso3_code`) VALUES ('AE','AE','ARE');
INSERT INTO `directory_country` (`country_id`, `iso2_code`, `iso3_code`) VALUES ('AF','AF','AFG');
INSERT INTO `directory_country` (`country_id`, `iso2_code`, `iso3_code`) VALUES ('AG','AG','ATG');
INSERT INTO `directory_country` (`country_id`, `iso2_code`, `iso3_code`) VALUES ('AI','AI','AIA');
INSERT INTO `directory_country` (`country_id`, `iso2_code`, `iso3_code`) VALUES ('AL','AL','ALB');
INSERT INTO `directory_country` (`country_id`, `iso2_code`, `iso3_code`) VALUES ('AM','AM','ARM');
INSERT INTO `directory_country` (`country_id`, `iso2_code`, `iso3_code`) VALUES ('AN','AN','ANT');
INSERT INTO `directory_country` (`country_id`, `iso2_code`, `iso3_code`) VALUES ('AO','AO','AGO');
INSERT INTO `directory_country` (`country_id`, `iso2_code`, `iso3_code`) VALUES ('AQ','AQ','ATA');
INSERT INTO `directory_country` (`country_id`, `iso2_code`, `iso3_code`) VALUES ('AR','AR','ARG');
INSERT INTO `directory_country` (`country_id`, `iso2_code`, `iso3_code`) VALUES ('AS','AS','ASM');
INSERT INTO `directory_country` (`country_id`, `iso2_code`, `iso3_code`) VALUES ('AT','AT','AUT');
INSERT INTO `directory_country` (`country_id`, `iso2_code`, `iso3_code`) VALUES ('AU','AU','AUS');
INSERT INTO `directory_country` (`country_id`, `iso2_code`, `iso3_code`) VALUES ('AW','AW','ABW');
INSERT INTO `directory_country` (`country_id`, `iso2_code`, `iso3_code`) VALUES ('AX','AX','ALA');
INSERT INTO `directory_country` (`country_id`, `iso2_code`, `iso3_code`) VALUES ('AZ','AZ','AZE');
INSERT INTO `directory_country` (`country_id`, `iso2_code`, `iso3_code`) VALUES ('BA','BA','BIH');
INSERT INTO `directory_country` (`country_id`, `iso2_code`, `iso3_code`) VALUES ('BB','BB','BRB');
INSERT INTO `directory_country` (`country_id`, `iso2_code`, `iso3_code`) VALUES ('BD','BD','BGD');
INSERT INTO `directory_country` (`country_id`, `iso2_code`, `iso3_code`) VALUES ('BE','BE','BEL');
INSERT INTO `directory_country` (`country_id`, `iso2_code`, `iso3_code`) VALUES ('BF','BF','BFA');
INSERT INTO `directory_country` (`country_id`, `iso2_code`, `iso3_code`) VALUES ('BG','BG','BGR');
INSERT INTO `directory_country` (`country_id`, `iso2_code`, `iso3_code`) VALUES ('BH','BH','BHR');
INSERT INTO `directory_country` (`country_id`, `iso2_code`, `iso3_code`) VALUES ('BI','BI','BDI');
INSERT INTO `directory_country` (`country_id`, `iso2_code`, `iso3_code`) VALUES ('BJ','BJ','BEN');
INSERT INTO `directory_country` (`country_id`, `iso2_code`, `iso3_code`) VALUES ('BL','BL','BLM');
INSERT INTO `directory_country` (`country_id`, `iso2_code`, `iso3_code`) VALUES ('BM','BM','BMU');
INSERT INTO `directory_country` (`country_id`, `iso2_code`, `iso3_code`) VALUES ('BN','BN','BRN');
INSERT INTO `directory_country` (`country_id`, `iso2_code`, `iso3_code`) VALUES ('BO','BO','BOL');
INSERT INTO `directory_country` (`country_id`, `iso2_code`, `iso3_code`) VALUES ('BQ','BQ','BES');
INSERT INTO `directory_country` (`country_id`, `iso2_code`, `iso3_code`) VALUES ('BR','BR','BRA');
INSERT INTO `directory_country` (`country_id`, `iso2_code`, `iso3_code`) VALUES ('BS','BS','BHS');
INSERT INTO `directory_country` (`country_id`, `iso2_code`, `iso3_code`) VALUES ('BT','BT','BTN');
INSERT INTO `directory_country` (`country_id`, `iso2_code`, `iso3_code`) VALUES ('BV','BV','BVT');
INSERT INTO `directory_country` (`country_id`, `iso2_code`, `iso3_code`) VALUES ('BW','BW','BWA');
INSERT INTO `directory_country` (`country_id`, `iso2_code`, `iso3_code`) VALUES ('BY','BY','BLR');
INSERT INTO `directory_country` (`country_id`, `iso2_code`, `iso3_code`) VALUES ('BZ','BZ','BLZ');
INSERT INTO `directory_country` (`country_id`, `iso2_code`, `iso3_code`) VALUES ('CA','CA','CAN');
INSERT INTO `directory_country` (`country_id`, `iso2_code`, `iso3_code`) VALUES ('CC','CC','CCK');
INSERT INTO `directory_country` (`country_id`, `iso2_code`, `iso3_code`) VALUES ('CD','CD','COD');
INSERT INTO `directory_country` (`country_id`, `iso2_code`, `iso3_code`) VALUES ('CF','CF','CAF');
INSERT INTO `directory_country` (`country_id`, `iso2_code`, `iso3_code`) VALUES ('CG','CG','COG');
INSERT INTO `directory_country` (`country_id`, `iso2_code`, `iso3_code`) VALUES ('CH','CH','CHE');
INSERT INTO `directory_country` (`country_id`, `iso2_code`, `iso3_code`) VALUES ('CI','CI','CIV');
INSERT INTO `directory_country` (`country_id`, `iso2_code`, `iso3_code`) VALUES ('CK','CK','COK');
INSERT INTO `directory_country` (`country_id`, `iso2_code`, `iso3_code`) VALUES ('CL','CL','CHL');
INSERT INTO `directory_country` (`country_id`, `iso2_code`, `iso3_code`) VALUES ('CM','CM','CMR');
INSERT INTO `directory_country` (`country_id`, `iso2_code`, `iso3_code`) VALUES ('CN','CN','CHN');
INSERT INTO `directory_country` (`country_id`, `iso2_code`, `iso3_code`) VALUES ('CO','CO','COL');
INSERT INTO `directory_country` (`country_id`, `iso2_code`, `iso3_code`) VALUES ('CR','CR','CRI');
INSERT INTO `directory_country` (`country_id`, `iso2_code`, `iso3_code`) VALUES ('CU','CU','CUB');
INSERT INTO `directory_country` (`country_id`, `iso2_code`, `iso3_code`) VALUES ('CV','CV','CPV');
INSERT INTO `directory_country` (`country_id`, `iso2_code`, `iso3_code`) VALUES ('CW','CW','CUW');
INSERT INTO `directory_country` (`country_id`, `iso2_code`, `iso3_code`) VALUES ('CX','CX','CXR');
INSERT INTO `directory_country` (`country_id`, `iso2_code`, `iso3_code`) VALUES ('CY','CY','CYP');
INSERT INTO `directory_country` (`country_id`, `iso2_code`, `iso3_code`) VALUES ('CZ','CZ','CZE');
INSERT INTO `directory_country` (`country_id`, `iso2_code`, `iso3_code`) VALUES ('DE','DE','DEU');
INSERT INTO `directory_country` (`country_id`, `iso2_code`, `iso3_code`) VALUES ('DJ','DJ','DJI');
INSERT INTO `directory_country` (`country_id`, `iso2_code`, `iso3_code`) VALUES ('DK','DK','DNK');
INSERT INTO `directory_country` (`country_id`, `iso2_code`, `iso3_code`) VALUES ('DM','DM','DMA');
INSERT INTO `directory_country` (`country_id`, `iso2_code`, `iso3_code`) VALUES ('DO','DO','DOM');
INSERT INTO `directory_country` (`country_id`, `iso2_code`, `iso3_code`) VALUES ('DZ','DZ','DZA');
INSERT INTO `directory_country` (`country_id`, `iso2_code`, `iso3_code`) VALUES ('EC','EC','ECU');
INSERT INTO `directory_country` (`country_id`, `iso2_code`, `iso3_code`) VALUES ('EE','EE','EST');
INSERT INTO `directory_country` (`country_id`, `iso2_code`, `iso3_code`) VALUES ('EG','EG','EGY');
INSERT INTO `directory_country` (`country_id`, `iso2_code`, `iso3_code`) VALUES ('EH','EH','ESH');
INSERT INTO `directory_country` (`country_id`, `iso2_code`, `iso3_code`) VALUES ('ER','ER','ERI');
INSERT INTO `directory_country` (`country_id`, `iso2_code`, `iso3_code`) VALUES ('ES','ES','ESP');
INSERT INTO `directory_country` (`country_id`, `iso2_code`, `iso3_code`) VALUES ('ET','ET','ETH');
INSERT INTO `directory_country` (`country_id`, `iso2_code`, `iso3_code`) VALUES ('FI','FI','FIN');
INSERT INTO `directory_country` (`country_id`, `iso2_code`, `iso3_code`) VALUES ('FJ','FJ','FJI');
INSERT INTO `directory_country` (`country_id`, `iso2_code`, `iso3_code`) VALUES ('FK','FK','FLK');
INSERT INTO `directory_country` (`country_id`, `iso2_code`, `iso3_code`) VALUES ('FM','FM','FSM');
INSERT INTO `directory_country` (`country_id`, `iso2_code`, `iso3_code`) VALUES ('FO','FO','FRO');
INSERT INTO `directory_country` (`country_id`, `iso2_code`, `iso3_code`) VALUES ('FR','FR','FRA');
INSERT INTO `directory_country` (`country_id`, `iso2_code`, `iso3_code`) VALUES ('GA','GA','GAB');
INSERT INTO `directory_country` (`country_id`, `iso2_code`, `iso3_code`) VALUES ('GB','GB','GBR');
INSERT INTO `directory_country` (`country_id`, `iso2_code`, `iso3_code`) VALUES ('GD','GD','GRD');
INSERT INTO `directory_country` (`country_id`, `iso2_code`, `iso3_code`) VALUES ('GE','GE','GEO');
INSERT INTO `directory_country` (`country_id`, `iso2_code`, `iso3_code`) VALUES ('GF','GF','GUF');
INSERT INTO `directory_country` (`country_id`, `iso2_code`, `iso3_code`) VALUES ('GG','GG','GGY');
INSERT INTO `directory_country` (`country_id`, `iso2_code`, `iso3_code`) VALUES ('GH','GH','GHA');
INSERT INTO `directory_country` (`country_id`, `iso2_code`, `iso3_code`) VALUES ('GI','GI','GIB');
INSERT INTO `directory_country` (`country_id`, `iso2_code`, `iso3_code`) VALUES ('GL','GL','GRL');
INSERT INTO `directory_country` (`country_id`, `iso2_code`, `iso3_code`) VALUES ('GM','GM','GMB');
INSERT INTO `directory_country` (`country_id`, `iso2_code`, `iso3_code`) VALUES ('GN','GN','GIN');
INSERT INTO `directory_country` (`country_id`, `iso2_code`, `iso3_code`) VALUES ('GP','GP','GLP');
INSERT INTO `directory_country` (`country_id`, `iso2_code`, `iso3_code`) VALUES ('GQ','GQ','GNQ');
INSERT INTO `directory_country` (`country_id`, `iso2_code`, `iso3_code`) VALUES ('GR','GR','GRC');
INSERT INTO `directory_country` (`country_id`, `iso2_code`, `iso3_code`) VALUES ('GS','GS','SGS');
INSERT INTO `directory_country` (`country_id`, `iso2_code`, `iso3_code`) VALUES ('GT','GT','GTM');
INSERT INTO `directory_country` (`country_id`, `iso2_code`, `iso3_code`) VALUES ('GU','GU','GUM');
INSERT INTO `directory_country` (`country_id`, `iso2_code`, `iso3_code`) VALUES ('GW','GW','GNB');
INSERT INTO `directory_country` (`country_id`, `iso2_code`, `iso3_code`) VALUES ('GY','GY','GUY');
INSERT INTO `directory_country` (`country_id`, `iso2_code`, `iso3_code`) VALUES ('HK','HK','HKG');
INSERT INTO `directory_country` (`country_id`, `iso2_code`, `iso3_code`) VALUES ('HM','HM','HMD');
INSERT INTO `directory_country` (`country_id`, `iso2_code`, `iso3_code`) VALUES ('HN','HN','HND');
INSERT INTO `directory_country` (`country_id`, `iso2_code`, `iso3_code`) VALUES ('HR','HR','HRV');
INSERT INTO `directory_country` (`country_id`, `iso2_code`, `iso3_code`) VALUES ('HT','HT','HTI');
INSERT INTO `directory_country` (`country_id`, `iso2_code`, `iso3_code`) VALUES ('HU','HU','HUN');
INSERT INTO `directory_country` (`country_id`, `iso2_code`, `iso3_code`) VALUES ('ID','ID','IDN');
INSERT INTO `directory_country` (`country_id`, `iso2_code`, `iso3_code`) VALUES ('IE','IE','IRL');
INSERT INTO `directory_country` (`country_id`, `iso2_code`, `iso3_code`) VALUES ('IL','IL','ISR');
INSERT INTO `directory_country` (`country_id`, `iso2_code`, `iso3_code`) VALUES ('IM','IM','IMN');
INSERT INTO `directory_country` (`country_id`, `iso2_code`, `iso3_code`) VALUES ('IN','IN','IND');
INSERT INTO `directory_country` (`country_id`, `iso2_code`, `iso3_code`) VALUES ('IO','IO','IOT');
INSERT INTO `directory_country` (`country_id`, `iso2_code`, `iso3_code`) VALUES ('IQ','IQ','IRQ');
INSERT INTO `directory_country` (`country_id`, `iso2_code`, `iso3_code`) VALUES ('IR','IR','IRN');
INSERT INTO `directory_country` (`country_id`, `iso2_code`, `iso3_code`) VALUES ('IS','IS','ISL');
INSERT INTO `directory_country` (`country_id`, `iso2_code`, `iso3_code`) VALUES ('IT','IT','ITA');
INSERT INTO `directory_country` (`country_id`, `iso2_code`, `iso3_code`) VALUES ('JE','JE','JEY');
INSERT INTO `directory_country` (`country_id`, `iso2_code`, `iso3_code`) VALUES ('JM','JM','JAM');
INSERT INTO `directory_country` (`country_id`, `iso2_code`, `iso3_code`) VALUES ('JO','JO','JOR');
INSERT INTO `directory_country` (`country_id`, `iso2_code`, `iso3_code`) VALUES ('JP','JP','JPN');
INSERT INTO `directory_country` (`country_id`, `iso2_code`, `iso3_code`) VALUES ('KE','KE','KEN');
INSERT INTO `directory_country` (`country_id`, `iso2_code`, `iso3_code`) VALUES ('KG','KG','KGZ');
INSERT INTO `directory_country` (`country_id`, `iso2_code`, `iso3_code`) VALUES ('KH','KH','KHM');
INSERT INTO `directory_country` (`country_id`, `iso2_code`, `iso3_code`) VALUES ('KI','KI','KIR');
INSERT INTO `directory_country` (`country_id`, `iso2_code`, `iso3_code`) VALUES ('KM','KM','COM');
INSERT INTO `directory_country` (`country_id`, `iso2_code`, `iso3_code`) VALUES ('KN','KN','KNA');
INSERT INTO `directory_country` (`country_id`, `iso2_code`, `iso3_code`) VALUES ('KP','KP','PRK');
INSERT INTO `directory_country` (`country_id`, `iso2_code`, `iso3_code`) VALUES ('KR','KR','KOR');
INSERT INTO `directory_country` (`country_id`, `iso2_code`, `iso3_code`) VALUES ('KW','KW','KWT');
INSERT INTO `directory_country` (`country_id`, `iso2_code`, `iso3_code`) VALUES ('KY','KY','CYM');
INSERT INTO `directory_country` (`country_id`, `iso2_code`, `iso3_code`) VALUES ('KZ','KZ','KAZ');
INSERT INTO `directory_country` (`country_id`, `iso2_code`, `iso3_code`) VALUES ('LA','LA','LAO');
INSERT INTO `directory_country` (`country_id`, `iso2_code`, `iso3_code`) VALUES ('LB','LB','LBN');
INSERT INTO `directory_country` (`country_id`, `iso2_code`, `iso3_code`) VALUES ('LC','LC','LCA');
INSERT INTO `directory_country` (`country_id`, `iso2_code`, `iso3_code`) VALUES ('LI','LI','LIE');
INSERT INTO `directory_country` (`country_id`, `iso2_code`, `iso3_code`) VALUES ('LK','LK','LKA');
INSERT INTO `directory_country` (`country_id`, `iso2_code`, `iso3_code`) VALUES ('LR','LR','LBR');
INSERT INTO `directory_country` (`country_id`, `iso2_code`, `iso3_code`) VALUES ('LS','LS','LSO');
INSERT INTO `directory_country` (`country_id`, `iso2_code`, `iso3_code`) VALUES ('LT','LT','LTU');
INSERT INTO `directory_country` (`country_id`, `iso2_code`, `iso3_code`) VALUES ('LU','LU','LUX');
INSERT INTO `directory_country` (`country_id`, `iso2_code`, `iso3_code`) VALUES ('LV','LV','LVA');
INSERT INTO `directory_country` (`country_id`, `iso2_code`, `iso3_code`) VALUES ('LY','LY','LBY');
INSERT INTO `directory_country` (`country_id`, `iso2_code`, `iso3_code`) VALUES ('MA','MA','MAR');
INSERT INTO `directory_country` (`country_id`, `iso2_code`, `iso3_code`) VALUES ('MC','MC','MCO');
INSERT INTO `directory_country` (`country_id`, `iso2_code`, `iso3_code`) VALUES ('MD','MD','MDA');
INSERT INTO `directory_country` (`country_id`, `iso2_code`, `iso3_code`) VALUES ('ME','ME','MNE');
INSERT INTO `directory_country` (`country_id`, `iso2_code`, `iso3_code`) VALUES ('MF','MF','MAF');
INSERT INTO `directory_country` (`country_id`, `iso2_code`, `iso3_code`) VALUES ('MG','MG','MDG');
INSERT INTO `directory_country` (`country_id`, `iso2_code`, `iso3_code`) VALUES ('MH','MH','MHL');
INSERT INTO `directory_country` (`country_id`, `iso2_code`, `iso3_code`) VALUES ('MK','MK','MKD');
INSERT INTO `directory_country` (`country_id`, `iso2_code`, `iso3_code`) VALUES ('ML','ML','MLI');
INSERT INTO `directory_country` (`country_id`, `iso2_code`, `iso3_code`) VALUES ('MM','MM','MMR');
INSERT INTO `directory_country` (`country_id`, `iso2_code`, `iso3_code`) VALUES ('MN','MN','MNG');
INSERT INTO `directory_country` (`country_id`, `iso2_code`, `iso3_code`) VALUES ('MO','MO','MAC');
INSERT INTO `directory_country` (`country_id`, `iso2_code`, `iso3_code`) VALUES ('MP','MP','MNP');
INSERT INTO `directory_country` (`country_id`, `iso2_code`, `iso3_code`) VALUES ('MQ','MQ','MTQ');
INSERT INTO `directory_country` (`country_id`, `iso2_code`, `iso3_code`) VALUES ('MR','MR','MRT');
INSERT INTO `directory_country` (`country_id`, `iso2_code`, `iso3_code`) VALUES ('MS','MS','MSR');
INSERT INTO `directory_country` (`country_id`, `iso2_code`, `iso3_code`) VALUES ('MT','MT','MLT');
INSERT INTO `directory_country` (`country_id`, `iso2_code`, `iso3_code`) VALUES ('MU','MU','MUS');
INSERT INTO `directory_country` (`country_id`, `iso2_code`, `iso3_code`) VALUES ('MV','MV','MDV');
INSERT INTO `directory_country` (`country_id`, `iso2_code`, `iso3_code`) VALUES ('MW','MW','MWI');
INSERT INTO `directory_country` (`country_id`, `iso2_code`, `iso3_code`) VALUES ('MX','MX','MEX');
INSERT INTO `directory_country` (`country_id`, `iso2_code`, `iso3_code`) VALUES ('MY','MY','MYS');
INSERT INTO `directory_country` (`country_id`, `iso2_code`, `iso3_code`) VALUES ('MZ','MZ','MOZ');
INSERT INTO `directory_country` (`country_id`, `iso2_code`, `iso3_code`) VALUES ('NA','NA','NAM');
INSERT INTO `directory_country` (`country_id`, `iso2_code`, `iso3_code`) VALUES ('NC','NC','NCL');
INSERT INTO `directory_country` (`country_id`, `iso2_code`, `iso3_code`) VALUES ('NE','NE','NER');
INSERT INTO `directory_country` (`country_id`, `iso2_code`, `iso3_code`) VALUES ('NF','NF','NFK');
INSERT INTO `directory_country` (`country_id`, `iso2_code`, `iso3_code`) VALUES ('NG','NG','NGA');
INSERT INTO `directory_country` (`country_id`, `iso2_code`, `iso3_code`) VALUES ('NI','NI','NIC');
INSERT INTO `directory_country` (`country_id`, `iso2_code`, `iso3_code`) VALUES ('NL','NL','NLD');
INSERT INTO `directory_country` (`country_id`, `iso2_code`, `iso3_code`) VALUES ('NO','NO','NOR');
INSERT INTO `directory_country` (`country_id`, `iso2_code`, `iso3_code`) VALUES ('NP','NP','NPL');
INSERT INTO `directory_country` (`country_id`, `iso2_code`, `iso3_code`) VALUES ('NR','NR','NRU');
INSERT INTO `directory_country` (`country_id`, `iso2_code`, `iso3_code`) VALUES ('NU','NU','NIU');
INSERT INTO `directory_country` (`country_id`, `iso2_code`, `iso3_code`) VALUES ('NZ','NZ','NZL');
INSERT INTO `directory_country` (`country_id`, `iso2_code`, `iso3_code`) VALUES ('OM','OM','OMN');
INSERT INTO `directory_country` (`country_id`, `iso2_code`, `iso3_code`) VALUES ('PA','PA','PAN');
INSERT INTO `directory_country` (`country_id`, `iso2_code`, `iso3_code`) VALUES ('PE','PE','PER');
INSERT INTO `directory_country` (`country_id`, `iso2_code`, `iso3_code`) VALUES ('PF','PF','PYF');
INSERT INTO `directory_country` (`country_id`, `iso2_code`, `iso3_code`) VALUES ('PG','PG','PNG');
INSERT INTO `directory_country` (`country_id`, `iso2_code`, `iso3_code`) VALUES ('PH','PH','PHL');
INSERT INTO `directory_country` (`country_id`, `iso2_code`, `iso3_code`) VALUES ('PK','PK','PAK');
INSERT INTO `directory_country` (`country_id`, `iso2_code`, `iso3_code`) VALUES ('PL','PL','POL');
INSERT INTO `directory_country` (`country_id`, `iso2_code`, `iso3_code`) VALUES ('PM','PM','SPM');
INSERT INTO `directory_country` (`country_id`, `iso2_code`, `iso3_code`) VALUES ('PN','PN','PCN');
INSERT INTO `directory_country` (`country_id`, `iso2_code`, `iso3_code`) VALUES ('PS','PS','PSE');
INSERT INTO `directory_country` (`country_id`, `iso2_code`, `iso3_code`) VALUES ('PT','PT','PRT');
INSERT INTO `directory_country` (`country_id`, `iso2_code`, `iso3_code`) VALUES ('PW','PW','PLW');
INSERT INTO `directory_country` (`country_id`, `iso2_code`, `iso3_code`) VALUES ('PY','PY','PRY');
INSERT INTO `directory_country` (`country_id`, `iso2_code`, `iso3_code`) VALUES ('QA','QA','QAT');
INSERT INTO `directory_country` (`country_id`, `iso2_code`, `iso3_code`) VALUES ('RE','RE','REU');
INSERT INTO `directory_country` (`country_id`, `iso2_code`, `iso3_code`) VALUES ('RO','RO','ROU');
INSERT INTO `directory_country` (`country_id`, `iso2_code`, `iso3_code`) VALUES ('RS','RS','SRB');
INSERT INTO `directory_country` (`country_id`, `iso2_code`, `iso3_code`) VALUES ('RU','RU','RUS');
INSERT INTO `directory_country` (`country_id`, `iso2_code`, `iso3_code`) VALUES ('RW','RW','RWA');
INSERT INTO `directory_country` (`country_id`, `iso2_code`, `iso3_code`) VALUES ('SA','SA','SAU');
INSERT INTO `directory_country` (`country_id`, `iso2_code`, `iso3_code`) VALUES ('SB','SB','SLB');
INSERT INTO `directory_country` (`country_id`, `iso2_code`, `iso3_code`) VALUES ('SC','SC','SYC');
INSERT INTO `directory_country` (`country_id`, `iso2_code`, `iso3_code`) VALUES ('SD','SD','SDN');
INSERT INTO `directory_country` (`country_id`, `iso2_code`, `iso3_code`) VALUES ('SE','SE','SWE');
INSERT INTO `directory_country` (`country_id`, `iso2_code`, `iso3_code`) VALUES ('SG','SG','SGP');
INSERT INTO `directory_country` (`country_id`, `iso2_code`, `iso3_code`) VALUES ('SH','SH','SHN');
INSERT INTO `directory_country` (`country_id`, `iso2_code`, `iso3_code`) VALUES ('SI','SI','SVN');
INSERT INTO `directory_country` (`country_id`, `iso2_code`, `iso3_code`) VALUES ('SJ','SJ','SJM');
INSERT INTO `directory_country` (`country_id`, `iso2_code`, `iso3_code`) VALUES ('SK','SK','SVK');
INSERT INTO `directory_country` (`country_id`, `iso2_code`, `iso3_code`) VALUES ('SL','SL','SLE');
INSERT INTO `directory_country` (`country_id`, `iso2_code`, `iso3_code`) VALUES ('SM','SM','SMR');
INSERT INTO `directory_country` (`country_id`, `iso2_code`, `iso3_code`) VALUES ('SN','SN','SEN');
INSERT INTO `directory_country` (`country_id`, `iso2_code`, `iso3_code`) VALUES ('SO','SO','SOM');
INSERT INTO `directory_country` (`country_id`, `iso2_code`, `iso3_code`) VALUES ('SR','SR','SUR');
INSERT INTO `directory_country` (`country_id`, `iso2_code`, `iso3_code`) VALUES ('ST','ST','STP');
INSERT INTO `directory_country` (`country_id`, `iso2_code`, `iso3_code`) VALUES ('SV','SV','SLV');
INSERT INTO `directory_country` (`country_id`, `iso2_code`, `iso3_code`) VALUES ('SX','SX','SXM');
INSERT INTO `directory_country` (`country_id`, `iso2_code`, `iso3_code`) VALUES ('SY','SY','SYR');
INSERT INTO `directory_country` (`country_id`, `iso2_code`, `iso3_code`) VALUES ('SZ','SZ','SWZ');
INSERT INTO `directory_country` (`country_id`, `iso2_code`, `iso3_code`) VALUES ('TC','TC','TCA');
INSERT INTO `directory_country` (`country_id`, `iso2_code`, `iso3_code`) VALUES ('TD','TD','TCD');
INSERT INTO `directory_country` (`country_id`, `iso2_code`, `iso3_code`) VALUES ('TF','TF','ATF');
INSERT INTO `directory_country` (`country_id`, `iso2_code`, `iso3_code`) VALUES ('TG','TG','TGO');
INSERT INTO `directory_country` (`country_id`, `iso2_code`, `iso3_code`) VALUES ('TH','TH','THA');
INSERT INTO `directory_country` (`country_id`, `iso2_code`, `iso3_code`) VALUES ('TJ','TJ','TJK');
INSERT INTO `directory_country` (`country_id`, `iso2_code`, `iso3_code`) VALUES ('TK','TK','TKL');
INSERT INTO `directory_country` (`country_id`, `iso2_code`, `iso3_code`) VALUES ('TL','TL','TLS');
INSERT INTO `directory_country` (`country_id`, `iso2_code`, `iso3_code`) VALUES ('TM','TM','TKM');
INSERT INTO `directory_country` (`country_id`, `iso2_code`, `iso3_code`) VALUES ('TN','TN','TUN');
INSERT INTO `directory_country` (`country_id`, `iso2_code`, `iso3_code`) VALUES ('TO','TO','TON');
INSERT INTO `directory_country` (`country_id`, `iso2_code`, `iso3_code`) VALUES ('TR','TR','TUR');
INSERT INTO `directory_country` (`country_id`, `iso2_code`, `iso3_code`) VALUES ('TT','TT','TTO');
INSERT INTO `directory_country` (`country_id`, `iso2_code`, `iso3_code`) VALUES ('TV','TV','TUV');
INSERT INTO `directory_country` (`country_id`, `iso2_code`, `iso3_code`) VALUES ('TW','TW','TWN');
INSERT INTO `directory_country` (`country_id`, `iso2_code`, `iso3_code`) VALUES ('TZ','TZ','TZA');
INSERT INTO `directory_country` (`country_id`, `iso2_code`, `iso3_code`) VALUES ('UA','UA','UKR');
INSERT INTO `directory_country` (`country_id`, `iso2_code`, `iso3_code`) VALUES ('UG','UG','UGA');
INSERT INTO `directory_country` (`country_id`, `iso2_code`, `iso3_code`) VALUES ('UM','UM','UMI');
INSERT INTO `directory_country` (`country_id`, `iso2_code`, `iso3_code`) VALUES ('US','US','USA');
INSERT INTO `directory_country` (`country_id`, `iso2_code`, `iso3_code`) VALUES ('UY','UY','URY');
INSERT INTO `directory_country` (`country_id`, `iso2_code`, `iso3_code`) VALUES ('UZ','UZ','UZB');
INSERT INTO `directory_country` (`country_id`, `iso2_code`, `iso3_code`) VALUES ('VA','VA','VAT');
INSERT INTO `directory_country` (`country_id`, `iso2_code`, `iso3_code`) VALUES ('VC','VC','VCT');
INSERT INTO `directory_country` (`country_id`, `iso2_code`, `iso3_code`) VALUES ('VE','VE','VEN');
INSERT INTO `directory_country` (`country_id`, `iso2_code`, `iso3_code`) VALUES ('VG','VG','VGB');
INSERT INTO `directory_country` (`country_id`, `iso2_code`, `iso3_code`) VALUES ('VI','VI','VIR');
INSERT INTO `directory_country` (`country_id`, `iso2_code`, `iso3_code`) VALUES ('VN','VN','VNM');
INSERT INTO `directory_country` (`country_id`, `iso2_code`, `iso3_code`) VALUES ('VU','VU','VUT');
INSERT INTO `directory_country` (`country_id`, `iso2_code`, `iso3_code`) VALUES ('WF','WF','WLF');
INSERT INTO `directory_country` (`country_id`, `iso2_code`, `iso3_code`) VALUES ('WS','WS','WSM');
INSERT INTO `directory_country` (`country_id`, `iso2_code`, `iso3_code`) VALUES ('XK','XK','XKX');
INSERT INTO `directory_country` (`country_id`, `iso2_code`, `iso3_code`) VALUES ('YE','YE','YEM');
INSERT INTO `directory_country` (`country_id`, `iso2_code`, `iso3_code`) VALUES ('YT','YT','MYT');
INSERT INTO `directory_country` (`country_id`, `iso2_code`, `iso3_code`) VALUES ('ZA','ZA','ZAF');
INSERT INTO `directory_country` (`country_id`, `iso2_code`, `iso3_code`) VALUES ('ZM','ZM','ZMB');
INSERT INTO `directory_country` (`country_id`, `iso2_code`, `iso3_code`) VALUES ('ZW','ZW','ZWE');

--
-- Table structure for table `directory_country_format`
--

CREATE TABLE `directory_country_format` (
  `country_format_id` int(10) unsigned NOT NULL AUTO_INCREMENT COMMENT 'Country Format ID',
  `country_id` varchar(2) DEFAULT NULL COMMENT 'Country ID in ISO-2',
  `type` varchar(30) DEFAULT NULL COMMENT 'Country Format Type',
  `format` text NOT NULL COMMENT 'Country Format',
  PRIMARY KEY (`country_format_id`),
  UNIQUE KEY `DIRECTORY_COUNTRY_FORMAT_COUNTRY_ID_TYPE` (`country_id`,`type`)
) ENGINE=InnoDB DEFAULT CHARSET=utf8mb3 COLLATE=utf8mb3_general_ci COMMENT='Directory Country Format';

--
-- Dumping data for table `directory_country_format`
--


--
-- Table structure for table `directory_country_region`
--

CREATE TABLE `directory_country_region` (
  `region_id` int(10) unsigned NOT NULL AUTO_INCREMENT COMMENT 'Region ID',
  `country_id` varchar(4) NOT NULL DEFAULT '0' COMMENT 'Country ID in ISO-2',
  `code` varchar(32) DEFAULT NULL COMMENT 'Region code',
  `default_name` varchar(255) DEFAULT NULL COMMENT 'Region Name',
  PRIMARY KEY (`region_id`),
  KEY `DIRECTORY_COUNTRY_REGION_COUNTRY_ID` (`country_id`)
) ENGINE=InnoDB AUTO_INCREMENT=1157 DEFAULT CHARSET=utf8mb3 COLLATE=utf8mb3_general_ci COMMENT='Directory Country Region';

--
-- Dumping data for table `directory_country_region`
--

INSERT INTO `directory_country_region` (`region_id`, `country_id`, `code`, `default_name`) VALUES (1,'US','AL','Alabama');
INSERT INTO `directory_country_region` (`region_id`, `country_id`, `code`, `default_name`) VALUES (2,'US','AK','Alaska');
INSERT INTO `directory_country_region` (`region_id`, `country_id`, `code`, `default_name`) VALUES (3,'US','AS','American Samoa');
INSERT INTO `directory_country_region` (`region_id`, `country_id`, `code`, `default_name`) VALUES (4,'US','AZ','Arizona');
INSERT INTO `directory_country_region` (`region_id`, `country_id`, `code`, `default_name`) VALUES (5,'US','AR','Arkansas');
INSERT INTO `directory_country_region` (`region_id`, `country_id`, `code`, `default_name`) VALUES (6,'US','AE','Armed Forces Africa');
INSERT INTO `directory_country_region` (`region_id`, `country_id`, `code`, `default_name`) VALUES (7,'US','AA','Armed Forces Americas');
INSERT INTO `directory_country_region` (`region_id`, `country_id`, `code`, `default_name`) VALUES (8,'US','AE','Armed Forces Canada');
INSERT INTO `directory_country_region` (`region_id`, `country_id`, `code`, `default_name`) VALUES (9,'US','AE','Armed Forces Europe');
INSERT INTO `directory_country_region` (`region_id`, `country_id`, `code`, `default_name`) VALUES (10,'US','AE','Armed Forces Middle East');
INSERT INTO `directory_country_region` (`region_id`, `country_id`, `code`, `default_name`) VALUES (11,'US','AP','Armed Forces Pacific');
INSERT INTO `directory_country_region` (`region_id`, `country_id`, `code`, `default_name`) VALUES (12,'US','CA','California');
INSERT INTO `directory_country_region` (`region_id`, `country_id`, `code`, `default_name`) VALUES (13,'US','CO','Colorado');
INSERT INTO `directory_country_region` (`region_id`, `country_id`, `code`, `default_name`) VALUES (14,'US','CT','Connecticut');
INSERT INTO `directory_country_region` (`region_id`, `country_id`, `code`, `default_name`) VALUES (15,'US','DE','Delaware');
INSERT INTO `directory_country_region` (`region_id`, `country_id`, `code`, `default_name`) VALUES (16,'US','DC','District of Columbia');
INSERT INTO `directory_country_region` (`region_id`, `country_id`, `code`, `default_name`) VALUES (17,'US','FM','Federated States Of Micronesia');
INSERT INTO `directory_country_region` (`region_id`, `country_id`, `code`, `default_name`) VALUES (18,'US','FL','Florida');
INSERT INTO `directory_country_region` (`region_id`, `country_id`, `code`, `default_name`) VALUES (19,'US','GA','Georgia');
INSERT INTO `directory_country_region` (`region_id`, `country_id`, `code`, `default_name`) VALUES (20,'US','GU','Guam');
INSERT INTO `directory_country_region` (`region_id`, `country_id`, `code`, `default_name`) VALUES (21,'US','HI','Hawaii');
INSERT INTO `directory_country_region` (`region_id`, `country_id`, `code`, `default_name`) VALUES (22,'US','ID','Idaho');
INSERT INTO `directory_country_region` (`region_id`, `country_id`, `code`, `default_name`) VALUES (23,'US','IL','Illinois');
INSERT INTO `directory_country_region` (`region_id`, `country_id`, `code`, `default_name`) VALUES (24,'US','IN','Indiana');
INSERT INTO `directory_country_region` (`region_id`, `country_id`, `code`, `default_name`) VALUES (25,'US','IA','Iowa');
INSERT INTO `directory_country_region` (`region_id`, `country_id`, `code`, `default_name`) VALUES (26,'US','KS','Kansas');
INSERT INTO `directory_country_region` (`region_id`, `country_id`, `code`, `default_name`) VALUES (27,'US','KY','Kentucky');
INSERT INTO `directory_country_region` (`region_id`, `country_id`, `code`, `default_name`) VALUES (28,'US','LA','Louisiana');
INSERT INTO `directory_country_region` (`region_id`, `country_id`, `code`, `default_name`) VALUES (29,'US','ME','Maine');
INSERT INTO `directory_country_region` (`region_id`, `country_id`, `code`, `default_name`) VALUES (30,'US','MH','Marshall Islands');
INSERT INTO `directory_country_region` (`region_id`, `country_id`, `code`, `default_name`) VALUES (31,'US','MD','Maryland');
INSERT INTO `directory_country_region` (`region_id`, `country_id`, `code`, `default_name`) VALUES (32,'US','MA','Massachusetts');
INSERT INTO `directory_country_region` (`region_id`, `country_id`, `code`, `default_name`) VALUES (33,'US','MI','Michigan');
INSERT INTO `directory_country_region` (`region_id`, `country_id`, `code`, `default_name`) VALUES (34,'US','MN','Minnesota');
INSERT INTO `directory_country_region` (`region_id`, `country_id`, `code`, `default_name`) VALUES (35,'US','MS','Mississippi');
INSERT INTO `directory_country_region` (`region_id`, `country_id`, `code`, `default_name`) VALUES (36,'US','MO','Missouri');
INSERT INTO `directory_country_region` (`region_id`, `country_id`, `code`, `default_name`) VALUES (37,'US','MT','Montana');
INSERT INTO `directory_country_region` (`region_id`, `country_id`, `code`, `default_name`) VALUES (38,'US','NE','Nebraska');
INSERT INTO `directory_country_region` (`region_id`, `country_id`, `code`, `default_name`) VALUES (39,'US','NV','Nevada');
INSERT INTO `directory_country_region` (`region_id`, `country_id`, `code`, `default_name`) VALUES (40,'US','NH','New Hampshire');
INSERT INTO `directory_country_region` (`region_id`, `country_id`, `code`, `default_name`) VALUES (41,'US','NJ','New Jersey');
INSERT INTO `directory_country_region` (`region_id`, `country_id`, `code`, `default_name`) VALUES (42,'US','NM','New Mexico');
INSERT INTO `directory_country_region` (`region_id`, `country_id`, `code`, `default_name`) VALUES (43,'US','NY','New York');
INSERT INTO `directory_country_region` (`region_id`, `country_id`, `code`, `default_name`) VALUES (44,'US','NC','North Carolina');
INSERT INTO `directory_country_region` (`region_id`, `country_id`, `code`, `default_name`) VALUES (45,'US','ND','North Dakota');
INSERT INTO `directory_country_region` (`region_id`, `country_id`, `code`, `default_name`) VALUES (46,'US','MP','Northern Mariana Islands');
INSERT INTO `directory_country_region` (`region_id`, `country_id`, `code`, `default_name`) VALUES (47,'US','OH','Ohio');
INSERT INTO `directory_country_region` (`region_id`, `country_id`, `code`, `default_name`) VALUES (48,'US','OK','Oklahoma');
INSERT INTO `directory_country_region` (`region_id`, `country_id`, `code`, `default_name`) VALUES (49,'US','OR','Oregon');
INSERT INTO `directory_country_region` (`region_id`, `country_id`, `code`, `default_name`) VALUES (50,'US','PW','Palau');
INSERT INTO `directory_country_region` (`region_id`, `country_id`, `code`, `default_name`) VALUES (51,'US','PA','Pennsylvania');
INSERT INTO `directory_country_region` (`region_id`, `country_id`, `code`, `default_name`) VALUES (52,'US','PR','Puerto Rico');
INSERT INTO `directory_country_region` (`region_id`, `country_id`, `code`, `default_name`) VALUES (53,'US','RI','Rhode Island');
INSERT INTO `directory_country_region` (`region_id`, `country_id`, `code`, `default_name`) VALUES (54,'US','SC','South Carolina');
INSERT INTO `directory_country_region` (`region_id`, `country_id`, `code`, `default_name`) VALUES (55,'US','SD','South Dakota');
INSERT INTO `directory_country_region` (`region_id`, `country_id`, `code`, `default_name`) VALUES (56,'US','TN','Tennessee');
INSERT INTO `directory_country_region` (`region_id`, `country_id`, `code`, `default_name`) VALUES (57,'US','TX','Texas');
INSERT INTO `directory_country_region` (`region_id`, `country_id`, `code`, `default_name`) VALUES (58,'US','UT','Utah');
INSERT INTO `directory_country_region` (`region_id`, `country_id`, `code`, `default_name`) VALUES (59,'US','VT','Vermont');
INSERT INTO `directory_country_region` (`region_id`, `country_id`, `code`, `default_name`) VALUES (60,'US','VI','Virgin Islands');
INSERT INTO `directory_country_region` (`region_id`, `country_id`, `code`, `default_name`) VALUES (61,'US','VA','Virginia');
INSERT INTO `directory_country_region` (`region_id`, `country_id`, `code`, `default_name`) VALUES (62,'US','WA','Washington');
INSERT INTO `directory_country_region` (`region_id`, `country_id`, `code`, `default_name`) VALUES (63,'US','WV','West Virginia');
INSERT INTO `directory_country_region` (`region_id`, `country_id`, `code`, `default_name`) VALUES (64,'US','WI','Wisconsin');
INSERT INTO `directory_country_region` (`region_id`, `country_id`, `code`, `default_name`) VALUES (65,'US','WY','Wyoming');
INSERT INTO `directory_country_region` (`region_id`, `country_id`, `code`, `default_name`) VALUES (66,'CA','AB','Alberta');
INSERT INTO `directory_country_region` (`region_id`, `country_id`, `code`, `default_name`) VALUES (67,'CA','BC','British Columbia');
INSERT INTO `directory_country_region` (`region_id`, `country_id`, `code`, `default_name`) VALUES (68,'CA','MB','Manitoba');
INSERT INTO `directory_country_region` (`region_id`, `country_id`, `code`, `default_name`) VALUES (69,'CA','NL','Newfoundland and Labrador');
INSERT INTO `directory_country_region` (`region_id`, `country_id`, `code`, `default_name`) VALUES (70,'CA','NB','New Brunswick');
INSERT INTO `directory_country_region` (`region_id`, `country_id`, `code`, `default_name`) VALUES (71,'CA','NS','Nova Scotia');
INSERT INTO `directory_country_region` (`region_id`, `country_id`, `code`, `default_name`) VALUES (72,'CA','NT','Northwest Territories');
INSERT INTO `directory_country_region` (`region_id`, `country_id`, `code`, `default_name`) VALUES (73,'CA','NU','Nunavut');
INSERT INTO `directory_country_region` (`region_id`, `country_id`, `code`, `default_name`) VALUES (74,'CA','ON','Ontario');
INSERT INTO `directory_country_region` (`region_id`, `country_id`, `code`, `default_name`) VALUES (75,'CA','PE','Prince Edward Island');
INSERT INTO `directory_country_region` (`region_id`, `country_id`, `code`, `default_name`) VALUES (76,'CA','QC','Quebec');
INSERT INTO `directory_country_region` (`region_id`, `country_id`, `code`, `default_name`) VALUES (77,'CA','SK','Saskatchewan');
INSERT INTO `directory_country_region` (`region_id`, `country_id`, `code`, `default_name`) VALUES (78,'CA','YT','Yukon Territory');
INSERT INTO `directory_country_region` (`region_id`, `country_id`, `code`, `default_name`) VALUES (79,'DE','NDS','Niedersachsen');
INSERT INTO `directory_country_region` (`region_id`, `country_id`, `code`, `default_name`) VALUES (80,'DE','BAW','Baden-Württemberg');
INSERT INTO `directory_country_region` (`region_id`, `country_id`, `code`, `default_name`) VALUES (81,'DE','BAY','Bayern');
INSERT INTO `directory_country_region` (`region_id`, `country_id`, `code`, `default_name`) VALUES (82,'DE','BER','Berlin');
INSERT INTO `directory_country_region` (`region_id`, `country_id`, `code`, `default_name`) VALUES (83,'DE','BRG','Brandenburg');
INSERT INTO `directory_country_region` (`region_id`, `country_id`, `code`, `default_name`) VALUES (84,'DE','BRE','Bremen');
INSERT INTO `directory_country_region` (`region_id`, `country_id`, `code`, `default_name`) VALUES (85,'DE','HAM','Hamburg');
INSERT INTO `directory_country_region` (`region_id`, `country_id`, `code`, `default_name`) VALUES (86,'DE','HES','Hessen');
INSERT INTO `directory_country_region` (`region_id`, `country_id`, `code`, `default_name`) VALUES (87,'DE','MEC','Mecklenburg-Vorpommern');
INSERT INTO `directory_country_region` (`region_id`, `country_id`, `code`, `default_name`) VALUES (88,'DE','NRW','Nordrhein-Westfalen');
INSERT INTO `directory_country_region` (`region_id`, `country_id`, `code`, `default_name`) VALUES (89,'DE','RHE','Rheinland-Pfalz');
INSERT INTO `directory_country_region` (`region_id`, `country_id`, `code`, `default_name`) VALUES (90,'DE','SAR','Saarland');
INSERT INTO `directory_country_region` (`region_id`, `country_id`, `code`, `default_name`) VALUES (91,'DE','SAS','Sachsen');
INSERT INTO `directory_country_region` (`region_id`, `country_id`, `code`, `default_name`) VALUES (92,'DE','SAC','Sachsen-Anhalt');
INSERT INTO `directory_country_region` (`region_id`, `country_id`, `code`, `default_name`) VALUES (93,'DE','SCN','Schleswig-Holstein');
INSERT INTO `directory_country_region` (`region_id`, `country_id`, `code`, `default_name`) VALUES (94,'DE','THE','Thüringen');
INSERT INTO `directory_country_region` (`region_id`, `country_id`, `code`, `default_name`) VALUES (95,'AT','WI','Wien');
INSERT INTO `directory_country_region` (`region_id`, `country_id`, `code`, `default_name`) VALUES (96,'AT','NO','Niederösterreich');
INSERT INTO `directory_country_region` (`region_id`, `country_id`, `code`, `default_name`) VALUES (97,'AT','OO','Oberösterreich');
INSERT INTO `directory_country_region` (`region_id`, `country_id`, `code`, `default_name`) VALUES (98,'AT','SB','Salzburg');
INSERT INTO `directory_country_region` (`region_id`, `country_id`, `code`, `default_name`) VALUES (99,'AT','KN','Kärnten');
INSERT INTO `directory_country_region` (`region_id`, `country_id`, `code`, `default_name`) VALUES (100,'AT','ST','Steiermark');
INSERT INTO `directory_country_region` (`region_id`, `country_id`, `code`, `default_name`) VALUES (101,'AT','TI','Tirol');
INSERT INTO `directory_country_region` (`region_id`, `country_id`, `code`, `default_name`) VALUES (102,'AT','BL','Burgenland');
INSERT INTO `directory_country_region` (`region_id`, `country_id`, `code`, `default_name`) VALUES (103,'AT','VB','Vorarlberg');
INSERT INTO `directory_country_region` (`region_id`, `country_id`, `code`, `default_name`) VALUES (104,'CH','AG','Aargau');
INSERT INTO `directory_country_region` (`region_id`, `country_id`, `code`, `default_name`) VALUES (105,'CH','AI','Appenzell Innerrhoden');
INSERT INTO `directory_country_region` (`region_id`, `country_id`, `code`, `default_name`) VALUES (106,'CH','AR','Appenzell Ausserrhoden');
INSERT INTO `directory_country_region` (`region_id`, `country_id`, `code`, `default_name`) VALUES (107,'CH','BE','Bern');
INSERT INTO `directory_country_region` (`region_id`, `country_id`, `code`, `default_name`) VALUES (108,'CH','BL','Basel-Landschaft');
INSERT INTO `directory_country_region` (`region_id`, `country_id`, `code`, `default_name`) VALUES (109,'CH','BS','Basel-Stadt');
INSERT INTO `directory_country_region` (`region_id`, `country_id`, `code`, `default_name`) VALUES (110,'CH','FR','Friburg');
INSERT INTO `directory_country_region` (`region_id`, `country_id`, `code`, `default_name`) VALUES (111,'CH','GE','Geneva');
INSERT INTO `directory_country_region` (`region_id`, `country_id`, `code`, `default_name`) VALUES (112,'CH','GL','Glarus');
INSERT INTO `directory_country_region` (`region_id`, `country_id`, `code`, `default_name`) VALUES (113,'CH','GR','Graubünden');
INSERT INTO `directory_country_region` (`region_id`, `country_id`, `code`, `default_name`) VALUES (114,'CH','JU','Jura');
INSERT INTO `directory_country_region` (`region_id`, `country_id`, `code`, `default_name`) VALUES (115,'CH','LU','Lucerne');
INSERT INTO `directory_country_region` (`region_id`, `country_id`, `code`, `default_name`) VALUES (116,'CH','NE','Neuchâtel');
INSERT INTO `directory_country_region` (`region_id`, `country_id`, `code`, `default_name`) VALUES (117,'CH','NW','Nidwalden');
INSERT INTO `directory_country_region` (`region_id`, `country_id`, `code`, `default_name`) VALUES (118,'CH','OW','Obwalden');
INSERT INTO `directory_country_region` (`region_id`, `country_id`, `code`, `default_name`) VALUES (119,'CH','SG','St. Gallen');
INSERT INTO `directory_country_region` (`region_id`, `country_id`, `code`, `default_name`) VALUES (120,'CH','SH','Schaffhausen');
INSERT INTO `directory_country_region` (`region_id`, `country_id`, `code`, `default_name`) VALUES (121,'CH','SO','Solothurn');
INSERT INTO `directory_country_region` (`region_id`, `country_id`, `code`, `default_name`) VALUES (122,'CH','SZ','Schwyz');
INSERT INTO `directory_country_region` (`region_id`, `country_id`, `code`, `default_name`) VALUES (123,'CH','TG','Thurgau');
INSERT INTO `directory_country_region` (`region_id`, `country_id`, `code`, `default_name`) VALUES (124,'CH','TI','Ticino');
INSERT INTO `directory_country_region` (`region_id`, `country_id`, `code`, `default_name`) VALUES (125,'CH','UR','Uri');
INSERT INTO `directory_country_region` (`region_id`, `country_id`, `code`, `default_name`) VALUES (126,'CH','VD','Vaud');
INSERT INTO `directory_country_region` (`region_id`, `country_id`, `code`, `default_name`) VALUES (127,'CH','VS','Wallis');
INSERT INTO `directory_country_region` (`region_id`, `country_id`, `code`, `default_name`) VALUES (128,'CH','ZG','Zug');
INSERT INTO `directory_country_region` (`region_id`, `country_id`, `code`, `default_name`) VALUES (129,'CH','ZH','Zürich');
INSERT INTO `directory_country_region` (`region_id`, `country_id`, `code`, `default_name`) VALUES (130,'ES','A Coruсa','A Coruña');
INSERT INTO `directory_country_region` (`region_id`, `country_id`, `code`, `default_name`) VALUES (131,'ES','Alava','Alava');
INSERT INTO `directory_country_region` (`region_id`, `country_id`, `code`, `default_name`) VALUES (132,'ES','Albacete','Albacete');
INSERT INTO `directory_country_region` (`region_id`, `country_id`, `code`, `default_name`) VALUES (133,'ES','Alicante','Alicante');
INSERT INTO `directory_country_region` (`region_id`, `country_id`, `code`, `default_name`) VALUES (134,'ES','Almeria','Almeria');
INSERT INTO `directory_country_region` (`region_id`, `country_id`, `code`, `default_name`) VALUES (135,'ES','Asturias','Asturias');
INSERT INTO `directory_country_region` (`region_id`, `country_id`, `code`, `default_name`) VALUES (136,'ES','Avila','Avila');
INSERT INTO `directory_country_region` (`region_id`, `country_id`, `code`, `default_name`) VALUES (137,'ES','Badajoz','Badajoz');
INSERT INTO `directory_country_region` (`region_id`, `country_id`, `code`, `default_name`) VALUES (138,'ES','Baleares','Baleares');
INSERT INTO `directory_country_region` (`region_id`, `country_id`, `code`, `default_name`) VALUES (139,'ES','Barcelona','Barcelona');
INSERT INTO `directory_country_region` (`region_id`, `country_id`, `code`, `default_name`) VALUES (140,'ES','Burgos','Burgos');
INSERT INTO `directory_country_region` (`region_id`, `country_id`, `code`, `default_name`) VALUES (141,'ES','Caceres','Caceres');
INSERT INTO `directory_country_region` (`region_id`, `country_id`, `code`, `default_name`) VALUES (142,'ES','Cadiz','Cadiz');
INSERT INTO `directory_country_region` (`region_id`, `country_id`, `code`, `default_name`) VALUES (143,'ES','Cantabria','Cantabria');
INSERT INTO `directory_country_region` (`region_id`, `country_id`, `code`, `default_name`) VALUES (144,'ES','Castellon','Castellon');
INSERT INTO `directory_country_region` (`region_id`, `country_id`, `code`, `default_name`) VALUES (145,'ES','Ceuta','Ceuta');
INSERT INTO `directory_country_region` (`region_id`, `country_id`, `code`, `default_name`) VALUES (146,'ES','Ciudad Real','Ciudad Real');
INSERT INTO `directory_country_region` (`region_id`, `country_id`, `code`, `default_name`) VALUES (147,'ES','Cordoba','Cordoba');
INSERT INTO `directory_country_region` (`region_id`, `country_id`, `code`, `default_name`) VALUES (148,'ES','Cuenca','Cuenca');
INSERT INTO `directory_country_region` (`region_id`, `country_id`, `code`, `default_name`) VALUES (149,'ES','Girona','Girona');
INSERT INTO `directory_country_region` (`region_id`, `country_id`, `code`, `default_name`) VALUES (150,'ES','Granada','Granada');
INSERT INTO `directory_country_region` (`region_id`, `country_id`, `code`, `default_name`) VALUES (151,'ES','Guadalajara','Guadalajara');
INSERT INTO `directory_country_region` (`region_id`, `country_id`, `code`, `default_name`) VALUES (152,'ES','Guipuzcoa','Guipuzcoa');
INSERT INTO `directory_country_region` (`region_id`, `country_id`, `code`, `default_name`) VALUES (153,'ES','Huelva','Huelva');
INSERT INTO `directory_country_region` (`region_id`, `country_id`, `code`, `default_name`) VALUES (154,'ES','Huesca','Huesca');
INSERT INTO `directory_country_region` (`region_id`, `country_id`, `code`, `default_name`) VALUES (155,'ES','Jaen','Jaen');
INSERT INTO `directory_country_region` (`region_id`, `country_id`, `code`, `default_name`) VALUES (156,'ES','La Rioja','La Rioja');
INSERT INTO `directory_country_region` (`region_id`, `country_id`, `code`, `default_name`) VALUES (157,'ES','Las Palmas','Las Palmas');
INSERT INTO `directory_country_region` (`region_id`, `country_id`, `code`, `default_name`) VALUES (158,'ES','Leon','Leon');
INSERT INTO `directory_country_region` (`region_id`, `country_id`, `code`, `default_name`) VALUES (159,'ES','Lleida','Lleida');
INSERT INTO `directory_country_region` (`region_id`, `country_id`, `code`, `default_name`) VALUES (160,'ES','Lugo','Lugo');
INSERT INTO `directory_country_region` (`region_id`, `country_id`, `code`, `default_name`) VALUES (161,'ES','Madrid','Madrid');
INSERT INTO `directory_country_region` (`region_id`, `country_id`, `code`, `default_name`) VALUES (162,'ES','Malaga','Malaga');
INSERT INTO `directory_country_region` (`region_id`, `country_id`, `code`, `default_name`) VALUES (163,'ES','Melilla','Melilla');
INSERT INTO `directory_country_region` (`region_id`, `country_id`, `code`, `default_name`) VALUES (164,'ES','Murcia','Murcia');
INSERT INTO `directory_country_region` (`region_id`, `country_id`, `code`, `default_name`) VALUES (165,'ES','Navarra','Navarra');
INSERT INTO `directory_country_region` (`region_id`, `country_id`, `code`, `default_name`) VALUES (166,'ES','Ourense','Ourense');
INSERT INTO `directory_country_region` (`region_id`, `country_id`, `code`, `default_name`) VALUES (167,'ES','Palencia','Palencia');
INSERT INTO `directory_country_region` (`region_id`, `country_id`, `code`, `default_name`) VALUES (168,'ES','Pontevedra','Pontevedra');
INSERT INTO `directory_country_region` (`region_id`, `country_id`, `code`, `default_name`) VALUES (169,'ES','Salamanca','Salamanca');
INSERT INTO `directory_country_region` (`region_id`, `country_id`, `code`, `default_name`) VALUES (170,'ES','Santa Cruz de Tenerife','Santa Cruz de Tenerife');
INSERT INTO `directory_country_region` (`region_id`, `country_id`, `code`, `default_name`) VALUES (171,'ES','Segovia','Segovia');
INSERT INTO `directory_country_region` (`region_id`, `country_id`, `code`, `default_name`) VALUES (172,'ES','Sevilla','Sevilla');
INSERT INTO `directory_country_region` (`region_id`, `country_id`, `code`, `default_name`) VALUES (173,'ES','Soria','Soria');
INSERT INTO `directory_country_region` (`region_id`, `country_id`, `code`, `default_name`) VALUES (174,'ES','Tarragona','Tarragona');
INSERT INTO `directory_country_region` (`region_id`, `country_id`, `code`, `default_name`) VALUES (175,'ES','Teruel','Teruel');
INSERT INTO `directory_country_region` (`region_id`, `country_id`, `code`, `default_name`) VALUES (176,'ES','Toledo','Toledo');
INSERT INTO `directory_country_region` (`region_id`, `country_id`, `code`, `default_name`) VALUES (177,'ES','Valencia','Valencia');
INSERT INTO `directory_country_region` (`region_id`, `country_id`, `code`, `default_name`) VALUES (178,'ES','Valladolid','Valladolid');
INSERT INTO `directory_country_region` (`region_id`, `country_id`, `code`, `default_name`) VALUES (179,'ES','Vizcaya','Vizcaya');
INSERT INTO `directory_country_region` (`region_id`, `country_id`, `code`, `default_name`) VALUES (180,'ES','Zamora','Zamora');
INSERT INTO `directory_country_region` (`region_id`, `country_id`, `code`, `default_name`) VALUES (181,'ES','Zaragoza','Zaragoza');
INSERT INTO `directory_country_region` (`region_id`, `country_id`, `code`, `default_name`) VALUES (182,'FR','1','Ain');
INSERT INTO `directory_country_region` (`region_id`, `country_id`, `code`, `default_name`) VALUES (183,'FR','2','Aisne');
INSERT INTO `directory_country_region` (`region_id`, `country_id`, `code`, `default_name`) VALUES (184,'FR','3','Allier');
INSERT INTO `directory_country_region` (`region_id`, `country_id`, `code`, `default_name`) VALUES (185,'FR','4','Alpes-de-Haute-Provence');
INSERT INTO `directory_country_region` (`region_id`, `country_id`, `code`, `default_name`) VALUES (186,'FR','5','Hautes-Alpes');
INSERT INTO `directory_country_region` (`region_id`, `country_id`, `code`, `default_name`) VALUES (187,'FR','6','Alpes-Maritimes');
INSERT INTO `directory_country_region` (`region_id`, `country_id`, `code`, `default_name`) VALUES (188,'FR','7','Ardèche');
INSERT INTO `directory_country_region` (`region_id`, `country_id`, `code`, `default_name`) VALUES (189,'FR','8','Ardennes');
INSERT INTO `directory_country_region` (`region_id`, `country_id`, `code`, `default_name`) VALUES (190,'FR','9','Ariège');
INSERT INTO `directory_country_region` (`region_id`, `country_id`, `code`, `default_name`) VALUES (191,'FR','10','Aube');
INSERT INTO `directory_country_region` (`region_id`, `country_id`, `code`, `default_name`) VALUES (192,'FR','11','Aude');
INSERT INTO `directory_country_region` (`region_id`, `country_id`, `code`, `default_name`) VALUES (193,'FR','12','Aveyron');
INSERT INTO `directory_country_region` (`region_id`, `country_id`, `code`, `default_name`) VALUES (194,'FR','13','Bouches-du-Rhône');
INSERT INTO `directory_country_region` (`region_id`, `country_id`, `code`, `default_name`) VALUES (195,'FR','14','Calvados');
INSERT INTO `directory_country_region` (`region_id`, `country_id`, `code`, `default_name`) VALUES (196,'FR','15','Cantal');
INSERT INTO `directory_country_region` (`region_id`, `country_id`, `code`, `default_name`) VALUES (197,'FR','16','Charente');
INSERT INTO `directory_country_region` (`region_id`, `country_id`, `code`, `default_name`) VALUES (198,'FR','17','Charente-Maritime');
INSERT INTO `directory_country_region` (`region_id`, `country_id`, `code`, `default_name`) VALUES (199,'FR','18','Cher');
INSERT INTO `directory_country_region` (`region_id`, `country_id`, `code`, `default_name`) VALUES (200,'FR','19','Corrèze');
INSERT INTO `directory_country_region` (`region_id`, `country_id`, `code`, `default_name`) VALUES (201,'FR','2A','Corse-du-Sud');
INSERT INTO `directory_country_region` (`region_id`, `country_id`, `code`, `default_name`) VALUES (202,'FR','2B','Haute-Corse');
INSERT INTO `directory_country_region` (`region_id`, `country_id`, `code`, `default_name`) VALUES (203,'FR','21','Côte-d\'Or');
INSERT INTO `directory_country_region` (`region_id`, `country_id`, `code`, `default_name`) VALUES (204,'FR','22','Côtes-d\'Armor');
INSERT INTO `directory_country_region` (`region_id`, `country_id`, `code`, `default_name`) VALUES (205,'FR','23','Creuse');
INSERT INTO `directory_country_region` (`region_id`, `country_id`, `code`, `default_name`) VALUES (206,'FR','24','Dordogne');
INSERT INTO `directory_country_region` (`region_id`, `country_id`, `code`, `default_name`) VALUES (207,'FR','25','Doubs');
INSERT INTO `directory_country_region` (`region_id`, `country_id`, `code`, `default_name`) VALUES (208,'FR','26','Drôme');
INSERT INTO `directory_country_region` (`region_id`, `country_id`, `code`, `default_name`) VALUES (209,'FR','27','Eure');
INSERT INTO `directory_country_region` (`region_id`, `country_id`, `code`, `default_name`) VALUES (210,'FR','28','Eure-et-Loir');
INSERT INTO `directory_country_region` (`region_id`, `country_id`, `code`, `default_name`) VALUES (211,'FR','29','Finistère');
INSERT INTO `directory_country_region` (`region_id`, `country_id`, `code`, `default_name`) VALUES (212,'FR','30','Gard');
INSERT INTO `directory_country_region` (`region_id`, `country_id`, `code`, `default_name`) VALUES (213,'FR','31','Haute-Garonne');
INSERT INTO `directory_country_region` (`region_id`, `country_id`, `code`, `default_name`) VALUES (214,'FR','32','Gers');
INSERT INTO `directory_country_region` (`region_id`, `country_id`, `code`, `default_name`) VALUES (215,'FR','33','Gironde');
INSERT INTO `directory_country_region` (`region_id`, `country_id`, `code`, `default_name`) VALUES (216,'FR','34','Hérault');
INSERT INTO `directory_country_region` (`region_id`, `country_id`, `code`, `default_name`) VALUES (217,'FR','35','Ille-et-Vilaine');
INSERT INTO `directory_country_region` (`region_id`, `country_id`, `code`, `default_name`) VALUES (218,'FR','36','Indre');
INSERT INTO `directory_country_region` (`region_id`, `country_id`, `code`, `default_name`) VALUES (219,'FR','37','Indre-et-Loire');
INSERT INTO `directory_country_region` (`region_id`, `country_id`, `code`, `default_name`) VALUES (220,'FR','38','Isère');
INSERT INTO `directory_country_region` (`region_id`, `country_id`, `code`, `default_name`) VALUES (221,'FR','39','Jura');
INSERT INTO `directory_country_region` (`region_id`, `country_id`, `code`, `default_name`) VALUES (222,'FR','40','Landes');
INSERT INTO `directory_country_region` (`region_id`, `country_id`, `code`, `default_name`) VALUES (223,'FR','41','Loir-et-Cher');
INSERT INTO `directory_country_region` (`region_id`, `country_id`, `code`, `default_name`) VALUES (224,'FR','42','Loire');
INSERT INTO `directory_country_region` (`region_id`, `country_id`, `code`, `default_name`) VALUES (225,'FR','43','Haute-Loire');
INSERT INTO `directory_country_region` (`region_id`, `country_id`, `code`, `default_name`) VALUES (226,'FR','44','Loire-Atlantique');
INSERT INTO `directory_country_region` (`region_id`, `country_id`, `code`, `default_name`) VALUES (227,'FR','45','Loiret');
INSERT INTO `directory_country_region` (`region_id`, `country_id`, `code`, `default_name`) VALUES (228,'FR','46','Lot');
INSERT INTO `directory_country_region` (`region_id`, `country_id`, `code`, `default_name`) VALUES (229,'FR','47','Lot-et-Garonne');
INSERT INTO `directory_country_region` (`region_id`, `country_id`, `code`, `default_name`) VALUES (230,'FR','48','Lozère');
INSERT INTO `directory_country_region` (`region_id`, `country_id`, `code`, `default_name`) VALUES (231,'FR','49','Maine-et-Loire');
INSERT INTO `directory_country_region` (`region_id`, `country_id`, `code`, `default_name`) VALUES (232,'FR','50','Manche');
INSERT INTO `directory_country_region` (`region_id`, `country_id`, `code`, `default_name`) VALUES (233,'FR','51','Marne');
INSERT INTO `directory_country_region` (`region_id`, `country_id`, `code`, `default_name`) VALUES (234,'FR','52','Haute-Marne');
INSERT INTO `directory_country_region` (`region_id`, `country_id`, `code`, `default_name`) VALUES (235,'FR','53','Mayenne');
INSERT INTO `directory_country_region` (`region_id`, `country_id`, `code`, `default_name`) VALUES (236,'FR','54','Meurthe-et-Moselle');
INSERT INTO `directory_country_region` (`region_id`, `country_id`, `code`, `default_name`) VALUES (237,'FR','55','Meuse');
INSERT INTO `directory_country_region` (`region_id`, `country_id`, `code`, `default_name`) VALUES (238,'FR','56','Morbihan');
INSERT INTO `directory_country_region` (`region_id`, `country_id`, `code`, `default_name`) VALUES (239,'FR','57','Moselle');
INSERT INTO `directory_country_region` (`region_id`, `country_id`, `code`, `default_name`) VALUES (240,'FR','58','Nièvre');
INSERT INTO `directory_country_region` (`region_id`, `country_id`, `code`, `default_name`) VALUES (241,'FR','59','Nord');
INSERT INTO `directory_country_region` (`region_id`, `country_id`, `code`, `default_name`) VALUES (242,'FR','60','Oise');
INSERT INTO `directory_country_region` (`region_id`, `country_id`, `code`, `default_name`) VALUES (243,'FR','61','Orne');
INSERT INTO `directory_country_region` (`region_id`, `country_id`, `code`, `default_name`) VALUES (244,'FR','62','Pas-de-Calais');
INSERT INTO `directory_country_region` (`region_id`, `country_id`, `code`, `default_name`) VALUES (245,'FR','63','Puy-de-Dôme');
INSERT INTO `directory_country_region` (`region_id`, `country_id`, `code`, `default_name`) VALUES (246,'FR','64','Pyrénées-Atlantiques');
INSERT INTO `directory_country_region` (`region_id`, `country_id`, `code`, `default_name`) VALUES (247,'FR','65','Hautes-Pyrénées');
INSERT INTO `directory_country_region` (`region_id`, `country_id`, `code`, `default_name`) VALUES (248,'FR','66','Pyrénées-Orientales');
INSERT INTO `directory_country_region` (`region_id`, `country_id`, `code`, `default_name`) VALUES (249,'FR','67','Bas-Rhin');
INSERT INTO `directory_country_region` (`region_id`, `country_id`, `code`, `default_name`) VALUES (250,'FR','68','Haut-Rhin');
INSERT INTO `directory_country_region` (`region_id`, `country_id`, `code`, `default_name`) VALUES (251,'FR','69','Rhône');
INSERT INTO `directory_country_region` (`region_id`, `country_id`, `code`, `default_name`) VALUES (252,'FR','70','Haute-Saône');
INSERT INTO `directory_country_region` (`region_id`, `country_id`, `code`, `default_name`) VALUES (253,'FR','71','Saône-et-Loire');
INSERT INTO `directory_country_region` (`region_id`, `country_id`, `code`, `default_name`) VALUES (254,'FR','72','Sarthe');
INSERT INTO `directory_country_region` (`region_id`, `country_id`, `code`, `default_name`) VALUES (255,'FR','73','Savoie');
INSERT INTO `directory_country_region` (`region_id`, `country_id`, `code`, `default_name`) VALUES (256,'FR','74','Haute-Savoie');
INSERT INTO `directory_country_region` (`region_id`, `country_id`, `code`, `default_name`) VALUES (257,'FR','75','Paris');
INSERT INTO `directory_country_region` (`region_id`, `country_id`, `code`, `default_name`) VALUES (258,'FR','76','Seine-Maritime');
INSERT INTO `directory_country_region` (`region_id`, `country_id`, `code`, `default_name`) VALUES (259,'FR','77','Seine-et-Marne');
INSERT INTO `directory_country_region` (`region_id`, `country_id`, `code`, `default_name`) VALUES (260,'FR','78','Yvelines');
INSERT INTO `directory_country_region` (`region_id`, `country_id`, `code`, `default_name`) VALUES (261,'FR','79','Deux-Sèvres');
INSERT INTO `directory_country_region` (`region_id`, `country_id`, `code`, `default_name`) VALUES (262,'FR','80','Somme');
INSERT INTO `directory_country_region` (`region_id`, `country_id`, `code`, `default_name`) VALUES (263,'FR','81','Tarn');
INSERT INTO `directory_country_region` (`region_id`, `country_id`, `code`, `default_name`) VALUES (264,'FR','82','Tarn-et-Garonne');
INSERT INTO `directory_country_region` (`region_id`, `country_id`, `code`, `default_name`) VALUES (265,'FR','83','Var');
INSERT INTO `directory_country_region` (`region_id`, `country_id`, `code`, `default_name`) VALUES (266,'FR','84','Vaucluse');
INSERT INTO `directory_country_region` (`region_id`, `country_id`, `code`, `default_name`) VALUES (267,'FR','85','Vendée');
INSERT INTO `directory_country_region` (`region_id`, `country_id`, `code`, `default_name`) VALUES (268,'FR','86','Vienne');
INSERT INTO `directory_country_region` (`region_id`, `country_id`, `code`, `default_name`) VALUES (269,'FR','87','Haute-Vienne');
INSERT INTO `directory_country_region` (`region_id`, `country_id`, `code`, `default_name`) VALUES (270,'FR','88','Vosges');
INSERT INTO `directory_country_region` (`region_id`, `country_id`, `code`, `default_name`) VALUES (271,'FR','89','Yonne');
INSERT INTO `directory_country_region` (`region_id`, `country_id`, `code`, `default_name`) VALUES (272,'FR','90','Territoire-de-Belfort');
INSERT INTO `directory_country_region` (`region_id`, `country_id`, `code`, `default_name`) VALUES (273,'FR','91','Essonne');
INSERT INTO `directory_country_region` (`region_id`, `country_id`, `code`, `default_name`) VALUES (274,'FR','92','Hauts-de-Seine');
INSERT INTO `directory_country_region` (`region_id`, `country_id`, `code`, `default_name`) VALUES (275,'FR','93','Seine-Saint-Denis');
INSERT INTO `directory_country_region` (`region_id`, `country_id`, `code`, `default_name`) VALUES (276,'FR','94','Val-de-Marne');
INSERT INTO `directory_country_region` (`region_id`, `country_id`, `code`, `default_name`) VALUES (277,'FR','95','Val-d\'Oise');
INSERT INTO `directory_country_region` (`region_id`, `country_id`, `code`, `default_name`) VALUES (278,'RO','AB','Alba');
INSERT INTO `directory_country_region` (`region_id`, `country_id`, `code`, `default_name`) VALUES (279,'RO','AR','Arad');
INSERT INTO `directory_country_region` (`region_id`, `country_id`, `code`, `default_name`) VALUES (280,'RO','AG','Argeş');
INSERT INTO `directory_country_region` (`region_id`, `country_id`, `code`, `default_name`) VALUES (281,'RO','BC','Bacău');
INSERT INTO `directory_country_region` (`region_id`, `country_id`, `code`, `default_name`) VALUES (282,'RO','BH','Bihor');
INSERT INTO `directory_country_region` (`region_id`, `country_id`, `code`, `default_name`) VALUES (283,'RO','BN','Bistriţa-Năsăud');
INSERT INTO `directory_country_region` (`region_id`, `country_id`, `code`, `default_name`) VALUES (284,'RO','BT','Botoşani');
INSERT INTO `directory_country_region` (`region_id`, `country_id`, `code`, `default_name`) VALUES (285,'RO','BV','Braşov');
INSERT INTO `directory_country_region` (`region_id`, `country_id`, `code`, `default_name`) VALUES (286,'RO','BR','Brăila');
INSERT INTO `directory_country_region` (`region_id`, `country_id`, `code`, `default_name`) VALUES (287,'RO','B','Bucureşti');
INSERT INTO `directory_country_region` (`region_id`, `country_id`, `code`, `default_name`) VALUES (288,'RO','BZ','Buzău');
INSERT INTO `directory_country_region` (`region_id`, `country_id`, `code`, `default_name`) VALUES (289,'RO','CS','Caraş-Severin');
INSERT INTO `directory_country_region` (`region_id`, `country_id`, `code`, `default_name`) VALUES (290,'RO','CL','Călăraşi');
INSERT INTO `directory_country_region` (`region_id`, `country_id`, `code`, `default_name`) VALUES (291,'RO','CJ','Cluj');
INSERT INTO `directory_country_region` (`region_id`, `country_id`, `code`, `default_name`) VALUES (292,'RO','CT','Constanţa');
INSERT INTO `directory_country_region` (`region_id`, `country_id`, `code`, `default_name`) VALUES (293,'RO','CV','Covasna');
INSERT INTO `directory_country_region` (`region_id`, `country_id`, `code`, `default_name`) VALUES (294,'RO','DB','Dâmboviţa');
INSERT INTO `directory_country_region` (`region_id`, `country_id`, `code`, `default_name`) VALUES (295,'RO','DJ','Dolj');
INSERT INTO `directory_country_region` (`region_id`, `country_id`, `code`, `default_name`) VALUES (296,'RO','GL','Galaţi');
INSERT INTO `directory_country_region` (`region_id`, `country_id`, `code`, `default_name`) VALUES (297,'RO','GR','Giurgiu');
INSERT INTO `directory_country_region` (`region_id`, `country_id`, `code`, `default_name`) VALUES (298,'RO','GJ','Gorj');
INSERT INTO `directory_country_region` (`region_id`, `country_id`, `code`, `default_name`) VALUES (299,'RO','HR','Harghita');
INSERT INTO `directory_country_region` (`region_id`, `country_id`, `code`, `default_name`) VALUES (300,'RO','HD','Hunedoara');
INSERT INTO `directory_country_region` (`region_id`, `country_id`, `code`, `default_name`) VALUES (301,'RO','IL','Ialomiţa');
INSERT INTO `directory_country_region` (`region_id`, `country_id`, `code`, `default_name`) VALUES (302,'RO','IS','Iaşi');
INSERT INTO `directory_country_region` (`region_id`, `country_id`, `code`, `default_name`) VALUES (303,'RO','IF','Ilfov');
INSERT INTO `directory_country_region` (`region_id`, `country_id`, `code`, `default_name`) VALUES (304,'RO','MM','Maramureş');
INSERT INTO `directory_country_region` (`region_id`, `country_id`, `code`, `default_name`) VALUES (305,'RO','MH','Mehedinţi');
INSERT INTO `directory_country_region` (`region_id`, `country_id`, `code`, `default_name`) VALUES (306,'RO','MS','Mureş');
INSERT INTO `directory_country_region` (`region_id`, `country_id`, `code`, `default_name`) VALUES (307,'RO','NT','Neamţ');
INSERT INTO `directory_country_region` (`region_id`, `country_id`, `code`, `default_name`) VALUES (308,'RO','OT','Olt');
INSERT INTO `directory_country_region` (`region_id`, `country_id`, `code`, `default_name`) VALUES (309,'RO','PH','Prahova');
INSERT INTO `directory_country_region` (`region_id`, `country_id`, `code`, `default_name`) VALUES (310,'RO','SM','Satu-Mare');
INSERT INTO `directory_country_region` (`region_id`, `country_id`, `code`, `default_name`) VALUES (311,'RO','SJ','Sălaj');
INSERT INTO `directory_country_region` (`region_id`, `country_id`, `code`, `default_name`) VALUES (312,'RO','SB','Sibiu');
INSERT INTO `directory_country_region` (`region_id`, `country_id`, `code`, `default_name`) VALUES (313,'RO','SV','Suceava');
INSERT INTO `directory_country_region` (`region_id`, `country_id`, `code`, `default_name`) VALUES (314,'RO','TR','Teleorman');
INSERT INTO `directory_country_region` (`region_id`, `country_id`, `code`, `default_name`) VALUES (315,'RO','TM','Timiş');
INSERT INTO `directory_country_region` (`region_id`, `country_id`, `code`, `default_name`) VALUES (316,'RO','TL','Tulcea');
INSERT INTO `directory_country_region` (`region_id`, `country_id`, `code`, `default_name`) VALUES (317,'RO','VS','Vaslui');
INSERT INTO `directory_country_region` (`region_id`, `country_id`, `code`, `default_name`) VALUES (318,'RO','VL','Vâlcea');
INSERT INTO `directory_country_region` (`region_id`, `country_id`, `code`, `default_name`) VALUES (319,'RO','VN','Vrancea');
INSERT INTO `directory_country_region` (`region_id`, `country_id`, `code`, `default_name`) VALUES (320,'FI','Lappi','Lappi');
INSERT INTO `directory_country_region` (`region_id`, `country_id`, `code`, `default_name`) VALUES (321,'FI','Pohjois-Pohjanmaa','Pohjois-Pohjanmaa');
INSERT INTO `directory_country_region` (`region_id`, `country_id`, `code`, `default_name`) VALUES (322,'FI','Kainuu','Kainuu');
INSERT INTO `directory_country_region` (`region_id`, `country_id`, `code`, `default_name`) VALUES (323,'FI','Pohjois-Karjala','Pohjois-Karjala');
INSERT INTO `directory_country_region` (`region_id`, `country_id`, `code`, `default_name`) VALUES (324,'FI','Pohjois-Savo','Pohjois-Savo');
INSERT INTO `directory_country_region` (`region_id`, `country_id`, `code`, `default_name`) VALUES (325,'FI','Etelä-Savo','Etelä-Savo');
INSERT INTO `directory_country_region` (`region_id`, `country_id`, `code`, `default_name`) VALUES (326,'FI','Etelä-Pohjanmaa','Etelä-Pohjanmaa');
INSERT INTO `directory_country_region` (`region_id`, `country_id`, `code`, `default_name`) VALUES (327,'FI','Pohjanmaa','Pohjanmaa');
INSERT INTO `directory_country_region` (`region_id`, `country_id`, `code`, `default_name`) VALUES (328,'FI','Pirkanmaa','Pirkanmaa');
INSERT INTO `directory_country_region` (`region_id`, `country_id`, `code`, `default_name`) VALUES (329,'FI','Satakunta','Satakunta');
INSERT INTO `directory_country_region` (`region_id`, `country_id`, `code`, `default_name`) VALUES (330,'FI','Keski-Pohjanmaa','Keski-Pohjanmaa');
INSERT INTO `directory_country_region` (`region_id`, `country_id`, `code`, `default_name`) VALUES (331,'FI','Keski-Suomi','Keski-Suomi');
INSERT INTO `directory_country_region` (`region_id`, `country_id`, `code`, `default_name`) VALUES (332,'FI','Varsinais-Suomi','Varsinais-Suomi');
INSERT INTO `directory_country_region` (`region_id`, `country_id`, `code`, `default_name`) VALUES (333,'FI','Etelä-Karjala','Etelä-Karjala');
INSERT INTO `directory_country_region` (`region_id`, `country_id`, `code`, `default_name`) VALUES (334,'FI','Päijät-Häme','Päijät-Häme');
INSERT INTO `directory_country_region` (`region_id`, `country_id`, `code`, `default_name`) VALUES (335,'FI','Kanta-Häme','Kanta-Häme');
INSERT INTO `directory_country_region` (`region_id`, `country_id`, `code`, `default_name`) VALUES (336,'FI','Uusimaa','Uusimaa');
INSERT INTO `directory_country_region` (`region_id`, `country_id`, `code`, `default_name`) VALUES (337,'FI','Itä-Uusimaa','Itä-Uusimaa');
INSERT INTO `directory_country_region` (`region_id`, `country_id`, `code`, `default_name`) VALUES (338,'FI','Kymenlaakso','Kymenlaakso');
INSERT INTO `directory_country_region` (`region_id`, `country_id`, `code`, `default_name`) VALUES (339,'FI','Ahvenanmaa','Ahvenanmaa');
INSERT INTO `directory_country_region` (`region_id`, `country_id`, `code`, `default_name`) VALUES (340,'EE','EE-37','Harjumaa');
INSERT INTO `directory_country_region` (`region_id`, `country_id`, `code`, `default_name`) VALUES (341,'EE','EE-39','Hiiumaa');
INSERT INTO `directory_country_region` (`region_id`, `country_id`, `code`, `default_name`) VALUES (342,'EE','EE-44','Ida-Virumaa');
INSERT INTO `directory_country_region` (`region_id`, `country_id`, `code`, `default_name`) VALUES (343,'EE','EE-49','Jõgevamaa');
INSERT INTO `directory_country_region` (`region_id`, `country_id`, `code`, `default_name`) VALUES (344,'EE','EE-51','Järvamaa');
INSERT INTO `directory_country_region` (`region_id`, `country_id`, `code`, `default_name`) VALUES (345,'EE','EE-57','Läänemaa');
INSERT INTO `directory_country_region` (`region_id`, `country_id`, `code`, `default_name`) VALUES (346,'EE','EE-59','Lääne-Virumaa');
INSERT INTO `directory_country_region` (`region_id`, `country_id`, `code`, `default_name`) VALUES (347,'EE','EE-65','Põlvamaa');
INSERT INTO `directory_country_region` (`region_id`, `country_id`, `code`, `default_name`) VALUES (348,'EE','EE-67','Pärnumaa');
INSERT INTO `directory_country_region` (`region_id`, `country_id`, `code`, `default_name`) VALUES (349,'EE','EE-70','Raplamaa');
INSERT INTO `directory_country_region` (`region_id`, `country_id`, `code`, `default_name`) VALUES (350,'EE','EE-74','Saaremaa');
INSERT INTO `directory_country_region` (`region_id`, `country_id`, `code`, `default_name`) VALUES (351,'EE','EE-78','Tartumaa');
INSERT INTO `directory_country_region` (`region_id`, `country_id`, `code`, `default_name`) VALUES (352,'EE','EE-82','Valgamaa');
INSERT INTO `directory_country_region` (`region_id`, `country_id`, `code`, `default_name`) VALUES (353,'EE','EE-84','Viljandimaa');
INSERT INTO `directory_country_region` (`region_id`, `country_id`, `code`, `default_name`) VALUES (354,'EE','EE-86','Võrumaa');
INSERT INTO `directory_country_region` (`region_id`, `country_id`, `code`, `default_name`) VALUES (355,'LV','LV-DGV','Daugavpils');
INSERT INTO `directory_country_region` (`region_id`, `country_id`, `code`, `default_name`) VALUES (356,'LV','LV-JEL','Jelgava');
INSERT INTO `directory_country_region` (`region_id`, `country_id`, `code`, `default_name`) VALUES (357,'LV','Jēkabpils','Jēkabpils');
INSERT INTO `directory_country_region` (`region_id`, `country_id`, `code`, `default_name`) VALUES (358,'LV','LV-JUR','Jūrmala');
INSERT INTO `directory_country_region` (`region_id`, `country_id`, `code`, `default_name`) VALUES (359,'LV','LV-LPX','Liepāja');
INSERT INTO `directory_country_region` (`region_id`, `country_id`, `code`, `default_name`) VALUES (360,'LV','LV-LE','Liepājas novads');
INSERT INTO `directory_country_region` (`region_id`, `country_id`, `code`, `default_name`) VALUES (361,'LV','LV-REZ','Rēzekne');
INSERT INTO `directory_country_region` (`region_id`, `country_id`, `code`, `default_name`) VALUES (362,'LV','LV-RIX','Rīga');
INSERT INTO `directory_country_region` (`region_id`, `country_id`, `code`, `default_name`) VALUES (363,'LV','LV-RI','Rīgas novads');
INSERT INTO `directory_country_region` (`region_id`, `country_id`, `code`, `default_name`) VALUES (364,'LV','Valmiera','Valmiera');
INSERT INTO `directory_country_region` (`region_id`, `country_id`, `code`, `default_name`) VALUES (365,'LV','LV-VEN','Ventspils');
INSERT INTO `directory_country_region` (`region_id`, `country_id`, `code`, `default_name`) VALUES (366,'LV','Aglonas novads','Aglonas novads');
INSERT INTO `directory_country_region` (`region_id`, `country_id`, `code`, `default_name`) VALUES (367,'LV','LV-AI','Aizkraukles novads');
INSERT INTO `directory_country_region` (`region_id`, `country_id`, `code`, `default_name`) VALUES (368,'LV','Aizputes novads','Aizputes novads');
INSERT INTO `directory_country_region` (`region_id`, `country_id`, `code`, `default_name`) VALUES (369,'LV','Aknīstes novads','Aknīstes novads');
INSERT INTO `directory_country_region` (`region_id`, `country_id`, `code`, `default_name`) VALUES (370,'LV','Alojas novads','Alojas novads');
INSERT INTO `directory_country_region` (`region_id`, `country_id`, `code`, `default_name`) VALUES (371,'LV','Alsungas novads','Alsungas novads');
INSERT INTO `directory_country_region` (`region_id`, `country_id`, `code`, `default_name`) VALUES (372,'LV','LV-AL','Alūksnes novads');
INSERT INTO `directory_country_region` (`region_id`, `country_id`, `code`, `default_name`) VALUES (373,'LV','Amatas novads','Amatas novads');
INSERT INTO `directory_country_region` (`region_id`, `country_id`, `code`, `default_name`) VALUES (374,'LV','Apes novads','Apes novads');
INSERT INTO `directory_country_region` (`region_id`, `country_id`, `code`, `default_name`) VALUES (375,'LV','Auces novads','Auces novads');
INSERT INTO `directory_country_region` (`region_id`, `country_id`, `code`, `default_name`) VALUES (376,'LV','Babītes novads','Babītes novads');
INSERT INTO `directory_country_region` (`region_id`, `country_id`, `code`, `default_name`) VALUES (377,'LV','Baldones novads','Baldones novads');
INSERT INTO `directory_country_region` (`region_id`, `country_id`, `code`, `default_name`) VALUES (378,'LV','Baltinavas novads','Baltinavas novads');
INSERT INTO `directory_country_region` (`region_id`, `country_id`, `code`, `default_name`) VALUES (379,'LV','LV-BL','Balvu novads');
INSERT INTO `directory_country_region` (`region_id`, `country_id`, `code`, `default_name`) VALUES (380,'LV','LV-BU','Bauskas novads');
INSERT INTO `directory_country_region` (`region_id`, `country_id`, `code`, `default_name`) VALUES (381,'LV','Beverīnas novads','Beverīnas novads');
INSERT INTO `directory_country_region` (`region_id`, `country_id`, `code`, `default_name`) VALUES (382,'LV','Brocēnu novads','Brocēnu novads');
INSERT INTO `directory_country_region` (`region_id`, `country_id`, `code`, `default_name`) VALUES (383,'LV','Burtnieku novads','Burtnieku novads');
INSERT INTO `directory_country_region` (`region_id`, `country_id`, `code`, `default_name`) VALUES (384,'LV','Carnikavas novads','Carnikavas novads');
INSERT INTO `directory_country_region` (`region_id`, `country_id`, `code`, `default_name`) VALUES (385,'LV','Cesvaines novads','Cesvaines novads');
INSERT INTO `directory_country_region` (`region_id`, `country_id`, `code`, `default_name`) VALUES (386,'LV','Ciblas novads','Ciblas novads');
INSERT INTO `directory_country_region` (`region_id`, `country_id`, `code`, `default_name`) VALUES (387,'LV','LV-CE','Cēsu novads');
INSERT INTO `directory_country_region` (`region_id`, `country_id`, `code`, `default_name`) VALUES (388,'LV','Dagdas novads','Dagdas novads');
INSERT INTO `directory_country_region` (`region_id`, `country_id`, `code`, `default_name`) VALUES (389,'LV','LV-DA','Daugavpils novads');
INSERT INTO `directory_country_region` (`region_id`, `country_id`, `code`, `default_name`) VALUES (390,'LV','LV-DO','Dobeles novads');
INSERT INTO `directory_country_region` (`region_id`, `country_id`, `code`, `default_name`) VALUES (391,'LV','Dundagas novads','Dundagas novads');
INSERT INTO `directory_country_region` (`region_id`, `country_id`, `code`, `default_name`) VALUES (392,'LV','Durbes novads','Durbes novads');
INSERT INTO `directory_country_region` (`region_id`, `country_id`, `code`, `default_name`) VALUES (393,'LV','Engures novads','Engures novads');
INSERT INTO `directory_country_region` (`region_id`, `country_id`, `code`, `default_name`) VALUES (394,'LV','Garkalnes novads','Garkalnes novads');
INSERT INTO `directory_country_region` (`region_id`, `country_id`, `code`, `default_name`) VALUES (395,'LV','Grobiņas novads','Grobiņas novads');
INSERT INTO `directory_country_region` (`region_id`, `country_id`, `code`, `default_name`) VALUES (396,'LV','LV-GU','Gulbenes novads');
INSERT INTO `directory_country_region` (`region_id`, `country_id`, `code`, `default_name`) VALUES (397,'LV','Iecavas novads','Iecavas novads');
INSERT INTO `directory_country_region` (`region_id`, `country_id`, `code`, `default_name`) VALUES (398,'LV','Ikšķiles novads','Ikšķiles novads');
INSERT INTO `directory_country_region` (`region_id`, `country_id`, `code`, `default_name`) VALUES (399,'LV','Ilūkstes novads','Ilūkstes novads');
INSERT INTO `directory_country_region` (`region_id`, `country_id`, `code`, `default_name`) VALUES (400,'LV','Inčukalna novads','Inčukalna novads');
INSERT INTO `directory_country_region` (`region_id`, `country_id`, `code`, `default_name`) VALUES (401,'LV','Jaunjelgavas novads','Jaunjelgavas novads');
INSERT INTO `directory_country_region` (`region_id`, `country_id`, `code`, `default_name`) VALUES (402,'LV','Jaunpiebalgas novads','Jaunpiebalgas novads');
INSERT INTO `directory_country_region` (`region_id`, `country_id`, `code`, `default_name`) VALUES (403,'LV','Jaunpils novads','Jaunpils novads');
INSERT INTO `directory_country_region` (`region_id`, `country_id`, `code`, `default_name`) VALUES (404,'LV','LV-JL','Jelgavas novads');
INSERT INTO `directory_country_region` (`region_id`, `country_id`, `code`, `default_name`) VALUES (405,'LV','LV-JK','Jēkabpils novads');
INSERT INTO `directory_country_region` (`region_id`, `country_id`, `code`, `default_name`) VALUES (406,'LV','Kandavas novads','Kandavas novads');
INSERT INTO `directory_country_region` (`region_id`, `country_id`, `code`, `default_name`) VALUES (407,'LV','Kokneses novads','Kokneses novads');
INSERT INTO `directory_country_region` (`region_id`, `country_id`, `code`, `default_name`) VALUES (408,'LV','Krimuldas novads','Krimuldas novads');
INSERT INTO `directory_country_region` (`region_id`, `country_id`, `code`, `default_name`) VALUES (409,'LV','Krustpils novads','Krustpils novads');
INSERT INTO `directory_country_region` (`region_id`, `country_id`, `code`, `default_name`) VALUES (410,'LV','LV-KR','Krāslavas novads');
INSERT INTO `directory_country_region` (`region_id`, `country_id`, `code`, `default_name`) VALUES (411,'LV','LV-KU','Kuldīgas novads');
INSERT INTO `directory_country_region` (`region_id`, `country_id`, `code`, `default_name`) VALUES (412,'LV','Kārsavas novads','Kārsavas novads');
INSERT INTO `directory_country_region` (`region_id`, `country_id`, `code`, `default_name`) VALUES (413,'LV','Lielvārdes novads','Lielvārdes novads');
INSERT INTO `directory_country_region` (`region_id`, `country_id`, `code`, `default_name`) VALUES (414,'LV','LV-LM','Limbažu novads');
INSERT INTO `directory_country_region` (`region_id`, `country_id`, `code`, `default_name`) VALUES (415,'LV','Lubānas novads','Lubānas novads');
INSERT INTO `directory_country_region` (`region_id`, `country_id`, `code`, `default_name`) VALUES (416,'LV','LV-LU','Ludzas novads');
INSERT INTO `directory_country_region` (`region_id`, `country_id`, `code`, `default_name`) VALUES (417,'LV','Līgatnes novads','Līgatnes novads');
INSERT INTO `directory_country_region` (`region_id`, `country_id`, `code`, `default_name`) VALUES (418,'LV','Līvānu novads','Līvānu novads');
INSERT INTO `directory_country_region` (`region_id`, `country_id`, `code`, `default_name`) VALUES (419,'LV','LV-MA','Madonas novads');
INSERT INTO `directory_country_region` (`region_id`, `country_id`, `code`, `default_name`) VALUES (420,'LV','Mazsalacas novads','Mazsalacas novads');
INSERT INTO `directory_country_region` (`region_id`, `country_id`, `code`, `default_name`) VALUES (421,'LV','Mālpils novads','Mālpils novads');
INSERT INTO `directory_country_region` (`region_id`, `country_id`, `code`, `default_name`) VALUES (422,'LV','Mārupes novads','Mārupes novads');
INSERT INTO `directory_country_region` (`region_id`, `country_id`, `code`, `default_name`) VALUES (423,'LV','Naukšēnu novads','Naukšēnu novads');
INSERT INTO `directory_country_region` (`region_id`, `country_id`, `code`, `default_name`) VALUES (424,'LV','Neretas novads','Neretas novads');
INSERT INTO `directory_country_region` (`region_id`, `country_id`, `code`, `default_name`) VALUES (425,'LV','Nīcas novads','Nīcas novads');
INSERT INTO `directory_country_region` (`region_id`, `country_id`, `code`, `default_name`) VALUES (426,'LV','LV-OG','Ogres novads');
INSERT INTO `directory_country_region` (`region_id`, `country_id`, `code`, `default_name`) VALUES (427,'LV','Olaines novads','Olaines novads');
INSERT INTO `directory_country_region` (`region_id`, `country_id`, `code`, `default_name`) VALUES (428,'LV','Ozolnieku novads','Ozolnieku novads');
INSERT INTO `directory_country_region` (`region_id`, `country_id`, `code`, `default_name`) VALUES (429,'LV','LV-PR','Preiļu novads');
INSERT INTO `directory_country_region` (`region_id`, `country_id`, `code`, `default_name`) VALUES (430,'LV','Priekules novads','Priekules novads');
INSERT INTO `directory_country_region` (`region_id`, `country_id`, `code`, `default_name`) VALUES (431,'LV','Priekuļu novads','Priekuļu novads');
INSERT INTO `directory_country_region` (`region_id`, `country_id`, `code`, `default_name`) VALUES (432,'LV','Pārgaujas novads','Pārgaujas novads');
INSERT INTO `directory_country_region` (`region_id`, `country_id`, `code`, `default_name`) VALUES (433,'LV','Pāvilostas novads','Pāvilostas novads');
INSERT INTO `directory_country_region` (`region_id`, `country_id`, `code`, `default_name`) VALUES (434,'LV','Pļaviņu novads','Pļaviņu novads');
INSERT INTO `directory_country_region` (`region_id`, `country_id`, `code`, `default_name`) VALUES (435,'LV','Raunas novads','Raunas novads');
INSERT INTO `directory_country_region` (`region_id`, `country_id`, `code`, `default_name`) VALUES (436,'LV','Riebiņu novads','Riebiņu novads');
INSERT INTO `directory_country_region` (`region_id`, `country_id`, `code`, `default_name`) VALUES (437,'LV','Rojas novads','Rojas novads');
INSERT INTO `directory_country_region` (`region_id`, `country_id`, `code`, `default_name`) VALUES (438,'LV','Ropažu novads','Ropažu novads');
INSERT INTO `directory_country_region` (`region_id`, `country_id`, `code`, `default_name`) VALUES (439,'LV','Rucavas novads','Rucavas novads');
INSERT INTO `directory_country_region` (`region_id`, `country_id`, `code`, `default_name`) VALUES (440,'LV','Rugāju novads','Rugāju novads');
INSERT INTO `directory_country_region` (`region_id`, `country_id`, `code`, `default_name`) VALUES (441,'LV','Rundāles novads','Rundāles novads');
INSERT INTO `directory_country_region` (`region_id`, `country_id`, `code`, `default_name`) VALUES (442,'LV','LV-RE','Rēzeknes novads');
INSERT INTO `directory_country_region` (`region_id`, `country_id`, `code`, `default_name`) VALUES (443,'LV','Rūjienas novads','Rūjienas novads');
INSERT INTO `directory_country_region` (`region_id`, `country_id`, `code`, `default_name`) VALUES (444,'LV','Salacgrīvas novads','Salacgrīvas novads');
INSERT INTO `directory_country_region` (`region_id`, `country_id`, `code`, `default_name`) VALUES (445,'LV','Salas novads','Salas novads');
INSERT INTO `directory_country_region` (`region_id`, `country_id`, `code`, `default_name`) VALUES (446,'LV','Salaspils novads','Salaspils novads');
INSERT INTO `directory_country_region` (`region_id`, `country_id`, `code`, `default_name`) VALUES (447,'LV','LV-SA','Saldus novads');
INSERT INTO `directory_country_region` (`region_id`, `country_id`, `code`, `default_name`) VALUES (448,'LV','Saulkrastu novads','Saulkrastu novads');
INSERT INTO `directory_country_region` (`region_id`, `country_id`, `code`, `default_name`) VALUES (449,'LV','Siguldas novads','Siguldas novads');
INSERT INTO `directory_country_region` (`region_id`, `country_id`, `code`, `default_name`) VALUES (450,'LV','Skrundas novads','Skrundas novads');
INSERT INTO `directory_country_region` (`region_id`, `country_id`, `code`, `default_name`) VALUES (451,'LV','Skrīveru novads','Skrīveru novads');
INSERT INTO `directory_country_region` (`region_id`, `country_id`, `code`, `default_name`) VALUES (452,'LV','Smiltenes novads','Smiltenes novads');
INSERT INTO `directory_country_region` (`region_id`, `country_id`, `code`, `default_name`) VALUES (453,'LV','Stopiņu novads','Stopiņu novads');
INSERT INTO `directory_country_region` (`region_id`, `country_id`, `code`, `default_name`) VALUES (454,'LV','Strenču novads','Strenču novads');
INSERT INTO `directory_country_region` (`region_id`, `country_id`, `code`, `default_name`) VALUES (455,'LV','Sējas novads','Sējas novads');
INSERT INTO `directory_country_region` (`region_id`, `country_id`, `code`, `default_name`) VALUES (456,'LV','LV-TA','Talsu novads');
INSERT INTO `directory_country_region` (`region_id`, `country_id`, `code`, `default_name`) VALUES (457,'LV','LV-TU','Tukuma novads');
INSERT INTO `directory_country_region` (`region_id`, `country_id`, `code`, `default_name`) VALUES (458,'LV','Tērvetes novads','Tērvetes novads');
INSERT INTO `directory_country_region` (`region_id`, `country_id`, `code`, `default_name`) VALUES (459,'LV','Vaiņodes novads','Vaiņodes novads');
INSERT INTO `directory_country_region` (`region_id`, `country_id`, `code`, `default_name`) VALUES (460,'LV','LV-VK','Valkas novads');
INSERT INTO `directory_country_region` (`region_id`, `country_id`, `code`, `default_name`) VALUES (461,'LV','LV-VM','Valmieras novads');
INSERT INTO `directory_country_region` (`region_id`, `country_id`, `code`, `default_name`) VALUES (462,'LV','Varakļānu novads','Varakļānu novads');
INSERT INTO `directory_country_region` (`region_id`, `country_id`, `code`, `default_name`) VALUES (463,'LV','Vecpiebalgas novads','Vecpiebalgas novads');
INSERT INTO `directory_country_region` (`region_id`, `country_id`, `code`, `default_name`) VALUES (464,'LV','Vecumnieku novads','Vecumnieku novads');
INSERT INTO `directory_country_region` (`region_id`, `country_id`, `code`, `default_name`) VALUES (465,'LV','LV-VE','Ventspils novads');
INSERT INTO `directory_country_region` (`region_id`, `country_id`, `code`, `default_name`) VALUES (466,'LV','Viesītes novads','Viesītes novads');
INSERT INTO `directory_country_region` (`region_id`, `country_id`, `code`, `default_name`) VALUES (467,'LV','Viļakas novads','Viļakas novads');
INSERT INTO `directory_country_region` (`region_id`, `country_id`, `code`, `default_name`) VALUES (468,'LV','Viļānu novads','Viļānu novads');
INSERT INTO `directory_country_region` (`region_id`, `country_id`, `code`, `default_name`) VALUES (469,'LV','Vārkavas novads','Vārkavas novads');
INSERT INTO `directory_country_region` (`region_id`, `country_id`, `code`, `default_name`) VALUES (470,'LV','Zilupes novads','Zilupes novads');
INSERT INTO `directory_country_region` (`region_id`, `country_id`, `code`, `default_name`) VALUES (471,'LV','Ādažu novads','Ādažu novads');
INSERT INTO `directory_country_region` (`region_id`, `country_id`, `code`, `default_name`) VALUES (472,'LV','Ērgļu novads','Ērgļu novads');
INSERT INTO `directory_country_region` (`region_id`, `country_id`, `code`, `default_name`) VALUES (473,'LV','Ķeguma novads','Ķeguma novads');
INSERT INTO `directory_country_region` (`region_id`, `country_id`, `code`, `default_name`) VALUES (474,'LV','Ķekavas novads','Ķekavas novads');
INSERT INTO `directory_country_region` (`region_id`, `country_id`, `code`, `default_name`) VALUES (475,'LT','LT-AL','Alytaus Apskritis');
INSERT INTO `directory_country_region` (`region_id`, `country_id`, `code`, `default_name`) VALUES (476,'LT','LT-KU','Kauno Apskritis');
INSERT INTO `directory_country_region` (`region_id`, `country_id`, `code`, `default_name`) VALUES (477,'LT','LT-KL','Klaipėdos Apskritis');
INSERT INTO `directory_country_region` (`region_id`, `country_id`, `code`, `default_name`) VALUES (478,'LT','LT-MR','Marijampolės Apskritis');
INSERT INTO `directory_country_region` (`region_id`, `country_id`, `code`, `default_name`) VALUES (479,'LT','LT-PN','Panevėžio Apskritis');
INSERT INTO `directory_country_region` (`region_id`, `country_id`, `code`, `default_name`) VALUES (480,'LT','LT-SA','Šiaulių Apskritis');
INSERT INTO `directory_country_region` (`region_id`, `country_id`, `code`, `default_name`) VALUES (481,'LT','LT-TA','Tauragės Apskritis');
INSERT INTO `directory_country_region` (`region_id`, `country_id`, `code`, `default_name`) VALUES (482,'LT','LT-TE','Telšių Apskritis');
INSERT INTO `directory_country_region` (`region_id`, `country_id`, `code`, `default_name`) VALUES (483,'LT','LT-UT','Utenos Apskritis');
INSERT INTO `directory_country_region` (`region_id`, `country_id`, `code`, `default_name`) VALUES (484,'LT','LT-VL','Vilniaus Apskritis');
INSERT INTO `directory_country_region` (`region_id`, `country_id`, `code`, `default_name`) VALUES (485,'BR','AC','Acre');
INSERT INTO `directory_country_region` (`region_id`, `country_id`, `code`, `default_name`) VALUES (486,'BR','AL','Alagoas');
INSERT INTO `directory_country_region` (`region_id`, `country_id`, `code`, `default_name`) VALUES (487,'BR','AP','Amapá');
INSERT INTO `directory_country_region` (`region_id`, `country_id`, `code`, `default_name`) VALUES (488,'BR','AM','Amazonas');
INSERT INTO `directory_country_region` (`region_id`, `country_id`, `code`, `default_name`) VALUES (489,'BR','BA','Bahia');
INSERT INTO `directory_country_region` (`region_id`, `country_id`, `code`, `default_name`) VALUES (490,'BR','CE','Ceará');
INSERT INTO `directory_country_region` (`region_id`, `country_id`, `code`, `default_name`) VALUES (491,'BR','ES','Espírito Santo');
INSERT INTO `directory_country_region` (`region_id`, `country_id`, `code`, `default_name`) VALUES (492,'BR','GO','Goiás');
INSERT INTO `directory_country_region` (`region_id`, `country_id`, `code`, `default_name`) VALUES (493,'BR','MA','Maranhão');
INSERT INTO `directory_country_region` (`region_id`, `country_id`, `code`, `default_name`) VALUES (494,'BR','MT','Mato Grosso');
INSERT INTO `directory_country_region` (`region_id`, `country_id`, `code`, `default_name`) VALUES (495,'BR','MS','Mato Grosso do Sul');
INSERT INTO `directory_country_region` (`region_id`, `country_id`, `code`, `default_name`) VALUES (496,'BR','MG','Minas Gerais');
INSERT INTO `directory_country_region` (`region_id`, `country_id`, `code`, `default_name`) VALUES (497,'BR','PA','Pará');
INSERT INTO `directory_country_region` (`region_id`, `country_id`, `code`, `default_name`) VALUES (498,'BR','PB','Paraíba');
INSERT INTO `directory_country_region` (`region_id`, `country_id`, `code`, `default_name`) VALUES (499,'BR','PR','Paraná');
INSERT INTO `directory_country_region` (`region_id`, `country_id`, `code`, `default_name`) VALUES (500,'BR','PE','Pernambuco');
INSERT INTO `directory_country_region` (`region_id`, `country_id`, `code`, `default_name`) VALUES (501,'BR','PI','Piauí');
INSERT INTO `directory_country_region` (`region_id`, `country_id`, `code`, `default_name`) VALUES (502,'BR','RJ','Rio de Janeiro');
INSERT INTO `directory_country_region` (`region_id`, `country_id`, `code`, `default_name`) VALUES (503,'BR','RN','Rio Grande do Norte');
INSERT INTO `directory_country_region` (`region_id`, `country_id`, `code`, `default_name`) VALUES (504,'BR','RS','Rio Grande do Sul');
INSERT INTO `directory_country_region` (`region_id`, `country_id`, `code`, `default_name`) VALUES (505,'BR','RO','Rondônia');
INSERT INTO `directory_country_region` (`region_id`, `country_id`, `code`, `default_name`) VALUES (506,'BR','RR','Roraima');
INSERT INTO `directory_country_region` (`region_id`, `country_id`, `code`, `default_name`) VALUES (507,'BR','SC','Santa Catarina');
INSERT INTO `directory_country_region` (`region_id`, `country_id`, `code`, `default_name`) VALUES (508,'BR','SP','São Paulo');
INSERT INTO `directory_country_region` (`region_id`, `country_id`, `code`, `default_name`) VALUES (509,'BR','SE','Sergipe');
INSERT INTO `directory_country_region` (`region_id`, `country_id`, `code`, `default_name`) VALUES (510,'BR','TO','Tocantins');
INSERT INTO `directory_country_region` (`region_id`, `country_id`, `code`, `default_name`) VALUES (511,'BR','DF','Distrito Federal');
INSERT INTO `directory_country_region` (`region_id`, `country_id`, `code`, `default_name`) VALUES (512,'AL','AL-01','Berat');
INSERT INTO `directory_country_region` (`region_id`, `country_id`, `code`, `default_name`) VALUES (513,'AL','AL-09','Dibër');
INSERT INTO `directory_country_region` (`region_id`, `country_id`, `code`, `default_name`) VALUES (514,'AL','AL-02','Durrës');
INSERT INTO `directory_country_region` (`region_id`, `country_id`, `code`, `default_name`) VALUES (515,'AL','AL-03','Elbasan');
INSERT INTO `directory_country_region` (`region_id`, `country_id`, `code`, `default_name`) VALUES (516,'AL','AL-04','Fier');
INSERT INTO `directory_country_region` (`region_id`, `country_id`, `code`, `default_name`) VALUES (517,'AL','AL-05','Gjirokastër');
INSERT INTO `directory_country_region` (`region_id`, `country_id`, `code`, `default_name`) VALUES (518,'AL','AL-06','Korçë');
INSERT INTO `directory_country_region` (`region_id`, `country_id`, `code`, `default_name`) VALUES (519,'AL','AL-07','Kukës');
INSERT INTO `directory_country_region` (`region_id`, `country_id`, `code`, `default_name`) VALUES (520,'AL','AL-08','Lezhë');
INSERT INTO `directory_country_region` (`region_id`, `country_id`, `code`, `default_name`) VALUES (521,'AL','AL-10','Shkodër');
INSERT INTO `directory_country_region` (`region_id`, `country_id`, `code`, `default_name`) VALUES (522,'AL','AL-11','Tiranë');
INSERT INTO `directory_country_region` (`region_id`, `country_id`, `code`, `default_name`) VALUES (523,'AL','AL-12','Vlorë');
INSERT INTO `directory_country_region` (`region_id`, `country_id`, `code`, `default_name`) VALUES (524,'AR','AR-C','Ciudad Autónoma de Buenos Aires');
INSERT INTO `directory_country_region` (`region_id`, `country_id`, `code`, `default_name`) VALUES (525,'AR','AR-B','Buenos Aires');
INSERT INTO `directory_country_region` (`region_id`, `country_id`, `code`, `default_name`) VALUES (526,'AR','AR-K','Catamarca');
INSERT INTO `directory_country_region` (`region_id`, `country_id`, `code`, `default_name`) VALUES (527,'AR','AR-H','Chaco');
INSERT INTO `directory_country_region` (`region_id`, `country_id`, `code`, `default_name`) VALUES (528,'AR','AR-U','Chubut');
INSERT INTO `directory_country_region` (`region_id`, `country_id`, `code`, `default_name`) VALUES (529,'AR','AR-X','Córdoba');
INSERT INTO `directory_country_region` (`region_id`, `country_id`, `code`, `default_name`) VALUES (530,'AR','AR-W','Corrientes');
INSERT INTO `directory_country_region` (`region_id`, `country_id`, `code`, `default_name`) VALUES (531,'AR','AR-E','Entre Ríos');
INSERT INTO `directory_country_region` (`region_id`, `country_id`, `code`, `default_name`) VALUES (532,'AR','AR-P','Formosa');
INSERT INTO `directory_country_region` (`region_id`, `country_id`, `code`, `default_name`) VALUES (533,'AR','AR-Y','Jujuy');
INSERT INTO `directory_country_region` (`region_id`, `country_id`, `code`, `default_name`) VALUES (534,'AR','AR-L','La Pampa');
INSERT INTO `directory_country_region` (`region_id`, `country_id`, `code`, `default_name`) VALUES (535,'AR','AR-F','La Rioja');
INSERT INTO `directory_country_region` (`region_id`, `country_id`, `code`, `default_name`) VALUES (536,'AR','AR-M','Mendoza');
INSERT INTO `directory_country_region` (`region_id`, `country_id`, `code`, `default_name`) VALUES (537,'AR','AR-N','Misiones');
INSERT INTO `directory_country_region` (`region_id`, `country_id`, `code`, `default_name`) VALUES (538,'AR','AR-Q','Neuquén');
INSERT INTO `directory_country_region` (`region_id`, `country_id`, `code`, `default_name`) VALUES (539,'AR','AR-R','Río Negro');
INSERT INTO `directory_country_region` (`region_id`, `country_id`, `code`, `default_name`) VALUES (540,'AR','AR-A','Salta');
INSERT INTO `directory_country_region` (`region_id`, `country_id`, `code`, `default_name`) VALUES (541,'AR','AR-J','San Juan');
INSERT INTO `directory_country_region` (`region_id`, `country_id`, `code`, `default_name`) VALUES (542,'AR','AR-D','San Luis');
INSERT INTO `directory_country_region` (`region_id`, `country_id`, `code`, `default_name`) VALUES (543,'AR','AR-Z','Santa Cruz');
INSERT INTO `directory_country_region` (`region_id`, `country_id`, `code`, `default_name`) VALUES (544,'AR','AR-S','Santa Fe');
INSERT INTO `directory_country_region` (`region_id`, `country_id`, `code`, `default_name`) VALUES (545,'AR','AR-G','Santiago del Estero');
INSERT INTO `directory_country_region` (`region_id`, `country_id`, `code`, `default_name`) VALUES (546,'AR','AR-V','Tierra del Fuego');
INSERT INTO `directory_country_region` (`region_id`, `country_id`, `code`, `default_name`) VALUES (547,'AR','AR-T','Tucumán');
INSERT INTO `directory_country_region` (`region_id`, `country_id`, `code`, `default_name`) VALUES (548,'HR','HR-01','Zagrebačka županija');
INSERT INTO `directory_country_region` (`region_id`, `country_id`, `code`, `default_name`) VALUES (549,'HR','HR-02','Krapinsko-zagorska županija');
INSERT INTO `directory_country_region` (`region_id`, `country_id`, `code`, `default_name`) VALUES (550,'HR','HR-03','Sisačko-moslavačka županija');
INSERT INTO `directory_country_region` (`region_id`, `country_id`, `code`, `default_name`) VALUES (551,'HR','HR-04','Karlovačka županija');
INSERT INTO `directory_country_region` (`region_id`, `country_id`, `code`, `default_name`) VALUES (552,'HR','HR-05','Varaždinska županija');
INSERT INTO `directory_country_region` (`region_id`, `country_id`, `code`, `default_name`) VALUES (553,'HR','HR-06','Koprivničko-križevačka županija');
INSERT INTO `directory_country_region` (`region_id`, `country_id`, `code`, `default_name`) VALUES (554,'HR','HR-07','Bjelovarsko-bilogorska županija');
INSERT INTO `directory_country_region` (`region_id`, `country_id`, `code`, `default_name`) VALUES (555,'HR','HR-08','Primorsko-goranska županija');
INSERT INTO `directory_country_region` (`region_id`, `country_id`, `code`, `default_name`) VALUES (556,'HR','HR-09','Ličko-senjska županija');
INSERT INTO `directory_country_region` (`region_id`, `country_id`, `code`, `default_name`) VALUES (557,'HR','HR-10','Virovitičko-podravska županija');
INSERT INTO `directory_country_region` (`region_id`, `country_id`, `code`, `default_name`) VALUES (558,'HR','HR-11','Požeško-slavonska županija');
INSERT INTO `directory_country_region` (`region_id`, `country_id`, `code`, `default_name`) VALUES (559,'HR','HR-12','Brodsko-posavska županija');
INSERT INTO `directory_country_region` (`region_id`, `country_id`, `code`, `default_name`) VALUES (560,'HR','HR-13','Zadarska županija');
INSERT INTO `directory_country_region` (`region_id`, `country_id`, `code`, `default_name`) VALUES (561,'HR','HR-14','Osječko-baranjska županija');
INSERT INTO `directory_country_region` (`region_id`, `country_id`, `code`, `default_name`) VALUES (562,'HR','HR-15','Šibensko-kninska županija');
INSERT INTO `directory_country_region` (`region_id`, `country_id`, `code`, `default_name`) VALUES (563,'HR','HR-16','Vukovarsko-srijemska županija');
INSERT INTO `directory_country_region` (`region_id`, `country_id`, `code`, `default_name`) VALUES (564,'HR','HR-17','Splitsko-dalmatinska županija');
INSERT INTO `directory_country_region` (`region_id`, `country_id`, `code`, `default_name`) VALUES (565,'HR','HR-18','Istarska županija');
INSERT INTO `directory_country_region` (`region_id`, `country_id`, `code`, `default_name`) VALUES (566,'HR','HR-19','Dubrovačko-neretvanska županija');
INSERT INTO `directory_country_region` (`region_id`, `country_id`, `code`, `default_name`) VALUES (567,'HR','HR-20','Međimurska županija');
INSERT INTO `directory_country_region` (`region_id`, `country_id`, `code`, `default_name`) VALUES (568,'HR','HR-21','Grad Zagreb');
INSERT INTO `directory_country_region` (`region_id`, `country_id`, `code`, `default_name`) VALUES (569,'IN','AN','Andaman and Nicobar Islands');
INSERT INTO `directory_country_region` (`region_id`, `country_id`, `code`, `default_name`) VALUES (570,'IN','AP','Andhra Pradesh');
INSERT INTO `directory_country_region` (`region_id`, `country_id`, `code`, `default_name`) VALUES (571,'IN','AR','Arunachal Pradesh');
INSERT INTO `directory_country_region` (`region_id`, `country_id`, `code`, `default_name`) VALUES (572,'IN','AS','Assam');
INSERT INTO `directory_country_region` (`region_id`, `country_id`, `code`, `default_name`) VALUES (573,'IN','BR','Bihar');
INSERT INTO `directory_country_region` (`region_id`, `country_id`, `code`, `default_name`) VALUES (574,'IN','CH','Chandigarh');
INSERT INTO `directory_country_region` (`region_id`, `country_id`, `code`, `default_name`) VALUES (575,'IN','CT','Chhattisgarh');
INSERT INTO `directory_country_region` (`region_id`, `country_id`, `code`, `default_name`) VALUES (576,'IN','DN','Dadra and Nagar Haveli');
INSERT INTO `directory_country_region` (`region_id`, `country_id`, `code`, `default_name`) VALUES (577,'IN','DD','Daman and Diu');
INSERT INTO `directory_country_region` (`region_id`, `country_id`, `code`, `default_name`) VALUES (578,'IN','DL','Delhi');
INSERT INTO `directory_country_region` (`region_id`, `country_id`, `code`, `default_name`) VALUES (579,'IN','GA','Goa');
INSERT INTO `directory_country_region` (`region_id`, `country_id`, `code`, `default_name`) VALUES (580,'IN','GJ','Gujarat');
INSERT INTO `directory_country_region` (`region_id`, `country_id`, `code`, `default_name`) VALUES (581,'IN','HR','Haryana');
INSERT INTO `directory_country_region` (`region_id`, `country_id`, `code`, `default_name`) VALUES (582,'IN','HP','Himachal Pradesh');
INSERT INTO `directory_country_region` (`region_id`, `country_id`, `code`, `default_name`) VALUES (583,'IN','JK','Jammu and Kashmir');
INSERT INTO `directory_country_region` (`region_id`, `country_id`, `code`, `default_name`) VALUES (584,'IN','JH','Jharkhand');
INSERT INTO `directory_country_region` (`region_id`, `country_id`, `code`, `default_name`) VALUES (585,'IN','KA','Karnataka');
INSERT INTO `directory_country_region` (`region_id`, `country_id`, `code`, `default_name`) VALUES (586,'IN','KL','Kerala');
INSERT INTO `directory_country_region` (`region_id`, `country_id`, `code`, `default_name`) VALUES (587,'IN','LD','Lakshadweep');
INSERT INTO `directory_country_region` (`region_id`, `country_id`, `code`, `default_name`) VALUES (588,'IN','MP','Madhya Pradesh');
INSERT INTO `directory_country_region` (`region_id`, `country_id`, `code`, `default_name`) VALUES (589,'IN','MH','Maharashtra');
INSERT INTO `directory_country_region` (`region_id`, `country_id`, `code`, `default_name`) VALUES (590,'IN','MN','Manipur');
INSERT INTO `directory_country_region` (`region_id`, `country_id`, `code`, `default_name`) VALUES (591,'IN','ML','Meghalaya');
INSERT INTO `directory_country_region` (`region_id`, `country_id`, `code`, `default_name`) VALUES (592,'IN','MZ','Mizoram');
INSERT INTO `directory_country_region` (`region_id`, `country_id`, `code`, `default_name`) VALUES (593,'IN','NL','Nagaland');
INSERT INTO `directory_country_region` (`region_id`, `country_id`, `code`, `default_name`) VALUES (594,'IN','OR','Odisha');
INSERT INTO `directory_country_region` (`region_id`, `country_id`, `code`, `default_name`) VALUES (595,'IN','PY','Puducherry');
INSERT INTO `directory_country_region` (`region_id`, `country_id`, `code`, `default_name`) VALUES (596,'IN','PB','Punjab');
INSERT INTO `directory_country_region` (`region_id`, `country_id`, `code`, `default_name`) VALUES (597,'IN','RJ','Rajasthan');
INSERT INTO `directory_country_region` (`region_id`, `country_id`, `code`, `default_name`) VALUES (598,'IN','SK','Sikkim');
INSERT INTO `directory_country_region` (`region_id`, `country_id`, `code`, `default_name`) VALUES (599,'IN','TN','Tamil Nadu');
INSERT INTO `directory_country_region` (`region_id`, `country_id`, `code`, `default_name`) VALUES (600,'IN','TG','Telangana');
INSERT INTO `directory_country_region` (`region_id`, `country_id`, `code`, `default_name`) VALUES (601,'IN','TR','Tripura');
INSERT INTO `directory_country_region` (`region_id`, `country_id`, `code`, `default_name`) VALUES (602,'IN','UP','Uttar Pradesh');
INSERT INTO `directory_country_region` (`region_id`, `country_id`, `code`, `default_name`) VALUES (603,'IN','UT','Uttarakhand');
INSERT INTO `directory_country_region` (`region_id`, `country_id`, `code`, `default_name`) VALUES (604,'IN','WB','West Bengal');
INSERT INTO `directory_country_region` (`region_id`, `country_id`, `code`, `default_name`) VALUES (605,'AU','ACT','Australian Capital Territory');
INSERT INTO `directory_country_region` (`region_id`, `country_id`, `code`, `default_name`) VALUES (606,'AU','NSW','New South Wales');
INSERT INTO `directory_country_region` (`region_id`, `country_id`, `code`, `default_name`) VALUES (607,'AU','VIC','Victoria');
INSERT INTO `directory_country_region` (`region_id`, `country_id`, `code`, `default_name`) VALUES (608,'AU','QLD','Queensland');
INSERT INTO `directory_country_region` (`region_id`, `country_id`, `code`, `default_name`) VALUES (609,'AU','SA','South Australia');
INSERT INTO `directory_country_region` (`region_id`, `country_id`, `code`, `default_name`) VALUES (610,'AU','TAS','Tasmania');
INSERT INTO `directory_country_region` (`region_id`, `country_id`, `code`, `default_name`) VALUES (611,'AU','WA','Western Australia');
INSERT INTO `directory_country_region` (`region_id`, `country_id`, `code`, `default_name`) VALUES (612,'AU','NT','Northern Territory');
INSERT INTO `directory_country_region` (`region_id`, `country_id`, `code`, `default_name`) VALUES (613,'BY','BY-BR','Bresckaja voblasć');
INSERT INTO `directory_country_region` (`region_id`, `country_id`, `code`, `default_name`) VALUES (614,'BY','BY-HO','Homieĺskaja voblasć');
INSERT INTO `directory_country_region` (`region_id`, `country_id`, `code`, `default_name`) VALUES (615,'BY','BY-HM','Horad Minsk');
INSERT INTO `directory_country_region` (`region_id`, `country_id`, `code`, `default_name`) VALUES (616,'BY','BY-HR','Hrodzienskaja voblasć');
INSERT INTO `directory_country_region` (`region_id`, `country_id`, `code`, `default_name`) VALUES (617,'BY','BY-MA','Mahilioŭskaja voblasć');
INSERT INTO `directory_country_region` (`region_id`, `country_id`, `code`, `default_name`) VALUES (618,'BY','BY-MI','Minskaja voblasć');
INSERT INTO `directory_country_region` (`region_id`, `country_id`, `code`, `default_name`) VALUES (619,'BY','BY-VI','Viciebskaja voblasć');
INSERT INTO `directory_country_region` (`region_id`, `country_id`, `code`, `default_name`) VALUES (620,'BE','VAN','Antwerpen');
INSERT INTO `directory_country_region` (`region_id`, `country_id`, `code`, `default_name`) VALUES (621,'BE','WBR','Brabant wallon');
INSERT INTO `directory_country_region` (`region_id`, `country_id`, `code`, `default_name`) VALUES (622,'BE','BRU','Brussels-Capital Region');
INSERT INTO `directory_country_region` (`region_id`, `country_id`, `code`, `default_name`) VALUES (623,'BE','WHT','Hainaut');
INSERT INTO `directory_country_region` (`region_id`, `country_id`, `code`, `default_name`) VALUES (624,'BE','VLI','Limburg');
INSERT INTO `directory_country_region` (`region_id`, `country_id`, `code`, `default_name`) VALUES (625,'BE','WLG','Liège');
INSERT INTO `directory_country_region` (`region_id`, `country_id`, `code`, `default_name`) VALUES (626,'BE','WLX','Luxembourg');
INSERT INTO `directory_country_region` (`region_id`, `country_id`, `code`, `default_name`) VALUES (627,'BE','WNA','Namur');
INSERT INTO `directory_country_region` (`region_id`, `country_id`, `code`, `default_name`) VALUES (628,'BE','VOV','Oost-Vlaanderen');
INSERT INTO `directory_country_region` (`region_id`, `country_id`, `code`, `default_name`) VALUES (629,'BE','VBR','Vlaams-Brabant');
INSERT INTO `directory_country_region` (`region_id`, `country_id`, `code`, `default_name`) VALUES (630,'BE','VWV','West-Vlaanderen');
INSERT INTO `directory_country_region` (`region_id`, `country_id`, `code`, `default_name`) VALUES (631,'BO','BO-C','Cochabamba');
INSERT INTO `directory_country_region` (`region_id`, `country_id`, `code`, `default_name`) VALUES (632,'BO','BO-H','Chuquisaca');
INSERT INTO `directory_country_region` (`region_id`, `country_id`, `code`, `default_name`) VALUES (633,'BO','BO-B','El Beni');
INSERT INTO `directory_country_region` (`region_id`, `country_id`, `code`, `default_name`) VALUES (634,'BO','BO-L','La Paz');
INSERT INTO `directory_country_region` (`region_id`, `country_id`, `code`, `default_name`) VALUES (635,'BO','BO-O','Oruro');
INSERT INTO `directory_country_region` (`region_id`, `country_id`, `code`, `default_name`) VALUES (636,'BO','BO-N','Pando');
INSERT INTO `directory_country_region` (`region_id`, `country_id`, `code`, `default_name`) VALUES (637,'BO','BO-P','Potosí');
INSERT INTO `directory_country_region` (`region_id`, `country_id`, `code`, `default_name`) VALUES (638,'BO','BO-S','Santa Cruz');
INSERT INTO `directory_country_region` (`region_id`, `country_id`, `code`, `default_name`) VALUES (639,'BO','BO-T','Tarija');
INSERT INTO `directory_country_region` (`region_id`, `country_id`, `code`, `default_name`) VALUES (640,'BG','BG-01','Blagoevgrad');
INSERT INTO `directory_country_region` (`region_id`, `country_id`, `code`, `default_name`) VALUES (641,'BG','BG-02','Burgas');
INSERT INTO `directory_country_region` (`region_id`, `country_id`, `code`, `default_name`) VALUES (642,'BG','BG-03','Varna');
INSERT INTO `directory_country_region` (`region_id`, `country_id`, `code`, `default_name`) VALUES (643,'BG','BG-04','Veliko Tarnovo');
INSERT INTO `directory_country_region` (`region_id`, `country_id`, `code`, `default_name`) VALUES (644,'BG','BG-05','Vidin');
INSERT INTO `directory_country_region` (`region_id`, `country_id`, `code`, `default_name`) VALUES (645,'BG','BG-06','Vratsa');
INSERT INTO `directory_country_region` (`region_id`, `country_id`, `code`, `default_name`) VALUES (646,'BG','BG-07','Gabrovo');
INSERT INTO `directory_country_region` (`region_id`, `country_id`, `code`, `default_name`) VALUES (647,'BG','BG-08','Dobrich');
INSERT INTO `directory_country_region` (`region_id`, `country_id`, `code`, `default_name`) VALUES (648,'BG','BG-09','Kardzhali');
INSERT INTO `directory_country_region` (`region_id`, `country_id`, `code`, `default_name`) VALUES (649,'BG','BG-10','Kyustendil');
INSERT INTO `directory_country_region` (`region_id`, `country_id`, `code`, `default_name`) VALUES (650,'BG','BG-11','Lovech');
INSERT INTO `directory_country_region` (`region_id`, `country_id`, `code`, `default_name`) VALUES (651,'BG','BG-12','Montana');
INSERT INTO `directory_country_region` (`region_id`, `country_id`, `code`, `default_name`) VALUES (652,'BG','BG-13','Pazardzhik');
INSERT INTO `directory_country_region` (`region_id`, `country_id`, `code`, `default_name`) VALUES (653,'BG','BG-14','Pernik');
INSERT INTO `directory_country_region` (`region_id`, `country_id`, `code`, `default_name`) VALUES (654,'BG','BG-15','Pleven');
INSERT INTO `directory_country_region` (`region_id`, `country_id`, `code`, `default_name`) VALUES (655,'BG','BG-16','Plovdiv');
INSERT INTO `directory_country_region` (`region_id`, `country_id`, `code`, `default_name`) VALUES (656,'BG','BG-17','Razgrad');
INSERT INTO `directory_country_region` (`region_id`, `country_id`, `code`, `default_name`) VALUES (657,'BG','BG-18','Ruse');
INSERT INTO `directory_country_region` (`region_id`, `country_id`, `code`, `default_name`) VALUES (658,'BG','BG-19','Silistra');
INSERT INTO `directory_country_region` (`region_id`, `country_id`, `code`, `default_name`) VALUES (659,'BG','BG-20','Sliven');
INSERT INTO `directory_country_region` (`region_id`, `country_id`, `code`, `default_name`) VALUES (660,'BG','BG-21','Smolyan');
INSERT INTO `directory_country_region` (`region_id`, `country_id`, `code`, `default_name`) VALUES (661,'BG','BG-22','Sofia City');
INSERT INTO `directory_country_region` (`region_id`, `country_id`, `code`, `default_name`) VALUES (662,'BG','BG-23','Sofia Province');
INSERT INTO `directory_country_region` (`region_id`, `country_id`, `code`, `default_name`) VALUES (663,'BG','BG-24','Stara Zagora');
INSERT INTO `directory_country_region` (`region_id`, `country_id`, `code`, `default_name`) VALUES (664,'BG','BG-25','Targovishte');
INSERT INTO `directory_country_region` (`region_id`, `country_id`, `code`, `default_name`) VALUES (665,'BG','BG-26','Haskovo');
INSERT INTO `directory_country_region` (`region_id`, `country_id`, `code`, `default_name`) VALUES (666,'BG','BG-27','Shumen');
INSERT INTO `directory_country_region` (`region_id`, `country_id`, `code`, `default_name`) VALUES (667,'BG','BG-28','Yambol');
INSERT INTO `directory_country_region` (`region_id`, `country_id`, `code`, `default_name`) VALUES (668,'CL','CL-AI','Aisén del General Carlos Ibañez del Campo');
INSERT INTO `directory_country_region` (`region_id`, `country_id`, `code`, `default_name`) VALUES (669,'CL','CL-AN','Antofagasta');
INSERT INTO `directory_country_region` (`region_id`, `country_id`, `code`, `default_name`) VALUES (670,'CL','CL-AP','Arica y Parinacota');
INSERT INTO `directory_country_region` (`region_id`, `country_id`, `code`, `default_name`) VALUES (671,'CL','CL-AR','La Araucanía');
INSERT INTO `directory_country_region` (`region_id`, `country_id`, `code`, `default_name`) VALUES (672,'CL','CL-AT','Atacama');
INSERT INTO `directory_country_region` (`region_id`, `country_id`, `code`, `default_name`) VALUES (673,'CL','CL-BI','Biobío');
INSERT INTO `directory_country_region` (`region_id`, `country_id`, `code`, `default_name`) VALUES (674,'CL','CL-CO','Coquimbo');
INSERT INTO `directory_country_region` (`region_id`, `country_id`, `code`, `default_name`) VALUES (675,'CL','CL-LI','Libertador General Bernardo O\'Higgins');
INSERT INTO `directory_country_region` (`region_id`, `country_id`, `code`, `default_name`) VALUES (676,'CL','CL-LL','Los Lagos');
INSERT INTO `directory_country_region` (`region_id`, `country_id`, `code`, `default_name`) VALUES (677,'CL','CL-LR','Los Ríos');
INSERT INTO `directory_country_region` (`region_id`, `country_id`, `code`, `default_name`) VALUES (678,'CL','CL-MA','Magallanes');
INSERT INTO `directory_country_region` (`region_id`, `country_id`, `code`, `default_name`) VALUES (679,'CL','CL-ML','Maule');
INSERT INTO `directory_country_region` (`region_id`, `country_id`, `code`, `default_name`) VALUES (680,'CL','CL-NB','Ñuble');
INSERT INTO `directory_country_region` (`region_id`, `country_id`, `code`, `default_name`) VALUES (681,'CL','CL-RM','Región Metropolitana de Santiago');
INSERT INTO `directory_country_region` (`region_id`, `country_id`, `code`, `default_name`) VALUES (682,'CL','CL-TA','Tarapacá');
INSERT INTO `directory_country_region` (`region_id`, `country_id`, `code`, `default_name`) VALUES (683,'CL','CL-VS','Valparaíso');
INSERT INTO `directory_country_region` (`region_id`, `country_id`, `code`, `default_name`) VALUES (684,'CN','CN-AH','Anhui Sheng');
INSERT INTO `directory_country_region` (`region_id`, `country_id`, `code`, `default_name`) VALUES (685,'CN','CN-BJ','Beijing Shi');
INSERT INTO `directory_country_region` (`region_id`, `country_id`, `code`, `default_name`) VALUES (686,'CN','CN-CQ','Chongqing Shi');
INSERT INTO `directory_country_region` (`region_id`, `country_id`, `code`, `default_name`) VALUES (687,'CN','CN-FJ','Fujian Sheng');
INSERT INTO `directory_country_region` (`region_id`, `country_id`, `code`, `default_name`) VALUES (688,'CN','CN-GS','Gansu Sheng');
INSERT INTO `directory_country_region` (`region_id`, `country_id`, `code`, `default_name`) VALUES (689,'CN','CN-GD','Guangdong Sheng');
INSERT INTO `directory_country_region` (`region_id`, `country_id`, `code`, `default_name`) VALUES (690,'CN','CN-GX','Guangxi Zhuangzu Zizhiqu');
INSERT INTO `directory_country_region` (`region_id`, `country_id`, `code`, `default_name`) VALUES (691,'CN','CN-GZ','Guizhou Sheng');
INSERT INTO `directory_country_region` (`region_id`, `country_id`, `code`, `default_name`) VALUES (692,'CN','CN-HI','Hainan Sheng');
INSERT INTO `directory_country_region` (`region_id`, `country_id`, `code`, `default_name`) VALUES (693,'CN','CN-HE','Hebei Sheng');
INSERT INTO `directory_country_region` (`region_id`, `country_id`, `code`, `default_name`) VALUES (694,'CN','CN-HL','Heilongjiang Sheng');
INSERT INTO `directory_country_region` (`region_id`, `country_id`, `code`, `default_name`) VALUES (695,'CN','CN-HA','Henan Sheng');
INSERT INTO `directory_country_region` (`region_id`, `country_id`, `code`, `default_name`) VALUES (696,'CN','CN-HK','Hong Kong SAR');
INSERT INTO `directory_country_region` (`region_id`, `country_id`, `code`, `default_name`) VALUES (697,'CN','CN-HB','Hubei Sheng');
INSERT INTO `directory_country_region` (`region_id`, `country_id`, `code`, `default_name`) VALUES (698,'CN','CN-HN','Hunan Sheng');
INSERT INTO `directory_country_region` (`region_id`, `country_id`, `code`, `default_name`) VALUES (699,'CN','CN-JS','Jiangsu Sheng');
INSERT INTO `directory_country_region` (`region_id`, `country_id`, `code`, `default_name`) VALUES (700,'CN','CN-JX','Jiangxi Sheng');
INSERT INTO `directory_country_region` (`region_id`, `country_id`, `code`, `default_name`) VALUES (701,'CN','CN-JL','Jilin Sheng');
INSERT INTO `directory_country_region` (`region_id`, `country_id`, `code`, `default_name`) VALUES (702,'CN','CN-LN','Liaoning Sheng');
INSERT INTO `directory_country_region` (`region_id`, `country_id`, `code`, `default_name`) VALUES (703,'CN','CN-MO','Macao SAR');
INSERT INTO `directory_country_region` (`region_id`, `country_id`, `code`, `default_name`) VALUES (704,'CN','CN-NM','Nei Mongol Zizhiqu');
INSERT INTO `directory_country_region` (`region_id`, `country_id`, `code`, `default_name`) VALUES (705,'CN','CN-NX','Ningxia Huizi Zizhiqu');
INSERT INTO `directory_country_region` (`region_id`, `country_id`, `code`, `default_name`) VALUES (706,'CN','CN-QH','Qinghai Sheng');
INSERT INTO `directory_country_region` (`region_id`, `country_id`, `code`, `default_name`) VALUES (707,'CN','CN-SN','Shaanxi Sheng');
INSERT INTO `directory_country_region` (`region_id`, `country_id`, `code`, `default_name`) VALUES (708,'CN','CN-SD','Shandong Sheng');
INSERT INTO `directory_country_region` (`region_id`, `country_id`, `code`, `default_name`) VALUES (709,'CN','CN-SH','Shanghai Shi');
INSERT INTO `directory_country_region` (`region_id`, `country_id`, `code`, `default_name`) VALUES (710,'CN','CN-SX','Shanxi Sheng');
INSERT INTO `directory_country_region` (`region_id`, `country_id`, `code`, `default_name`) VALUES (711,'CN','CN-SC','Sichuan Sheng');
INSERT INTO `directory_country_region` (`region_id`, `country_id`, `code`, `default_name`) VALUES (712,'CN','CN-TW','Taiwan Sheng');
INSERT INTO `directory_country_region` (`region_id`, `country_id`, `code`, `default_name`) VALUES (713,'CN','CN-TJ','Tianjin Shi');
INSERT INTO `directory_country_region` (`region_id`, `country_id`, `code`, `default_name`) VALUES (714,'CN','CN-XJ','Xinjiang Uygur Zizhiqu');
INSERT INTO `directory_country_region` (`region_id`, `country_id`, `code`, `default_name`) VALUES (715,'CN','CN-XZ','Xizang Zizhiqu');
INSERT INTO `directory_country_region` (`region_id`, `country_id`, `code`, `default_name`) VALUES (716,'CN','CN-YN','Yunnan Sheng');
INSERT INTO `directory_country_region` (`region_id`, `country_id`, `code`, `default_name`) VALUES (717,'CN','CN-ZJ','Zhejiang Sheng');
INSERT INTO `directory_country_region` (`region_id`, `country_id`, `code`, `default_name`) VALUES (718,'CO','CO-AMA','Amazonas');
INSERT INTO `directory_country_region` (`region_id`, `country_id`, `code`, `default_name`) VALUES (719,'CO','CO-ANT','Antioquia');
INSERT INTO `directory_country_region` (`region_id`, `country_id`, `code`, `default_name`) VALUES (720,'CO','CO-ARA','Arauca');
INSERT INTO `directory_country_region` (`region_id`, `country_id`, `code`, `default_name`) VALUES (721,'CO','CO-ATL','Atlántico');
INSERT INTO `directory_country_region` (`region_id`, `country_id`, `code`, `default_name`) VALUES (722,'CO','CO-BOL','Bolívar');
INSERT INTO `directory_country_region` (`region_id`, `country_id`, `code`, `default_name`) VALUES (723,'CO','CO-BOY','Boyacá');
INSERT INTO `directory_country_region` (`region_id`, `country_id`, `code`, `default_name`) VALUES (724,'CO','CO-CAL','Caldas');
INSERT INTO `directory_country_region` (`region_id`, `country_id`, `code`, `default_name`) VALUES (725,'CO','CO-CAQ','Caquetá');
INSERT INTO `directory_country_region` (`region_id`, `country_id`, `code`, `default_name`) VALUES (726,'CO','CO-CAS','Casanare');
INSERT INTO `directory_country_region` (`region_id`, `country_id`, `code`, `default_name`) VALUES (727,'CO','CO-CAU','Cauca');
INSERT INTO `directory_country_region` (`region_id`, `country_id`, `code`, `default_name`) VALUES (728,'CO','CO-CES','Cesar');
INSERT INTO `directory_country_region` (`region_id`, `country_id`, `code`, `default_name`) VALUES (729,'CO','CO-CHO','Chocó');
INSERT INTO `directory_country_region` (`region_id`, `country_id`, `code`, `default_name`) VALUES (730,'CO','CO-COR','Córdoba');
INSERT INTO `directory_country_region` (`region_id`, `country_id`, `code`, `default_name`) VALUES (731,'CO','CO-CUN','Cundinamarca');
INSERT INTO `directory_country_region` (`region_id`, `country_id`, `code`, `default_name`) VALUES (732,'CO','CO-GUA','Guainía');
INSERT INTO `directory_country_region` (`region_id`, `country_id`, `code`, `default_name`) VALUES (733,'CO','CO-GUV','Guaviare');
INSERT INTO `directory_country_region` (`region_id`, `country_id`, `code`, `default_name`) VALUES (734,'CO','CO-HUL','Huila');
INSERT INTO `directory_country_region` (`region_id`, `country_id`, `code`, `default_name`) VALUES (735,'CO','CO-LAG','La Guajira');
INSERT INTO `directory_country_region` (`region_id`, `country_id`, `code`, `default_name`) VALUES (736,'CO','CO-MAG','Magdalena');
INSERT INTO `directory_country_region` (`region_id`, `country_id`, `code`, `default_name`) VALUES (737,'CO','CO-MET','Meta');
INSERT INTO `directory_country_region` (`region_id`, `country_id`, `code`, `default_name`) VALUES (738,'CO','CO-NAR','Nariño');
INSERT INTO `directory_country_region` (`region_id`, `country_id`, `code`, `default_name`) VALUES (739,'CO','CO-NSA','Norte de Santander');
INSERT INTO `directory_country_region` (`region_id`, `country_id`, `code`, `default_name`) VALUES (740,'CO','CO-PUT','Putumayo');
INSERT INTO `directory_country_region` (`region_id`, `country_id`, `code`, `default_name`) VALUES (741,'CO','CO-QUI','Quindío');
INSERT INTO `directory_country_region` (`region_id`, `country_id`, `code`, `default_name`) VALUES (742,'CO','CO-RIS','Risaralda');
INSERT INTO `directory_country_region` (`region_id`, `country_id`, `code`, `default_name`) VALUES (743,'CO','CO-SAP','San Andrés y Providencia');
INSERT INTO `directory_country_region` (`region_id`, `country_id`, `code`, `default_name`) VALUES (744,'CO','CO-SAN','Santander');
INSERT INTO `directory_country_region` (`region_id`, `country_id`, `code`, `default_name`) VALUES (745,'CO','CO-SUC','Sucre');
INSERT INTO `directory_country_region` (`region_id`, `country_id`, `code`, `default_name`) VALUES (746,'CO','CO-TOL','Tolima');
INSERT INTO `directory_country_region` (`region_id`, `country_id`, `code`, `default_name`) VALUES (747,'CO','CO-VAC','Valle del Cauca');
INSERT INTO `directory_country_region` (`region_id`, `country_id`, `code`, `default_name`) VALUES (748,'CO','CO-VAU','Vaupés');
INSERT INTO `directory_country_region` (`region_id`, `country_id`, `code`, `default_name`) VALUES (749,'CO','CO-VID','Vichada');
INSERT INTO `directory_country_region` (`region_id`, `country_id`, `code`, `default_name`) VALUES (750,'CR','CR-SJ','San José');
INSERT INTO `directory_country_region` (`region_id`, `country_id`, `code`, `default_name`) VALUES (751,'CR','CR-AL','Alajuela');
INSERT INTO `directory_country_region` (`region_id`, `country_id`, `code`, `default_name`) VALUES (752,'CR','CR-CA','Cartago');
INSERT INTO `directory_country_region` (`region_id`, `country_id`, `code`, `default_name`) VALUES (753,'CR','CR-HE','Heredia');
INSERT INTO `directory_country_region` (`region_id`, `country_id`, `code`, `default_name`) VALUES (754,'CR','CR-GU','Guanacaste');
INSERT INTO `directory_country_region` (`region_id`, `country_id`, `code`, `default_name`) VALUES (755,'CR','CR-PU','Puntarenas');
INSERT INTO `directory_country_region` (`region_id`, `country_id`, `code`, `default_name`) VALUES (756,'CR','CR-LI','Limón');
INSERT INTO `directory_country_region` (`region_id`, `country_id`, `code`, `default_name`) VALUES (757,'CZ','CZ-10','Praha, Hlavní město');
INSERT INTO `directory_country_region` (`region_id`, `country_id`, `code`, `default_name`) VALUES (758,'CZ','CZ-20','Středočeský kraj');
INSERT INTO `directory_country_region` (`region_id`, `country_id`, `code`, `default_name`) VALUES (759,'CZ','CZ-31','Jihočeský kraj');
INSERT INTO `directory_country_region` (`region_id`, `country_id`, `code`, `default_name`) VALUES (760,'CZ','CZ-32','Plzeňský kraj');
INSERT INTO `directory_country_region` (`region_id`, `country_id`, `code`, `default_name`) VALUES (761,'CZ','CZ-41','Karlovarský kraj');
INSERT INTO `directory_country_region` (`region_id`, `country_id`, `code`, `default_name`) VALUES (762,'CZ','CZ-42','Ústecký kraj');
INSERT INTO `directory_country_region` (`region_id`, `country_id`, `code`, `default_name`) VALUES (763,'CZ','CZ-51','Liberecký kraj');
INSERT INTO `directory_country_region` (`region_id`, `country_id`, `code`, `default_name`) VALUES (764,'CZ','CZ-52','Královéhradecký kraj');
INSERT INTO `directory_country_region` (`region_id`, `country_id`, `code`, `default_name`) VALUES (765,'CZ','CZ-53','Pardubický kraj');
INSERT INTO `directory_country_region` (`region_id`, `country_id`, `code`, `default_name`) VALUES (766,'CZ','CZ-63','Kraj Vysočina');
INSERT INTO `directory_country_region` (`region_id`, `country_id`, `code`, `default_name`) VALUES (767,'CZ','CZ-64','Jihomoravský kraj');
INSERT INTO `directory_country_region` (`region_id`, `country_id`, `code`, `default_name`) VALUES (768,'CZ','CZ-71','Olomoucký kraj');
INSERT INTO `directory_country_region` (`region_id`, `country_id`, `code`, `default_name`) VALUES (769,'CZ','CZ-72','Zlínský kraj');
INSERT INTO `directory_country_region` (`region_id`, `country_id`, `code`, `default_name`) VALUES (770,'CZ','CZ-80','Moravskoslezský kraj');
INSERT INTO `directory_country_region` (`region_id`, `country_id`, `code`, `default_name`) VALUES (771,'DK','DK-84','Hovedstaden');
INSERT INTO `directory_country_region` (`region_id`, `country_id`, `code`, `default_name`) VALUES (772,'DK','DK-82','Midtjylland');
INSERT INTO `directory_country_region` (`region_id`, `country_id`, `code`, `default_name`) VALUES (773,'DK','DK-81','Nordjylland');
INSERT INTO `directory_country_region` (`region_id`, `country_id`, `code`, `default_name`) VALUES (774,'DK','DK-85','Sjælland');
INSERT INTO `directory_country_region` (`region_id`, `country_id`, `code`, `default_name`) VALUES (775,'DK','DK-83','Syddanmark');
INSERT INTO `directory_country_region` (`region_id`, `country_id`, `code`, `default_name`) VALUES (776,'EC','EC-A','Azuay');
INSERT INTO `directory_country_region` (`region_id`, `country_id`, `code`, `default_name`) VALUES (777,'EC','EC-B','Bolívar');
INSERT INTO `directory_country_region` (`region_id`, `country_id`, `code`, `default_name`) VALUES (778,'EC','EC-F','Cañar');
INSERT INTO `directory_country_region` (`region_id`, `country_id`, `code`, `default_name`) VALUES (779,'EC','EC-C','Carchi');
INSERT INTO `directory_country_region` (`region_id`, `country_id`, `code`, `default_name`) VALUES (780,'EC','EC-H','Chimborazo');
INSERT INTO `directory_country_region` (`region_id`, `country_id`, `code`, `default_name`) VALUES (781,'EC','EC-X','Cotopaxi');
INSERT INTO `directory_country_region` (`region_id`, `country_id`, `code`, `default_name`) VALUES (782,'EC','EC-O','El Oro');
INSERT INTO `directory_country_region` (`region_id`, `country_id`, `code`, `default_name`) VALUES (783,'EC','EC-E','Esmeraldas');
INSERT INTO `directory_country_region` (`region_id`, `country_id`, `code`, `default_name`) VALUES (784,'EC','EC-W','Galápagos');
INSERT INTO `directory_country_region` (`region_id`, `country_id`, `code`, `default_name`) VALUES (785,'EC','EC-G','Guayas');
INSERT INTO `directory_country_region` (`region_id`, `country_id`, `code`, `default_name`) VALUES (786,'EC','EC-I','Imbabura');
INSERT INTO `directory_country_region` (`region_id`, `country_id`, `code`, `default_name`) VALUES (787,'EC','EC-L','Loja');
INSERT INTO `directory_country_region` (`region_id`, `country_id`, `code`, `default_name`) VALUES (788,'EC','EC-R','Los Ríos');
INSERT INTO `directory_country_region` (`region_id`, `country_id`, `code`, `default_name`) VALUES (789,'EC','EC-M','Manabí');
INSERT INTO `directory_country_region` (`region_id`, `country_id`, `code`, `default_name`) VALUES (790,'EC','EC-S','Morona Santiago');
INSERT INTO `directory_country_region` (`region_id`, `country_id`, `code`, `default_name`) VALUES (791,'EC','EC-N','Napo');
INSERT INTO `directory_country_region` (`region_id`, `country_id`, `code`, `default_name`) VALUES (792,'EC','EC-D','Orellana');
INSERT INTO `directory_country_region` (`region_id`, `country_id`, `code`, `default_name`) VALUES (793,'EC','EC-Y','Pastaza');
INSERT INTO `directory_country_region` (`region_id`, `country_id`, `code`, `default_name`) VALUES (794,'EC','EC-P','Pichincha');
INSERT INTO `directory_country_region` (`region_id`, `country_id`, `code`, `default_name`) VALUES (795,'EC','EC-SE','Santa Elena');
INSERT INTO `directory_country_region` (`region_id`, `country_id`, `code`, `default_name`) VALUES (796,'EC','EC-SD','Santo Domingo de los Tsáchilas');
INSERT INTO `directory_country_region` (`region_id`, `country_id`, `code`, `default_name`) VALUES (797,'EC','EC-U','Sucumbíos');
INSERT INTO `directory_country_region` (`region_id`, `country_id`, `code`, `default_name`) VALUES (798,'EC','EC-T','Tungurahua');
INSERT INTO `directory_country_region` (`region_id`, `country_id`, `code`, `default_name`) VALUES (799,'EC','EC-Z','Zamora Chinchipe');
INSERT INTO `directory_country_region` (`region_id`, `country_id`, `code`, `default_name`) VALUES (800,'GR','GR-A','Anatolikí Makedonía kai Thráki');
INSERT INTO `directory_country_region` (`region_id`, `country_id`, `code`, `default_name`) VALUES (801,'GR','GR-I','Attikí');
INSERT INTO `directory_country_region` (`region_id`, `country_id`, `code`, `default_name`) VALUES (802,'GR','GR-G','Dytikí Elláda');
INSERT INTO `directory_country_region` (`region_id`, `country_id`, `code`, `default_name`) VALUES (803,'GR','GR-C','Dytikí Makedonía');
INSERT INTO `directory_country_region` (`region_id`, `country_id`, `code`, `default_name`) VALUES (804,'GR','GR-F','Ionía Nísia');
INSERT INTO `directory_country_region` (`region_id`, `country_id`, `code`, `default_name`) VALUES (805,'GR','GR-D','Ípeiros');
INSERT INTO `directory_country_region` (`region_id`, `country_id`, `code`, `default_name`) VALUES (806,'GR','GR-B','Kentrikí Makedonía');
INSERT INTO `directory_country_region` (`region_id`, `country_id`, `code`, `default_name`) VALUES (807,'GR','GR-M','Kríti');
INSERT INTO `directory_country_region` (`region_id`, `country_id`, `code`, `default_name`) VALUES (808,'GR','GR-L','Nótio Aigaío');
INSERT INTO `directory_country_region` (`region_id`, `country_id`, `code`, `default_name`) VALUES (809,'GR','GR-J','Pelopónnisos');
INSERT INTO `directory_country_region` (`region_id`, `country_id`, `code`, `default_name`) VALUES (810,'GR','GR-H','Stereá Elláda');
INSERT INTO `directory_country_region` (`region_id`, `country_id`, `code`, `default_name`) VALUES (811,'GR','GR-E','Thessalía');
INSERT INTO `directory_country_region` (`region_id`, `country_id`, `code`, `default_name`) VALUES (812,'GR','GR-K','Vóreio Aigaío');
INSERT INTO `directory_country_region` (`region_id`, `country_id`, `code`, `default_name`) VALUES (813,'GR','GR-69','Ágion Óros');
INSERT INTO `directory_country_region` (`region_id`, `country_id`, `code`, `default_name`) VALUES (814,'GY','GY-BA','Barima-Waini');
INSERT INTO `directory_country_region` (`region_id`, `country_id`, `code`, `default_name`) VALUES (815,'GY','GY-CU','Cuyuni-Mazaruni');
INSERT INTO `directory_country_region` (`region_id`, `country_id`, `code`, `default_name`) VALUES (816,'GY','GY-DE','Demerara-Mahaica');
INSERT INTO `directory_country_region` (`region_id`, `country_id`, `code`, `default_name`) VALUES (817,'GY','GY-EB','East Berbice-Corentyne');
INSERT INTO `directory_country_region` (`region_id`, `country_id`, `code`, `default_name`) VALUES (818,'GY','GY-ES','Essequibo Islands-West Demerara');
INSERT INTO `directory_country_region` (`region_id`, `country_id`, `code`, `default_name`) VALUES (819,'GY','GY-MA','Mahaica-Berbice');
INSERT INTO `directory_country_region` (`region_id`, `country_id`, `code`, `default_name`) VALUES (820,'GY','GY-PM','Pomeroon-Supenaam');
INSERT INTO `directory_country_region` (`region_id`, `country_id`, `code`, `default_name`) VALUES (821,'GY','GY-PT','Potaro-Siparuni');
INSERT INTO `directory_country_region` (`region_id`, `country_id`, `code`, `default_name`) VALUES (822,'GY','GY-UD','Upper Demerara-Berbice');
INSERT INTO `directory_country_region` (`region_id`, `country_id`, `code`, `default_name`) VALUES (823,'GY','GY-UT','Upper Takutu-Upper Essequibo');
INSERT INTO `directory_country_region` (`region_id`, `country_id`, `code`, `default_name`) VALUES (824,'IS','IS-01','Höfuðborgarsvæði');
INSERT INTO `directory_country_region` (`region_id`, `country_id`, `code`, `default_name`) VALUES (825,'IS','IS-02','Suðurnes');
INSERT INTO `directory_country_region` (`region_id`, `country_id`, `code`, `default_name`) VALUES (826,'IS','IS-03','Vesturland');
INSERT INTO `directory_country_region` (`region_id`, `country_id`, `code`, `default_name`) VALUES (827,'IS','IS-04','Vestfirðir');
INSERT INTO `directory_country_region` (`region_id`, `country_id`, `code`, `default_name`) VALUES (828,'IS','IS-05','Norðurland vestra');
INSERT INTO `directory_country_region` (`region_id`, `country_id`, `code`, `default_name`) VALUES (829,'IS','IS-06','Norðurland eystra');
INSERT INTO `directory_country_region` (`region_id`, `country_id`, `code`, `default_name`) VALUES (830,'IS','IS-07','Austurland');
INSERT INTO `directory_country_region` (`region_id`, `country_id`, `code`, `default_name`) VALUES (831,'IS','IS-08','Suðurland');
INSERT INTO `directory_country_region` (`region_id`, `country_id`, `code`, `default_name`) VALUES (832,'IT','AG','Agrigento');
INSERT INTO `directory_country_region` (`region_id`, `country_id`, `code`, `default_name`) VALUES (833,'IT','AL','Alessandria');
INSERT INTO `directory_country_region` (`region_id`, `country_id`, `code`, `default_name`) VALUES (834,'IT','AN','Ancona');
INSERT INTO `directory_country_region` (`region_id`, `country_id`, `code`, `default_name`) VALUES (835,'IT','AO','Aosta');
INSERT INTO `directory_country_region` (`region_id`, `country_id`, `code`, `default_name`) VALUES (836,'IT','AQ','L\'Aquila');
INSERT INTO `directory_country_region` (`region_id`, `country_id`, `code`, `default_name`) VALUES (837,'IT','AR','Arezzo');
INSERT INTO `directory_country_region` (`region_id`, `country_id`, `code`, `default_name`) VALUES (838,'IT','AP','Ascoli-Piceno');
INSERT INTO `directory_country_region` (`region_id`, `country_id`, `code`, `default_name`) VALUES (839,'IT','AT','Asti');
INSERT INTO `directory_country_region` (`region_id`, `country_id`, `code`, `default_name`) VALUES (840,'IT','AV','Avellino');
INSERT INTO `directory_country_region` (`region_id`, `country_id`, `code`, `default_name`) VALUES (841,'IT','BA','Bari');
INSERT INTO `directory_country_region` (`region_id`, `country_id`, `code`, `default_name`) VALUES (842,'IT','BT','Barletta-Andria-Trani');
INSERT INTO `directory_country_region` (`region_id`, `country_id`, `code`, `default_name`) VALUES (843,'IT','BL','Belluno');
INSERT INTO `directory_country_region` (`region_id`, `country_id`, `code`, `default_name`) VALUES (844,'IT','BN','Benevento');
INSERT INTO `directory_country_region` (`region_id`, `country_id`, `code`, `default_name`) VALUES (845,'IT','BG','Bergamo');
INSERT INTO `directory_country_region` (`region_id`, `country_id`, `code`, `default_name`) VALUES (846,'IT','BI','Biella');
INSERT INTO `directory_country_region` (`region_id`, `country_id`, `code`, `default_name`) VALUES (847,'IT','BO','Bologna');
INSERT INTO `directory_country_region` (`region_id`, `country_id`, `code`, `default_name`) VALUES (848,'IT','BZ','Bolzano');
INSERT INTO `directory_country_region` (`region_id`, `country_id`, `code`, `default_name`) VALUES (849,'IT','BS','Brescia');
INSERT INTO `directory_country_region` (`region_id`, `country_id`, `code`, `default_name`) VALUES (850,'IT','BR','Brindisi');
INSERT INTO `directory_country_region` (`region_id`, `country_id`, `code`, `default_name`) VALUES (851,'IT','CA','Cagliari');
INSERT INTO `directory_country_region` (`region_id`, `country_id`, `code`, `default_name`) VALUES (852,'IT','CL','Caltanissetta');
INSERT INTO `directory_country_region` (`region_id`, `country_id`, `code`, `default_name`) VALUES (853,'IT','CB','Campobasso');
INSERT INTO `directory_country_region` (`region_id`, `country_id`, `code`, `default_name`) VALUES (854,'IT','CI','Carbonia Iglesias');
INSERT INTO `directory_country_region` (`region_id`, `country_id`, `code`, `default_name`) VALUES (855,'IT','CE','Caserta');
INSERT INTO `directory_country_region` (`region_id`, `country_id`, `code`, `default_name`) VALUES (856,'IT','CT','Catania');
INSERT INTO `directory_country_region` (`region_id`, `country_id`, `code`, `default_name`) VALUES (857,'IT','CZ','Catanzaro');
INSERT INTO `directory_country_region` (`region_id`, `country_id`, `code`, `default_name`) VALUES (858,'IT','CH','Chieti');
INSERT INTO `directory_country_region` (`region_id`, `country_id`, `code`, `default_name`) VALUES (859,'IT','CO','Como');
INSERT INTO `directory_country_region` (`region_id`, `country_id`, `code`, `default_name`) VALUES (860,'IT','CS','Cosenza');
INSERT INTO `directory_country_region` (`region_id`, `country_id`, `code`, `default_name`) VALUES (861,'IT','CR','Cremona');
INSERT INTO `directory_country_region` (`region_id`, `country_id`, `code`, `default_name`) VALUES (862,'IT','KR','Crotone');
INSERT INTO `directory_country_region` (`region_id`, `country_id`, `code`, `default_name`) VALUES (863,'IT','CN','Cuneo');
INSERT INTO `directory_country_region` (`region_id`, `country_id`, `code`, `default_name`) VALUES (864,'IT','EN','Enna');
INSERT INTO `directory_country_region` (`region_id`, `country_id`, `code`, `default_name`) VALUES (865,'IT','FM','Fermo');
INSERT INTO `directory_country_region` (`region_id`, `country_id`, `code`, `default_name`) VALUES (866,'IT','FE','Ferrara');
INSERT INTO `directory_country_region` (`region_id`, `country_id`, `code`, `default_name`) VALUES (867,'IT','FI','Firenze');
INSERT INTO `directory_country_region` (`region_id`, `country_id`, `code`, `default_name`) VALUES (868,'IT','FG','Foggia');
INSERT INTO `directory_country_region` (`region_id`, `country_id`, `code`, `default_name`) VALUES (869,'IT','FC','Forli-Cesena');
INSERT INTO `directory_country_region` (`region_id`, `country_id`, `code`, `default_name`) VALUES (870,'IT','FR','Frosinone');
INSERT INTO `directory_country_region` (`region_id`, `country_id`, `code`, `default_name`) VALUES (871,'IT','GE','Genova');
INSERT INTO `directory_country_region` (`region_id`, `country_id`, `code`, `default_name`) VALUES (872,'IT','GO','Gorizia');
INSERT INTO `directory_country_region` (`region_id`, `country_id`, `code`, `default_name`) VALUES (873,'IT','GR','Grosseto');
INSERT INTO `directory_country_region` (`region_id`, `country_id`, `code`, `default_name`) VALUES (874,'IT','IM','Imperia');
INSERT INTO `directory_country_region` (`region_id`, `country_id`, `code`, `default_name`) VALUES (875,'IT','IS','Isernia');
INSERT INTO `directory_country_region` (`region_id`, `country_id`, `code`, `default_name`) VALUES (876,'IT','SP','La-Spezia');
INSERT INTO `directory_country_region` (`region_id`, `country_id`, `code`, `default_name`) VALUES (877,'IT','LT','Latina');
INSERT INTO `directory_country_region` (`region_id`, `country_id`, `code`, `default_name`) VALUES (878,'IT','LE','Lecce');
INSERT INTO `directory_country_region` (`region_id`, `country_id`, `code`, `default_name`) VALUES (879,'IT','LC','Lecco');
INSERT INTO `directory_country_region` (`region_id`, `country_id`, `code`, `default_name`) VALUES (880,'IT','LI','Livorno');
INSERT INTO `directory_country_region` (`region_id`, `country_id`, `code`, `default_name`) VALUES (881,'IT','LO','Lodi');
INSERT INTO `directory_country_region` (`region_id`, `country_id`, `code`, `default_name`) VALUES (882,'IT','LU','Lucca');
INSERT INTO `directory_country_region` (`region_id`, `country_id`, `code`, `default_name`) VALUES (883,'IT','MC','Macerata');
INSERT INTO `directory_country_region` (`region_id`, `country_id`, `code`, `default_name`) VALUES (884,'IT','MN','Mantova');
INSERT INTO `directory_country_region` (`region_id`, `country_id`, `code`, `default_name`) VALUES (885,'IT','MS','Massa-Carrara');
INSERT INTO `directory_country_region` (`region_id`, `country_id`, `code`, `default_name`) VALUES (886,'IT','MT','Matera');
INSERT INTO `directory_country_region` (`region_id`, `country_id`, `code`, `default_name`) VALUES (887,'IT','VS','Medio Campidano');
INSERT INTO `directory_country_region` (`region_id`, `country_id`, `code`, `default_name`) VALUES (888,'IT','ME','Messina');
INSERT INTO `directory_country_region` (`region_id`, `country_id`, `code`, `default_name`) VALUES (889,'IT','MI','Milano');
INSERT INTO `directory_country_region` (`region_id`, `country_id`, `code`, `default_name`) VALUES (890,'IT','MO','Modena');
INSERT INTO `directory_country_region` (`region_id`, `country_id`, `code`, `default_name`) VALUES (891,'IT','MB','Monza-Brianza');
INSERT INTO `directory_country_region` (`region_id`, `country_id`, `code`, `default_name`) VALUES (892,'IT','NA','Napoli');
INSERT INTO `directory_country_region` (`region_id`, `country_id`, `code`, `default_name`) VALUES (893,'IT','NO','Novara');
INSERT INTO `directory_country_region` (`region_id`, `country_id`, `code`, `default_name`) VALUES (894,'IT','NU','Nuoro');
INSERT INTO `directory_country_region` (`region_id`, `country_id`, `code`, `default_name`) VALUES (895,'IT','OG','Ogliastra');
INSERT INTO `directory_country_region` (`region_id`, `country_id`, `code`, `default_name`) VALUES (896,'IT','OT','Olbia Tempio');
INSERT INTO `directory_country_region` (`region_id`, `country_id`, `code`, `default_name`) VALUES (897,'IT','OR','Oristano');
INSERT INTO `directory_country_region` (`region_id`, `country_id`, `code`, `default_name`) VALUES (898,'IT','PD','Padova');
INSERT INTO `directory_country_region` (`region_id`, `country_id`, `code`, `default_name`) VALUES (899,'IT','PA','Palermo');
INSERT INTO `directory_country_region` (`region_id`, `country_id`, `code`, `default_name`) VALUES (900,'IT','PR','Parma');
INSERT INTO `directory_country_region` (`region_id`, `country_id`, `code`, `default_name`) VALUES (901,'IT','PV','Pavia');
INSERT INTO `directory_country_region` (`region_id`, `country_id`, `code`, `default_name`) VALUES (902,'IT','PG','Perugia');
INSERT INTO `directory_country_region` (`region_id`, `country_id`, `code`, `default_name`) VALUES (903,'IT','PU','Pesaro-Urbino');
INSERT INTO `directory_country_region` (`region_id`, `country_id`, `code`, `default_name`) VALUES (904,'IT','PE','Pescara');
INSERT INTO `directory_country_region` (`region_id`, `country_id`, `code`, `default_name`) VALUES (905,'IT','PC','Piacenza');
INSERT INTO `directory_country_region` (`region_id`, `country_id`, `code`, `default_name`) VALUES (906,'IT','PI','Pisa');
INSERT INTO `directory_country_region` (`region_id`, `country_id`, `code`, `default_name`) VALUES (907,'IT','PT','Pistoia');
INSERT INTO `directory_country_region` (`region_id`, `country_id`, `code`, `default_name`) VALUES (908,'IT','PN','Pordenone');
INSERT INTO `directory_country_region` (`region_id`, `country_id`, `code`, `default_name`) VALUES (909,'IT','PZ','Potenza');
INSERT INTO `directory_country_region` (`region_id`, `country_id`, `code`, `default_name`) VALUES (910,'IT','PO','Prato');
INSERT INTO `directory_country_region` (`region_id`, `country_id`, `code`, `default_name`) VALUES (911,'IT','RG','Ragusa');
INSERT INTO `directory_country_region` (`region_id`, `country_id`, `code`, `default_name`) VALUES (912,'IT','RA','Ravenna');
INSERT INTO `directory_country_region` (`region_id`, `country_id`, `code`, `default_name`) VALUES (913,'IT','RC','Reggio-Calabria');
INSERT INTO `directory_country_region` (`region_id`, `country_id`, `code`, `default_name`) VALUES (914,'IT','RE','Reggio-Emilia');
INSERT INTO `directory_country_region` (`region_id`, `country_id`, `code`, `default_name`) VALUES (915,'IT','RI','Rieti');
INSERT INTO `directory_country_region` (`region_id`, `country_id`, `code`, `default_name`) VALUES (916,'IT','RN','Rimini');
INSERT INTO `directory_country_region` (`region_id`, `country_id`, `code`, `default_name`) VALUES (917,'IT','RM','Roma');
INSERT INTO `directory_country_region` (`region_id`, `country_id`, `code`, `default_name`) VALUES (918,'IT','RO','Rovigo');
INSERT INTO `directory_country_region` (`region_id`, `country_id`, `code`, `default_name`) VALUES (919,'IT','SA','Salerno');
INSERT INTO `directory_country_region` (`region_id`, `country_id`, `code`, `default_name`) VALUES (920,'IT','SS','Sassari');
INSERT INTO `directory_country_region` (`region_id`, `country_id`, `code`, `default_name`) VALUES (921,'IT','SV','Savona');
INSERT INTO `directory_country_region` (`region_id`, `country_id`, `code`, `default_name`) VALUES (922,'IT','SI','Siena');
INSERT INTO `directory_country_region` (`region_id`, `country_id`, `code`, `default_name`) VALUES (923,'IT','SR','Siracusa');
INSERT INTO `directory_country_region` (`region_id`, `country_id`, `code`, `default_name`) VALUES (924,'IT','SO','Sondrio');
INSERT INTO `directory_country_region` (`region_id`, `country_id`, `code`, `default_name`) VALUES (925,'IT','TA','Taranto');
INSERT INTO `directory_country_region` (`region_id`, `country_id`, `code`, `default_name`) VALUES (926,'IT','TE','Teramo');
INSERT INTO `directory_country_region` (`region_id`, `country_id`, `code`, `default_name`) VALUES (927,'IT','TR','Terni');
INSERT INTO `directory_country_region` (`region_id`, `country_id`, `code`, `default_name`) VALUES (928,'IT','TO','Torino');
INSERT INTO `directory_country_region` (`region_id`, `country_id`, `code`, `default_name`) VALUES (929,'IT','TP','Trapani');
INSERT INTO `directory_country_region` (`region_id`, `country_id`, `code`, `default_name`) VALUES (930,'IT','TN','Trento');
INSERT INTO `directory_country_region` (`region_id`, `country_id`, `code`, `default_name`) VALUES (931,'IT','TV','Treviso');
INSERT INTO `directory_country_region` (`region_id`, `country_id`, `code`, `default_name`) VALUES (932,'IT','TS','Trieste');
INSERT INTO `directory_country_region` (`region_id`, `country_id`, `code`, `default_name`) VALUES (933,'IT','UD','Udine');
INSERT INTO `directory_country_region` (`region_id`, `country_id`, `code`, `default_name`) VALUES (934,'IT','VA','Varese');
INSERT INTO `directory_country_region` (`region_id`, `country_id`, `code`, `default_name`) VALUES (935,'IT','VE','Venezia');
INSERT INTO `directory_country_region` (`region_id`, `country_id`, `code`, `default_name`) VALUES (936,'IT','VB','Verbania');
INSERT INTO `directory_country_region` (`region_id`, `country_id`, `code`, `default_name`) VALUES (937,'IT','VC','Vercelli');
INSERT INTO `directory_country_region` (`region_id`, `country_id`, `code`, `default_name`) VALUES (938,'IT','VR','Verona');
INSERT INTO `directory_country_region` (`region_id`, `country_id`, `code`, `default_name`) VALUES (939,'IT','VV','Vibo-Valentia');
INSERT INTO `directory_country_region` (`region_id`, `country_id`, `code`, `default_name`) VALUES (940,'IT','VI','Vicenza');
INSERT INTO `directory_country_region` (`region_id`, `country_id`, `code`, `default_name`) VALUES (941,'IT','VT','Viterbo');
INSERT INTO `directory_country_region` (`region_id`, `country_id`, `code`, `default_name`) VALUES (942,'MX','AGU','Aguascalientes');
INSERT INTO `directory_country_region` (`region_id`, `country_id`, `code`, `default_name`) VALUES (943,'MX','BCN','Baja California');
INSERT INTO `directory_country_region` (`region_id`, `country_id`, `code`, `default_name`) VALUES (944,'MX','BCS','Baja California Sur');
INSERT INTO `directory_country_region` (`region_id`, `country_id`, `code`, `default_name`) VALUES (945,'MX','CAM','Campeche');
INSERT INTO `directory_country_region` (`region_id`, `country_id`, `code`, `default_name`) VALUES (946,'MX','CHP','Chiapas');
INSERT INTO `directory_country_region` (`region_id`, `country_id`, `code`, `default_name`) VALUES (947,'MX','CHH','Chihuahua');
INSERT INTO `directory_country_region` (`region_id`, `country_id`, `code`, `default_name`) VALUES (948,'MX','CMX','Ciudad de México');
INSERT INTO `directory_country_region` (`region_id`, `country_id`, `code`, `default_name`) VALUES (949,'MX','COA','Coahuila');
INSERT INTO `directory_country_region` (`region_id`, `country_id`, `code`, `default_name`) VALUES (950,'MX','COL','Colima');
INSERT INTO `directory_country_region` (`region_id`, `country_id`, `code`, `default_name`) VALUES (951,'MX','DUR','Durango');
INSERT INTO `directory_country_region` (`region_id`, `country_id`, `code`, `default_name`) VALUES (952,'MX','MEX','Estado de México');
INSERT INTO `directory_country_region` (`region_id`, `country_id`, `code`, `default_name`) VALUES (953,'MX','GUA','Guanajuato');
INSERT INTO `directory_country_region` (`region_id`, `country_id`, `code`, `default_name`) VALUES (954,'MX','GRO','Guerrero');
INSERT INTO `directory_country_region` (`region_id`, `country_id`, `code`, `default_name`) VALUES (955,'MX','HID','Hidalgo');
INSERT INTO `directory_country_region` (`region_id`, `country_id`, `code`, `default_name`) VALUES (956,'MX','JAL','Jalisco');
INSERT INTO `directory_country_region` (`region_id`, `country_id`, `code`, `default_name`) VALUES (957,'MX','MIC','Michoacán');
INSERT INTO `directory_country_region` (`region_id`, `country_id`, `code`, `default_name`) VALUES (958,'MX','MOR','Morelos');
INSERT INTO `directory_country_region` (`region_id`, `country_id`, `code`, `default_name`) VALUES (959,'MX','NAY','Nayarit');
INSERT INTO `directory_country_region` (`region_id`, `country_id`, `code`, `default_name`) VALUES (960,'MX','NLE','Nuevo León');
INSERT INTO `directory_country_region` (`region_id`, `country_id`, `code`, `default_name`) VALUES (961,'MX','OAX','Oaxaca');
INSERT INTO `directory_country_region` (`region_id`, `country_id`, `code`, `default_name`) VALUES (962,'MX','PUE','Puebla');
INSERT INTO `directory_country_region` (`region_id`, `country_id`, `code`, `default_name`) VALUES (963,'MX','QUE','Querétaro');
INSERT INTO `directory_country_region` (`region_id`, `country_id`, `code`, `default_name`) VALUES (964,'MX','ROO','Quintana Roo');
INSERT INTO `directory_country_region` (`region_id`, `country_id`, `code`, `default_name`) VALUES (965,'MX','SLP','San Luis Potosí');
INSERT INTO `directory_country_region` (`region_id`, `country_id`, `code`, `default_name`) VALUES (966,'MX','SIN','Sinaloa');
INSERT INTO `directory_country_region` (`region_id`, `country_id`, `code`, `default_name`) VALUES (967,'MX','SON','Sonora');
INSERT INTO `directory_country_region` (`region_id`, `country_id`, `code`, `default_name`) VALUES (968,'MX','TAB','Tabasco');
INSERT INTO `directory_country_region` (`region_id`, `country_id`, `code`, `default_name`) VALUES (969,'MX','TAM','Tamaulipas');
INSERT INTO `directory_country_region` (`region_id`, `country_id`, `code`, `default_name`) VALUES (970,'MX','TLA','Tlaxcala');
INSERT INTO `directory_country_region` (`region_id`, `country_id`, `code`, `default_name`) VALUES (971,'MX','VER','Veracruz');
INSERT INTO `directory_country_region` (`region_id`, `country_id`, `code`, `default_name`) VALUES (972,'MX','YUC','Yucatán');
INSERT INTO `directory_country_region` (`region_id`, `country_id`, `code`, `default_name`) VALUES (973,'MX','ZAC','Zacatecas');
INSERT INTO `directory_country_region` (`region_id`, `country_id`, `code`, `default_name`) VALUES (974,'PY','PY-ASU','Asunción');
INSERT INTO `directory_country_region` (`region_id`, `country_id`, `code`, `default_name`) VALUES (975,'PY','PY-16','Alto Paraguay');
INSERT INTO `directory_country_region` (`region_id`, `country_id`, `code`, `default_name`) VALUES (976,'PY','PY-10','Alto Paraná');
INSERT INTO `directory_country_region` (`region_id`, `country_id`, `code`, `default_name`) VALUES (977,'PY','PY-13','Amambay');
INSERT INTO `directory_country_region` (`region_id`, `country_id`, `code`, `default_name`) VALUES (978,'PY','PY-19','Boquerón');
INSERT INTO `directory_country_region` (`region_id`, `country_id`, `code`, `default_name`) VALUES (979,'PY','PY-5','Caaguazú');
INSERT INTO `directory_country_region` (`region_id`, `country_id`, `code`, `default_name`) VALUES (980,'PY','PY-6','Caazapá');
INSERT INTO `directory_country_region` (`region_id`, `country_id`, `code`, `default_name`) VALUES (981,'PY','PY-14','Canindeyú');
INSERT INTO `directory_country_region` (`region_id`, `country_id`, `code`, `default_name`) VALUES (982,'PY','PY-11','Central');
INSERT INTO `directory_country_region` (`region_id`, `country_id`, `code`, `default_name`) VALUES (983,'PY','PY-1','Concepción');
INSERT INTO `directory_country_region` (`region_id`, `country_id`, `code`, `default_name`) VALUES (984,'PY','PY-3','Cordillera');
INSERT INTO `directory_country_region` (`region_id`, `country_id`, `code`, `default_name`) VALUES (985,'PY','PY-4','Guairá');
INSERT INTO `directory_country_region` (`region_id`, `country_id`, `code`, `default_name`) VALUES (986,'PY','PY-7','Itapúa');
INSERT INTO `directory_country_region` (`region_id`, `country_id`, `code`, `default_name`) VALUES (987,'PY','PY-8','Misiones');
INSERT INTO `directory_country_region` (`region_id`, `country_id`, `code`, `default_name`) VALUES (988,'PY','PY-12','Ñeembucú');
INSERT INTO `directory_country_region` (`region_id`, `country_id`, `code`, `default_name`) VALUES (989,'PY','PY-9','Paraguarí');
INSERT INTO `directory_country_region` (`region_id`, `country_id`, `code`, `default_name`) VALUES (990,'PY','PY-15','Presidente Hayes');
INSERT INTO `directory_country_region` (`region_id`, `country_id`, `code`, `default_name`) VALUES (991,'PY','PY-2','San Pedro');
INSERT INTO `directory_country_region` (`region_id`, `country_id`, `code`, `default_name`) VALUES (992,'PE','PE-LMA','Municipalidad Metropolitana de Lima');
INSERT INTO `directory_country_region` (`region_id`, `country_id`, `code`, `default_name`) VALUES (993,'PE','PE-AMA','Amazonas');
INSERT INTO `directory_country_region` (`region_id`, `country_id`, `code`, `default_name`) VALUES (994,'PE','PE-ANC','Ancash');
INSERT INTO `directory_country_region` (`region_id`, `country_id`, `code`, `default_name`) VALUES (995,'PE','PE-APU','Apurímac');
INSERT INTO `directory_country_region` (`region_id`, `country_id`, `code`, `default_name`) VALUES (996,'PE','PE-ARE','Arequipa');
INSERT INTO `directory_country_region` (`region_id`, `country_id`, `code`, `default_name`) VALUES (997,'PE','PE-AYA','Ayacucho');
INSERT INTO `directory_country_region` (`region_id`, `country_id`, `code`, `default_name`) VALUES (998,'PE','PE-CAJ','Cajamarca');
INSERT INTO `directory_country_region` (`region_id`, `country_id`, `code`, `default_name`) VALUES (999,'PE','PE-CUS','Cusco');
INSERT INTO `directory_country_region` (`region_id`, `country_id`, `code`, `default_name`) VALUES (1000,'PE','PE-CAL','El Callao');
INSERT INTO `directory_country_region` (`region_id`, `country_id`, `code`, `default_name`) VALUES (1001,'PE','PE-HUV','Huancavelica');
INSERT INTO `directory_country_region` (`region_id`, `country_id`, `code`, `default_name`) VALUES (1002,'PE','PE-HUC','Huánuco');
INSERT INTO `directory_country_region` (`region_id`, `country_id`, `code`, `default_name`) VALUES (1003,'PE','PE-ICA','Ica');
INSERT INTO `directory_country_region` (`region_id`, `country_id`, `code`, `default_name`) VALUES (1004,'PE','PE-JUN','Junín');
INSERT INTO `directory_country_region` (`region_id`, `country_id`, `code`, `default_name`) VALUES (1005,'PE','PE-LAL','La Libertad');
INSERT INTO `directory_country_region` (`region_id`, `country_id`, `code`, `default_name`) VALUES (1006,'PE','PE-LAM','Lambayeque');
INSERT INTO `directory_country_region` (`region_id`, `country_id`, `code`, `default_name`) VALUES (1007,'PE','PE-LIM','Lima');
INSERT INTO `directory_country_region` (`region_id`, `country_id`, `code`, `default_name`) VALUES (1008,'PE','PE-LOR','Loreto');
INSERT INTO `directory_country_region` (`region_id`, `country_id`, `code`, `default_name`) VALUES (1009,'PE','PE-MDD','Madre de Dios');
INSERT INTO `directory_country_region` (`region_id`, `country_id`, `code`, `default_name`) VALUES (1010,'PE','PE-MOQ','Moquegua');
INSERT INTO `directory_country_region` (`region_id`, `country_id`, `code`, `default_name`) VALUES (1011,'PE','PE-PAS','Pasco');
INSERT INTO `directory_country_region` (`region_id`, `country_id`, `code`, `default_name`) VALUES (1012,'PE','PE-PIU','Piura');
INSERT INTO `directory_country_region` (`region_id`, `country_id`, `code`, `default_name`) VALUES (1013,'PE','PE-PUN','Puno');
INSERT INTO `directory_country_region` (`region_id`, `country_id`, `code`, `default_name`) VALUES (1014,'PE','PE-SAM','San Martín');
INSERT INTO `directory_country_region` (`region_id`, `country_id`, `code`, `default_name`) VALUES (1015,'PE','PE-TAC','Tacna');
INSERT INTO `directory_country_region` (`region_id`, `country_id`, `code`, `default_name`) VALUES (1016,'PE','PE-TUM','Tumbes');
INSERT INTO `directory_country_region` (`region_id`, `country_id`, `code`, `default_name`) VALUES (1017,'PE','PE-UCA','Ucayali');
INSERT INTO `directory_country_region` (`region_id`, `country_id`, `code`, `default_name`) VALUES (1018,'PL','PL-02','dolnośląskie');
INSERT INTO `directory_country_region` (`region_id`, `country_id`, `code`, `default_name`) VALUES (1019,'PL','PL-04','kujawsko-pomorskie');
INSERT INTO `directory_country_region` (`region_id`, `country_id`, `code`, `default_name`) VALUES (1020,'PL','PL-06','lubelskie');
INSERT INTO `directory_country_region` (`region_id`, `country_id`, `code`, `default_name`) VALUES (1021,'PL','PL-08','lubuskie');
INSERT INTO `directory_country_region` (`region_id`, `country_id`, `code`, `default_name`) VALUES (1022,'PL','PL-10','łódzkie');
INSERT INTO `directory_country_region` (`region_id`, `country_id`, `code`, `default_name`) VALUES (1023,'PL','PL-12','małopolskie');
INSERT INTO `directory_country_region` (`region_id`, `country_id`, `code`, `default_name`) VALUES (1024,'PL','PL-14','mazowieckie');
INSERT INTO `directory_country_region` (`region_id`, `country_id`, `code`, `default_name`) VALUES (1025,'PL','PL-16','opolskie');
INSERT INTO `directory_country_region` (`region_id`, `country_id`, `code`, `default_name`) VALUES (1026,'PL','PL-18','podkarpackie');
INSERT INTO `directory_country_region` (`region_id`, `country_id`, `code`, `default_name`) VALUES (1027,'PL','PL-20','podlaskie');
INSERT INTO `directory_country_region` (`region_id`, `country_id`, `code`, `default_name`) VALUES (1028,'PL','PL-22','pomorskie');
INSERT INTO `directory_country_region` (`region_id`, `country_id`, `code`, `default_name`) VALUES (1029,'PL','PL-24','śląskie');
INSERT INTO `directory_country_region` (`region_id`, `country_id`, `code`, `default_name`) VALUES (1030,'PL','PL-26','świętokrzyskie');
INSERT INTO `directory_country_region` (`region_id`, `country_id`, `code`, `default_name`) VALUES (1031,'PL','PL-28','warmińsko-mazurskie');
INSERT INTO `directory_country_region` (`region_id`, `country_id`, `code`, `default_name`) VALUES (1032,'PL','PL-30','wielkopolskie');
INSERT INTO `directory_country_region` (`region_id`, `country_id`, `code`, `default_name`) VALUES (1033,'PL','PL-32','zachodniopomorskie');
INSERT INTO `directory_country_region` (`region_id`, `country_id`, `code`, `default_name`) VALUES (1034,'PT','PT-01','Aveiro');
INSERT INTO `directory_country_region` (`region_id`, `country_id`, `code`, `default_name`) VALUES (1035,'PT','PT-02','Beja');
INSERT INTO `directory_country_region` (`region_id`, `country_id`, `code`, `default_name`) VALUES (1036,'PT','PT-03','Braga');
INSERT INTO `directory_country_region` (`region_id`, `country_id`, `code`, `default_name`) VALUES (1037,'PT','PT-04','Bragança');
INSERT INTO `directory_country_region` (`region_id`, `country_id`, `code`, `default_name`) VALUES (1038,'PT','PT-05','Castelo Branco');
INSERT INTO `directory_country_region` (`region_id`, `country_id`, `code`, `default_name`) VALUES (1039,'PT','PT-06','Coimbra');
INSERT INTO `directory_country_region` (`region_id`, `country_id`, `code`, `default_name`) VALUES (1040,'PT','PT-07','Évora');
INSERT INTO `directory_country_region` (`region_id`, `country_id`, `code`, `default_name`) VALUES (1041,'PT','PT-08','Faro');
INSERT INTO `directory_country_region` (`region_id`, `country_id`, `code`, `default_name`) VALUES (1042,'PT','PT-09','Guarda');
INSERT INTO `directory_country_region` (`region_id`, `country_id`, `code`, `default_name`) VALUES (1043,'PT','PT-10','Leiria');
INSERT INTO `directory_country_region` (`region_id`, `country_id`, `code`, `default_name`) VALUES (1044,'PT','PT-11','Lisboa');
INSERT INTO `directory_country_region` (`region_id`, `country_id`, `code`, `default_name`) VALUES (1045,'PT','PT-12','Portalegre');
INSERT INTO `directory_country_region` (`region_id`, `country_id`, `code`, `default_name`) VALUES (1046,'PT','PT-13','Porto');
INSERT INTO `directory_country_region` (`region_id`, `country_id`, `code`, `default_name`) VALUES (1047,'PT','PT-14','Santarém');
INSERT INTO `directory_country_region` (`region_id`, `country_id`, `code`, `default_name`) VALUES (1048,'PT','PT-15','Setúbal');
INSERT INTO `directory_country_region` (`region_id`, `country_id`, `code`, `default_name`) VALUES (1049,'PT','PT-16','Viana do Castelo');
INSERT INTO `directory_country_region` (`region_id`, `country_id`, `code`, `default_name`) VALUES (1050,'PT','PT-17','Vila Real');
INSERT INTO `directory_country_region` (`region_id`, `country_id`, `code`, `default_name`) VALUES (1051,'PT','PT-18','Viseu');
INSERT INTO `directory_country_region` (`region_id`, `country_id`, `code`, `default_name`) VALUES (1052,'PT','PT-20','Região Autónoma dos Açores');
INSERT INTO `directory_country_region` (`region_id`, `country_id`, `code`, `default_name`) VALUES (1053,'PT','PT-30','Região Autónoma da Madeira');
INSERT INTO `directory_country_region` (`region_id`, `country_id`, `code`, `default_name`) VALUES (1054,'SR','SR-BR','Brokopondo');
INSERT INTO `directory_country_region` (`region_id`, `country_id`, `code`, `default_name`) VALUES (1055,'SR','SR-CM','Commewijne');
INSERT INTO `directory_country_region` (`region_id`, `country_id`, `code`, `default_name`) VALUES (1056,'SR','SR-CR','Coronie');
INSERT INTO `directory_country_region` (`region_id`, `country_id`, `code`, `default_name`) VALUES (1057,'SR','SR-MA','Marowijne');
INSERT INTO `directory_country_region` (`region_id`, `country_id`, `code`, `default_name`) VALUES (1058,'SR','SR-NI','Nickerie');
INSERT INTO `directory_country_region` (`region_id`, `country_id`, `code`, `default_name`) VALUES (1059,'SR','SR-PR','Para');
INSERT INTO `directory_country_region` (`region_id`, `country_id`, `code`, `default_name`) VALUES (1060,'SR','SR-PM','Paramaribo');
INSERT INTO `directory_country_region` (`region_id`, `country_id`, `code`, `default_name`) VALUES (1061,'SR','SR-SA','Saramacca');
INSERT INTO `directory_country_region` (`region_id`, `country_id`, `code`, `default_name`) VALUES (1062,'SR','SR-SI','Sipaliwini');
INSERT INTO `directory_country_region` (`region_id`, `country_id`, `code`, `default_name`) VALUES (1063,'SR','SR-WA','Wanica');
INSERT INTO `directory_country_region` (`region_id`, `country_id`, `code`, `default_name`) VALUES (1064,'SE','SE-K','Blekinge län');
INSERT INTO `directory_country_region` (`region_id`, `country_id`, `code`, `default_name`) VALUES (1065,'SE','SE-W','Dalarnas län');
INSERT INTO `directory_country_region` (`region_id`, `country_id`, `code`, `default_name`) VALUES (1066,'SE','SE-I','Gotlands län');
INSERT INTO `directory_country_region` (`region_id`, `country_id`, `code`, `default_name`) VALUES (1067,'SE','SE-X','Gävleborgs län');
INSERT INTO `directory_country_region` (`region_id`, `country_id`, `code`, `default_name`) VALUES (1068,'SE','SE-N','Hallands län');
INSERT INTO `directory_country_region` (`region_id`, `country_id`, `code`, `default_name`) VALUES (1069,'SE','SE-Z','Jämtlands län');
INSERT INTO `directory_country_region` (`region_id`, `country_id`, `code`, `default_name`) VALUES (1070,'SE','SE-F','Jönköpings län');
INSERT INTO `directory_country_region` (`region_id`, `country_id`, `code`, `default_name`) VALUES (1071,'SE','SE-H','Kalmar län');
INSERT INTO `directory_country_region` (`region_id`, `country_id`, `code`, `default_name`) VALUES (1072,'SE','SE-G','Kronobergs län');
INSERT INTO `directory_country_region` (`region_id`, `country_id`, `code`, `default_name`) VALUES (1073,'SE','SE-BD','Norrbottens län');
INSERT INTO `directory_country_region` (`region_id`, `country_id`, `code`, `default_name`) VALUES (1074,'SE','SE-M','Skåne län');
INSERT INTO `directory_country_region` (`region_id`, `country_id`, `code`, `default_name`) VALUES (1075,'SE','SE-AB','Stockholms län');
INSERT INTO `directory_country_region` (`region_id`, `country_id`, `code`, `default_name`) VALUES (1076,'SE','SE-D','Södermanlands län');
INSERT INTO `directory_country_region` (`region_id`, `country_id`, `code`, `default_name`) VALUES (1077,'SE','SE-C','Uppsala län');
INSERT INTO `directory_country_region` (`region_id`, `country_id`, `code`, `default_name`) VALUES (1078,'SE','SE-S','Värmlands län');
INSERT INTO `directory_country_region` (`region_id`, `country_id`, `code`, `default_name`) VALUES (1079,'SE','SE-AC','Västerbottens län');
INSERT INTO `directory_country_region` (`region_id`, `country_id`, `code`, `default_name`) VALUES (1080,'SE','SE-Y','Västernorrlands län');
INSERT INTO `directory_country_region` (`region_id`, `country_id`, `code`, `default_name`) VALUES (1081,'SE','SE-U','Västmanlands län');
INSERT INTO `directory_country_region` (`region_id`, `country_id`, `code`, `default_name`) VALUES (1082,'SE','SE-O','Västra Götalands län');
INSERT INTO `directory_country_region` (`region_id`, `country_id`, `code`, `default_name`) VALUES (1083,'SE','SE-T','Örebro län');
INSERT INTO `directory_country_region` (`region_id`, `country_id`, `code`, `default_name`) VALUES (1084,'SE','SE-E','Östergötlands län');
INSERT INTO `directory_country_region` (`region_id`, `country_id`, `code`, `default_name`) VALUES (1085,'UA','UA-71','Cherkaska oblast');
INSERT INTO `directory_country_region` (`region_id`, `country_id`, `code`, `default_name`) VALUES (1086,'UA','UA-74','Chernihivska oblast');
INSERT INTO `directory_country_region` (`region_id`, `country_id`, `code`, `default_name`) VALUES (1087,'UA','UA-77','Chernivetska oblast');
INSERT INTO `directory_country_region` (`region_id`, `country_id`, `code`, `default_name`) VALUES (1088,'UA','UA-12','Dnipropetrovska oblast');
INSERT INTO `directory_country_region` (`region_id`, `country_id`, `code`, `default_name`) VALUES (1089,'UA','UA-14','Donetska oblast');
INSERT INTO `directory_country_region` (`region_id`, `country_id`, `code`, `default_name`) VALUES (1090,'UA','UA-26','Ivano-Frankivska oblast');
INSERT INTO `directory_country_region` (`region_id`, `country_id`, `code`, `default_name`) VALUES (1091,'UA','UA-63','Kharkivska oblast');
INSERT INTO `directory_country_region` (`region_id`, `country_id`, `code`, `default_name`) VALUES (1092,'UA','UA-65','Khersonska oblast');
INSERT INTO `directory_country_region` (`region_id`, `country_id`, `code`, `default_name`) VALUES (1093,'UA','UA-68','Khmelnytska oblast');
INSERT INTO `directory_country_region` (`region_id`, `country_id`, `code`, `default_name`) VALUES (1094,'UA','UA-35','Kirovohradska oblast');
INSERT INTO `directory_country_region` (`region_id`, `country_id`, `code`, `default_name`) VALUES (1095,'UA','UA-32','Kyivska oblast');
INSERT INTO `directory_country_region` (`region_id`, `country_id`, `code`, `default_name`) VALUES (1096,'UA','UA-09','Luhanska oblast');
INSERT INTO `directory_country_region` (`region_id`, `country_id`, `code`, `default_name`) VALUES (1097,'UA','UA-46','Lvivska oblast');
INSERT INTO `directory_country_region` (`region_id`, `country_id`, `code`, `default_name`) VALUES (1098,'UA','UA-48','Mykolaivska oblast');
INSERT INTO `directory_country_region` (`region_id`, `country_id`, `code`, `default_name`) VALUES (1099,'UA','UA-51','Odeska oblast');
INSERT INTO `directory_country_region` (`region_id`, `country_id`, `code`, `default_name`) VALUES (1100,'UA','UA-53','Poltavska oblast');
INSERT INTO `directory_country_region` (`region_id`, `country_id`, `code`, `default_name`) VALUES (1101,'UA','UA-56','Rivnenska oblast');
INSERT INTO `directory_country_region` (`region_id`, `country_id`, `code`, `default_name`) VALUES (1102,'UA','UA-59','Sumska oblast');
INSERT INTO `directory_country_region` (`region_id`, `country_id`, `code`, `default_name`) VALUES (1103,'UA','UA-61','Ternopilska oblast');
INSERT INTO `directory_country_region` (`region_id`, `country_id`, `code`, `default_name`) VALUES (1104,'UA','UA-05','Vinnytska oblast');
INSERT INTO `directory_country_region` (`region_id`, `country_id`, `code`, `default_name`) VALUES (1105,'UA','UA-07','Volynska oblast');
INSERT INTO `directory_country_region` (`region_id`, `country_id`, `code`, `default_name`) VALUES (1106,'UA','UA-21','Zakarpatska oblast');
INSERT INTO `directory_country_region` (`region_id`, `country_id`, `code`, `default_name`) VALUES (1107,'UA','UA-23','Zaporizka oblast');
INSERT INTO `directory_country_region` (`region_id`, `country_id`, `code`, `default_name`) VALUES (1108,'UA','UA-18','Zhytomyrska oblast');
INSERT INTO `directory_country_region` (`region_id`, `country_id`, `code`, `default_name`) VALUES (1109,'UA','UA-43','Avtonomna Respublika Krym');
INSERT INTO `directory_country_region` (`region_id`, `country_id`, `code`, `default_name`) VALUES (1110,'UA','UA-30','Kyiv');
INSERT INTO `directory_country_region` (`region_id`, `country_id`, `code`, `default_name`) VALUES (1111,'UA','UA-40','Sevastopol');
INSERT INTO `directory_country_region` (`region_id`, `country_id`, `code`, `default_name`) VALUES (1112,'UY','UY-AR','Artigas');
INSERT INTO `directory_country_region` (`region_id`, `country_id`, `code`, `default_name`) VALUES (1113,'UY','UY-CA','Canelones');
INSERT INTO `directory_country_region` (`region_id`, `country_id`, `code`, `default_name`) VALUES (1114,'UY','UY-CL','Cerro Largo');
INSERT INTO `directory_country_region` (`region_id`, `country_id`, `code`, `default_name`) VALUES (1115,'UY','UY-CO','Colonia');
INSERT INTO `directory_country_region` (`region_id`, `country_id`, `code`, `default_name`) VALUES (1116,'UY','UY-DU','Durazno');
INSERT INTO `directory_country_region` (`region_id`, `country_id`, `code`, `default_name`) VALUES (1117,'UY','UY-FS','Flores');
INSERT INTO `directory_country_region` (`region_id`, `country_id`, `code`, `default_name`) VALUES (1118,'UY','UY-FD','Florida');
INSERT INTO `directory_country_region` (`region_id`, `country_id`, `code`, `default_name`) VALUES (1119,'UY','UY-LA','Lavalleja');
INSERT INTO `directory_country_region` (`region_id`, `country_id`, `code`, `default_name`) VALUES (1120,'UY','UY-MA','Maldonado');
INSERT INTO `directory_country_region` (`region_id`, `country_id`, `code`, `default_name`) VALUES (1121,'UY','UY-MO','Montevideo');
INSERT INTO `directory_country_region` (`region_id`, `country_id`, `code`, `default_name`) VALUES (1122,'UY','UY-PA','Paysandu');
INSERT INTO `directory_country_region` (`region_id`, `country_id`, `code`, `default_name`) VALUES (1123,'UY','UY-RN','Río Negro');
INSERT INTO `directory_country_region` (`region_id`, `country_id`, `code`, `default_name`) VALUES (1124,'UY','UY-RV','Rivera');
INSERT INTO `directory_country_region` (`region_id`, `country_id`, `code`, `default_name`) VALUES (1125,'UY','UY-RO','Rocha');
INSERT INTO `directory_country_region` (`region_id`, `country_id`, `code`, `default_name`) VALUES (1126,'UY','UY-SA','Salto');
INSERT INTO `directory_country_region` (`region_id`, `country_id`, `code`, `default_name`) VALUES (1127,'UY','UY-SJ','San José');
INSERT INTO `directory_country_region` (`region_id`, `country_id`, `code`, `default_name`) VALUES (1128,'UY','UY-SO','Soriano');
INSERT INTO `directory_country_region` (`region_id`, `country_id`, `code`, `default_name`) VALUES (1129,'UY','UY-TA','Tacuarembó');
INSERT INTO `directory_country_region` (`region_id`, `country_id`, `code`, `default_name`) VALUES (1130,'UY','UY-TT','Treinta y Tres');
INSERT INTO `directory_country_region` (`region_id`, `country_id`, `code`, `default_name`) VALUES (1131,'VE','VE-W','Dependencias Federales');
INSERT INTO `directory_country_region` (`region_id`, `country_id`, `code`, `default_name`) VALUES (1132,'VE','VE-A','Distrito Capital');
INSERT INTO `directory_country_region` (`region_id`, `country_id`, `code`, `default_name`) VALUES (1133,'VE','VE-Z','Amazonas');
INSERT INTO `directory_country_region` (`region_id`, `country_id`, `code`, `default_name`) VALUES (1134,'VE','VE-B','Anzoátegui');
INSERT INTO `directory_country_region` (`region_id`, `country_id`, `code`, `default_name`) VALUES (1135,'VE','VE-C','Apure');
INSERT INTO `directory_country_region` (`region_id`, `country_id`, `code`, `default_name`) VALUES (1136,'VE','VE-D','Aragua');
INSERT INTO `directory_country_region` (`region_id`, `country_id`, `code`, `default_name`) VALUES (1137,'VE','VE-E','Barinas');
INSERT INTO `directory_country_region` (`region_id`, `country_id`, `code`, `default_name`) VALUES (1138,'VE','VE-F','Bolívar');
INSERT INTO `directory_country_region` (`region_id`, `country_id`, `code`, `default_name`) VALUES (1139,'VE','VE-G','Carabobo');
INSERT INTO `directory_country_region` (`region_id`, `country_id`, `code`, `default_name`) VALUES (1140,'VE','VE-H','Cojedes');
INSERT INTO `directory_country_region` (`region_id`, `country_id`, `code`, `default_name`) VALUES (1141,'VE','VE-Y','Delta Amacuro');
INSERT INTO `directory_country_region` (`region_id`, `country_id`, `code`, `default_name`) VALUES (1142,'VE','VE-I','Falcón');
INSERT INTO `directory_country_region` (`region_id`, `country_id`, `code`, `default_name`) VALUES (1143,'VE','VE-J','Guárico');
INSERT INTO `directory_country_region` (`region_id`, `country_id`, `code`, `default_name`) VALUES (1144,'VE','VE-K','Lara');
INSERT INTO `directory_country_region` (`region_id`, `country_id`, `code`, `default_name`) VALUES (1145,'VE','VE-L','Mérida');
INSERT INTO `directory_country_region` (`region_id`, `country_id`, `code`, `default_name`) VALUES (1146,'VE','VE-M','Miranda');
INSERT INTO `directory_country_region` (`region_id`, `country_id`, `code`, `default_name`) VALUES (1147,'VE','VE-N','Monagas');
INSERT INTO `directory_country_region` (`region_id`, `country_id`, `code`, `default_name`) VALUES (1148,'VE','VE-O','Nueva Esparta');
INSERT INTO `directory_country_region` (`region_id`, `country_id`, `code`, `default_name`) VALUES (1149,'VE','VE-P','Portuguesa');
INSERT INTO `directory_country_region` (`region_id`, `country_id`, `code`, `default_name`) VALUES (1150,'VE','VE-R','Sucre');
INSERT INTO `directory_country_region` (`region_id`, `country_id`, `code`, `default_name`) VALUES (1151,'VE','VE-S','Táchira');
INSERT INTO `directory_country_region` (`region_id`, `country_id`, `code`, `default_name`) VALUES (1152,'VE','VE-T','Trujillo');
INSERT INTO `directory_country_region` (`region_id`, `country_id`, `code`, `default_name`) VALUES (1153,'VE','VE-X','Vargas');
INSERT INTO `directory_country_region` (`region_id`, `country_id`, `code`, `default_name`) VALUES (1154,'VE','VE-U','Yaracuy');
INSERT INTO `directory_country_region` (`region_id`, `country_id`, `code`, `default_name`) VALUES (1155,'VE','VE-V','Zulia');
INSERT INTO `directory_country_region` (`region_id`, `country_id`, `code`, `default_name`) VALUES (1156,'IN','LA','Ladakh');

--
-- Table structure for table `directory_country_region_name`
--

CREATE TABLE `directory_country_region_name` (
  `locale` varchar(16) NOT NULL COMMENT 'Locale',
  `region_id` int(10) unsigned NOT NULL DEFAULT 0 COMMENT 'Region ID',
  `name` varchar(255) DEFAULT NULL COMMENT 'Region Name',
  PRIMARY KEY (`locale`,`region_id`),
  KEY `DIRECTORY_COUNTRY_REGION_NAME_REGION_ID` (`region_id`),
  CONSTRAINT `DIR_COUNTRY_REGION_NAME_REGION_ID_DIR_COUNTRY_REGION_REGION_ID` FOREIGN KEY (`region_id`) REFERENCES `directory_country_region` (`region_id`) ON DELETE CASCADE
) ENGINE=InnoDB DEFAULT CHARSET=utf8mb3 COLLATE=utf8mb3_general_ci COMMENT='Directory Country Region Name';

--
-- Dumping data for table `directory_country_region_name`
--

INSERT INTO `directory_country_region_name` (`locale`, `region_id`, `name`) VALUES ('en_US',1,'Alabama');
INSERT INTO `directory_country_region_name` (`locale`, `region_id`, `name`) VALUES ('en_US',2,'Alaska');
INSERT INTO `directory_country_region_name` (`locale`, `region_id`, `name`) VALUES ('en_US',3,'American Samoa');
INSERT INTO `directory_country_region_name` (`locale`, `region_id`, `name`) VALUES ('en_US',4,'Arizona');
INSERT INTO `directory_country_region_name` (`locale`, `region_id`, `name`) VALUES ('en_US',5,'Arkansas');
INSERT INTO `directory_country_region_name` (`locale`, `region_id`, `name`) VALUES ('en_US',6,'Armed Forces Africa');
INSERT INTO `directory_country_region_name` (`locale`, `region_id`, `name`) VALUES ('en_US',7,'Armed Forces Americas');
INSERT INTO `directory_country_region_name` (`locale`, `region_id`, `name`) VALUES ('en_US',8,'Armed Forces Canada');
INSERT INTO `directory_country_region_name` (`locale`, `region_id`, `name`) VALUES ('en_US',9,'Armed Forces Europe');
INSERT INTO `directory_country_region_name` (`locale`, `region_id`, `name`) VALUES ('en_US',10,'Armed Forces Middle East');
INSERT INTO `directory_country_region_name` (`locale`, `region_id`, `name`) VALUES ('en_US',11,'Armed Forces Pacific');
INSERT INTO `directory_country_region_name` (`locale`, `region_id`, `name`) VALUES ('en_US',12,'California');
INSERT INTO `directory_country_region_name` (`locale`, `region_id`, `name`) VALUES ('en_US',13,'Colorado');
INSERT INTO `directory_country_region_name` (`locale`, `region_id`, `name`) VALUES ('en_US',14,'Connecticut');
INSERT INTO `directory_country_region_name` (`locale`, `region_id`, `name`) VALUES ('en_US',15,'Delaware');
INSERT INTO `directory_country_region_name` (`locale`, `region_id`, `name`) VALUES ('en_US',16,'District of Columbia');
INSERT INTO `directory_country_region_name` (`locale`, `region_id`, `name`) VALUES ('en_US',17,'Federated States Of Micronesia');
INSERT INTO `directory_country_region_name` (`locale`, `region_id`, `name`) VALUES ('en_US',18,'Florida');
INSERT INTO `directory_country_region_name` (`locale`, `region_id`, `name`) VALUES ('en_US',19,'Georgia');
INSERT INTO `directory_country_region_name` (`locale`, `region_id`, `name`) VALUES ('en_US',20,'Guam');
INSERT INTO `directory_country_region_name` (`locale`, `region_id`, `name`) VALUES ('en_US',21,'Hawaii');
INSERT INTO `directory_country_region_name` (`locale`, `region_id`, `name`) VALUES ('en_US',22,'Idaho');
INSERT INTO `directory_country_region_name` (`locale`, `region_id`, `name`) VALUES ('en_US',23,'Illinois');
INSERT INTO `directory_country_region_name` (`locale`, `region_id`, `name`) VALUES ('en_US',24,'Indiana');
INSERT INTO `directory_country_region_name` (`locale`, `region_id`, `name`) VALUES ('en_US',25,'Iowa');
INSERT INTO `directory_country_region_name` (`locale`, `region_id`, `name`) VALUES ('en_US',26,'Kansas');
INSERT INTO `directory_country_region_name` (`locale`, `region_id`, `name`) VALUES ('en_US',27,'Kentucky');
INSERT INTO `directory_country_region_name` (`locale`, `region_id`, `name`) VALUES ('en_US',28,'Louisiana');
INSERT INTO `directory_country_region_name` (`locale`, `region_id`, `name`) VALUES ('en_US',29,'Maine');
INSERT INTO `directory_country_region_name` (`locale`, `region_id`, `name`) VALUES ('en_US',30,'Marshall Islands');
INSERT INTO `directory_country_region_name` (`locale`, `region_id`, `name`) VALUES ('en_US',31,'Maryland');
INSERT INTO `directory_country_region_name` (`locale`, `region_id`, `name`) VALUES ('en_US',32,'Massachusetts');
INSERT INTO `directory_country_region_name` (`locale`, `region_id`, `name`) VALUES ('en_US',33,'Michigan');
INSERT INTO `directory_country_region_name` (`locale`, `region_id`, `name`) VALUES ('en_US',34,'Minnesota');
INSERT INTO `directory_country_region_name` (`locale`, `region_id`, `name`) VALUES ('en_US',35,'Mississippi');
INSERT INTO `directory_country_region_name` (`locale`, `region_id`, `name`) VALUES ('en_US',36,'Missouri');
INSERT INTO `directory_country_region_name` (`locale`, `region_id`, `name`) VALUES ('en_US',37,'Montana');
INSERT INTO `directory_country_region_name` (`locale`, `region_id`, `name`) VALUES ('en_US',38,'Nebraska');
INSERT INTO `directory_country_region_name` (`locale`, `region_id`, `name`) VALUES ('en_US',39,'Nevada');
INSERT INTO `directory_country_region_name` (`locale`, `region_id`, `name`) VALUES ('en_US',40,'New Hampshire');
INSERT INTO `directory_country_region_name` (`locale`, `region_id`, `name`) VALUES ('en_US',41,'New Jersey');
INSERT INTO `directory_country_region_name` (`locale`, `region_id`, `name`) VALUES ('en_US',42,'New Mexico');
INSERT INTO `directory_country_region_name` (`locale`, `region_id`, `name`) VALUES ('en_US',43,'New York');
INSERT INTO `directory_country_region_name` (`locale`, `region_id`, `name`) VALUES ('en_US',44,'North Carolina');
INSERT INTO `directory_country_region_name` (`locale`, `region_id`, `name`) VALUES ('en_US',45,'North Dakota');
INSERT INTO `directory_country_region_name` (`locale`, `region_id`, `name`) VALUES ('en_US',46,'Northern Mariana Islands');
INSERT INTO `directory_country_region_name` (`locale`, `region_id`, `name`) VALUES ('en_US',47,'Ohio');
INSERT INTO `directory_country_region_name` (`locale`, `region_id`, `name`) VALUES ('en_US',48,'Oklahoma');
INSERT INTO `directory_country_region_name` (`locale`, `region_id`, `name`) VALUES ('en_US',49,'Oregon');
INSERT INTO `directory_country_region_name` (`locale`, `region_id`, `name`) VALUES ('en_US',50,'Palau');
INSERT INTO `directory_country_region_name` (`locale`, `region_id`, `name`) VALUES ('en_US',51,'Pennsylvania');
INSERT INTO `directory_country_region_name` (`locale`, `region_id`, `name`) VALUES ('en_US',52,'Puerto Rico');
INSERT INTO `directory_country_region_name` (`locale`, `region_id`, `name`) VALUES ('en_US',53,'Rhode Island');
INSERT INTO `directory_country_region_name` (`locale`, `region_id`, `name`) VALUES ('en_US',54,'South Carolina');
INSERT INTO `directory_country_region_name` (`locale`, `region_id`, `name`) VALUES ('en_US',55,'South Dakota');
INSERT INTO `directory_country_region_name` (`locale`, `region_id`, `name`) VALUES ('en_US',56,'Tennessee');
INSERT INTO `directory_country_region_name` (`locale`, `region_id`, `name`) VALUES ('en_US',57,'Texas');
INSERT INTO `directory_country_region_name` (`locale`, `region_id`, `name`) VALUES ('en_US',58,'Utah');
INSERT INTO `directory_country_region_name` (`locale`, `region_id`, `name`) VALUES ('en_US',59,'Vermont');
INSERT INTO `directory_country_region_name` (`locale`, `region_id`, `name`) VALUES ('en_US',60,'Virgin Islands');
INSERT INTO `directory_country_region_name` (`locale`, `region_id`, `name`) VALUES ('en_US',61,'Virginia');
INSERT INTO `directory_country_region_name` (`locale`, `region_id`, `name`) VALUES ('en_US',62,'Washington');
INSERT INTO `directory_country_region_name` (`locale`, `region_id`, `name`) VALUES ('en_US',63,'West Virginia');
INSERT INTO `directory_country_region_name` (`locale`, `region_id`, `name`) VALUES ('en_US',64,'Wisconsin');
INSERT INTO `directory_country_region_name` (`locale`, `region_id`, `name`) VALUES ('en_US',65,'Wyoming');
INSERT INTO `directory_country_region_name` (`locale`, `region_id`, `name`) VALUES ('en_US',66,'Alberta');
INSERT INTO `directory_country_region_name` (`locale`, `region_id`, `name`) VALUES ('en_US',67,'British Columbia');
INSERT INTO `directory_country_region_name` (`locale`, `region_id`, `name`) VALUES ('en_US',68,'Manitoba');
INSERT INTO `directory_country_region_name` (`locale`, `region_id`, `name`) VALUES ('en_US',69,'Newfoundland and Labrador');
INSERT INTO `directory_country_region_name` (`locale`, `region_id`, `name`) VALUES ('en_US',70,'New Brunswick');
INSERT INTO `directory_country_region_name` (`locale`, `region_id`, `name`) VALUES ('en_US',71,'Nova Scotia');
INSERT INTO `directory_country_region_name` (`locale`, `region_id`, `name`) VALUES ('en_US',72,'Northwest Territories');
INSERT INTO `directory_country_region_name` (`locale`, `region_id`, `name`) VALUES ('en_US',73,'Nunavut');
INSERT INTO `directory_country_region_name` (`locale`, `region_id`, `name`) VALUES ('en_US',74,'Ontario');
INSERT INTO `directory_country_region_name` (`locale`, `region_id`, `name`) VALUES ('en_US',75,'Prince Edward Island');
INSERT INTO `directory_country_region_name` (`locale`, `region_id`, `name`) VALUES ('en_US',76,'Quebec');
INSERT INTO `directory_country_region_name` (`locale`, `region_id`, `name`) VALUES ('en_US',77,'Saskatchewan');
INSERT INTO `directory_country_region_name` (`locale`, `region_id`, `name`) VALUES ('en_US',78,'Yukon Territory');
INSERT INTO `directory_country_region_name` (`locale`, `region_id`, `name`) VALUES ('en_US',79,'Niedersachsen');
INSERT INTO `directory_country_region_name` (`locale`, `region_id`, `name`) VALUES ('en_US',80,'Baden-Württemberg');
INSERT INTO `directory_country_region_name` (`locale`, `region_id`, `name`) VALUES ('en_US',81,'Bayern');
INSERT INTO `directory_country_region_name` (`locale`, `region_id`, `name`) VALUES ('en_US',82,'Berlin');
INSERT INTO `directory_country_region_name` (`locale`, `region_id`, `name`) VALUES ('en_US',83,'Brandenburg');
INSERT INTO `directory_country_region_name` (`locale`, `region_id`, `name`) VALUES ('en_US',84,'Bremen');
INSERT INTO `directory_country_region_name` (`locale`, `region_id`, `name`) VALUES ('en_US',85,'Hamburg');
INSERT INTO `directory_country_region_name` (`locale`, `region_id`, `name`) VALUES ('en_US',86,'Hessen');
INSERT INTO `directory_country_region_name` (`locale`, `region_id`, `name`) VALUES ('en_US',87,'Mecklenburg-Vorpommern');
INSERT INTO `directory_country_region_name` (`locale`, `region_id`, `name`) VALUES ('en_US',88,'Nordrhein-Westfalen');
INSERT INTO `directory_country_region_name` (`locale`, `region_id`, `name`) VALUES ('en_US',89,'Rheinland-Pfalz');
INSERT INTO `directory_country_region_name` (`locale`, `region_id`, `name`) VALUES ('en_US',90,'Saarland');
INSERT INTO `directory_country_region_name` (`locale`, `region_id`, `name`) VALUES ('en_US',91,'Sachsen');
INSERT INTO `directory_country_region_name` (`locale`, `region_id`, `name`) VALUES ('en_US',92,'Sachsen-Anhalt');
INSERT INTO `directory_country_region_name` (`locale`, `region_id`, `name`) VALUES ('en_US',93,'Schleswig-Holstein');
INSERT INTO `directory_country_region_name` (`locale`, `region_id`, `name`) VALUES ('en_US',94,'Thüringen');
INSERT INTO `directory_country_region_name` (`locale`, `region_id`, `name`) VALUES ('en_US',95,'Wien');
INSERT INTO `directory_country_region_name` (`locale`, `region_id`, `name`) VALUES ('en_US',96,'Niederösterreich');
INSERT INTO `directory_country_region_name` (`locale`, `region_id`, `name`) VALUES ('en_US',97,'Oberösterreich');
INSERT INTO `directory_country_region_name` (`locale`, `region_id`, `name`) VALUES ('en_US',98,'Salzburg');
INSERT INTO `directory_country_region_name` (`locale`, `region_id`, `name`) VALUES ('en_US',99,'Kärnten');
INSERT INTO `directory_country_region_name` (`locale`, `region_id`, `name`) VALUES ('en_US',100,'Steiermark');
INSERT INTO `directory_country_region_name` (`locale`, `region_id`, `name`) VALUES ('en_US',101,'Tirol');
INSERT INTO `directory_country_region_name` (`locale`, `region_id`, `name`) VALUES ('en_US',102,'Burgenland');
INSERT INTO `directory_country_region_name` (`locale`, `region_id`, `name`) VALUES ('en_US',103,'Vorarlberg');
INSERT INTO `directory_country_region_name` (`locale`, `region_id`, `name`) VALUES ('en_US',104,'Aargau');
INSERT INTO `directory_country_region_name` (`locale`, `region_id`, `name`) VALUES ('en_US',105,'Appenzell Innerrhoden');
INSERT INTO `directory_country_region_name` (`locale`, `region_id`, `name`) VALUES ('en_US',106,'Appenzell Ausserrhoden');
INSERT INTO `directory_country_region_name` (`locale`, `region_id`, `name`) VALUES ('en_US',107,'Bern');
INSERT INTO `directory_country_region_name` (`locale`, `region_id`, `name`) VALUES ('en_US',108,'Basel-Landschaft');
INSERT INTO `directory_country_region_name` (`locale`, `region_id`, `name`) VALUES ('en_US',109,'Basel-Stadt');
INSERT INTO `directory_country_region_name` (`locale`, `region_id`, `name`) VALUES ('en_US',110,'Friburg');
INSERT INTO `directory_country_region_name` (`locale`, `region_id`, `name`) VALUES ('en_US',111,'Geneva');
INSERT INTO `directory_country_region_name` (`locale`, `region_id`, `name`) VALUES ('en_US',112,'Glarus');
INSERT INTO `directory_country_region_name` (`locale`, `region_id`, `name`) VALUES ('en_US',113,'Graubünden');
INSERT INTO `directory_country_region_name` (`locale`, `region_id`, `name`) VALUES ('en_US',114,'Jura');
INSERT INTO `directory_country_region_name` (`locale`, `region_id`, `name`) VALUES ('en_US',115,'Lucerne');
INSERT INTO `directory_country_region_name` (`locale`, `region_id`, `name`) VALUES ('en_US',116,'Neuchâtel');
INSERT INTO `directory_country_region_name` (`locale`, `region_id`, `name`) VALUES ('en_US',117,'Nidwalden');
INSERT INTO `directory_country_region_name` (`locale`, `region_id`, `name`) VALUES ('en_US',118,'Obwalden');
INSERT INTO `directory_country_region_name` (`locale`, `region_id`, `name`) VALUES ('en_US',119,'St. Gallen');
INSERT INTO `directory_country_region_name` (`locale`, `region_id`, `name`) VALUES ('en_US',120,'Schaffhausen');
INSERT INTO `directory_country_region_name` (`locale`, `region_id`, `name`) VALUES ('en_US',121,'Solothurn');
INSERT INTO `directory_country_region_name` (`locale`, `region_id`, `name`) VALUES ('en_US',122,'Schwyz');
INSERT INTO `directory_country_region_name` (`locale`, `region_id`, `name`) VALUES ('en_US',123,'Thurgau');
INSERT INTO `directory_country_region_name` (`locale`, `region_id`, `name`) VALUES ('en_US',124,'Ticino');
INSERT INTO `directory_country_region_name` (`locale`, `region_id`, `name`) VALUES ('en_US',125,'Uri');
INSERT INTO `directory_country_region_name` (`locale`, `region_id`, `name`) VALUES ('en_US',126,'Vaud');
INSERT INTO `directory_country_region_name` (`locale`, `region_id`, `name`) VALUES ('en_US',127,'Wallis');
INSERT INTO `directory_country_region_name` (`locale`, `region_id`, `name`) VALUES ('en_US',128,'Zug');
INSERT INTO `directory_country_region_name` (`locale`, `region_id`, `name`) VALUES ('en_US',129,'Zürich');
INSERT INTO `directory_country_region_name` (`locale`, `region_id`, `name`) VALUES ('en_US',130,'A Coruña');
INSERT INTO `directory_country_region_name` (`locale`, `region_id`, `name`) VALUES ('en_US',131,'Alava');
INSERT INTO `directory_country_region_name` (`locale`, `region_id`, `name`) VALUES ('en_US',132,'Albacete');
INSERT INTO `directory_country_region_name` (`locale`, `region_id`, `name`) VALUES ('en_US',133,'Alicante');
INSERT INTO `directory_country_region_name` (`locale`, `region_id`, `name`) VALUES ('en_US',134,'Almeria');
INSERT INTO `directory_country_region_name` (`locale`, `region_id`, `name`) VALUES ('en_US',135,'Asturias');
INSERT INTO `directory_country_region_name` (`locale`, `region_id`, `name`) VALUES ('en_US',136,'Avila');
INSERT INTO `directory_country_region_name` (`locale`, `region_id`, `name`) VALUES ('en_US',137,'Badajoz');
INSERT INTO `directory_country_region_name` (`locale`, `region_id`, `name`) VALUES ('en_US',138,'Baleares');
INSERT INTO `directory_country_region_name` (`locale`, `region_id`, `name`) VALUES ('en_US',139,'Barcelona');
INSERT INTO `directory_country_region_name` (`locale`, `region_id`, `name`) VALUES ('en_US',140,'Burgos');
INSERT INTO `directory_country_region_name` (`locale`, `region_id`, `name`) VALUES ('en_US',141,'Caceres');
INSERT INTO `directory_country_region_name` (`locale`, `region_id`, `name`) VALUES ('en_US',142,'Cadiz');
INSERT INTO `directory_country_region_name` (`locale`, `region_id`, `name`) VALUES ('en_US',143,'Cantabria');
INSERT INTO `directory_country_region_name` (`locale`, `region_id`, `name`) VALUES ('en_US',144,'Castellon');
INSERT INTO `directory_country_region_name` (`locale`, `region_id`, `name`) VALUES ('en_US',145,'Ceuta');
INSERT INTO `directory_country_region_name` (`locale`, `region_id`, `name`) VALUES ('en_US',146,'Ciudad Real');
INSERT INTO `directory_country_region_name` (`locale`, `region_id`, `name`) VALUES ('en_US',147,'Cordoba');
INSERT INTO `directory_country_region_name` (`locale`, `region_id`, `name`) VALUES ('en_US',148,'Cuenca');
INSERT INTO `directory_country_region_name` (`locale`, `region_id`, `name`) VALUES ('en_US',149,'Girona');
INSERT INTO `directory_country_region_name` (`locale`, `region_id`, `name`) VALUES ('en_US',150,'Granada');
INSERT INTO `directory_country_region_name` (`locale`, `region_id`, `name`) VALUES ('en_US',151,'Guadalajara');
INSERT INTO `directory_country_region_name` (`locale`, `region_id`, `name`) VALUES ('en_US',152,'Guipuzcoa');
INSERT INTO `directory_country_region_name` (`locale`, `region_id`, `name`) VALUES ('en_US',153,'Huelva');
INSERT INTO `directory_country_region_name` (`locale`, `region_id`, `name`) VALUES ('en_US',154,'Huesca');
INSERT INTO `directory_country_region_name` (`locale`, `region_id`, `name`) VALUES ('en_US',155,'Jaen');
INSERT INTO `directory_country_region_name` (`locale`, `region_id`, `name`) VALUES ('en_US',156,'La Rioja');
INSERT INTO `directory_country_region_name` (`locale`, `region_id`, `name`) VALUES ('en_US',157,'Las Palmas');
INSERT INTO `directory_country_region_name` (`locale`, `region_id`, `name`) VALUES ('en_US',158,'Leon');
INSERT INTO `directory_country_region_name` (`locale`, `region_id`, `name`) VALUES ('en_US',159,'Lleida');
INSERT INTO `directory_country_region_name` (`locale`, `region_id`, `name`) VALUES ('en_US',160,'Lugo');
INSERT INTO `directory_country_region_name` (`locale`, `region_id`, `name`) VALUES ('en_US',161,'Madrid');
INSERT INTO `directory_country_region_name` (`locale`, `region_id`, `name`) VALUES ('en_US',162,'Malaga');
INSERT INTO `directory_country_region_name` (`locale`, `region_id`, `name`) VALUES ('en_US',163,'Melilla');
INSERT INTO `directory_country_region_name` (`locale`, `region_id`, `name`) VALUES ('en_US',164,'Murcia');
INSERT INTO `directory_country_region_name` (`locale`, `region_id`, `name`) VALUES ('en_US',165,'Navarra');
INSERT INTO `directory_country_region_name` (`locale`, `region_id`, `name`) VALUES ('en_US',166,'Ourense');
INSERT INTO `directory_country_region_name` (`locale`, `region_id`, `name`) VALUES ('en_US',167,'Palencia');
INSERT INTO `directory_country_region_name` (`locale`, `region_id`, `name`) VALUES ('en_US',168,'Pontevedra');
INSERT INTO `directory_country_region_name` (`locale`, `region_id`, `name`) VALUES ('en_US',169,'Salamanca');
INSERT INTO `directory_country_region_name` (`locale`, `region_id`, `name`) VALUES ('en_US',170,'Santa Cruz de Tenerife');
INSERT INTO `directory_country_region_name` (`locale`, `region_id`, `name`) VALUES ('en_US',171,'Segovia');
INSERT INTO `directory_country_region_name` (`locale`, `region_id`, `name`) VALUES ('en_US',172,'Sevilla');
INSERT INTO `directory_country_region_name` (`locale`, `region_id`, `name`) VALUES ('en_US',173,'Soria');
INSERT INTO `directory_country_region_name` (`locale`, `region_id`, `name`) VALUES ('en_US',174,'Tarragona');
INSERT INTO `directory_country_region_name` (`locale`, `region_id`, `name`) VALUES ('en_US',175,'Teruel');
INSERT INTO `directory_country_region_name` (`locale`, `region_id`, `name`) VALUES ('en_US',176,'Toledo');
INSERT INTO `directory_country_region_name` (`locale`, `region_id`, `name`) VALUES ('en_US',177,'Valencia');
INSERT INTO `directory_country_region_name` (`locale`, `region_id`, `name`) VALUES ('en_US',178,'Valladolid');
INSERT INTO `directory_country_region_name` (`locale`, `region_id`, `name`) VALUES ('en_US',179,'Vizcaya');
INSERT INTO `directory_country_region_name` (`locale`, `region_id`, `name`) VALUES ('en_US',180,'Zamora');
INSERT INTO `directory_country_region_name` (`locale`, `region_id`, `name`) VALUES ('en_US',181,'Zaragoza');
INSERT INTO `directory_country_region_name` (`locale`, `region_id`, `name`) VALUES ('en_US',182,'Ain');
INSERT INTO `directory_country_region_name` (`locale`, `region_id`, `name`) VALUES ('en_US',183,'Aisne');
INSERT INTO `directory_country_region_name` (`locale`, `region_id`, `name`) VALUES ('en_US',184,'Allier');
INSERT INTO `directory_country_region_name` (`locale`, `region_id`, `name`) VALUES ('en_US',185,'Alpes-de-Haute-Provence');
INSERT INTO `directory_country_region_name` (`locale`, `region_id`, `name`) VALUES ('en_US',186,'Hautes-Alpes');
INSERT INTO `directory_country_region_name` (`locale`, `region_id`, `name`) VALUES ('en_US',187,'Alpes-Maritimes');
INSERT INTO `directory_country_region_name` (`locale`, `region_id`, `name`) VALUES ('en_US',188,'Ardèche');
INSERT INTO `directory_country_region_name` (`locale`, `region_id`, `name`) VALUES ('en_US',189,'Ardennes');
INSERT INTO `directory_country_region_name` (`locale`, `region_id`, `name`) VALUES ('en_US',190,'Ariège');
INSERT INTO `directory_country_region_name` (`locale`, `region_id`, `name`) VALUES ('en_US',191,'Aube');
INSERT INTO `directory_country_region_name` (`locale`, `region_id`, `name`) VALUES ('en_US',192,'Aude');
INSERT INTO `directory_country_region_name` (`locale`, `region_id`, `name`) VALUES ('en_US',193,'Aveyron');
INSERT INTO `directory_country_region_name` (`locale`, `region_id`, `name`) VALUES ('en_US',194,'Bouches-du-Rhône');
INSERT INTO `directory_country_region_name` (`locale`, `region_id`, `name`) VALUES ('en_US',195,'Calvados');
INSERT INTO `directory_country_region_name` (`locale`, `region_id`, `name`) VALUES ('en_US',196,'Cantal');
INSERT INTO `directory_country_region_name` (`locale`, `region_id`, `name`) VALUES ('en_US',197,'Charente');
INSERT INTO `directory_country_region_name` (`locale`, `region_id`, `name`) VALUES ('en_US',198,'Charente-Maritime');
INSERT INTO `directory_country_region_name` (`locale`, `region_id`, `name`) VALUES ('en_US',199,'Cher');
INSERT INTO `directory_country_region_name` (`locale`, `region_id`, `name`) VALUES ('en_US',200,'Corrèze');
INSERT INTO `directory_country_region_name` (`locale`, `region_id`, `name`) VALUES ('en_US',201,'Corse-du-Sud');
INSERT INTO `directory_country_region_name` (`locale`, `region_id`, `name`) VALUES ('en_US',202,'Haute-Corse');
INSERT INTO `directory_country_region_name` (`locale`, `region_id`, `name`) VALUES ('en_US',203,'Côte-d\'Or');
INSERT INTO `directory_country_region_name` (`locale`, `region_id`, `name`) VALUES ('en_US',204,'Côtes-d\'Armor');
INSERT INTO `directory_country_region_name` (`locale`, `region_id`, `name`) VALUES ('en_US',205,'Creuse');
INSERT INTO `directory_country_region_name` (`locale`, `region_id`, `name`) VALUES ('en_US',206,'Dordogne');
INSERT INTO `directory_country_region_name` (`locale`, `region_id`, `name`) VALUES ('en_US',207,'Doubs');
INSERT INTO `directory_country_region_name` (`locale`, `region_id`, `name`) VALUES ('en_US',208,'Drôme');
INSERT INTO `directory_country_region_name` (`locale`, `region_id`, `name`) VALUES ('en_US',209,'Eure');
INSERT INTO `directory_country_region_name` (`locale`, `region_id`, `name`) VALUES ('en_US',210,'Eure-et-Loir');
INSERT INTO `directory_country_region_name` (`locale`, `region_id`, `name`) VALUES ('en_US',211,'Finistère');
INSERT INTO `directory_country_region_name` (`locale`, `region_id`, `name`) VALUES ('en_US',212,'Gard');
INSERT INTO `directory_country_region_name` (`locale`, `region_id`, `name`) VALUES ('en_US',213,'Haute-Garonne');
INSERT INTO `directory_country_region_name` (`locale`, `region_id`, `name`) VALUES ('en_US',214,'Gers');
INSERT INTO `directory_country_region_name` (`locale`, `region_id`, `name`) VALUES ('en_US',215,'Gironde');
INSERT INTO `directory_country_region_name` (`locale`, `region_id`, `name`) VALUES ('en_US',216,'Hérault');
INSERT INTO `directory_country_region_name` (`locale`, `region_id`, `name`) VALUES ('en_US',217,'Ille-et-Vilaine');
INSERT INTO `directory_country_region_name` (`locale`, `region_id`, `name`) VALUES ('en_US',218,'Indre');
INSERT INTO `directory_country_region_name` (`locale`, `region_id`, `name`) VALUES ('en_US',219,'Indre-et-Loire');
INSERT INTO `directory_country_region_name` (`locale`, `region_id`, `name`) VALUES ('en_US',220,'Isère');
INSERT INTO `directory_country_region_name` (`locale`, `region_id`, `name`) VALUES ('en_US',221,'Jura');
INSERT INTO `directory_country_region_name` (`locale`, `region_id`, `name`) VALUES ('en_US',222,'Landes');
INSERT INTO `directory_country_region_name` (`locale`, `region_id`, `name`) VALUES ('en_US',223,'Loir-et-Cher');
INSERT INTO `directory_country_region_name` (`locale`, `region_id`, `name`) VALUES ('en_US',224,'Loire');
INSERT INTO `directory_country_region_name` (`locale`, `region_id`, `name`) VALUES ('en_US',225,'Haute-Loire');
INSERT INTO `directory_country_region_name` (`locale`, `region_id`, `name`) VALUES ('en_US',226,'Loire-Atlantique');
INSERT INTO `directory_country_region_name` (`locale`, `region_id`, `name`) VALUES ('en_US',227,'Loiret');
INSERT INTO `directory_country_region_name` (`locale`, `region_id`, `name`) VALUES ('en_US',228,'Lot');
INSERT INTO `directory_country_region_name` (`locale`, `region_id`, `name`) VALUES ('en_US',229,'Lot-et-Garonne');
INSERT INTO `directory_country_region_name` (`locale`, `region_id`, `name`) VALUES ('en_US',230,'Lozère');
INSERT INTO `directory_country_region_name` (`locale`, `region_id`, `name`) VALUES ('en_US',231,'Maine-et-Loire');
INSERT INTO `directory_country_region_name` (`locale`, `region_id`, `name`) VALUES ('en_US',232,'Manche');
INSERT INTO `directory_country_region_name` (`locale`, `region_id`, `name`) VALUES ('en_US',233,'Marne');
INSERT INTO `directory_country_region_name` (`locale`, `region_id`, `name`) VALUES ('en_US',234,'Haute-Marne');
INSERT INTO `directory_country_region_name` (`locale`, `region_id`, `name`) VALUES ('en_US',235,'Mayenne');
INSERT INTO `directory_country_region_name` (`locale`, `region_id`, `name`) VALUES ('en_US',236,'Meurthe-et-Moselle');
INSERT INTO `directory_country_region_name` (`locale`, `region_id`, `name`) VALUES ('en_US',237,'Meuse');
INSERT INTO `directory_country_region_name` (`locale`, `region_id`, `name`) VALUES ('en_US',238,'Morbihan');
INSERT INTO `directory_country_region_name` (`locale`, `region_id`, `name`) VALUES ('en_US',239,'Moselle');
INSERT INTO `directory_country_region_name` (`locale`, `region_id`, `name`) VALUES ('en_US',240,'Nièvre');
INSERT INTO `directory_country_region_name` (`locale`, `region_id`, `name`) VALUES ('en_US',241,'Nord');
INSERT INTO `directory_country_region_name` (`locale`, `region_id`, `name`) VALUES ('en_US',242,'Oise');
INSERT INTO `directory_country_region_name` (`locale`, `region_id`, `name`) VALUES ('en_US',243,'Orne');
INSERT INTO `directory_country_region_name` (`locale`, `region_id`, `name`) VALUES ('en_US',244,'Pas-de-Calais');
INSERT INTO `directory_country_region_name` (`locale`, `region_id`, `name`) VALUES ('en_US',245,'Puy-de-Dôme');
INSERT INTO `directory_country_region_name` (`locale`, `region_id`, `name`) VALUES ('en_US',246,'Pyrénées-Atlantiques');
INSERT INTO `directory_country_region_name` (`locale`, `region_id`, `name`) VALUES ('en_US',247,'Hautes-Pyrénées');
INSERT INTO `directory_country_region_name` (`locale`, `region_id`, `name`) VALUES ('en_US',248,'Pyrénées-Orientales');
INSERT INTO `directory_country_region_name` (`locale`, `region_id`, `name`) VALUES ('en_US',249,'Bas-Rhin');
INSERT INTO `directory_country_region_name` (`locale`, `region_id`, `name`) VALUES ('en_US',250,'Haut-Rhin');
INSERT INTO `directory_country_region_name` (`locale`, `region_id`, `name`) VALUES ('en_US',251,'Rhône');
INSERT INTO `directory_country_region_name` (`locale`, `region_id`, `name`) VALUES ('en_US',252,'Haute-Saône');
INSERT INTO `directory_country_region_name` (`locale`, `region_id`, `name`) VALUES ('en_US',253,'Saône-et-Loire');
INSERT INTO `directory_country_region_name` (`locale`, `region_id`, `name`) VALUES ('en_US',254,'Sarthe');
INSERT INTO `directory_country_region_name` (`locale`, `region_id`, `name`) VALUES ('en_US',255,'Savoie');
INSERT INTO `directory_country_region_name` (`locale`, `region_id`, `name`) VALUES ('en_US',256,'Haute-Savoie');
INSERT INTO `directory_country_region_name` (`locale`, `region_id`, `name`) VALUES ('en_US',257,'Paris');
INSERT INTO `directory_country_region_name` (`locale`, `region_id`, `name`) VALUES ('en_US',258,'Seine-Maritime');
INSERT INTO `directory_country_region_name` (`locale`, `region_id`, `name`) VALUES ('en_US',259,'Seine-et-Marne');
INSERT INTO `directory_country_region_name` (`locale`, `region_id`, `name`) VALUES ('en_US',260,'Yvelines');
INSERT INTO `directory_country_region_name` (`locale`, `region_id`, `name`) VALUES ('en_US',261,'Deux-Sèvres');
INSERT INTO `directory_country_region_name` (`locale`, `region_id`, `name`) VALUES ('en_US',262,'Somme');
INSERT INTO `directory_country_region_name` (`locale`, `region_id`, `name`) VALUES ('en_US',263,'Tarn');
INSERT INTO `directory_country_region_name` (`locale`, `region_id`, `name`) VALUES ('en_US',264,'Tarn-et-Garonne');
INSERT INTO `directory_country_region_name` (`locale`, `region_id`, `name`) VALUES ('en_US',265,'Var');
INSERT INTO `directory_country_region_name` (`locale`, `region_id`, `name`) VALUES ('en_US',266,'Vaucluse');
INSERT INTO `directory_country_region_name` (`locale`, `region_id`, `name`) VALUES ('en_US',267,'Vendée');
INSERT INTO `directory_country_region_name` (`locale`, `region_id`, `name`) VALUES ('en_US',268,'Vienne');
INSERT INTO `directory_country_region_name` (`locale`, `region_id`, `name`) VALUES ('en_US',269,'Haute-Vienne');
INSERT INTO `directory_country_region_name` (`locale`, `region_id`, `name`) VALUES ('en_US',270,'Vosges');
INSERT INTO `directory_country_region_name` (`locale`, `region_id`, `name`) VALUES ('en_US',271,'Yonne');
INSERT INTO `directory_country_region_name` (`locale`, `region_id`, `name`) VALUES ('en_US',272,'Territoire-de-Belfort');
INSERT INTO `directory_country_region_name` (`locale`, `region_id`, `name`) VALUES ('en_US',273,'Essonne');
INSERT INTO `directory_country_region_name` (`locale`, `region_id`, `name`) VALUES ('en_US',274,'Hauts-de-Seine');
INSERT INTO `directory_country_region_name` (`locale`, `region_id`, `name`) VALUES ('en_US',275,'Seine-Saint-Denis');
INSERT INTO `directory_country_region_name` (`locale`, `region_id`, `name`) VALUES ('en_US',276,'Val-de-Marne');
INSERT INTO `directory_country_region_name` (`locale`, `region_id`, `name`) VALUES ('en_US',277,'Val-d\'Oise');
INSERT INTO `directory_country_region_name` (`locale`, `region_id`, `name`) VALUES ('en_US',278,'Alba');
INSERT INTO `directory_country_region_name` (`locale`, `region_id`, `name`) VALUES ('en_US',279,'Arad');
INSERT INTO `directory_country_region_name` (`locale`, `region_id`, `name`) VALUES ('en_US',280,'Argeş');
INSERT INTO `directory_country_region_name` (`locale`, `region_id`, `name`) VALUES ('en_US',281,'Bacău');
INSERT INTO `directory_country_region_name` (`locale`, `region_id`, `name`) VALUES ('en_US',282,'Bihor');
INSERT INTO `directory_country_region_name` (`locale`, `region_id`, `name`) VALUES ('en_US',283,'Bistriţa-Năsăud');
INSERT INTO `directory_country_region_name` (`locale`, `region_id`, `name`) VALUES ('en_US',284,'Botoşani');
INSERT INTO `directory_country_region_name` (`locale`, `region_id`, `name`) VALUES ('en_US',285,'Braşov');
INSERT INTO `directory_country_region_name` (`locale`, `region_id`, `name`) VALUES ('en_US',286,'Brăila');
INSERT INTO `directory_country_region_name` (`locale`, `region_id`, `name`) VALUES ('en_US',287,'Bucureşti');
INSERT INTO `directory_country_region_name` (`locale`, `region_id`, `name`) VALUES ('en_US',288,'Buzău');
INSERT INTO `directory_country_region_name` (`locale`, `region_id`, `name`) VALUES ('en_US',289,'Caraş-Severin');
INSERT INTO `directory_country_region_name` (`locale`, `region_id`, `name`) VALUES ('en_US',290,'Călăraşi');
INSERT INTO `directory_country_region_name` (`locale`, `region_id`, `name`) VALUES ('en_US',291,'Cluj');
INSERT INTO `directory_country_region_name` (`locale`, `region_id`, `name`) VALUES ('en_US',292,'Constanţa');
INSERT INTO `directory_country_region_name` (`locale`, `region_id`, `name`) VALUES ('en_US',293,'Covasna');
INSERT INTO `directory_country_region_name` (`locale`, `region_id`, `name`) VALUES ('en_US',294,'Dâmboviţa');
INSERT INTO `directory_country_region_name` (`locale`, `region_id`, `name`) VALUES ('en_US',295,'Dolj');
INSERT INTO `directory_country_region_name` (`locale`, `region_id`, `name`) VALUES ('en_US',296,'Galaţi');
INSERT INTO `directory_country_region_name` (`locale`, `region_id`, `name`) VALUES ('en_US',297,'Giurgiu');
INSERT INTO `directory_country_region_name` (`locale`, `region_id`, `name`) VALUES ('en_US',298,'Gorj');
INSERT INTO `directory_country_region_name` (`locale`, `region_id`, `name`) VALUES ('en_US',299,'Harghita');
INSERT INTO `directory_country_region_name` (`locale`, `region_id`, `name`) VALUES ('en_US',300,'Hunedoara');
INSERT INTO `directory_country_region_name` (`locale`, `region_id`, `name`) VALUES ('en_US',301,'Ialomiţa');
INSERT INTO `directory_country_region_name` (`locale`, `region_id`, `name`) VALUES ('en_US',302,'Iaşi');
INSERT INTO `directory_country_region_name` (`locale`, `region_id`, `name`) VALUES ('en_US',303,'Ilfov');
INSERT INTO `directory_country_region_name` (`locale`, `region_id`, `name`) VALUES ('en_US',304,'Maramureş');
INSERT INTO `directory_country_region_name` (`locale`, `region_id`, `name`) VALUES ('en_US',305,'Mehedinţi');
INSERT INTO `directory_country_region_name` (`locale`, `region_id`, `name`) VALUES ('en_US',306,'Mureş');
INSERT INTO `directory_country_region_name` (`locale`, `region_id`, `name`) VALUES ('en_US',307,'Neamţ');
INSERT INTO `directory_country_region_name` (`locale`, `region_id`, `name`) VALUES ('en_US',308,'Olt');
INSERT INTO `directory_country_region_name` (`locale`, `region_id`, `name`) VALUES ('en_US',309,'Prahova');
INSERT INTO `directory_country_region_name` (`locale`, `region_id`, `name`) VALUES ('en_US',310,'Satu-Mare');
INSERT INTO `directory_country_region_name` (`locale`, `region_id`, `name`) VALUES ('en_US',311,'Sălaj');
INSERT INTO `directory_country_region_name` (`locale`, `region_id`, `name`) VALUES ('en_US',312,'Sibiu');
INSERT INTO `directory_country_region_name` (`locale`, `region_id`, `name`) VALUES ('en_US',313,'Suceava');
INSERT INTO `directory_country_region_name` (`locale`, `region_id`, `name`) VALUES ('en_US',314,'Teleorman');
INSERT INTO `directory_country_region_name` (`locale`, `region_id`, `name`) VALUES ('en_US',315,'Timiş');
INSERT INTO `directory_country_region_name` (`locale`, `region_id`, `name`) VALUES ('en_US',316,'Tulcea');
INSERT INTO `directory_country_region_name` (`locale`, `region_id`, `name`) VALUES ('en_US',317,'Vaslui');
INSERT INTO `directory_country_region_name` (`locale`, `region_id`, `name`) VALUES ('en_US',318,'Vâlcea');
INSERT INTO `directory_country_region_name` (`locale`, `region_id`, `name`) VALUES ('en_US',319,'Vrancea');
INSERT INTO `directory_country_region_name` (`locale`, `region_id`, `name`) VALUES ('en_US',320,'Lappi');
INSERT INTO `directory_country_region_name` (`locale`, `region_id`, `name`) VALUES ('en_US',321,'Pohjois-Pohjanmaa');
INSERT INTO `directory_country_region_name` (`locale`, `region_id`, `name`) VALUES ('en_US',322,'Kainuu');
INSERT INTO `directory_country_region_name` (`locale`, `region_id`, `name`) VALUES ('en_US',323,'Pohjois-Karjala');
INSERT INTO `directory_country_region_name` (`locale`, `region_id`, `name`) VALUES ('en_US',324,'Pohjois-Savo');
INSERT INTO `directory_country_region_name` (`locale`, `region_id`, `name`) VALUES ('en_US',325,'Etelä-Savo');
INSERT INTO `directory_country_region_name` (`locale`, `region_id`, `name`) VALUES ('en_US',326,'Etelä-Pohjanmaa');
INSERT INTO `directory_country_region_name` (`locale`, `region_id`, `name`) VALUES ('en_US',327,'Pohjanmaa');
INSERT INTO `directory_country_region_name` (`locale`, `region_id`, `name`) VALUES ('en_US',328,'Pirkanmaa');
INSERT INTO `directory_country_region_name` (`locale`, `region_id`, `name`) VALUES ('en_US',329,'Satakunta');
INSERT INTO `directory_country_region_name` (`locale`, `region_id`, `name`) VALUES ('en_US',330,'Keski-Pohjanmaa');
INSERT INTO `directory_country_region_name` (`locale`, `region_id`, `name`) VALUES ('en_US',331,'Keski-Suomi');
INSERT INTO `directory_country_region_name` (`locale`, `region_id`, `name`) VALUES ('en_US',332,'Varsinais-Suomi');
INSERT INTO `directory_country_region_name` (`locale`, `region_id`, `name`) VALUES ('en_US',333,'Etelä-Karjala');
INSERT INTO `directory_country_region_name` (`locale`, `region_id`, `name`) VALUES ('en_US',334,'Päijät-Häme');
INSERT INTO `directory_country_region_name` (`locale`, `region_id`, `name`) VALUES ('en_US',335,'Kanta-Häme');
INSERT INTO `directory_country_region_name` (`locale`, `region_id`, `name`) VALUES ('en_US',336,'Uusimaa');
INSERT INTO `directory_country_region_name` (`locale`, `region_id`, `name`) VALUES ('en_US',337,'Itä-Uusimaa');
INSERT INTO `directory_country_region_name` (`locale`, `region_id`, `name`) VALUES ('en_US',338,'Kymenlaakso');
INSERT INTO `directory_country_region_name` (`locale`, `region_id`, `name`) VALUES ('en_US',339,'Ahvenanmaa');
INSERT INTO `directory_country_region_name` (`locale`, `region_id`, `name`) VALUES ('en_US',340,'Harjumaa');
INSERT INTO `directory_country_region_name` (`locale`, `region_id`, `name`) VALUES ('en_US',341,'Hiiumaa');
INSERT INTO `directory_country_region_name` (`locale`, `region_id`, `name`) VALUES ('en_US',342,'Ida-Virumaa');
INSERT INTO `directory_country_region_name` (`locale`, `region_id`, `name`) VALUES ('en_US',343,'Jõgevamaa');
INSERT INTO `directory_country_region_name` (`locale`, `region_id`, `name`) VALUES ('en_US',344,'Järvamaa');
INSERT INTO `directory_country_region_name` (`locale`, `region_id`, `name`) VALUES ('en_US',345,'Läänemaa');
INSERT INTO `directory_country_region_name` (`locale`, `region_id`, `name`) VALUES ('en_US',346,'Lääne-Virumaa');
INSERT INTO `directory_country_region_name` (`locale`, `region_id`, `name`) VALUES ('en_US',347,'Põlvamaa');
INSERT INTO `directory_country_region_name` (`locale`, `region_id`, `name`) VALUES ('en_US',348,'Pärnumaa');
INSERT INTO `directory_country_region_name` (`locale`, `region_id`, `name`) VALUES ('en_US',349,'Raplamaa');
INSERT INTO `directory_country_region_name` (`locale`, `region_id`, `name`) VALUES ('en_US',350,'Saaremaa');
INSERT INTO `directory_country_region_name` (`locale`, `region_id`, `name`) VALUES ('en_US',351,'Tartumaa');
INSERT INTO `directory_country_region_name` (`locale`, `region_id`, `name`) VALUES ('en_US',352,'Valgamaa');
INSERT INTO `directory_country_region_name` (`locale`, `region_id`, `name`) VALUES ('en_US',353,'Viljandimaa');
INSERT INTO `directory_country_region_name` (`locale`, `region_id`, `name`) VALUES ('en_US',354,'Võrumaa');
INSERT INTO `directory_country_region_name` (`locale`, `region_id`, `name`) VALUES ('en_US',355,'Daugavpils');
INSERT INTO `directory_country_region_name` (`locale`, `region_id`, `name`) VALUES ('en_US',356,'Jelgava');
INSERT INTO `directory_country_region_name` (`locale`, `region_id`, `name`) VALUES ('en_US',357,'Jēkabpils');
INSERT INTO `directory_country_region_name` (`locale`, `region_id`, `name`) VALUES ('en_US',358,'Jūrmala');
INSERT INTO `directory_country_region_name` (`locale`, `region_id`, `name`) VALUES ('en_US',359,'Liepāja');
INSERT INTO `directory_country_region_name` (`locale`, `region_id`, `name`) VALUES ('en_US',360,'Liepājas novads');
INSERT INTO `directory_country_region_name` (`locale`, `region_id`, `name`) VALUES ('en_US',361,'Rēzekne');
INSERT INTO `directory_country_region_name` (`locale`, `region_id`, `name`) VALUES ('en_US',362,'Rīga');
INSERT INTO `directory_country_region_name` (`locale`, `region_id`, `name`) VALUES ('en_US',363,'Rīgas novads');
INSERT INTO `directory_country_region_name` (`locale`, `region_id`, `name`) VALUES ('en_US',364,'Valmiera');
INSERT INTO `directory_country_region_name` (`locale`, `region_id`, `name`) VALUES ('en_US',365,'Ventspils');
INSERT INTO `directory_country_region_name` (`locale`, `region_id`, `name`) VALUES ('en_US',366,'Aglonas novads');
INSERT INTO `directory_country_region_name` (`locale`, `region_id`, `name`) VALUES ('en_US',367,'Aizkraukles novads');
INSERT INTO `directory_country_region_name` (`locale`, `region_id`, `name`) VALUES ('en_US',368,'Aizputes novads');
INSERT INTO `directory_country_region_name` (`locale`, `region_id`, `name`) VALUES ('en_US',369,'Aknīstes novads');
INSERT INTO `directory_country_region_name` (`locale`, `region_id`, `name`) VALUES ('en_US',370,'Alojas novads');
INSERT INTO `directory_country_region_name` (`locale`, `region_id`, `name`) VALUES ('en_US',371,'Alsungas novads');
INSERT INTO `directory_country_region_name` (`locale`, `region_id`, `name`) VALUES ('en_US',372,'Alūksnes novads');
INSERT INTO `directory_country_region_name` (`locale`, `region_id`, `name`) VALUES ('en_US',373,'Amatas novads');
INSERT INTO `directory_country_region_name` (`locale`, `region_id`, `name`) VALUES ('en_US',374,'Apes novads');
INSERT INTO `directory_country_region_name` (`locale`, `region_id`, `name`) VALUES ('en_US',375,'Auces novads');
INSERT INTO `directory_country_region_name` (`locale`, `region_id`, `name`) VALUES ('en_US',376,'Babītes novads');
INSERT INTO `directory_country_region_name` (`locale`, `region_id`, `name`) VALUES ('en_US',377,'Baldones novads');
INSERT INTO `directory_country_region_name` (`locale`, `region_id`, `name`) VALUES ('en_US',378,'Baltinavas novads');
INSERT INTO `directory_country_region_name` (`locale`, `region_id`, `name`) VALUES ('en_US',379,'Balvu novads');
INSERT INTO `directory_country_region_name` (`locale`, `region_id`, `name`) VALUES ('en_US',380,'Bauskas novads');
INSERT INTO `directory_country_region_name` (`locale`, `region_id`, `name`) VALUES ('en_US',381,'Beverīnas novads');
INSERT INTO `directory_country_region_name` (`locale`, `region_id`, `name`) VALUES ('en_US',382,'Brocēnu novads');
INSERT INTO `directory_country_region_name` (`locale`, `region_id`, `name`) VALUES ('en_US',383,'Burtnieku novads');
INSERT INTO `directory_country_region_name` (`locale`, `region_id`, `name`) VALUES ('en_US',384,'Carnikavas novads');
INSERT INTO `directory_country_region_name` (`locale`, `region_id`, `name`) VALUES ('en_US',385,'Cesvaines novads');
INSERT INTO `directory_country_region_name` (`locale`, `region_id`, `name`) VALUES ('en_US',386,'Ciblas novads');
INSERT INTO `directory_country_region_name` (`locale`, `region_id`, `name`) VALUES ('en_US',387,'Cēsu novads');
INSERT INTO `directory_country_region_name` (`locale`, `region_id`, `name`) VALUES ('en_US',388,'Dagdas novads');
INSERT INTO `directory_country_region_name` (`locale`, `region_id`, `name`) VALUES ('en_US',389,'Daugavpils novads');
INSERT INTO `directory_country_region_name` (`locale`, `region_id`, `name`) VALUES ('en_US',390,'Dobeles novads');
INSERT INTO `directory_country_region_name` (`locale`, `region_id`, `name`) VALUES ('en_US',391,'Dundagas novads');
INSERT INTO `directory_country_region_name` (`locale`, `region_id`, `name`) VALUES ('en_US',392,'Durbes novads');
INSERT INTO `directory_country_region_name` (`locale`, `region_id`, `name`) VALUES ('en_US',393,'Engures novads');
INSERT INTO `directory_country_region_name` (`locale`, `region_id`, `name`) VALUES ('en_US',394,'Garkalnes novads');
INSERT INTO `directory_country_region_name` (`locale`, `region_id`, `name`) VALUES ('en_US',395,'Grobiņas novads');
INSERT INTO `directory_country_region_name` (`locale`, `region_id`, `name`) VALUES ('en_US',396,'Gulbenes novads');
INSERT INTO `directory_country_region_name` (`locale`, `region_id`, `name`) VALUES ('en_US',397,'Iecavas novads');
INSERT INTO `directory_country_region_name` (`locale`, `region_id`, `name`) VALUES ('en_US',398,'Ikšķiles novads');
INSERT INTO `directory_country_region_name` (`locale`, `region_id`, `name`) VALUES ('en_US',399,'Ilūkstes novads');
INSERT INTO `directory_country_region_name` (`locale`, `region_id`, `name`) VALUES ('en_US',400,'Inčukalna novads');
INSERT INTO `directory_country_region_name` (`locale`, `region_id`, `name`) VALUES ('en_US',401,'Jaunjelgavas novads');
INSERT INTO `directory_country_region_name` (`locale`, `region_id`, `name`) VALUES ('en_US',402,'Jaunpiebalgas novads');
INSERT INTO `directory_country_region_name` (`locale`, `region_id`, `name`) VALUES ('en_US',403,'Jaunpils novads');
INSERT INTO `directory_country_region_name` (`locale`, `region_id`, `name`) VALUES ('en_US',404,'Jelgavas novads');
INSERT INTO `directory_country_region_name` (`locale`, `region_id`, `name`) VALUES ('en_US',405,'Jēkabpils novads');
INSERT INTO `directory_country_region_name` (`locale`, `region_id`, `name`) VALUES ('en_US',406,'Kandavas novads');
INSERT INTO `directory_country_region_name` (`locale`, `region_id`, `name`) VALUES ('en_US',407,'Kokneses novads');
INSERT INTO `directory_country_region_name` (`locale`, `region_id`, `name`) VALUES ('en_US',408,'Krimuldas novads');
INSERT INTO `directory_country_region_name` (`locale`, `region_id`, `name`) VALUES ('en_US',409,'Krustpils novads');
INSERT INTO `directory_country_region_name` (`locale`, `region_id`, `name`) VALUES ('en_US',410,'Krāslavas novads');
INSERT INTO `directory_country_region_name` (`locale`, `region_id`, `name`) VALUES ('en_US',411,'Kuldīgas novads');
INSERT INTO `directory_country_region_name` (`locale`, `region_id`, `name`) VALUES ('en_US',412,'Kārsavas novads');
INSERT INTO `directory_country_region_name` (`locale`, `region_id`, `name`) VALUES ('en_US',413,'Lielvārdes novads');
INSERT INTO `directory_country_region_name` (`locale`, `region_id`, `name`) VALUES ('en_US',414,'Limbažu novads');
INSERT INTO `directory_country_region_name` (`locale`, `region_id`, `name`) VALUES ('en_US',415,'Lubānas novads');
INSERT INTO `directory_country_region_name` (`locale`, `region_id`, `name`) VALUES ('en_US',416,'Ludzas novads');
INSERT INTO `directory_country_region_name` (`locale`, `region_id`, `name`) VALUES ('en_US',417,'Līgatnes novads');
INSERT INTO `directory_country_region_name` (`locale`, `region_id`, `name`) VALUES ('en_US',418,'Līvānu novads');
INSERT INTO `directory_country_region_name` (`locale`, `region_id`, `name`) VALUES ('en_US',419,'Madonas novads');
INSERT INTO `directory_country_region_name` (`locale`, `region_id`, `name`) VALUES ('en_US',420,'Mazsalacas novads');
INSERT INTO `directory_country_region_name` (`locale`, `region_id`, `name`) VALUES ('en_US',421,'Mālpils novads');
INSERT INTO `directory_country_region_name` (`locale`, `region_id`, `name`) VALUES ('en_US',422,'Mārupes novads');
INSERT INTO `directory_country_region_name` (`locale`, `region_id`, `name`) VALUES ('en_US',423,'Naukšēnu novads');
INSERT INTO `directory_country_region_name` (`locale`, `region_id`, `name`) VALUES ('en_US',424,'Neretas novads');
INSERT INTO `directory_country_region_name` (`locale`, `region_id`, `name`) VALUES ('en_US',425,'Nīcas novads');
INSERT INTO `directory_country_region_name` (`locale`, `region_id`, `name`) VALUES ('en_US',426,'Ogres novads');
INSERT INTO `directory_country_region_name` (`locale`, `region_id`, `name`) VALUES ('en_US',427,'Olaines novads');
INSERT INTO `directory_country_region_name` (`locale`, `region_id`, `name`) VALUES ('en_US',428,'Ozolnieku novads');
INSERT INTO `directory_country_region_name` (`locale`, `region_id`, `name`) VALUES ('en_US',429,'Preiļu novads');
INSERT INTO `directory_country_region_name` (`locale`, `region_id`, `name`) VALUES ('en_US',430,'Priekules novads');
INSERT INTO `directory_country_region_name` (`locale`, `region_id`, `name`) VALUES ('en_US',431,'Priekuļu novads');
INSERT INTO `directory_country_region_name` (`locale`, `region_id`, `name`) VALUES ('en_US',432,'Pārgaujas novads');
INSERT INTO `directory_country_region_name` (`locale`, `region_id`, `name`) VALUES ('en_US',433,'Pāvilostas novads');
INSERT INTO `directory_country_region_name` (`locale`, `region_id`, `name`) VALUES ('en_US',434,'Pļaviņu novads');
INSERT INTO `directory_country_region_name` (`locale`, `region_id`, `name`) VALUES ('en_US',435,'Raunas novads');
INSERT INTO `directory_country_region_name` (`locale`, `region_id`, `name`) VALUES ('en_US',436,'Riebiņu novads');
INSERT INTO `directory_country_region_name` (`locale`, `region_id`, `name`) VALUES ('en_US',437,'Rojas novads');
INSERT INTO `directory_country_region_name` (`locale`, `region_id`, `name`) VALUES ('en_US',438,'Ropažu novads');
INSERT INTO `directory_country_region_name` (`locale`, `region_id`, `name`) VALUES ('en_US',439,'Rucavas novads');
INSERT INTO `directory_country_region_name` (`locale`, `region_id`, `name`) VALUES ('en_US',440,'Rugāju novads');
INSERT INTO `directory_country_region_name` (`locale`, `region_id`, `name`) VALUES ('en_US',441,'Rundāles novads');
INSERT INTO `directory_country_region_name` (`locale`, `region_id`, `name`) VALUES ('en_US',442,'Rēzeknes novads');
INSERT INTO `directory_country_region_name` (`locale`, `region_id`, `name`) VALUES ('en_US',443,'Rūjienas novads');
INSERT INTO `directory_country_region_name` (`locale`, `region_id`, `name`) VALUES ('en_US',444,'Salacgrīvas novads');
INSERT INTO `directory_country_region_name` (`locale`, `region_id`, `name`) VALUES ('en_US',445,'Salas novads');
INSERT INTO `directory_country_region_name` (`locale`, `region_id`, `name`) VALUES ('en_US',446,'Salaspils novads');
INSERT INTO `directory_country_region_name` (`locale`, `region_id`, `name`) VALUES ('en_US',447,'Saldus novads');
INSERT INTO `directory_country_region_name` (`locale`, `region_id`, `name`) VALUES ('en_US',448,'Saulkrastu novads');
INSERT INTO `directory_country_region_name` (`locale`, `region_id`, `name`) VALUES ('en_US',449,'Siguldas novads');
INSERT INTO `directory_country_region_name` (`locale`, `region_id`, `name`) VALUES ('en_US',450,'Skrundas novads');
INSERT INTO `directory_country_region_name` (`locale`, `region_id`, `name`) VALUES ('en_US',451,'Skrīveru novads');
INSERT INTO `directory_country_region_name` (`locale`, `region_id`, `name`) VALUES ('en_US',452,'Smiltenes novads');
INSERT INTO `directory_country_region_name` (`locale`, `region_id`, `name`) VALUES ('en_US',453,'Stopiņu novads');
INSERT INTO `directory_country_region_name` (`locale`, `region_id`, `name`) VALUES ('en_US',454,'Strenču novads');
INSERT INTO `directory_country_region_name` (`locale`, `region_id`, `name`) VALUES ('en_US',455,'Sējas novads');
INSERT INTO `directory_country_region_name` (`locale`, `region_id`, `name`) VALUES ('en_US',456,'Talsu novads');
INSERT INTO `directory_country_region_name` (`locale`, `region_id`, `name`) VALUES ('en_US',457,'Tukuma novads');
INSERT INTO `directory_country_region_name` (`locale`, `region_id`, `name`) VALUES ('en_US',458,'Tērvetes novads');
INSERT INTO `directory_country_region_name` (`locale`, `region_id`, `name`) VALUES ('en_US',459,'Vaiņodes novads');
INSERT INTO `directory_country_region_name` (`locale`, `region_id`, `name`) VALUES ('en_US',460,'Valkas novads');
INSERT INTO `directory_country_region_name` (`locale`, `region_id`, `name`) VALUES ('en_US',461,'Valmieras novads');
INSERT INTO `directory_country_region_name` (`locale`, `region_id`, `name`) VALUES ('en_US',462,'Varakļānu novads');
INSERT INTO `directory_country_region_name` (`locale`, `region_id`, `name`) VALUES ('en_US',463,'Vecpiebalgas novads');
INSERT INTO `directory_country_region_name` (`locale`, `region_id`, `name`) VALUES ('en_US',464,'Vecumnieku novads');
INSERT INTO `directory_country_region_name` (`locale`, `region_id`, `name`) VALUES ('en_US',465,'Ventspils novads');
INSERT INTO `directory_country_region_name` (`locale`, `region_id`, `name`) VALUES ('en_US',466,'Viesītes novads');
INSERT INTO `directory_country_region_name` (`locale`, `region_id`, `name`) VALUES ('en_US',467,'Viļakas novads');
INSERT INTO `directory_country_region_name` (`locale`, `region_id`, `name`) VALUES ('en_US',468,'Viļānu novads');
INSERT INTO `directory_country_region_name` (`locale`, `region_id`, `name`) VALUES ('en_US',469,'Vārkavas novads');
INSERT INTO `directory_country_region_name` (`locale`, `region_id`, `name`) VALUES ('en_US',470,'Zilupes novads');
INSERT INTO `directory_country_region_name` (`locale`, `region_id`, `name`) VALUES ('en_US',471,'Ādažu novads');
INSERT INTO `directory_country_region_name` (`locale`, `region_id`, `name`) VALUES ('en_US',472,'Ērgļu novads');
INSERT INTO `directory_country_region_name` (`locale`, `region_id`, `name`) VALUES ('en_US',473,'Ķeguma novads');
INSERT INTO `directory_country_region_name` (`locale`, `region_id`, `name`) VALUES ('en_US',474,'Ķekavas novads');
INSERT INTO `directory_country_region_name` (`locale`, `region_id`, `name`) VALUES ('en_US',475,'Alytaus Apskritis');
INSERT INTO `directory_country_region_name` (`locale`, `region_id`, `name`) VALUES ('en_US',476,'Kauno Apskritis');
INSERT INTO `directory_country_region_name` (`locale`, `region_id`, `name`) VALUES ('en_US',477,'Klaipėdos Apskritis');
INSERT INTO `directory_country_region_name` (`locale`, `region_id`, `name`) VALUES ('en_US',478,'Marijampolės Apskritis');
INSERT INTO `directory_country_region_name` (`locale`, `region_id`, `name`) VALUES ('en_US',479,'Panevėžio Apskritis');
INSERT INTO `directory_country_region_name` (`locale`, `region_id`, `name`) VALUES ('en_US',480,'Šiaulių Apskritis');
INSERT INTO `directory_country_region_name` (`locale`, `region_id`, `name`) VALUES ('en_US',481,'Tauragės Apskritis');
INSERT INTO `directory_country_region_name` (`locale`, `region_id`, `name`) VALUES ('en_US',482,'Telšių Apskritis');
INSERT INTO `directory_country_region_name` (`locale`, `region_id`, `name`) VALUES ('en_US',483,'Utenos Apskritis');
INSERT INTO `directory_country_region_name` (`locale`, `region_id`, `name`) VALUES ('en_US',484,'Vilniaus Apskritis');
INSERT INTO `directory_country_region_name` (`locale`, `region_id`, `name`) VALUES ('en_US',485,'Acre');
INSERT INTO `directory_country_region_name` (`locale`, `region_id`, `name`) VALUES ('en_US',486,'Alagoas');
INSERT INTO `directory_country_region_name` (`locale`, `region_id`, `name`) VALUES ('en_US',487,'Amapá');
INSERT INTO `directory_country_region_name` (`locale`, `region_id`, `name`) VALUES ('en_US',488,'Amazonas');
INSERT INTO `directory_country_region_name` (`locale`, `region_id`, `name`) VALUES ('en_US',489,'Bahia');
INSERT INTO `directory_country_region_name` (`locale`, `region_id`, `name`) VALUES ('en_US',490,'Ceará');
INSERT INTO `directory_country_region_name` (`locale`, `region_id`, `name`) VALUES ('en_US',491,'Espírito Santo');
INSERT INTO `directory_country_region_name` (`locale`, `region_id`, `name`) VALUES ('en_US',492,'Goiás');
INSERT INTO `directory_country_region_name` (`locale`, `region_id`, `name`) VALUES ('en_US',493,'Maranhão');
INSERT INTO `directory_country_region_name` (`locale`, `region_id`, `name`) VALUES ('en_US',494,'Mato Grosso');
INSERT INTO `directory_country_region_name` (`locale`, `region_id`, `name`) VALUES ('en_US',495,'Mato Grosso do Sul');
INSERT INTO `directory_country_region_name` (`locale`, `region_id`, `name`) VALUES ('en_US',496,'Minas Gerais');
INSERT INTO `directory_country_region_name` (`locale`, `region_id`, `name`) VALUES ('en_US',497,'Pará');
INSERT INTO `directory_country_region_name` (`locale`, `region_id`, `name`) VALUES ('en_US',498,'Paraíba');
INSERT INTO `directory_country_region_name` (`locale`, `region_id`, `name`) VALUES ('en_US',499,'Paraná');
INSERT INTO `directory_country_region_name` (`locale`, `region_id`, `name`) VALUES ('en_US',500,'Pernambuco');
INSERT INTO `directory_country_region_name` (`locale`, `region_id`, `name`) VALUES ('en_US',501,'Piauí');
INSERT INTO `directory_country_region_name` (`locale`, `region_id`, `name`) VALUES ('en_US',502,'Rio de Janeiro');
INSERT INTO `directory_country_region_name` (`locale`, `region_id`, `name`) VALUES ('en_US',503,'Rio Grande do Norte');
INSERT INTO `directory_country_region_name` (`locale`, `region_id`, `name`) VALUES ('en_US',504,'Rio Grande do Sul');
INSERT INTO `directory_country_region_name` (`locale`, `region_id`, `name`) VALUES ('en_US',505,'Rondônia');
INSERT INTO `directory_country_region_name` (`locale`, `region_id`, `name`) VALUES ('en_US',506,'Roraima');
INSERT INTO `directory_country_region_name` (`locale`, `region_id`, `name`) VALUES ('en_US',507,'Santa Catarina');
INSERT INTO `directory_country_region_name` (`locale`, `region_id`, `name`) VALUES ('en_US',508,'São Paulo');
INSERT INTO `directory_country_region_name` (`locale`, `region_id`, `name`) VALUES ('en_US',509,'Sergipe');
INSERT INTO `directory_country_region_name` (`locale`, `region_id`, `name`) VALUES ('en_US',510,'Tocantins');
INSERT INTO `directory_country_region_name` (`locale`, `region_id`, `name`) VALUES ('en_US',511,'Distrito Federal');
INSERT INTO `directory_country_region_name` (`locale`, `region_id`, `name`) VALUES ('en_US',512,'Berat');
INSERT INTO `directory_country_region_name` (`locale`, `region_id`, `name`) VALUES ('en_US',513,'Dibër');
INSERT INTO `directory_country_region_name` (`locale`, `region_id`, `name`) VALUES ('en_US',514,'Durrës');
INSERT INTO `directory_country_region_name` (`locale`, `region_id`, `name`) VALUES ('en_US',515,'Elbasan');
INSERT INTO `directory_country_region_name` (`locale`, `region_id`, `name`) VALUES ('en_US',516,'Fier');
INSERT INTO `directory_country_region_name` (`locale`, `region_id`, `name`) VALUES ('en_US',517,'Gjirokastër');
INSERT INTO `directory_country_region_name` (`locale`, `region_id`, `name`) VALUES ('en_US',518,'Korçë');
INSERT INTO `directory_country_region_name` (`locale`, `region_id`, `name`) VALUES ('en_US',519,'Kukës');
INSERT INTO `directory_country_region_name` (`locale`, `region_id`, `name`) VALUES ('en_US',520,'Lezhë');
INSERT INTO `directory_country_region_name` (`locale`, `region_id`, `name`) VALUES ('en_US',521,'Shkodër');
INSERT INTO `directory_country_region_name` (`locale`, `region_id`, `name`) VALUES ('en_US',522,'Tiranë');
INSERT INTO `directory_country_region_name` (`locale`, `region_id`, `name`) VALUES ('en_US',523,'Vlorë');
INSERT INTO `directory_country_region_name` (`locale`, `region_id`, `name`) VALUES ('en_US',524,'Ciudad Autónoma de Buenos Aires');
INSERT INTO `directory_country_region_name` (`locale`, `region_id`, `name`) VALUES ('en_US',525,'Buenos Aires');
INSERT INTO `directory_country_region_name` (`locale`, `region_id`, `name`) VALUES ('en_US',526,'Catamarca');
INSERT INTO `directory_country_region_name` (`locale`, `region_id`, `name`) VALUES ('en_US',527,'Chaco');
INSERT INTO `directory_country_region_name` (`locale`, `region_id`, `name`) VALUES ('en_US',528,'Chubut');
INSERT INTO `directory_country_region_name` (`locale`, `region_id`, `name`) VALUES ('en_US',529,'Córdoba');
INSERT INTO `directory_country_region_name` (`locale`, `region_id`, `name`) VALUES ('en_US',530,'Corrientes');
INSERT INTO `directory_country_region_name` (`locale`, `region_id`, `name`) VALUES ('en_US',531,'Entre Ríos');
INSERT INTO `directory_country_region_name` (`locale`, `region_id`, `name`) VALUES ('en_US',532,'Formosa');
INSERT INTO `directory_country_region_name` (`locale`, `region_id`, `name`) VALUES ('en_US',533,'Jujuy');
INSERT INTO `directory_country_region_name` (`locale`, `region_id`, `name`) VALUES ('en_US',534,'La Pampa');
INSERT INTO `directory_country_region_name` (`locale`, `region_id`, `name`) VALUES ('en_US',535,'La Rioja');
INSERT INTO `directory_country_region_name` (`locale`, `region_id`, `name`) VALUES ('en_US',536,'Mendoza');
INSERT INTO `directory_country_region_name` (`locale`, `region_id`, `name`) VALUES ('en_US',537,'Misiones');
INSERT INTO `directory_country_region_name` (`locale`, `region_id`, `name`) VALUES ('en_US',538,'Neuquén');
INSERT INTO `directory_country_region_name` (`locale`, `region_id`, `name`) VALUES ('en_US',539,'Río Negro');
INSERT INTO `directory_country_region_name` (`locale`, `region_id`, `name`) VALUES ('en_US',540,'Salta');
INSERT INTO `directory_country_region_name` (`locale`, `region_id`, `name`) VALUES ('en_US',541,'San Juan');
INSERT INTO `directory_country_region_name` (`locale`, `region_id`, `name`) VALUES ('en_US',542,'San Luis');
INSERT INTO `directory_country_region_name` (`locale`, `region_id`, `name`) VALUES ('en_US',543,'Santa Cruz');
INSERT INTO `directory_country_region_name` (`locale`, `region_id`, `name`) VALUES ('en_US',544,'Santa Fe');
INSERT INTO `directory_country_region_name` (`locale`, `region_id`, `name`) VALUES ('en_US',545,'Santiago del Estero');
INSERT INTO `directory_country_region_name` (`locale`, `region_id`, `name`) VALUES ('en_US',546,'Tierra del Fuego');
INSERT INTO `directory_country_region_name` (`locale`, `region_id`, `name`) VALUES ('en_US',547,'Tucumán');
INSERT INTO `directory_country_region_name` (`locale`, `region_id`, `name`) VALUES ('en_US',548,'Zagrebačka županija');
INSERT INTO `directory_country_region_name` (`locale`, `region_id`, `name`) VALUES ('en_US',549,'Krapinsko-zagorska županija');
INSERT INTO `directory_country_region_name` (`locale`, `region_id`, `name`) VALUES ('en_US',550,'Sisačko-moslavačka županija');
INSERT INTO `directory_country_region_name` (`locale`, `region_id`, `name`) VALUES ('en_US',551,'Karlovačka županija');
INSERT INTO `directory_country_region_name` (`locale`, `region_id`, `name`) VALUES ('en_US',552,'Varaždinska županija');
INSERT INTO `directory_country_region_name` (`locale`, `region_id`, `name`) VALUES ('en_US',553,'Koprivničko-križevačka županija');
INSERT INTO `directory_country_region_name` (`locale`, `region_id`, `name`) VALUES ('en_US',554,'Bjelovarsko-bilogorska županija');
INSERT INTO `directory_country_region_name` (`locale`, `region_id`, `name`) VALUES ('en_US',555,'Primorsko-goranska županija');
INSERT INTO `directory_country_region_name` (`locale`, `region_id`, `name`) VALUES ('en_US',556,'Ličko-senjska županija');
INSERT INTO `directory_country_region_name` (`locale`, `region_id`, `name`) VALUES ('en_US',557,'Virovitičko-podravska županija');
INSERT INTO `directory_country_region_name` (`locale`, `region_id`, `name`) VALUES ('en_US',558,'Požeško-slavonska županija');
INSERT INTO `directory_country_region_name` (`locale`, `region_id`, `name`) VALUES ('en_US',559,'Brodsko-posavska županija');
INSERT INTO `directory_country_region_name` (`locale`, `region_id`, `name`) VALUES ('en_US',560,'Zadarska županija');
INSERT INTO `directory_country_region_name` (`locale`, `region_id`, `name`) VALUES ('en_US',561,'Osječko-baranjska županija');
INSERT INTO `directory_country_region_name` (`locale`, `region_id`, `name`) VALUES ('en_US',562,'Šibensko-kninska županija');
INSERT INTO `directory_country_region_name` (`locale`, `region_id`, `name`) VALUES ('en_US',563,'Vukovarsko-srijemska županija');
INSERT INTO `directory_country_region_name` (`locale`, `region_id`, `name`) VALUES ('en_US',564,'Splitsko-dalmatinska županija');
INSERT INTO `directory_country_region_name` (`locale`, `region_id`, `name`) VALUES ('en_US',565,'Istarska županija');
INSERT INTO `directory_country_region_name` (`locale`, `region_id`, `name`) VALUES ('en_US',566,'Dubrovačko-neretvanska županija');
INSERT INTO `directory_country_region_name` (`locale`, `region_id`, `name`) VALUES ('en_US',567,'Međimurska županija');
INSERT INTO `directory_country_region_name` (`locale`, `region_id`, `name`) VALUES ('en_US',568,'Grad Zagreb');
INSERT INTO `directory_country_region_name` (`locale`, `region_id`, `name`) VALUES ('en_US',569,'Andaman and Nicobar Islands');
INSERT INTO `directory_country_region_name` (`locale`, `region_id`, `name`) VALUES ('en_US',570,'Andhra Pradesh');
INSERT INTO `directory_country_region_name` (`locale`, `region_id`, `name`) VALUES ('en_US',571,'Arunachal Pradesh');
INSERT INTO `directory_country_region_name` (`locale`, `region_id`, `name`) VALUES ('en_US',572,'Assam');
INSERT INTO `directory_country_region_name` (`locale`, `region_id`, `name`) VALUES ('en_US',573,'Bihar');
INSERT INTO `directory_country_region_name` (`locale`, `region_id`, `name`) VALUES ('en_US',574,'Chandigarh');
INSERT INTO `directory_country_region_name` (`locale`, `region_id`, `name`) VALUES ('en_US',575,'Chhattisgarh');
INSERT INTO `directory_country_region_name` (`locale`, `region_id`, `name`) VALUES ('en_US',576,'Dadra and Nagar Haveli');
INSERT INTO `directory_country_region_name` (`locale`, `region_id`, `name`) VALUES ('en_US',577,'Daman and Diu');
INSERT INTO `directory_country_region_name` (`locale`, `region_id`, `name`) VALUES ('en_US',578,'Delhi');
INSERT INTO `directory_country_region_name` (`locale`, `region_id`, `name`) VALUES ('en_US',579,'Goa');
INSERT INTO `directory_country_region_name` (`locale`, `region_id`, `name`) VALUES ('en_US',580,'Gujarat');
INSERT INTO `directory_country_region_name` (`locale`, `region_id`, `name`) VALUES ('en_US',581,'Haryana');
INSERT INTO `directory_country_region_name` (`locale`, `region_id`, `name`) VALUES ('en_US',582,'Himachal Pradesh');
INSERT INTO `directory_country_region_name` (`locale`, `region_id`, `name`) VALUES ('en_US',583,'Jammu and Kashmir');
INSERT INTO `directory_country_region_name` (`locale`, `region_id`, `name`) VALUES ('en_US',584,'Jharkhand');
INSERT INTO `directory_country_region_name` (`locale`, `region_id`, `name`) VALUES ('en_US',585,'Karnataka');
INSERT INTO `directory_country_region_name` (`locale`, `region_id`, `name`) VALUES ('en_US',586,'Kerala');
INSERT INTO `directory_country_region_name` (`locale`, `region_id`, `name`) VALUES ('en_US',587,'Lakshadweep');
INSERT INTO `directory_country_region_name` (`locale`, `region_id`, `name`) VALUES ('en_US',588,'Madhya Pradesh');
INSERT INTO `directory_country_region_name` (`locale`, `region_id`, `name`) VALUES ('en_US',589,'Maharashtra');
INSERT INTO `directory_country_region_name` (`locale`, `region_id`, `name`) VALUES ('en_US',590,'Manipur');
INSERT INTO `directory_country_region_name` (`locale`, `region_id`, `name`) VALUES ('en_US',591,'Meghalaya');
INSERT INTO `directory_country_region_name` (`locale`, `region_id`, `name`) VALUES ('en_US',592,'Mizoram');
INSERT INTO `directory_country_region_name` (`locale`, `region_id`, `name`) VALUES ('en_US',593,'Nagaland');
INSERT INTO `directory_country_region_name` (`locale`, `region_id`, `name`) VALUES ('en_US',594,'Odisha');
INSERT INTO `directory_country_region_name` (`locale`, `region_id`, `name`) VALUES ('en_US',595,'Puducherry');
INSERT INTO `directory_country_region_name` (`locale`, `region_id`, `name`) VALUES ('en_US',596,'Punjab');
INSERT INTO `directory_country_region_name` (`locale`, `region_id`, `name`) VALUES ('en_US',597,'Rajasthan');
INSERT INTO `directory_country_region_name` (`locale`, `region_id`, `name`) VALUES ('en_US',598,'Sikkim');
INSERT INTO `directory_country_region_name` (`locale`, `region_id`, `name`) VALUES ('en_US',599,'Tamil Nadu');
INSERT INTO `directory_country_region_name` (`locale`, `region_id`, `name`) VALUES ('en_US',600,'Telangana');
INSERT INTO `directory_country_region_name` (`locale`, `region_id`, `name`) VALUES ('en_US',601,'Tripura');
INSERT INTO `directory_country_region_name` (`locale`, `region_id`, `name`) VALUES ('en_US',602,'Uttar Pradesh');
INSERT INTO `directory_country_region_name` (`locale`, `region_id`, `name`) VALUES ('en_US',603,'Uttarakhand');
INSERT INTO `directory_country_region_name` (`locale`, `region_id`, `name`) VALUES ('en_US',604,'West Bengal');
INSERT INTO `directory_country_region_name` (`locale`, `region_id`, `name`) VALUES ('en_US',605,'Australian Capital Territory');
INSERT INTO `directory_country_region_name` (`locale`, `region_id`, `name`) VALUES ('en_US',606,'New South Wales');
INSERT INTO `directory_country_region_name` (`locale`, `region_id`, `name`) VALUES ('en_US',607,'Victoria');
INSERT INTO `directory_country_region_name` (`locale`, `region_id`, `name`) VALUES ('en_US',608,'Queensland');
INSERT INTO `directory_country_region_name` (`locale`, `region_id`, `name`) VALUES ('en_US',609,'South Australia');
INSERT INTO `directory_country_region_name` (`locale`, `region_id`, `name`) VALUES ('en_US',610,'Tasmania');
INSERT INTO `directory_country_region_name` (`locale`, `region_id`, `name`) VALUES ('en_US',611,'Western Australia');
INSERT INTO `directory_country_region_name` (`locale`, `region_id`, `name`) VALUES ('en_US',612,'Northern Territory');
INSERT INTO `directory_country_region_name` (`locale`, `region_id`, `name`) VALUES ('en_US',613,'Bresckaja voblasć');
INSERT INTO `directory_country_region_name` (`locale`, `region_id`, `name`) VALUES ('en_US',614,'Homieĺskaja voblasć');
INSERT INTO `directory_country_region_name` (`locale`, `region_id`, `name`) VALUES ('en_US',615,'Horad Minsk');
INSERT INTO `directory_country_region_name` (`locale`, `region_id`, `name`) VALUES ('en_US',616,'Hrodzienskaja voblasć');
INSERT INTO `directory_country_region_name` (`locale`, `region_id`, `name`) VALUES ('en_US',617,'Mahilioŭskaja voblasć');
INSERT INTO `directory_country_region_name` (`locale`, `region_id`, `name`) VALUES ('en_US',618,'Minskaja voblasć');
INSERT INTO `directory_country_region_name` (`locale`, `region_id`, `name`) VALUES ('en_US',619,'Viciebskaja voblasć');
INSERT INTO `directory_country_region_name` (`locale`, `region_id`, `name`) VALUES ('en_US',620,'Antwerpen');
INSERT INTO `directory_country_region_name` (`locale`, `region_id`, `name`) VALUES ('en_US',621,'Brabant wallon');
INSERT INTO `directory_country_region_name` (`locale`, `region_id`, `name`) VALUES ('en_US',622,'Brussels-Capital Region');
INSERT INTO `directory_country_region_name` (`locale`, `region_id`, `name`) VALUES ('en_US',623,'Hainaut');
INSERT INTO `directory_country_region_name` (`locale`, `region_id`, `name`) VALUES ('en_US',624,'Limburg');
INSERT INTO `directory_country_region_name` (`locale`, `region_id`, `name`) VALUES ('en_US',625,'Liège');
INSERT INTO `directory_country_region_name` (`locale`, `region_id`, `name`) VALUES ('en_US',626,'Luxembourg');
INSERT INTO `directory_country_region_name` (`locale`, `region_id`, `name`) VALUES ('en_US',627,'Namur');
INSERT INTO `directory_country_region_name` (`locale`, `region_id`, `name`) VALUES ('en_US',628,'Oost-Vlaanderen');
INSERT INTO `directory_country_region_name` (`locale`, `region_id`, `name`) VALUES ('en_US',629,'Vlaams-Brabant');
INSERT INTO `directory_country_region_name` (`locale`, `region_id`, `name`) VALUES ('en_US',630,'West-Vlaanderen');
INSERT INTO `directory_country_region_name` (`locale`, `region_id`, `name`) VALUES ('en_US',631,'Cochabamba');
INSERT INTO `directory_country_region_name` (`locale`, `region_id`, `name`) VALUES ('en_US',632,'Chuquisaca');
INSERT INTO `directory_country_region_name` (`locale`, `region_id`, `name`) VALUES ('en_US',633,'El Beni');
INSERT INTO `directory_country_region_name` (`locale`, `region_id`, `name`) VALUES ('en_US',634,'La Paz');
INSERT INTO `directory_country_region_name` (`locale`, `region_id`, `name`) VALUES ('en_US',635,'Oruro');
INSERT INTO `directory_country_region_name` (`locale`, `region_id`, `name`) VALUES ('en_US',636,'Pando');
INSERT INTO `directory_country_region_name` (`locale`, `region_id`, `name`) VALUES ('en_US',637,'Potosí');
INSERT INTO `directory_country_region_name` (`locale`, `region_id`, `name`) VALUES ('en_US',638,'Santa Cruz');
INSERT INTO `directory_country_region_name` (`locale`, `region_id`, `name`) VALUES ('en_US',639,'Tarija');
INSERT INTO `directory_country_region_name` (`locale`, `region_id`, `name`) VALUES ('en_US',640,'Blagoevgrad');
INSERT INTO `directory_country_region_name` (`locale`, `region_id`, `name`) VALUES ('en_US',641,'Burgas');
INSERT INTO `directory_country_region_name` (`locale`, `region_id`, `name`) VALUES ('en_US',642,'Varna');
INSERT INTO `directory_country_region_name` (`locale`, `region_id`, `name`) VALUES ('en_US',643,'Veliko Tarnovo');
INSERT INTO `directory_country_region_name` (`locale`, `region_id`, `name`) VALUES ('en_US',644,'Vidin');
INSERT INTO `directory_country_region_name` (`locale`, `region_id`, `name`) VALUES ('en_US',645,'Vratsa');
INSERT INTO `directory_country_region_name` (`locale`, `region_id`, `name`) VALUES ('en_US',646,'Gabrovo');
INSERT INTO `directory_country_region_name` (`locale`, `region_id`, `name`) VALUES ('en_US',647,'Dobrich');
INSERT INTO `directory_country_region_name` (`locale`, `region_id`, `name`) VALUES ('en_US',648,'Kardzhali');
INSERT INTO `directory_country_region_name` (`locale`, `region_id`, `name`) VALUES ('en_US',649,'Kyustendil');
INSERT INTO `directory_country_region_name` (`locale`, `region_id`, `name`) VALUES ('en_US',650,'Lovech');
INSERT INTO `directory_country_region_name` (`locale`, `region_id`, `name`) VALUES ('en_US',651,'Montana');
INSERT INTO `directory_country_region_name` (`locale`, `region_id`, `name`) VALUES ('en_US',652,'Pazardzhik');
INSERT INTO `directory_country_region_name` (`locale`, `region_id`, `name`) VALUES ('en_US',653,'Pernik');
INSERT INTO `directory_country_region_name` (`locale`, `region_id`, `name`) VALUES ('en_US',654,'Pleven');
INSERT INTO `directory_country_region_name` (`locale`, `region_id`, `name`) VALUES ('en_US',655,'Plovdiv');
INSERT INTO `directory_country_region_name` (`locale`, `region_id`, `name`) VALUES ('en_US',656,'Razgrad');
INSERT INTO `directory_country_region_name` (`locale`, `region_id`, `name`) VALUES ('en_US',657,'Ruse');
INSERT INTO `directory_country_region_name` (`locale`, `region_id`, `name`) VALUES ('en_US',658,'Silistra');
INSERT INTO `directory_country_region_name` (`locale`, `region_id`, `name`) VALUES ('en_US',659,'Sliven');
INSERT INTO `directory_country_region_name` (`locale`, `region_id`, `name`) VALUES ('en_US',660,'Smolyan');
INSERT INTO `directory_country_region_name` (`locale`, `region_id`, `name`) VALUES ('en_US',661,'Sofia City');
INSERT INTO `directory_country_region_name` (`locale`, `region_id`, `name`) VALUES ('en_US',662,'Sofia Province');
INSERT INTO `directory_country_region_name` (`locale`, `region_id`, `name`) VALUES ('en_US',663,'Stara Zagora');
INSERT INTO `directory_country_region_name` (`locale`, `region_id`, `name`) VALUES ('en_US',664,'Targovishte');
INSERT INTO `directory_country_region_name` (`locale`, `region_id`, `name`) VALUES ('en_US',665,'Haskovo');
INSERT INTO `directory_country_region_name` (`locale`, `region_id`, `name`) VALUES ('en_US',666,'Shumen');
INSERT INTO `directory_country_region_name` (`locale`, `region_id`, `name`) VALUES ('en_US',667,'Yambol');
INSERT INTO `directory_country_region_name` (`locale`, `region_id`, `name`) VALUES ('en_US',668,'Aisén del General Carlos Ibañez del Campo');
INSERT INTO `directory_country_region_name` (`locale`, `region_id`, `name`) VALUES ('en_US',669,'Antofagasta');
INSERT INTO `directory_country_region_name` (`locale`, `region_id`, `name`) VALUES ('en_US',670,'Arica y Parinacota');
INSERT INTO `directory_country_region_name` (`locale`, `region_id`, `name`) VALUES ('en_US',671,'La Araucanía');
INSERT INTO `directory_country_region_name` (`locale`, `region_id`, `name`) VALUES ('en_US',672,'Atacama');
INSERT INTO `directory_country_region_name` (`locale`, `region_id`, `name`) VALUES ('en_US',673,'Biobío');
INSERT INTO `directory_country_region_name` (`locale`, `region_id`, `name`) VALUES ('en_US',674,'Coquimbo');
INSERT INTO `directory_country_region_name` (`locale`, `region_id`, `name`) VALUES ('en_US',675,'Libertador General Bernardo O\'Higgins');
INSERT INTO `directory_country_region_name` (`locale`, `region_id`, `name`) VALUES ('en_US',676,'Los Lagos');
INSERT INTO `directory_country_region_name` (`locale`, `region_id`, `name`) VALUES ('en_US',677,'Los Ríos');
INSERT INTO `directory_country_region_name` (`locale`, `region_id`, `name`) VALUES ('en_US',678,'Magallanes');
INSERT INTO `directory_country_region_name` (`locale`, `region_id`, `name`) VALUES ('en_US',679,'Maule');
INSERT INTO `directory_country_region_name` (`locale`, `region_id`, `name`) VALUES ('en_US',680,'Ñuble');
INSERT INTO `directory_country_region_name` (`locale`, `region_id`, `name`) VALUES ('en_US',681,'Región Metropolitana de Santiago');
INSERT INTO `directory_country_region_name` (`locale`, `region_id`, `name`) VALUES ('en_US',682,'Tarapacá');
INSERT INTO `directory_country_region_name` (`locale`, `region_id`, `name`) VALUES ('en_US',683,'Valparaíso');
INSERT INTO `directory_country_region_name` (`locale`, `region_id`, `name`) VALUES ('en_US',684,'Anhui Sheng');
INSERT INTO `directory_country_region_name` (`locale`, `region_id`, `name`) VALUES ('en_US',685,'Beijing Shi');
INSERT INTO `directory_country_region_name` (`locale`, `region_id`, `name`) VALUES ('en_US',686,'Chongqing Shi');
INSERT INTO `directory_country_region_name` (`locale`, `region_id`, `name`) VALUES ('en_US',687,'Fujian Sheng');
INSERT INTO `directory_country_region_name` (`locale`, `region_id`, `name`) VALUES ('en_US',688,'Gansu Sheng');
INSERT INTO `directory_country_region_name` (`locale`, `region_id`, `name`) VALUES ('en_US',689,'Guangdong Sheng');
INSERT INTO `directory_country_region_name` (`locale`, `region_id`, `name`) VALUES ('en_US',690,'Guangxi Zhuangzu Zizhiqu');
INSERT INTO `directory_country_region_name` (`locale`, `region_id`, `name`) VALUES ('en_US',691,'Guizhou Sheng');
INSERT INTO `directory_country_region_name` (`locale`, `region_id`, `name`) VALUES ('en_US',692,'Hainan Sheng');
INSERT INTO `directory_country_region_name` (`locale`, `region_id`, `name`) VALUES ('en_US',693,'Hebei Sheng');
INSERT INTO `directory_country_region_name` (`locale`, `region_id`, `name`) VALUES ('en_US',694,'Heilongjiang Sheng');
INSERT INTO `directory_country_region_name` (`locale`, `region_id`, `name`) VALUES ('en_US',695,'Henan Sheng');
INSERT INTO `directory_country_region_name` (`locale`, `region_id`, `name`) VALUES ('en_US',696,'Hong Kong SAR');
INSERT INTO `directory_country_region_name` (`locale`, `region_id`, `name`) VALUES ('en_US',697,'Hubei Sheng');
INSERT INTO `directory_country_region_name` (`locale`, `region_id`, `name`) VALUES ('en_US',698,'Hunan Sheng');
INSERT INTO `directory_country_region_name` (`locale`, `region_id`, `name`) VALUES ('en_US',699,'Jiangsu Sheng');
INSERT INTO `directory_country_region_name` (`locale`, `region_id`, `name`) VALUES ('en_US',700,'Jiangxi Sheng');
INSERT INTO `directory_country_region_name` (`locale`, `region_id`, `name`) VALUES ('en_US',701,'Jilin Sheng');
INSERT INTO `directory_country_region_name` (`locale`, `region_id`, `name`) VALUES ('en_US',702,'Liaoning Sheng');
INSERT INTO `directory_country_region_name` (`locale`, `region_id`, `name`) VALUES ('en_US',703,'Macao SAR');
INSERT INTO `directory_country_region_name` (`locale`, `region_id`, `name`) VALUES ('en_US',704,'Nei Mongol Zizhiqu');
INSERT INTO `directory_country_region_name` (`locale`, `region_id`, `name`) VALUES ('en_US',705,'Ningxia Huizi Zizhiqu');
INSERT INTO `directory_country_region_name` (`locale`, `region_id`, `name`) VALUES ('en_US',706,'Qinghai Sheng');
INSERT INTO `directory_country_region_name` (`locale`, `region_id`, `name`) VALUES ('en_US',707,'Shaanxi Sheng');
INSERT INTO `directory_country_region_name` (`locale`, `region_id`, `name`) VALUES ('en_US',708,'Shandong Sheng');
INSERT INTO `directory_country_region_name` (`locale`, `region_id`, `name`) VALUES ('en_US',709,'Shanghai Shi');
INSERT INTO `directory_country_region_name` (`locale`, `region_id`, `name`) VALUES ('en_US',710,'Shanxi Sheng');
INSERT INTO `directory_country_region_name` (`locale`, `region_id`, `name`) VALUES ('en_US',711,'Sichuan Sheng');
INSERT INTO `directory_country_region_name` (`locale`, `region_id`, `name`) VALUES ('en_US',712,'Taiwan Sheng');
INSERT INTO `directory_country_region_name` (`locale`, `region_id`, `name`) VALUES ('en_US',713,'Tianjin Shi');
INSERT INTO `directory_country_region_name` (`locale`, `region_id`, `name`) VALUES ('en_US',714,'Xinjiang Uygur Zizhiqu');
INSERT INTO `directory_country_region_name` (`locale`, `region_id`, `name`) VALUES ('en_US',715,'Xizang Zizhiqu');
INSERT INTO `directory_country_region_name` (`locale`, `region_id`, `name`) VALUES ('en_US',716,'Yunnan Sheng');
INSERT INTO `directory_country_region_name` (`locale`, `region_id`, `name`) VALUES ('en_US',717,'Zhejiang Sheng');
INSERT INTO `directory_country_region_name` (`locale`, `region_id`, `name`) VALUES ('en_US',718,'Amazonas');
INSERT INTO `directory_country_region_name` (`locale`, `region_id`, `name`) VALUES ('en_US',719,'Antioquia');
INSERT INTO `directory_country_region_name` (`locale`, `region_id`, `name`) VALUES ('en_US',720,'Arauca');
INSERT INTO `directory_country_region_name` (`locale`, `region_id`, `name`) VALUES ('en_US',721,'Atlántico');
INSERT INTO `directory_country_region_name` (`locale`, `region_id`, `name`) VALUES ('en_US',722,'Bolívar');
INSERT INTO `directory_country_region_name` (`locale`, `region_id`, `name`) VALUES ('en_US',723,'Boyacá');
INSERT INTO `directory_country_region_name` (`locale`, `region_id`, `name`) VALUES ('en_US',724,'Caldas');
INSERT INTO `directory_country_region_name` (`locale`, `region_id`, `name`) VALUES ('en_US',725,'Caquetá');
INSERT INTO `directory_country_region_name` (`locale`, `region_id`, `name`) VALUES ('en_US',726,'Casanare');
INSERT INTO `directory_country_region_name` (`locale`, `region_id`, `name`) VALUES ('en_US',727,'Cauca');
INSERT INTO `directory_country_region_name` (`locale`, `region_id`, `name`) VALUES ('en_US',728,'Cesar');
INSERT INTO `directory_country_region_name` (`locale`, `region_id`, `name`) VALUES ('en_US',729,'Chocó');
INSERT INTO `directory_country_region_name` (`locale`, `region_id`, `name`) VALUES ('en_US',730,'Córdoba');
INSERT INTO `directory_country_region_name` (`locale`, `region_id`, `name`) VALUES ('en_US',731,'Cundinamarca');
INSERT INTO `directory_country_region_name` (`locale`, `region_id`, `name`) VALUES ('en_US',732,'Guainía');
INSERT INTO `directory_country_region_name` (`locale`, `region_id`, `name`) VALUES ('en_US',733,'Guaviare');
INSERT INTO `directory_country_region_name` (`locale`, `region_id`, `name`) VALUES ('en_US',734,'Huila');
INSERT INTO `directory_country_region_name` (`locale`, `region_id`, `name`) VALUES ('en_US',735,'La Guajira');
INSERT INTO `directory_country_region_name` (`locale`, `region_id`, `name`) VALUES ('en_US',736,'Magdalena');
INSERT INTO `directory_country_region_name` (`locale`, `region_id`, `name`) VALUES ('en_US',737,'Meta');
INSERT INTO `directory_country_region_name` (`locale`, `region_id`, `name`) VALUES ('en_US',738,'Nariño');
INSERT INTO `directory_country_region_name` (`locale`, `region_id`, `name`) VALUES ('en_US',739,'Norte de Santander');
INSERT INTO `directory_country_region_name` (`locale`, `region_id`, `name`) VALUES ('en_US',740,'Putumayo');
INSERT INTO `directory_country_region_name` (`locale`, `region_id`, `name`) VALUES ('en_US',741,'Quindío');
INSERT INTO `directory_country_region_name` (`locale`, `region_id`, `name`) VALUES ('en_US',742,'Risaralda');
INSERT INTO `directory_country_region_name` (`locale`, `region_id`, `name`) VALUES ('en_US',743,'San Andrés y Providencia');
INSERT INTO `directory_country_region_name` (`locale`, `region_id`, `name`) VALUES ('en_US',744,'Santander');
INSERT INTO `directory_country_region_name` (`locale`, `region_id`, `name`) VALUES ('en_US',745,'Sucre');
INSERT INTO `directory_country_region_name` (`locale`, `region_id`, `name`) VALUES ('en_US',746,'Tolima');
INSERT INTO `directory_country_region_name` (`locale`, `region_id`, `name`) VALUES ('en_US',747,'Valle del Cauca');
INSERT INTO `directory_country_region_name` (`locale`, `region_id`, `name`) VALUES ('en_US',748,'Vaupés');
INSERT INTO `directory_country_region_name` (`locale`, `region_id`, `name`) VALUES ('en_US',749,'Vichada');
INSERT INTO `directory_country_region_name` (`locale`, `region_id`, `name`) VALUES ('en_US',750,'San José');
INSERT INTO `directory_country_region_name` (`locale`, `region_id`, `name`) VALUES ('en_US',751,'Alajuela');
INSERT INTO `directory_country_region_name` (`locale`, `region_id`, `name`) VALUES ('en_US',752,'Cartago');
INSERT INTO `directory_country_region_name` (`locale`, `region_id`, `name`) VALUES ('en_US',753,'Heredia');
INSERT INTO `directory_country_region_name` (`locale`, `region_id`, `name`) VALUES ('en_US',754,'Guanacaste');
INSERT INTO `directory_country_region_name` (`locale`, `region_id`, `name`) VALUES ('en_US',755,'Puntarenas');
INSERT INTO `directory_country_region_name` (`locale`, `region_id`, `name`) VALUES ('en_US',756,'Limón');
INSERT INTO `directory_country_region_name` (`locale`, `region_id`, `name`) VALUES ('en_US',757,'Praha, Hlavní město');
INSERT INTO `directory_country_region_name` (`locale`, `region_id`, `name`) VALUES ('en_US',758,'Středočeský kraj');
INSERT INTO `directory_country_region_name` (`locale`, `region_id`, `name`) VALUES ('en_US',759,'Jihočeský kraj');
INSERT INTO `directory_country_region_name` (`locale`, `region_id`, `name`) VALUES ('en_US',760,'Plzeňský kraj');
INSERT INTO `directory_country_region_name` (`locale`, `region_id`, `name`) VALUES ('en_US',761,'Karlovarský kraj');
INSERT INTO `directory_country_region_name` (`locale`, `region_id`, `name`) VALUES ('en_US',762,'Ústecký kraj');
INSERT INTO `directory_country_region_name` (`locale`, `region_id`, `name`) VALUES ('en_US',763,'Liberecký kraj');
INSERT INTO `directory_country_region_name` (`locale`, `region_id`, `name`) VALUES ('en_US',764,'Královéhradecký kraj');
INSERT INTO `directory_country_region_name` (`locale`, `region_id`, `name`) VALUES ('en_US',765,'Pardubický kraj');
INSERT INTO `directory_country_region_name` (`locale`, `region_id`, `name`) VALUES ('en_US',766,'Kraj Vysočina');
INSERT INTO `directory_country_region_name` (`locale`, `region_id`, `name`) VALUES ('en_US',767,'Jihomoravský kraj');
INSERT INTO `directory_country_region_name` (`locale`, `region_id`, `name`) VALUES ('en_US',768,'Olomoucký kraj');
INSERT INTO `directory_country_region_name` (`locale`, `region_id`, `name`) VALUES ('en_US',769,'Zlínský kraj');
INSERT INTO `directory_country_region_name` (`locale`, `region_id`, `name`) VALUES ('en_US',770,'Moravskoslezský kraj');
INSERT INTO `directory_country_region_name` (`locale`, `region_id`, `name`) VALUES ('en_US',771,'Hovedstaden');
INSERT INTO `directory_country_region_name` (`locale`, `region_id`, `name`) VALUES ('en_US',772,'Midtjylland');
INSERT INTO `directory_country_region_name` (`locale`, `region_id`, `name`) VALUES ('en_US',773,'Nordjylland');
INSERT INTO `directory_country_region_name` (`locale`, `region_id`, `name`) VALUES ('en_US',774,'Sjælland');
INSERT INTO `directory_country_region_name` (`locale`, `region_id`, `name`) VALUES ('en_US',775,'Syddanmark');
INSERT INTO `directory_country_region_name` (`locale`, `region_id`, `name`) VALUES ('en_US',776,'Azuay');
INSERT INTO `directory_country_region_name` (`locale`, `region_id`, `name`) VALUES ('en_US',777,'Bolívar');
INSERT INTO `directory_country_region_name` (`locale`, `region_id`, `name`) VALUES ('en_US',778,'Cañar');
INSERT INTO `directory_country_region_name` (`locale`, `region_id`, `name`) VALUES ('en_US',779,'Carchi');
INSERT INTO `directory_country_region_name` (`locale`, `region_id`, `name`) VALUES ('en_US',780,'Chimborazo');
INSERT INTO `directory_country_region_name` (`locale`, `region_id`, `name`) VALUES ('en_US',781,'Cotopaxi');
INSERT INTO `directory_country_region_name` (`locale`, `region_id`, `name`) VALUES ('en_US',782,'El Oro');
INSERT INTO `directory_country_region_name` (`locale`, `region_id`, `name`) VALUES ('en_US',783,'Esmeraldas');
INSERT INTO `directory_country_region_name` (`locale`, `region_id`, `name`) VALUES ('en_US',784,'Galápagos');
INSERT INTO `directory_country_region_name` (`locale`, `region_id`, `name`) VALUES ('en_US',785,'Guayas');
INSERT INTO `directory_country_region_name` (`locale`, `region_id`, `name`) VALUES ('en_US',786,'Imbabura');
INSERT INTO `directory_country_region_name` (`locale`, `region_id`, `name`) VALUES ('en_US',787,'Loja');
INSERT INTO `directory_country_region_name` (`locale`, `region_id`, `name`) VALUES ('en_US',788,'Los Ríos');
INSERT INTO `directory_country_region_name` (`locale`, `region_id`, `name`) VALUES ('en_US',789,'Manabí');
INSERT INTO `directory_country_region_name` (`locale`, `region_id`, `name`) VALUES ('en_US',790,'Morona Santiago');
INSERT INTO `directory_country_region_name` (`locale`, `region_id`, `name`) VALUES ('en_US',791,'Napo');
INSERT INTO `directory_country_region_name` (`locale`, `region_id`, `name`) VALUES ('en_US',792,'Orellana');
INSERT INTO `directory_country_region_name` (`locale`, `region_id`, `name`) VALUES ('en_US',793,'Pastaza');
INSERT INTO `directory_country_region_name` (`locale`, `region_id`, `name`) VALUES ('en_US',794,'Pichincha');
INSERT INTO `directory_country_region_name` (`locale`, `region_id`, `name`) VALUES ('en_US',795,'Santa Elena');
INSERT INTO `directory_country_region_name` (`locale`, `region_id`, `name`) VALUES ('en_US',796,'Santo Domingo de los Tsáchilas');
INSERT INTO `directory_country_region_name` (`locale`, `region_id`, `name`) VALUES ('en_US',797,'Sucumbíos');
INSERT INTO `directory_country_region_name` (`locale`, `region_id`, `name`) VALUES ('en_US',798,'Tungurahua');
INSERT INTO `directory_country_region_name` (`locale`, `region_id`, `name`) VALUES ('en_US',799,'Zamora Chinchipe');
INSERT INTO `directory_country_region_name` (`locale`, `region_id`, `name`) VALUES ('en_US',800,'Anatolikí Makedonía kai Thráki');
INSERT INTO `directory_country_region_name` (`locale`, `region_id`, `name`) VALUES ('en_US',801,'Attikí');
INSERT INTO `directory_country_region_name` (`locale`, `region_id`, `name`) VALUES ('en_US',802,'Dytikí Elláda');
INSERT INTO `directory_country_region_name` (`locale`, `region_id`, `name`) VALUES ('en_US',803,'Dytikí Makedonía');
INSERT INTO `directory_country_region_name` (`locale`, `region_id`, `name`) VALUES ('en_US',804,'Ionía Nísia');
INSERT INTO `directory_country_region_name` (`locale`, `region_id`, `name`) VALUES ('en_US',805,'Ípeiros');
INSERT INTO `directory_country_region_name` (`locale`, `region_id`, `name`) VALUES ('en_US',806,'Kentrikí Makedonía');
INSERT INTO `directory_country_region_name` (`locale`, `region_id`, `name`) VALUES ('en_US',807,'Kríti');
INSERT INTO `directory_country_region_name` (`locale`, `region_id`, `name`) VALUES ('en_US',808,'Nótio Aigaío');
INSERT INTO `directory_country_region_name` (`locale`, `region_id`, `name`) VALUES ('en_US',809,'Pelopónnisos');
INSERT INTO `directory_country_region_name` (`locale`, `region_id`, `name`) VALUES ('en_US',810,'Stereá Elláda');
INSERT INTO `directory_country_region_name` (`locale`, `region_id`, `name`) VALUES ('en_US',811,'Thessalía');
INSERT INTO `directory_country_region_name` (`locale`, `region_id`, `name`) VALUES ('en_US',812,'Vóreio Aigaío');
INSERT INTO `directory_country_region_name` (`locale`, `region_id`, `name`) VALUES ('en_US',813,'Ágion Óros');
INSERT INTO `directory_country_region_name` (`locale`, `region_id`, `name`) VALUES ('en_US',814,'Barima-Waini');
INSERT INTO `directory_country_region_name` (`locale`, `region_id`, `name`) VALUES ('en_US',815,'Cuyuni-Mazaruni');
INSERT INTO `directory_country_region_name` (`locale`, `region_id`, `name`) VALUES ('en_US',816,'Demerara-Mahaica');
INSERT INTO `directory_country_region_name` (`locale`, `region_id`, `name`) VALUES ('en_US',817,'East Berbice-Corentyne');
INSERT INTO `directory_country_region_name` (`locale`, `region_id`, `name`) VALUES ('en_US',818,'Essequibo Islands-West Demerara');
INSERT INTO `directory_country_region_name` (`locale`, `region_id`, `name`) VALUES ('en_US',819,'Mahaica-Berbice');
INSERT INTO `directory_country_region_name` (`locale`, `region_id`, `name`) VALUES ('en_US',820,'Pomeroon-Supenaam');
INSERT INTO `directory_country_region_name` (`locale`, `region_id`, `name`) VALUES ('en_US',821,'Potaro-Siparuni');
INSERT INTO `directory_country_region_name` (`locale`, `region_id`, `name`) VALUES ('en_US',822,'Upper Demerara-Berbice');
INSERT INTO `directory_country_region_name` (`locale`, `region_id`, `name`) VALUES ('en_US',823,'Upper Takutu-Upper Essequibo');
INSERT INTO `directory_country_region_name` (`locale`, `region_id`, `name`) VALUES ('en_US',824,'Höfuðborgarsvæði');
INSERT INTO `directory_country_region_name` (`locale`, `region_id`, `name`) VALUES ('en_US',825,'Suðurnes');
INSERT INTO `directory_country_region_name` (`locale`, `region_id`, `name`) VALUES ('en_US',826,'Vesturland');
INSERT INTO `directory_country_region_name` (`locale`, `region_id`, `name`) VALUES ('en_US',827,'Vestfirðir');
INSERT INTO `directory_country_region_name` (`locale`, `region_id`, `name`) VALUES ('en_US',828,'Norðurland vestra');
INSERT INTO `directory_country_region_name` (`locale`, `region_id`, `name`) VALUES ('en_US',829,'Norðurland eystra');
INSERT INTO `directory_country_region_name` (`locale`, `region_id`, `name`) VALUES ('en_US',830,'Austurland');
INSERT INTO `directory_country_region_name` (`locale`, `region_id`, `name`) VALUES ('en_US',831,'Suðurland');
INSERT INTO `directory_country_region_name` (`locale`, `region_id`, `name`) VALUES ('en_US',832,'Agrigento');
INSERT INTO `directory_country_region_name` (`locale`, `region_id`, `name`) VALUES ('en_US',833,'Alessandria');
INSERT INTO `directory_country_region_name` (`locale`, `region_id`, `name`) VALUES ('en_US',834,'Ancona');
INSERT INTO `directory_country_region_name` (`locale`, `region_id`, `name`) VALUES ('en_US',835,'Aosta');
INSERT INTO `directory_country_region_name` (`locale`, `region_id`, `name`) VALUES ('en_US',836,'L\'Aquila');
INSERT INTO `directory_country_region_name` (`locale`, `region_id`, `name`) VALUES ('en_US',837,'Arezzo');
INSERT INTO `directory_country_region_name` (`locale`, `region_id`, `name`) VALUES ('en_US',838,'Ascoli-Piceno');
INSERT INTO `directory_country_region_name` (`locale`, `region_id`, `name`) VALUES ('en_US',839,'Asti');
INSERT INTO `directory_country_region_name` (`locale`, `region_id`, `name`) VALUES ('en_US',840,'Avellino');
INSERT INTO `directory_country_region_name` (`locale`, `region_id`, `name`) VALUES ('en_US',841,'Bari');
INSERT INTO `directory_country_region_name` (`locale`, `region_id`, `name`) VALUES ('en_US',842,'Barletta-Andria-Trani');
INSERT INTO `directory_country_region_name` (`locale`, `region_id`, `name`) VALUES ('en_US',843,'Belluno');
INSERT INTO `directory_country_region_name` (`locale`, `region_id`, `name`) VALUES ('en_US',844,'Benevento');
INSERT INTO `directory_country_region_name` (`locale`, `region_id`, `name`) VALUES ('en_US',845,'Bergamo');
INSERT INTO `directory_country_region_name` (`locale`, `region_id`, `name`) VALUES ('en_US',846,'Biella');
INSERT INTO `directory_country_region_name` (`locale`, `region_id`, `name`) VALUES ('en_US',847,'Bologna');
INSERT INTO `directory_country_region_name` (`locale`, `region_id`, `name`) VALUES ('en_US',848,'Bolzano');
INSERT INTO `directory_country_region_name` (`locale`, `region_id`, `name`) VALUES ('en_US',849,'Brescia');
INSERT INTO `directory_country_region_name` (`locale`, `region_id`, `name`) VALUES ('en_US',850,'Brindisi');
INSERT INTO `directory_country_region_name` (`locale`, `region_id`, `name`) VALUES ('en_US',851,'Cagliari');
INSERT INTO `directory_country_region_name` (`locale`, `region_id`, `name`) VALUES ('en_US',852,'Caltanissetta');
INSERT INTO `directory_country_region_name` (`locale`, `region_id`, `name`) VALUES ('en_US',853,'Campobasso');
INSERT INTO `directory_country_region_name` (`locale`, `region_id`, `name`) VALUES ('en_US',854,'Carbonia Iglesias');
INSERT INTO `directory_country_region_name` (`locale`, `region_id`, `name`) VALUES ('en_US',855,'Caserta');
INSERT INTO `directory_country_region_name` (`locale`, `region_id`, `name`) VALUES ('en_US',856,'Catania');
INSERT INTO `directory_country_region_name` (`locale`, `region_id`, `name`) VALUES ('en_US',857,'Catanzaro');
INSERT INTO `directory_country_region_name` (`locale`, `region_id`, `name`) VALUES ('en_US',858,'Chieti');
INSERT INTO `directory_country_region_name` (`locale`, `region_id`, `name`) VALUES ('en_US',859,'Como');
INSERT INTO `directory_country_region_name` (`locale`, `region_id`, `name`) VALUES ('en_US',860,'Cosenza');
INSERT INTO `directory_country_region_name` (`locale`, `region_id`, `name`) VALUES ('en_US',861,'Cremona');
INSERT INTO `directory_country_region_name` (`locale`, `region_id`, `name`) VALUES ('en_US',862,'Crotone');
INSERT INTO `directory_country_region_name` (`locale`, `region_id`, `name`) VALUES ('en_US',863,'Cuneo');
INSERT INTO `directory_country_region_name` (`locale`, `region_id`, `name`) VALUES ('en_US',864,'Enna');
INSERT INTO `directory_country_region_name` (`locale`, `region_id`, `name`) VALUES ('en_US',865,'Fermo');
INSERT INTO `directory_country_region_name` (`locale`, `region_id`, `name`) VALUES ('en_US',866,'Ferrara');
INSERT INTO `directory_country_region_name` (`locale`, `region_id`, `name`) VALUES ('en_US',867,'Firenze');
INSERT INTO `directory_country_region_name` (`locale`, `region_id`, `name`) VALUES ('en_US',868,'Foggia');
INSERT INTO `directory_country_region_name` (`locale`, `region_id`, `name`) VALUES ('en_US',869,'Forli-Cesena');
INSERT INTO `directory_country_region_name` (`locale`, `region_id`, `name`) VALUES ('en_US',870,'Frosinone');
INSERT INTO `directory_country_region_name` (`locale`, `region_id`, `name`) VALUES ('en_US',871,'Genova');
INSERT INTO `directory_country_region_name` (`locale`, `region_id`, `name`) VALUES ('en_US',872,'Gorizia');
INSERT INTO `directory_country_region_name` (`locale`, `region_id`, `name`) VALUES ('en_US',873,'Grosseto');
INSERT INTO `directory_country_region_name` (`locale`, `region_id`, `name`) VALUES ('en_US',874,'Imperia');
INSERT INTO `directory_country_region_name` (`locale`, `region_id`, `name`) VALUES ('en_US',875,'Isernia');
INSERT INTO `directory_country_region_name` (`locale`, `region_id`, `name`) VALUES ('en_US',876,'La-Spezia');
INSERT INTO `directory_country_region_name` (`locale`, `region_id`, `name`) VALUES ('en_US',877,'Latina');
INSERT INTO `directory_country_region_name` (`locale`, `region_id`, `name`) VALUES ('en_US',878,'Lecce');
INSERT INTO `directory_country_region_name` (`locale`, `region_id`, `name`) VALUES ('en_US',879,'Lecco');
INSERT INTO `directory_country_region_name` (`locale`, `region_id`, `name`) VALUES ('en_US',880,'Livorno');
INSERT INTO `directory_country_region_name` (`locale`, `region_id`, `name`) VALUES ('en_US',881,'Lodi');
INSERT INTO `directory_country_region_name` (`locale`, `region_id`, `name`) VALUES ('en_US',882,'Lucca');
INSERT INTO `directory_country_region_name` (`locale`, `region_id`, `name`) VALUES ('en_US',883,'Macerata');
INSERT INTO `directory_country_region_name` (`locale`, `region_id`, `name`) VALUES ('en_US',884,'Mantova');
INSERT INTO `directory_country_region_name` (`locale`, `region_id`, `name`) VALUES ('en_US',885,'Massa-Carrara');
INSERT INTO `directory_country_region_name` (`locale`, `region_id`, `name`) VALUES ('en_US',886,'Matera');
INSERT INTO `directory_country_region_name` (`locale`, `region_id`, `name`) VALUES ('en_US',887,'Medio Campidano');
INSERT INTO `directory_country_region_name` (`locale`, `region_id`, `name`) VALUES ('en_US',888,'Messina');
INSERT INTO `directory_country_region_name` (`locale`, `region_id`, `name`) VALUES ('en_US',889,'Milano');
INSERT INTO `directory_country_region_name` (`locale`, `region_id`, `name`) VALUES ('en_US',890,'Modena');
INSERT INTO `directory_country_region_name` (`locale`, `region_id`, `name`) VALUES ('en_US',891,'Monza-Brianza');
INSERT INTO `directory_country_region_name` (`locale`, `region_id`, `name`) VALUES ('en_US',892,'Napoli');
INSERT INTO `directory_country_region_name` (`locale`, `region_id`, `name`) VALUES ('en_US',893,'Novara');
INSERT INTO `directory_country_region_name` (`locale`, `region_id`, `name`) VALUES ('en_US',894,'Nuoro');
INSERT INTO `directory_country_region_name` (`locale`, `region_id`, `name`) VALUES ('en_US',895,'Ogliastra');
INSERT INTO `directory_country_region_name` (`locale`, `region_id`, `name`) VALUES ('en_US',896,'Olbia Tempio');
INSERT INTO `directory_country_region_name` (`locale`, `region_id`, `name`) VALUES ('en_US',897,'Oristano');
INSERT INTO `directory_country_region_name` (`locale`, `region_id`, `name`) VALUES ('en_US',898,'Padova');
INSERT INTO `directory_country_region_name` (`locale`, `region_id`, `name`) VALUES ('en_US',899,'Palermo');
INSERT INTO `directory_country_region_name` (`locale`, `region_id`, `name`) VALUES ('en_US',900,'Parma');
INSERT INTO `directory_country_region_name` (`locale`, `region_id`, `name`) VALUES ('en_US',901,'Pavia');
INSERT INTO `directory_country_region_name` (`locale`, `region_id`, `name`) VALUES ('en_US',902,'Perugia');
INSERT INTO `directory_country_region_name` (`locale`, `region_id`, `name`) VALUES ('en_US',903,'Pesaro-Urbino');
INSERT INTO `directory_country_region_name` (`locale`, `region_id`, `name`) VALUES ('en_US',904,'Pescara');
INSERT INTO `directory_country_region_name` (`locale`, `region_id`, `name`) VALUES ('en_US',905,'Piacenza');
INSERT INTO `directory_country_region_name` (`locale`, `region_id`, `name`) VALUES ('en_US',906,'Pisa');
INSERT INTO `directory_country_region_name` (`locale`, `region_id`, `name`) VALUES ('en_US',907,'Pistoia');
INSERT INTO `directory_country_region_name` (`locale`, `region_id`, `name`) VALUES ('en_US',908,'Pordenone');
INSERT INTO `directory_country_region_name` (`locale`, `region_id`, `name`) VALUES ('en_US',909,'Potenza');
INSERT INTO `directory_country_region_name` (`locale`, `region_id`, `name`) VALUES ('en_US',910,'Prato');
INSERT INTO `directory_country_region_name` (`locale`, `region_id`, `name`) VALUES ('en_US',911,'Ragusa');
INSERT INTO `directory_country_region_name` (`locale`, `region_id`, `name`) VALUES ('en_US',912,'Ravenna');
INSERT INTO `directory_country_region_name` (`locale`, `region_id`, `name`) VALUES ('en_US',913,'Reggio-Calabria');
INSERT INTO `directory_country_region_name` (`locale`, `region_id`, `name`) VALUES ('en_US',914,'Reggio-Emilia');
INSERT INTO `directory_country_region_name` (`locale`, `region_id`, `name`) VALUES ('en_US',915,'Rieti');
INSERT INTO `directory_country_region_name` (`locale`, `region_id`, `name`) VALUES ('en_US',916,'Rimini');
INSERT INTO `directory_country_region_name` (`locale`, `region_id`, `name`) VALUES ('en_US',917,'Roma');
INSERT INTO `directory_country_region_name` (`locale`, `region_id`, `name`) VALUES ('en_US',918,'Rovigo');
INSERT INTO `directory_country_region_name` (`locale`, `region_id`, `name`) VALUES ('en_US',919,'Salerno');
INSERT INTO `directory_country_region_name` (`locale`, `region_id`, `name`) VALUES ('en_US',920,'Sassari');
INSERT INTO `directory_country_region_name` (`locale`, `region_id`, `name`) VALUES ('en_US',921,'Savona');
INSERT INTO `directory_country_region_name` (`locale`, `region_id`, `name`) VALUES ('en_US',922,'Siena');
INSERT INTO `directory_country_region_name` (`locale`, `region_id`, `name`) VALUES ('en_US',923,'Siracusa');
INSERT INTO `directory_country_region_name` (`locale`, `region_id`, `name`) VALUES ('en_US',924,'Sondrio');
INSERT INTO `directory_country_region_name` (`locale`, `region_id`, `name`) VALUES ('en_US',925,'Taranto');
INSERT INTO `directory_country_region_name` (`locale`, `region_id`, `name`) VALUES ('en_US',926,'Teramo');
INSERT INTO `directory_country_region_name` (`locale`, `region_id`, `name`) VALUES ('en_US',927,'Terni');
INSERT INTO `directory_country_region_name` (`locale`, `region_id`, `name`) VALUES ('en_US',928,'Torino');
INSERT INTO `directory_country_region_name` (`locale`, `region_id`, `name`) VALUES ('en_US',929,'Trapani');
INSERT INTO `directory_country_region_name` (`locale`, `region_id`, `name`) VALUES ('en_US',930,'Trento');
INSERT INTO `directory_country_region_name` (`locale`, `region_id`, `name`) VALUES ('en_US',931,'Treviso');
INSERT INTO `directory_country_region_name` (`locale`, `region_id`, `name`) VALUES ('en_US',932,'Trieste');
INSERT INTO `directory_country_region_name` (`locale`, `region_id`, `name`) VALUES ('en_US',933,'Udine');
INSERT INTO `directory_country_region_name` (`locale`, `region_id`, `name`) VALUES ('en_US',934,'Varese');
INSERT INTO `directory_country_region_name` (`locale`, `region_id`, `name`) VALUES ('en_US',935,'Venezia');
INSERT INTO `directory_country_region_name` (`locale`, `region_id`, `name`) VALUES ('en_US',936,'Verbania');
INSERT INTO `directory_country_region_name` (`locale`, `region_id`, `name`) VALUES ('en_US',937,'Vercelli');
INSERT INTO `directory_country_region_name` (`locale`, `region_id`, `name`) VALUES ('en_US',938,'Verona');
INSERT INTO `directory_country_region_name` (`locale`, `region_id`, `name`) VALUES ('en_US',939,'Vibo-Valentia');
INSERT INTO `directory_country_region_name` (`locale`, `region_id`, `name`) VALUES ('en_US',940,'Vicenza');
INSERT INTO `directory_country_region_name` (`locale`, `region_id`, `name`) VALUES ('en_US',941,'Viterbo');
INSERT INTO `directory_country_region_name` (`locale`, `region_id`, `name`) VALUES ('en_US',942,'Aguascalientes');
INSERT INTO `directory_country_region_name` (`locale`, `region_id`, `name`) VALUES ('en_US',943,'Baja California');
INSERT INTO `directory_country_region_name` (`locale`, `region_id`, `name`) VALUES ('en_US',944,'Baja California Sur');
INSERT INTO `directory_country_region_name` (`locale`, `region_id`, `name`) VALUES ('en_US',945,'Campeche');
INSERT INTO `directory_country_region_name` (`locale`, `region_id`, `name`) VALUES ('en_US',946,'Chiapas');
INSERT INTO `directory_country_region_name` (`locale`, `region_id`, `name`) VALUES ('en_US',947,'Chihuahua');
INSERT INTO `directory_country_region_name` (`locale`, `region_id`, `name`) VALUES ('en_US',948,'Ciudad de México');
INSERT INTO `directory_country_region_name` (`locale`, `region_id`, `name`) VALUES ('en_US',949,'Coahuila');
INSERT INTO `directory_country_region_name` (`locale`, `region_id`, `name`) VALUES ('en_US',950,'Colima');
INSERT INTO `directory_country_region_name` (`locale`, `region_id`, `name`) VALUES ('en_US',951,'Durango');
INSERT INTO `directory_country_region_name` (`locale`, `region_id`, `name`) VALUES ('en_US',952,'Estado de México');
INSERT INTO `directory_country_region_name` (`locale`, `region_id`, `name`) VALUES ('en_US',953,'Guanajuato');
INSERT INTO `directory_country_region_name` (`locale`, `region_id`, `name`) VALUES ('en_US',954,'Guerrero');
INSERT INTO `directory_country_region_name` (`locale`, `region_id`, `name`) VALUES ('en_US',955,'Hidalgo');
INSERT INTO `directory_country_region_name` (`locale`, `region_id`, `name`) VALUES ('en_US',956,'Jalisco');
INSERT INTO `directory_country_region_name` (`locale`, `region_id`, `name`) VALUES ('en_US',957,'Michoacán');
INSERT INTO `directory_country_region_name` (`locale`, `region_id`, `name`) VALUES ('en_US',958,'Morelos');
INSERT INTO `directory_country_region_name` (`locale`, `region_id`, `name`) VALUES ('en_US',959,'Nayarit');
INSERT INTO `directory_country_region_name` (`locale`, `region_id`, `name`) VALUES ('en_US',960,'Nuevo León');
INSERT INTO `directory_country_region_name` (`locale`, `region_id`, `name`) VALUES ('en_US',961,'Oaxaca');
INSERT INTO `directory_country_region_name` (`locale`, `region_id`, `name`) VALUES ('en_US',962,'Puebla');
INSERT INTO `directory_country_region_name` (`locale`, `region_id`, `name`) VALUES ('en_US',963,'Querétaro');
INSERT INTO `directory_country_region_name` (`locale`, `region_id`, `name`) VALUES ('en_US',964,'Quintana Roo');
INSERT INTO `directory_country_region_name` (`locale`, `region_id`, `name`) VALUES ('en_US',965,'San Luis Potosí');
INSERT INTO `directory_country_region_name` (`locale`, `region_id`, `name`) VALUES ('en_US',966,'Sinaloa');
INSERT INTO `directory_country_region_name` (`locale`, `region_id`, `name`) VALUES ('en_US',967,'Sonora');
INSERT INTO `directory_country_region_name` (`locale`, `region_id`, `name`) VALUES ('en_US',968,'Tabasco');
INSERT INTO `directory_country_region_name` (`locale`, `region_id`, `name`) VALUES ('en_US',969,'Tamaulipas');
INSERT INTO `directory_country_region_name` (`locale`, `region_id`, `name`) VALUES ('en_US',970,'Tlaxcala');
INSERT INTO `directory_country_region_name` (`locale`, `region_id`, `name`) VALUES ('en_US',971,'Veracruz');
INSERT INTO `directory_country_region_name` (`locale`, `region_id`, `name`) VALUES ('en_US',972,'Yucatán');
INSERT INTO `directory_country_region_name` (`locale`, `region_id`, `name`) VALUES ('en_US',973,'Zacatecas');
INSERT INTO `directory_country_region_name` (`locale`, `region_id`, `name`) VALUES ('en_US',974,'Asunción');
INSERT INTO `directory_country_region_name` (`locale`, `region_id`, `name`) VALUES ('en_US',975,'Alto Paraguay');
INSERT INTO `directory_country_region_name` (`locale`, `region_id`, `name`) VALUES ('en_US',976,'Alto Paraná');
INSERT INTO `directory_country_region_name` (`locale`, `region_id`, `name`) VALUES ('en_US',977,'Amambay');
INSERT INTO `directory_country_region_name` (`locale`, `region_id`, `name`) VALUES ('en_US',978,'Boquerón');
INSERT INTO `directory_country_region_name` (`locale`, `region_id`, `name`) VALUES ('en_US',979,'Caaguazú');
INSERT INTO `directory_country_region_name` (`locale`, `region_id`, `name`) VALUES ('en_US',980,'Caazapá');
INSERT INTO `directory_country_region_name` (`locale`, `region_id`, `name`) VALUES ('en_US',981,'Canindeyú');
INSERT INTO `directory_country_region_name` (`locale`, `region_id`, `name`) VALUES ('en_US',982,'Central');
INSERT INTO `directory_country_region_name` (`locale`, `region_id`, `name`) VALUES ('en_US',983,'Concepción');
INSERT INTO `directory_country_region_name` (`locale`, `region_id`, `name`) VALUES ('en_US',984,'Cordillera');
INSERT INTO `directory_country_region_name` (`locale`, `region_id`, `name`) VALUES ('en_US',985,'Guairá');
INSERT INTO `directory_country_region_name` (`locale`, `region_id`, `name`) VALUES ('en_US',986,'Itapúa');
INSERT INTO `directory_country_region_name` (`locale`, `region_id`, `name`) VALUES ('en_US',987,'Misiones');
INSERT INTO `directory_country_region_name` (`locale`, `region_id`, `name`) VALUES ('en_US',988,'Ñeembucú');
INSERT INTO `directory_country_region_name` (`locale`, `region_id`, `name`) VALUES ('en_US',989,'Paraguarí');
INSERT INTO `directory_country_region_name` (`locale`, `region_id`, `name`) VALUES ('en_US',990,'Presidente Hayes');
INSERT INTO `directory_country_region_name` (`locale`, `region_id`, `name`) VALUES ('en_US',991,'San Pedro');
INSERT INTO `directory_country_region_name` (`locale`, `region_id`, `name`) VALUES ('en_US',992,'Municipalidad Metropolitana de Lima');
INSERT INTO `directory_country_region_name` (`locale`, `region_id`, `name`) VALUES ('en_US',993,'Amazonas');
INSERT INTO `directory_country_region_name` (`locale`, `region_id`, `name`) VALUES ('en_US',994,'Ancash');
INSERT INTO `directory_country_region_name` (`locale`, `region_id`, `name`) VALUES ('en_US',995,'Apurímac');
INSERT INTO `directory_country_region_name` (`locale`, `region_id`, `name`) VALUES ('en_US',996,'Arequipa');
INSERT INTO `directory_country_region_name` (`locale`, `region_id`, `name`) VALUES ('en_US',997,'Ayacucho');
INSERT INTO `directory_country_region_name` (`locale`, `region_id`, `name`) VALUES ('en_US',998,'Cajamarca');
INSERT INTO `directory_country_region_name` (`locale`, `region_id`, `name`) VALUES ('en_US',999,'Cusco');
INSERT INTO `directory_country_region_name` (`locale`, `region_id`, `name`) VALUES ('en_US',1000,'El Callao');
INSERT INTO `directory_country_region_name` (`locale`, `region_id`, `name`) VALUES ('en_US',1001,'Huancavelica');
INSERT INTO `directory_country_region_name` (`locale`, `region_id`, `name`) VALUES ('en_US',1002,'Huánuco');
INSERT INTO `directory_country_region_name` (`locale`, `region_id`, `name`) VALUES ('en_US',1003,'Ica');
INSERT INTO `directory_country_region_name` (`locale`, `region_id`, `name`) VALUES ('en_US',1004,'Junín');
INSERT INTO `directory_country_region_name` (`locale`, `region_id`, `name`) VALUES ('en_US',1005,'La Libertad');
INSERT INTO `directory_country_region_name` (`locale`, `region_id`, `name`) VALUES ('en_US',1006,'Lambayeque');
INSERT INTO `directory_country_region_name` (`locale`, `region_id`, `name`) VALUES ('en_US',1007,'Lima');
INSERT INTO `directory_country_region_name` (`locale`, `region_id`, `name`) VALUES ('en_US',1008,'Loreto');
INSERT INTO `directory_country_region_name` (`locale`, `region_id`, `name`) VALUES ('en_US',1009,'Madre de Dios');
INSERT INTO `directory_country_region_name` (`locale`, `region_id`, `name`) VALUES ('en_US',1010,'Moquegua');
INSERT INTO `directory_country_region_name` (`locale`, `region_id`, `name`) VALUES ('en_US',1011,'Pasco');
INSERT INTO `directory_country_region_name` (`locale`, `region_id`, `name`) VALUES ('en_US',1012,'Piura');
INSERT INTO `directory_country_region_name` (`locale`, `region_id`, `name`) VALUES ('en_US',1013,'Puno');
INSERT INTO `directory_country_region_name` (`locale`, `region_id`, `name`) VALUES ('en_US',1014,'San Martín');
INSERT INTO `directory_country_region_name` (`locale`, `region_id`, `name`) VALUES ('en_US',1015,'Tacna');
INSERT INTO `directory_country_region_name` (`locale`, `region_id`, `name`) VALUES ('en_US',1016,'Tumbes');
INSERT INTO `directory_country_region_name` (`locale`, `region_id`, `name`) VALUES ('en_US',1017,'Ucayali');
INSERT INTO `directory_country_region_name` (`locale`, `region_id`, `name`) VALUES ('en_US',1018,'dolnośląskie');
INSERT INTO `directory_country_region_name` (`locale`, `region_id`, `name`) VALUES ('en_US',1019,'kujawsko-pomorskie');
INSERT INTO `directory_country_region_name` (`locale`, `region_id`, `name`) VALUES ('en_US',1020,'lubelskie');
INSERT INTO `directory_country_region_name` (`locale`, `region_id`, `name`) VALUES ('en_US',1021,'lubuskie');
INSERT INTO `directory_country_region_name` (`locale`, `region_id`, `name`) VALUES ('en_US',1022,'łódzkie');
INSERT INTO `directory_country_region_name` (`locale`, `region_id`, `name`) VALUES ('en_US',1023,'małopolskie');
INSERT INTO `directory_country_region_name` (`locale`, `region_id`, `name`) VALUES ('en_US',1024,'mazowieckie');
INSERT INTO `directory_country_region_name` (`locale`, `region_id`, `name`) VALUES ('en_US',1025,'opolskie');
INSERT INTO `directory_country_region_name` (`locale`, `region_id`, `name`) VALUES ('en_US',1026,'podkarpackie');
INSERT INTO `directory_country_region_name` (`locale`, `region_id`, `name`) VALUES ('en_US',1027,'podlaskie');
INSERT INTO `directory_country_region_name` (`locale`, `region_id`, `name`) VALUES ('en_US',1028,'pomorskie');
INSERT INTO `directory_country_region_name` (`locale`, `region_id`, `name`) VALUES ('en_US',1029,'śląskie');
INSERT INTO `directory_country_region_name` (`locale`, `region_id`, `name`) VALUES ('en_US',1030,'świętokrzyskie');
INSERT INTO `directory_country_region_name` (`locale`, `region_id`, `name`) VALUES ('en_US',1031,'warmińsko-mazurskie');
INSERT INTO `directory_country_region_name` (`locale`, `region_id`, `name`) VALUES ('en_US',1032,'wielkopolskie');
INSERT INTO `directory_country_region_name` (`locale`, `region_id`, `name`) VALUES ('en_US',1033,'zachodniopomorskie');
INSERT INTO `directory_country_region_name` (`locale`, `region_id`, `name`) VALUES ('en_US',1034,'Aveiro');
INSERT INTO `directory_country_region_name` (`locale`, `region_id`, `name`) VALUES ('en_US',1035,'Beja');
INSERT INTO `directory_country_region_name` (`locale`, `region_id`, `name`) VALUES ('en_US',1036,'Braga');
INSERT INTO `directory_country_region_name` (`locale`, `region_id`, `name`) VALUES ('en_US',1037,'Bragança');
INSERT INTO `directory_country_region_name` (`locale`, `region_id`, `name`) VALUES ('en_US',1038,'Castelo Branco');
INSERT INTO `directory_country_region_name` (`locale`, `region_id`, `name`) VALUES ('en_US',1039,'Coimbra');
INSERT INTO `directory_country_region_name` (`locale`, `region_id`, `name`) VALUES ('en_US',1040,'Évora');
INSERT INTO `directory_country_region_name` (`locale`, `region_id`, `name`) VALUES ('en_US',1041,'Faro');
INSERT INTO `directory_country_region_name` (`locale`, `region_id`, `name`) VALUES ('en_US',1042,'Guarda');
INSERT INTO `directory_country_region_name` (`locale`, `region_id`, `name`) VALUES ('en_US',1043,'Leiria');
INSERT INTO `directory_country_region_name` (`locale`, `region_id`, `name`) VALUES ('en_US',1044,'Lisboa');
INSERT INTO `directory_country_region_name` (`locale`, `region_id`, `name`) VALUES ('en_US',1045,'Portalegre');
INSERT INTO `directory_country_region_name` (`locale`, `region_id`, `name`) VALUES ('en_US',1046,'Porto');
INSERT INTO `directory_country_region_name` (`locale`, `region_id`, `name`) VALUES ('en_US',1047,'Santarém');
INSERT INTO `directory_country_region_name` (`locale`, `region_id`, `name`) VALUES ('en_US',1048,'Setúbal');
INSERT INTO `directory_country_region_name` (`locale`, `region_id`, `name`) VALUES ('en_US',1049,'Viana do Castelo');
INSERT INTO `directory_country_region_name` (`locale`, `region_id`, `name`) VALUES ('en_US',1050,'Vila Real');
INSERT INTO `directory_country_region_name` (`locale`, `region_id`, `name`) VALUES ('en_US',1051,'Viseu');
INSERT INTO `directory_country_region_name` (`locale`, `region_id`, `name`) VALUES ('en_US',1052,'Região Autónoma dos Açores');
INSERT INTO `directory_country_region_name` (`locale`, `region_id`, `name`) VALUES ('en_US',1053,'Região Autónoma da Madeira');
INSERT INTO `directory_country_region_name` (`locale`, `region_id`, `name`) VALUES ('en_US',1054,'Brokopondo');
INSERT INTO `directory_country_region_name` (`locale`, `region_id`, `name`) VALUES ('en_US',1055,'Commewijne');
INSERT INTO `directory_country_region_name` (`locale`, `region_id`, `name`) VALUES ('en_US',1056,'Coronie');
INSERT INTO `directory_country_region_name` (`locale`, `region_id`, `name`) VALUES ('en_US',1057,'Marowijne');
INSERT INTO `directory_country_region_name` (`locale`, `region_id`, `name`) VALUES ('en_US',1058,'Nickerie');
INSERT INTO `directory_country_region_name` (`locale`, `region_id`, `name`) VALUES ('en_US',1059,'Para');
INSERT INTO `directory_country_region_name` (`locale`, `region_id`, `name`) VALUES ('en_US',1060,'Paramaribo');
INSERT INTO `directory_country_region_name` (`locale`, `region_id`, `name`) VALUES ('en_US',1061,'Saramacca');
INSERT INTO `directory_country_region_name` (`locale`, `region_id`, `name`) VALUES ('en_US',1062,'Sipaliwini');
INSERT INTO `directory_country_region_name` (`locale`, `region_id`, `name`) VALUES ('en_US',1063,'Wanica');
INSERT INTO `directory_country_region_name` (`locale`, `region_id`, `name`) VALUES ('en_US',1064,'Blekinge län');
INSERT INTO `directory_country_region_name` (`locale`, `region_id`, `name`) VALUES ('en_US',1065,'Dalarnas län');
INSERT INTO `directory_country_region_name` (`locale`, `region_id`, `name`) VALUES ('en_US',1066,'Gotlands län');
INSERT INTO `directory_country_region_name` (`locale`, `region_id`, `name`) VALUES ('en_US',1067,'Gävleborgs län');
INSERT INTO `directory_country_region_name` (`locale`, `region_id`, `name`) VALUES ('en_US',1068,'Hallands län');
INSERT INTO `directory_country_region_name` (`locale`, `region_id`, `name`) VALUES ('en_US',1069,'Jämtlands län');
INSERT INTO `directory_country_region_name` (`locale`, `region_id`, `name`) VALUES ('en_US',1070,'Jönköpings län');
INSERT INTO `directory_country_region_name` (`locale`, `region_id`, `name`) VALUES ('en_US',1071,'Kalmar län');
INSERT INTO `directory_country_region_name` (`locale`, `region_id`, `name`) VALUES ('en_US',1072,'Kronobergs län');
INSERT INTO `directory_country_region_name` (`locale`, `region_id`, `name`) VALUES ('en_US',1073,'Norrbottens län');
INSERT INTO `directory_country_region_name` (`locale`, `region_id`, `name`) VALUES ('en_US',1074,'Skåne län');
INSERT INTO `directory_country_region_name` (`locale`, `region_id`, `name`) VALUES ('en_US',1075,'Stockholms län');
INSERT INTO `directory_country_region_name` (`locale`, `region_id`, `name`) VALUES ('en_US',1076,'Södermanlands län');
INSERT INTO `directory_country_region_name` (`locale`, `region_id`, `name`) VALUES ('en_US',1077,'Uppsala län');
INSERT INTO `directory_country_region_name` (`locale`, `region_id`, `name`) VALUES ('en_US',1078,'Värmlands län');
INSERT INTO `directory_country_region_name` (`locale`, `region_id`, `name`) VALUES ('en_US',1079,'Västerbottens län');
INSERT INTO `directory_country_region_name` (`locale`, `region_id`, `name`) VALUES ('en_US',1080,'Västernorrlands län');
INSERT INTO `directory_country_region_name` (`locale`, `region_id`, `name`) VALUES ('en_US',1081,'Västmanlands län');
INSERT INTO `directory_country_region_name` (`locale`, `region_id`, `name`) VALUES ('en_US',1082,'Västra Götalands län');
INSERT INTO `directory_country_region_name` (`locale`, `region_id`, `name`) VALUES ('en_US',1083,'Örebro län');
INSERT INTO `directory_country_region_name` (`locale`, `region_id`, `name`) VALUES ('en_US',1084,'Östergötlands län');
INSERT INTO `directory_country_region_name` (`locale`, `region_id`, `name`) VALUES ('en_US',1085,'Cherkaska oblast');
INSERT INTO `directory_country_region_name` (`locale`, `region_id`, `name`) VALUES ('en_US',1086,'Chernihivska oblast');
INSERT INTO `directory_country_region_name` (`locale`, `region_id`, `name`) VALUES ('en_US',1087,'Chernivetska oblast');
INSERT INTO `directory_country_region_name` (`locale`, `region_id`, `name`) VALUES ('en_US',1088,'Dnipropetrovska oblast');
INSERT INTO `directory_country_region_name` (`locale`, `region_id`, `name`) VALUES ('en_US',1089,'Donetska oblast');
INSERT INTO `directory_country_region_name` (`locale`, `region_id`, `name`) VALUES ('en_US',1090,'Ivano-Frankivska oblast');
INSERT INTO `directory_country_region_name` (`locale`, `region_id`, `name`) VALUES ('en_US',1091,'Kharkivska oblast');
INSERT INTO `directory_country_region_name` (`locale`, `region_id`, `name`) VALUES ('en_US',1092,'Khersonska oblast');
INSERT INTO `directory_country_region_name` (`locale`, `region_id`, `name`) VALUES ('en_US',1093,'Khmelnytska oblast');
INSERT INTO `directory_country_region_name` (`locale`, `region_id`, `name`) VALUES ('en_US',1094,'Kirovohradska oblast');
INSERT INTO `directory_country_region_name` (`locale`, `region_id`, `name`) VALUES ('en_US',1095,'Kyivska oblast');
INSERT INTO `directory_country_region_name` (`locale`, `region_id`, `name`) VALUES ('en_US',1096,'Luhanska oblast');
INSERT INTO `directory_country_region_name` (`locale`, `region_id`, `name`) VALUES ('en_US',1097,'Lvivska oblast');
INSERT INTO `directory_country_region_name` (`locale`, `region_id`, `name`) VALUES ('en_US',1098,'Mykolaivska oblast');
INSERT INTO `directory_country_region_name` (`locale`, `region_id`, `name`) VALUES ('en_US',1099,'Odeska oblast');
INSERT INTO `directory_country_region_name` (`locale`, `region_id`, `name`) VALUES ('en_US',1100,'Poltavska oblast');
INSERT INTO `directory_country_region_name` (`locale`, `region_id`, `name`) VALUES ('en_US',1101,'Rivnenska oblast');
INSERT INTO `directory_country_region_name` (`locale`, `region_id`, `name`) VALUES ('en_US',1102,'Sumska oblast');
INSERT INTO `directory_country_region_name` (`locale`, `region_id`, `name`) VALUES ('en_US',1103,'Ternopilska oblast');
INSERT INTO `directory_country_region_name` (`locale`, `region_id`, `name`) VALUES ('en_US',1104,'Vinnytska oblast');
INSERT INTO `directory_country_region_name` (`locale`, `region_id`, `name`) VALUES ('en_US',1105,'Volynska oblast');
INSERT INTO `directory_country_region_name` (`locale`, `region_id`, `name`) VALUES ('en_US',1106,'Zakarpatska oblast');
INSERT INTO `directory_country_region_name` (`locale`, `region_id`, `name`) VALUES ('en_US',1107,'Zaporizka oblast');
INSERT INTO `directory_country_region_name` (`locale`, `region_id`, `name`) VALUES ('en_US',1108,'Zhytomyrska oblast');
INSERT INTO `directory_country_region_name` (`locale`, `region_id`, `name`) VALUES ('en_US',1109,'Avtonomna Respublika Krym');
INSERT INTO `directory_country_region_name` (`locale`, `region_id`, `name`) VALUES ('en_US',1110,'Kyiv');
INSERT INTO `directory_country_region_name` (`locale`, `region_id`, `name`) VALUES ('en_US',1111,'Sevastopol');
INSERT INTO `directory_country_region_name` (`locale`, `region_id`, `name`) VALUES ('en_US',1112,'Artigas');
INSERT INTO `directory_country_region_name` (`locale`, `region_id`, `name`) VALUES ('en_US',1113,'Canelones');
INSERT INTO `directory_country_region_name` (`locale`, `region_id`, `name`) VALUES ('en_US',1114,'Cerro Largo');
INSERT INTO `directory_country_region_name` (`locale`, `region_id`, `name`) VALUES ('en_US',1115,'Colonia');
INSERT INTO `directory_country_region_name` (`locale`, `region_id`, `name`) VALUES ('en_US',1116,'Durazno');
INSERT INTO `directory_country_region_name` (`locale`, `region_id`, `name`) VALUES ('en_US',1117,'Flores');
INSERT INTO `directory_country_region_name` (`locale`, `region_id`, `name`) VALUES ('en_US',1118,'Florida');
INSERT INTO `directory_country_region_name` (`locale`, `region_id`, `name`) VALUES ('en_US',1119,'Lavalleja');
INSERT INTO `directory_country_region_name` (`locale`, `region_id`, `name`) VALUES ('en_US',1120,'Maldonado');
INSERT INTO `directory_country_region_name` (`locale`, `region_id`, `name`) VALUES ('en_US',1121,'Montevideo');
INSERT INTO `directory_country_region_name` (`locale`, `region_id`, `name`) VALUES ('en_US',1122,'Paysandu');
INSERT INTO `directory_country_region_name` (`locale`, `region_id`, `name`) VALUES ('en_US',1123,'Río Negro');
INSERT INTO `directory_country_region_name` (`locale`, `region_id`, `name`) VALUES ('en_US',1124,'Rivera');
INSERT INTO `directory_country_region_name` (`locale`, `region_id`, `name`) VALUES ('en_US',1125,'Rocha');
INSERT INTO `directory_country_region_name` (`locale`, `region_id`, `name`) VALUES ('en_US',1126,'Salto');
INSERT INTO `directory_country_region_name` (`locale`, `region_id`, `name`) VALUES ('en_US',1127,'San José');
INSERT INTO `directory_country_region_name` (`locale`, `region_id`, `name`) VALUES ('en_US',1128,'Soriano');
INSERT INTO `directory_country_region_name` (`locale`, `region_id`, `name`) VALUES ('en_US',1129,'Tacuarembó');
INSERT INTO `directory_country_region_name` (`locale`, `region_id`, `name`) VALUES ('en_US',1130,'Treinta y Tres');
INSERT INTO `directory_country_region_name` (`locale`, `region_id`, `name`) VALUES ('en_US',1131,'Dependencias Federales');
INSERT INTO `directory_country_region_name` (`locale`, `region_id`, `name`) VALUES ('en_US',1132,'Distrito Capital');
INSERT INTO `directory_country_region_name` (`locale`, `region_id`, `name`) VALUES ('en_US',1133,'Amazonas');
INSERT INTO `directory_country_region_name` (`locale`, `region_id`, `name`) VALUES ('en_US',1134,'Anzoátegui');
INSERT INTO `directory_country_region_name` (`locale`, `region_id`, `name`) VALUES ('en_US',1135,'Apure');
INSERT INTO `directory_country_region_name` (`locale`, `region_id`, `name`) VALUES ('en_US',1136,'Aragua');
INSERT INTO `directory_country_region_name` (`locale`, `region_id`, `name`) VALUES ('en_US',1137,'Barinas');
INSERT INTO `directory_country_region_name` (`locale`, `region_id`, `name`) VALUES ('en_US',1138,'Bolívar');
INSERT INTO `directory_country_region_name` (`locale`, `region_id`, `name`) VALUES ('en_US',1139,'Carabobo');
INSERT INTO `directory_country_region_name` (`locale`, `region_id`, `name`) VALUES ('en_US',1140,'Cojedes');
INSERT INTO `directory_country_region_name` (`locale`, `region_id`, `name`) VALUES ('en_US',1141,'Delta Amacuro');
INSERT INTO `directory_country_region_name` (`locale`, `region_id`, `name`) VALUES ('en_US',1142,'Falcón');
INSERT INTO `directory_country_region_name` (`locale`, `region_id`, `name`) VALUES ('en_US',1143,'Guárico');
INSERT INTO `directory_country_region_name` (`locale`, `region_id`, `name`) VALUES ('en_US',1144,'Lara');
INSERT INTO `directory_country_region_name` (`locale`, `region_id`, `name`) VALUES ('en_US',1145,'Mérida');
INSERT INTO `directory_country_region_name` (`locale`, `region_id`, `name`) VALUES ('en_US',1146,'Miranda');
INSERT INTO `directory_country_region_name` (`locale`, `region_id`, `name`) VALUES ('en_US',1147,'Monagas');
INSERT INTO `directory_country_region_name` (`locale`, `region_id`, `name`) VALUES ('en_US',1148,'Nueva Esparta');
INSERT INTO `directory_country_region_name` (`locale`, `region_id`, `name`) VALUES ('en_US',1149,'Portuguesa');
INSERT INTO `directory_country_region_name` (`locale`, `region_id`, `name`) VALUES ('en_US',1150,'Sucre');
INSERT INTO `directory_country_region_name` (`locale`, `region_id`, `name`) VALUES ('en_US',1151,'Táchira');
INSERT INTO `directory_country_region_name` (`locale`, `region_id`, `name`) VALUES ('en_US',1152,'Trujillo');
INSERT INTO `directory_country_region_name` (`locale`, `region_id`, `name`) VALUES ('en_US',1153,'Vargas');
INSERT INTO `directory_country_region_name` (`locale`, `region_id`, `name`) VALUES ('en_US',1154,'Yaracuy');
INSERT INTO `directory_country_region_name` (`locale`, `region_id`, `name`) VALUES ('en_US',1155,'Zulia');
INSERT INTO `directory_country_region_name` (`locale`, `region_id`, `name`) VALUES ('en_US',1156,'Ladakh');

--
